Nov 01 00:39:38.765 INFO testing penland365/gh against 1.30.0 for beta-1.31-1
Nov 01 00:39:38.767 INFO running `"docker" "create" "-v" "/mnt/big/crater/work/local/target-dirs/beta-1.31-1/worker-7/1.30.0:/target:rw,Z" "-v" "/mnt/big/crater/work/local/test-source/worker-7/beta-1.31-1/1.30.0:/source:ro,Z" "-v" "/mnt/big/crater/work/local/cargo-home:/cargo-home:ro,Z" "-v" "/mnt/big/crater/work/local/rustup-home:/rustup-home:ro,Z" "-e" "USER_ID=1000" "-e" "SOURCE_DIR=/source" "-e" "USER_ID=1000" "-e" "CMD=cargo +1.30.0 build --frozen" "-e" "CARGO_TARGET_DIR=/target" "-e" "CARGO_INCREMENTAL=0" "-e" "RUST_BACKTRACE=full" "-e" "RUSTFLAGS=--cap-lints=warn" "-e" "CARGO_HOME=/cargo-home" "-e" "RUSTUP_HOME=/rustup-home" "-m" "1536M" "--network" "none" "crater"`
Nov 01 00:39:39.299 INFO blam! d6ea1d065c0d5c40218c7022276775950908530c23258ee84c036e3c737bf946
Nov 01 00:39:39.307 INFO running `"docker" "start" "-a" "d6ea1d065c0d5c40218c7022276775950908530c23258ee84c036e3c737bf946"`
Nov 01 00:39:40.491 INFO kablam! usermod: no changes
Nov 01 00:39:40.719 INFO kablam!    Compiling gcc v0.3.47
Nov 01 00:39:40.720 INFO kablam!    Compiling openssl v0.9.12
Nov 01 00:39:40.723 INFO kablam!    Compiling version v2.0.1
Nov 01 00:39:40.725 INFO kablam!    Compiling unicode-bidi v0.3.2
Nov 01 00:39:40.725 INFO kablam!    Compiling num_cpus v1.4.0
Nov 01 00:39:40.725 INFO kablam!    Compiling mime v0.2.4
Nov 01 00:39:40.726 INFO kablam!    Compiling hyper v0.10.10
Nov 01 00:39:45.392 INFO kablam!    Compiling idna v0.1.2
Nov 01 00:39:46.367 INFO kablam!    Compiling openssl-sys v0.9.12
Nov 01 00:39:50.547 INFO kablam!    Compiling url v1.4.0
Nov 01 00:39:57.573 INFO kablam!    Compiling native-tls v0.1.2
Nov 01 00:40:04.934 INFO kablam!    Compiling hyper-native-tls v0.2.2
Nov 01 00:40:05.947 INFO kablam!    Compiling gh v0.0.2-SNAPSHOT (/source)
Nov 01 00:40:07.195 INFO kablam! warning: unused import: `config`
Nov 01 00:40:07.195 INFO kablam!  --> src/commands/orgs.rs:2:5
Nov 01 00:40:07.195 INFO kablam!   |
Nov 01 00:40:07.195 INFO kablam! 2 | use config;
Nov 01 00:40:07.195 INFO kablam!   |     ^^^^^^
Nov 01 00:40:07.195 INFO kablam!   |
Nov 01 00:40:07.195 INFO kablam!   = note: #[warn(unused_imports)] on by default
Nov 01 00:40:07.195 INFO kablam! 
Nov 01 00:40:07.195 INFO kablam! warning: unused imports: `GitHubResponse`, `orgs`
Nov 01 00:40:07.195 INFO kablam!  --> src/commands/orgs.rs:3:15
Nov 01 00:40:07.195 INFO kablam!   |
Nov 01 00:40:07.195 INFO kablam! 3 | use git_hub::{GitHubResponse, orgs};
Nov 01 00:40:07.195 INFO kablam!   |               ^^^^^^^^^^^^^^  ^^^^
Nov 01 00:40:07.195 INFO kablam! 
Nov 01 00:40:07.195 INFO kablam! warning: unused import: `serde_json`
Nov 01 00:40:07.195 INFO kablam!  --> src/commands/orgs.rs:5:5
Nov 01 00:40:07.195 INFO kablam!   |
Nov 01 00:40:07.195 INFO kablam! 5 | use serde_json;
Nov 01 00:40:07.195 INFO kablam!   |     ^^^^^^^^^^
Nov 01 00:40:07.195 INFO kablam! 
Nov 01 00:40:07.195 INFO kablam! warning: unused import: `serde_json::Error`
Nov 01 00:40:07.195 INFO kablam!  --> src/commands/orgs.rs:6:5
Nov 01 00:40:07.195 INFO kablam!   |
Nov 01 00:40:07.195 INFO kablam! 6 | use serde_json::Error;
Nov 01 00:40:07.195 INFO kablam!   |     ^^^^^^^^^^^^^^^^^
Nov 01 00:40:07.195 INFO kablam! 
Nov 01 00:40:07.195 INFO kablam! warning: unused import: `config`
Nov 01 00:40:07.195 INFO kablam!  --> src/commands/pullreqs.rs:2:5
Nov 01 00:40:07.195 INFO kablam!   |
Nov 01 00:40:07.195 INFO kablam! 2 | use config;
Nov 01 00:40:07.195 INFO kablam!   |     ^^^^^^
Nov 01 00:40:07.195 INFO kablam! 
Nov 01 00:40:07.195 INFO kablam! warning: unused import: `serde_json`
Nov 01 00:40:07.195 INFO kablam!  --> src/commands/pullreqs.rs:4:5
Nov 01 00:40:07.195 INFO kablam!   |
Nov 01 00:40:07.195 INFO kablam! 4 | use serde_json;
Nov 01 00:40:07.195 INFO kablam!   |     ^^^^^^^^^^
Nov 01 00:40:07.195 INFO kablam! 
Nov 01 00:40:07.195 INFO kablam! warning: unused import: `serde_json::Error`
Nov 01 00:40:07.195 INFO kablam!   --> src/config.rs:11:5
Nov 01 00:40:07.195 INFO kablam!    |
Nov 01 00:40:07.195 INFO kablam! 11 | use serde_json::Error;
Nov 01 00:40:07.195 INFO kablam!    |     ^^^^^^^^^^^^^^^^^
Nov 01 00:40:07.195 INFO kablam! 
Nov 01 00:40:07.195 INFO kablam! warning: unused import: `git_hub`
Nov 01 00:40:07.195 INFO kablam!  --> src/git_hub/orgs.rs:3:5
Nov 01 00:40:07.195 INFO kablam!   |
Nov 01 00:40:07.195 INFO kablam! 3 | use git_hub;
Nov 01 00:40:07.195 INFO kablam!   |     ^^^^^^^
Nov 01 00:40:07.195 INFO kablam! 
Nov 01 00:40:07.195 INFO kablam! warning: unused import: `hyper::Url`
Nov 01 00:40:07.195 INFO kablam!  --> src/git_hub/orgs.rs:6:5
Nov 01 00:40:07.195 INFO kablam!   |
Nov 01 00:40:07.195 INFO kablam! 6 | use hyper::Url;
Nov 01 00:40:07.195 INFO kablam!   |     ^^^^^^^^^^
Nov 01 00:40:07.195 INFO kablam! 
Nov 01 00:40:07.195 INFO kablam! warning: unused import: `hyper::client::Request`
Nov 01 00:40:07.195 INFO kablam!  --> src/git_hub/orgs.rs:7:5
Nov 01 00:40:07.195 INFO kablam!   |
Nov 01 00:40:07.195 INFO kablam! 7 | use hyper::client::Request;
Nov 01 00:40:07.195 INFO kablam!   |     ^^^^^^^^^^^^^^^^^^^^^^
Nov 01 00:40:07.195 INFO kablam! 
Nov 01 00:40:07.195 INFO kablam! warning: unused import: `hyper::method::Method`
Nov 01 00:40:07.195 INFO kablam!  --> src/git_hub/orgs.rs:8:5
Nov 01 00:40:07.195 INFO kablam!   |
Nov 01 00:40:07.195 INFO kablam! 8 | use hyper::method::Method;
Nov 01 00:40:07.195 INFO kablam!   |     ^^^^^^^^^^^^^^^^^^^^^
Nov 01 00:40:07.195 INFO kablam! 
Nov 01 00:40:07.195 INFO kablam! warning: unused imports: `Fresh`, `HttpsConnector`
Nov 01 00:40:07.195 INFO kablam!  --> src/git_hub/orgs.rs:9:18
Nov 01 00:40:07.195 INFO kablam!   |
Nov 01 00:40:07.195 INFO kablam! 9 | use hyper::net::{Fresh, HttpsConnector};
Nov 01 00:40:07.195 INFO kablam!   |                  ^^^^^  ^^^^^^^^^^^^^^
Nov 01 00:40:07.195 INFO kablam! 
Nov 01 00:40:07.195 INFO kablam! warning: unused import: `hyper::status::StatusCode`
Nov 01 00:40:07.195 INFO kablam!   --> src/git_hub/orgs.rs:10:5
Nov 01 00:40:07.195 INFO kablam!    |
Nov 01 00:40:07.195 INFO kablam! 10 | use hyper::status::StatusCode;
Nov 01 00:40:07.195 INFO kablam!    |     ^^^^^^^^^^^^^^^^^^^^^^^^^
Nov 01 00:40:07.196 INFO kablam! 
Nov 01 00:40:07.196 INFO kablam! warning: unused import: `std::str::from_utf8`
Nov 01 00:40:07.196 INFO kablam!   --> src/git_hub/orgs.rs:13:5
Nov 01 00:40:07.196 INFO kablam!    |
Nov 01 00:40:07.196 INFO kablam! 13 | use std::str::from_utf8;
Nov 01 00:40:07.196 INFO kablam!    |     ^^^^^^^^^^^^^^^^^^^
Nov 01 00:40:07.196 INFO kablam! 
Nov 01 00:40:07.196 INFO kablam! warning: unused import: `HttpsConnector`
Nov 01 00:40:07.196 INFO kablam!   --> src/git_hub/orgs.rs:72:25
Nov 01 00:40:07.196 INFO kablam!    |
Nov 01 00:40:07.196 INFO kablam! 72 | use hyper::net::{Fresh, HttpsConnector};
Nov 01 00:40:07.196 INFO kablam!    |                         ^^^^^^^^^^^^^^
Nov 01 00:40:07.196 INFO kablam! 
Nov 01 00:40:07.196 INFO kablam! warning: unused import: `hyper::status::StatusCode`
Nov 01 00:40:07.196 INFO kablam!   --> src/git_hub/orgs.rs:73:5
Nov 01 00:40:07.196 INFO kablam!    |
Nov 01 00:40:07.196 INFO kablam! 73 | use hyper::status::StatusCode;
Nov 01 00:40:07.196 INFO kablam!    |     ^^^^^^^^^^^^^^^^^^^^^^^^^
Nov 01 00:40:07.196 INFO kablam! 
Nov 01 00:40:07.223 INFO kablam! warning: use of deprecated item 'std::env::home_dir': This function's behavior is unexpected and probably not what you want. Consider using the home_dir function from https://crates.io/crates/dirs instead.
Nov 01 00:40:07.223 INFO kablam!    --> src/config.rs:139:11
Nov 01 00:40:07.223 INFO kablam!     |
Nov 01 00:40:07.223 INFO kablam! 139 |     match env::home_dir() {
Nov 01 00:40:07.223 INFO kablam!     |           ^^^^^^^^^^^^^
Nov 01 00:40:07.223 INFO kablam!     |
Nov 01 00:40:07.223 INFO kablam!     = note: #[warn(deprecated)] on by default
Nov 01 00:40:07.223 INFO kablam! 
Nov 01 00:40:07.521 INFO kablam! warning: unused variable: `matches`
Nov 01 00:40:07.521 INFO kablam!   --> src/commands/pullreqs.rs:54:19
Nov 01 00:40:07.521 INFO kablam!    |
Nov 01 00:40:07.521 INFO kablam! 54 | fn list_pull_reqs(matches: &ArgMatches) -> () {
Nov 01 00:40:07.521 INFO kablam!    |                   ^^^^^^^ help: consider using `_matches` instead
Nov 01 00:40:07.521 INFO kablam!    |
Nov 01 00:40:07.523 INFO kablam!    = note: #[warn(unused_variables)] on by default
Nov 01 00:40:07.523 INFO kablam! 
Nov 01 00:40:07.523 INFO kablam! warning: unused variable: `matches`
Nov 01 00:40:07.523 INFO kablam!   --> src/commands/pullreqs.rs:75:24
Nov 01 00:40:07.523 INFO kablam!    |
Nov 01 00:40:07.523 INFO kablam! 75 | fn create_pull_request(matches: &ArgMatches) -> () {
Nov 01 00:40:07.523 INFO kablam!    |                        ^^^^^^^ help: consider using `_matches` instead
Nov 01 00:40:07.523 INFO kablam! 
Nov 01 00:40:07.619 INFO kablam! warning: function `SUBCOMMAND` should have a snake case name such as `subcommand`
Nov 01 00:40:07.619 INFO kablam!   --> src/commands/orgs.rs:8:1
Nov 01 00:40:07.620 INFO kablam!    |
Nov 01 00:40:07.620 INFO kablam! 8  | / pub fn SUBCOMMAND<'a, 'b>() -> App<'a, 'b> {
Nov 01 00:40:07.620 INFO kablam! 9  | |     SubCommand::with_name("orgs")
Nov 01 00:40:07.620 INFO kablam! 10 | |                 .about("List, Get, Edit your GitHub Organizations")
Nov 01 00:40:07.621 INFO kablam! 11 | |                 .version(version!())
Nov 01 00:40:07.621 INFO kablam! ...  |
Nov 01 00:40:07.621 INFO kablam! 26 | |                                              .takes_value(true)))
Nov 01 00:40:07.621 INFO kablam! 27 | | }
Nov 01 00:40:07.621 INFO kablam!    | |_^
Nov 01 00:40:07.622 INFO kablam!    |
Nov 01 00:40:07.622 INFO kablam!    = note: #[warn(non_snake_case)] on by default
Nov 01 00:40:07.622 INFO kablam! 
Nov 01 00:40:07.622 INFO kablam! warning: function `SUBCOMMAND` should have a snake case name such as `subcommand`
Nov 01 00:40:07.622 INFO kablam!   --> src/commands/pullreqs.rs:6:1
Nov 01 00:40:07.623 INFO kablam!    |
Nov 01 00:40:07.623 INFO kablam! 6  | / pub fn SUBCOMMAND<'a, 'b>() -> App<'a, 'b> {
Nov 01 00:40:07.623 INFO kablam! 7  | |     SubCommand::with_name("pullreq")
Nov 01 00:40:07.623 INFO kablam! 8  | |                 .about("List, Get, Create, Edit, and Merge a GitHub Pull Request.")
Nov 01 00:40:07.623 INFO kablam! 9  | |                 .version(version!())
Nov 01 00:40:07.623 INFO kablam! ...  |
Nov 01 00:40:07.624 INFO kablam! 42 | |
Nov 01 00:40:07.624 INFO kablam! 43 | | }
Nov 01 00:40:07.624 INFO kablam!    | |_^
Nov 01 00:40:07.624 INFO kablam! 
Nov 01 00:40:11.643 INFO kablam!     Finished dev [unoptimized + debuginfo] target(s) in 31.12s
Nov 01 00:40:11.667 INFO kablam! su: No module specific data is present
Nov 01 00:40:12.591 INFO running `"docker" "rm" "-f" "d6ea1d065c0d5c40218c7022276775950908530c23258ee84c036e3c737bf946"`
Nov 01 00:40:12.867 INFO blam! d6ea1d065c0d5c40218c7022276775950908530c23258ee84c036e3c737bf946
Nov 01 00:40:12.872 INFO running `"docker" "create" "-v" "/mnt/big/crater/work/local/target-dirs/beta-1.31-1/worker-7/1.30.0:/target:rw,Z" "-v" "/mnt/big/crater/work/local/test-source/worker-7/beta-1.31-1/1.30.0:/source:ro,Z" "-v" "/mnt/big/crater/work/local/cargo-home:/cargo-home:ro,Z" "-v" "/mnt/big/crater/work/local/rustup-home:/rustup-home:ro,Z" "-e" "USER_ID=1000" "-e" "SOURCE_DIR=/source" "-e" "USER_ID=1000" "-e" "CMD=cargo +1.30.0 test --frozen --no-run" "-e" "CARGO_TARGET_DIR=/target" "-e" "CARGO_INCREMENTAL=0" "-e" "RUST_BACKTRACE=full" "-e" "RUSTFLAGS=--cap-lints=warn" "-e" "CARGO_HOME=/cargo-home" "-e" "RUSTUP_HOME=/rustup-home" "-m" "1536M" "--network" "none" "crater"`
Nov 01 00:40:13.317 INFO blam! 4db639fff73b043bc5a584be28d07c1d17122ac568bcb3948ad4b40c2ffe941a
Nov 01 00:40:13.320 INFO running `"docker" "start" "-a" "4db639fff73b043bc5a584be28d07c1d17122ac568bcb3948ad4b40c2ffe941a"`
Nov 01 00:40:14.943 INFO kablam! usermod: no changes
Nov 01 00:40:15.187 INFO kablam!    Compiling memchr v0.1.11
Nov 01 00:40:15.203 INFO kablam!    Compiling thread-id v2.0.0
Nov 01 00:40:15.743 INFO kablam!    Compiling thread_local v0.2.7
Nov 01 00:40:16.243 INFO kablam!    Compiling aho-corasick v0.5.3
Nov 01 00:40:17.579 INFO kablam!    Compiling regex v0.1.80
Nov 01 00:40:24.767 INFO kablam!    Compiling env_logger v0.3.5
Nov 01 00:40:25.905 INFO kablam!    Compiling quickcheck v0.4.1
Nov 01 00:40:28.115 INFO kablam!    Compiling gh v0.0.2-SNAPSHOT (/source)
Nov 01 00:40:29.343 INFO kablam! warning: unused `#[macro_use]` import
Nov 01 00:40:29.343 INFO kablam!  --> src/main.rs:2:1
Nov 01 00:40:29.343 INFO kablam!   |
Nov 01 00:40:29.343 INFO kablam! 2 | #[macro_use]
Nov 01 00:40:29.343 INFO kablam!   | ^^^^^^^^^^^^
Nov 01 00:40:29.343 INFO kablam!   |
Nov 01 00:40:29.343 INFO kablam!   = note: #[warn(unused_imports)] on by default
Nov 01 00:40:29.343 INFO kablam! 
Nov 01 00:40:29.343 INFO kablam! warning: unused import: `config`
Nov 01 00:40:29.343 INFO kablam!  --> src/commands/orgs.rs:2:5
Nov 01 00:40:29.343 INFO kablam!   |
Nov 01 00:40:29.343 INFO kablam! 2 | use config;
Nov 01 00:40:29.343 INFO kablam!   |     ^^^^^^
Nov 01 00:40:29.343 INFO kablam! 
Nov 01 00:40:29.343 INFO kablam! warning: unused imports: `GitHubResponse`, `orgs`
Nov 01 00:40:29.343 INFO kablam!  --> src/commands/orgs.rs:3:15
Nov 01 00:40:29.343 INFO kablam!   |
Nov 01 00:40:29.343 INFO kablam! 3 | use git_hub::{GitHubResponse, orgs};
Nov 01 00:40:29.343 INFO kablam!   |               ^^^^^^^^^^^^^^  ^^^^
Nov 01 00:40:29.343 INFO kablam! 
Nov 01 00:40:29.343 INFO kablam! warning: unused import: `serde_json`
Nov 01 00:40:29.343 INFO kablam!  --> src/commands/orgs.rs:5:5
Nov 01 00:40:29.343 INFO kablam!   |
Nov 01 00:40:29.343 INFO kablam! 5 | use serde_json;
Nov 01 00:40:29.343 INFO kablam!   |     ^^^^^^^^^^
Nov 01 00:40:29.343 INFO kablam! 
Nov 01 00:40:29.343 INFO kablam! warning: unused import: `serde_json::Error`
Nov 01 00:40:29.343 INFO kablam!  --> src/commands/orgs.rs:6:5
Nov 01 00:40:29.343 INFO kablam!   |
Nov 01 00:40:29.343 INFO kablam! 6 | use serde_json::Error;
Nov 01 00:40:29.343 INFO kablam!   |     ^^^^^^^^^^^^^^^^^
Nov 01 00:40:29.343 INFO kablam! 
Nov 01 00:40:29.347 INFO kablam! warning: unused import: `config`
Nov 01 00:40:29.347 INFO kablam!  --> src/commands/pullreqs.rs:2:5
Nov 01 00:40:29.347 INFO kablam!   |
Nov 01 00:40:29.347 INFO kablam! 2 | use config;
Nov 01 00:40:29.347 INFO kablam!   |     ^^^^^^
Nov 01 00:40:29.347 INFO kablam! 
Nov 01 00:40:29.347 INFO kablam! warning: unused import: `serde_json`
Nov 01 00:40:29.347 INFO kablam!  --> src/commands/pullreqs.rs:4:5
Nov 01 00:40:29.347 INFO kablam!   |
Nov 01 00:40:29.347 INFO kablam! 4 | use serde_json;
Nov 01 00:40:29.347 INFO kablam!   |     ^^^^^^^^^^
Nov 01 00:40:29.347 INFO kablam! 
Nov 01 00:40:29.347 INFO kablam! warning: unused import: `serde_json::Error`
Nov 01 00:40:29.347 INFO kablam!   --> src/config.rs:11:5
Nov 01 00:40:29.347 INFO kablam!    |
Nov 01 00:40:29.347 INFO kablam! 11 | use serde_json::Error;
Nov 01 00:40:29.347 INFO kablam!    |     ^^^^^^^^^^^^^^^^^
Nov 01 00:40:29.347 INFO kablam! 
Nov 01 00:40:29.347 INFO kablam! warning: unused import: `git_hub`
Nov 01 00:40:29.347 INFO kablam!  --> src/git_hub/orgs.rs:3:5
Nov 01 00:40:29.347 INFO kablam!   |
Nov 01 00:40:29.347 INFO kablam! 3 | use git_hub;
Nov 01 00:40:29.347 INFO kablam!   |     ^^^^^^^
Nov 01 00:40:29.347 INFO kablam! 
Nov 01 00:40:29.347 INFO kablam! warning: unused import: `hyper::Url`
Nov 01 00:40:29.347 INFO kablam!  --> src/git_hub/orgs.rs:6:5
Nov 01 00:40:29.347 INFO kablam!   |
Nov 01 00:40:29.347 INFO kablam! 6 | use hyper::Url;
Nov 01 00:40:29.347 INFO kablam!   |     ^^^^^^^^^^
Nov 01 00:40:29.347 INFO kablam! 
Nov 01 00:40:29.347 INFO kablam! warning: unused import: `hyper::client::Request`
Nov 01 00:40:29.347 INFO kablam!  --> src/git_hub/orgs.rs:7:5
Nov 01 00:40:29.347 INFO kablam!   |
Nov 01 00:40:29.347 INFO kablam! 7 | use hyper::client::Request;
Nov 01 00:40:29.347 INFO kablam!   |     ^^^^^^^^^^^^^^^^^^^^^^
Nov 01 00:40:29.347 INFO kablam! 
Nov 01 00:40:29.347 INFO kablam! warning: unused import: `hyper::method::Method`
Nov 01 00:40:29.347 INFO kablam!  --> src/git_hub/orgs.rs:8:5
Nov 01 00:40:29.347 INFO kablam!   |
Nov 01 00:40:29.347 INFO kablam! 8 | use hyper::method::Method;
Nov 01 00:40:29.347 INFO kablam!   |     ^^^^^^^^^^^^^^^^^^^^^
Nov 01 00:40:29.347 INFO kablam! 
Nov 01 00:40:29.347 INFO kablam! warning: unused imports: `Fresh`, `HttpsConnector`
Nov 01 00:40:29.347 INFO kablam!  --> src/git_hub/orgs.rs:9:18
Nov 01 00:40:29.347 INFO kablam!   |
Nov 01 00:40:29.347 INFO kablam! 9 | use hyper::net::{Fresh, HttpsConnector};
Nov 01 00:40:29.347 INFO kablam!   |                  ^^^^^  ^^^^^^^^^^^^^^
Nov 01 00:40:29.348 INFO kablam! 
Nov 01 00:40:29.348 INFO kablam! warning: unused import: `hyper::status::StatusCode`
Nov 01 00:40:29.348 INFO kablam!   --> src/git_hub/orgs.rs:10:5
Nov 01 00:40:29.348 INFO kablam!    |
Nov 01 00:40:29.348 INFO kablam! 10 | use hyper::status::StatusCode;
Nov 01 00:40:29.348 INFO kablam!    |     ^^^^^^^^^^^^^^^^^^^^^^^^^
Nov 01 00:40:29.348 INFO kablam! 
Nov 01 00:40:29.348 INFO kablam! warning: unused import: `std::str::from_utf8`
Nov 01 00:40:29.348 INFO kablam!   --> src/git_hub/orgs.rs:13:5
Nov 01 00:40:29.348 INFO kablam!    |
Nov 01 00:40:29.348 INFO kablam! 13 | use std::str::from_utf8;
Nov 01 00:40:29.348 INFO kablam!    |     ^^^^^^^^^^^^^^^^^^^
Nov 01 00:40:29.348 INFO kablam! 
Nov 01 00:40:29.348 INFO kablam! warning: unused import: `HttpsConnector`
Nov 01 00:40:29.348 INFO kablam!   --> src/git_hub/orgs.rs:72:25
Nov 01 00:40:29.348 INFO kablam!    |
Nov 01 00:40:29.348 INFO kablam! 72 | use hyper::net::{Fresh, HttpsConnector};
Nov 01 00:40:29.348 INFO kablam!    |                         ^^^^^^^^^^^^^^
Nov 01 00:40:29.348 INFO kablam! 
Nov 01 00:40:29.348 INFO kablam! warning: unused import: `hyper::status::StatusCode`
Nov 01 00:40:29.348 INFO kablam!   --> src/git_hub/orgs.rs:73:5
Nov 01 00:40:29.348 INFO kablam!    |
Nov 01 00:40:29.348 INFO kablam! 73 | use hyper::status::StatusCode;
Nov 01 00:40:29.348 INFO kablam!    |     ^^^^^^^^^^^^^^^^^^^^^^^^^
Nov 01 00:40:29.348 INFO kablam! 
Nov 01 00:40:29.375 INFO kablam! warning: use of deprecated item 'std::env::home_dir': This function's behavior is unexpected and probably not what you want. Consider using the home_dir function from https://crates.io/crates/dirs instead.
Nov 01 00:40:29.375 INFO kablam!    --> src/config.rs:139:11
Nov 01 00:40:29.375 INFO kablam!     |
Nov 01 00:40:29.375 INFO kablam! 139 |     match env::home_dir() {
Nov 01 00:40:29.375 INFO kablam!     |           ^^^^^^^^^^^^^
Nov 01 00:40:29.375 INFO kablam!     |
Nov 01 00:40:29.375 INFO kablam!     = note: #[warn(deprecated)] on by default
Nov 01 00:40:29.375 INFO kablam! 
Nov 01 00:40:29.727 INFO kablam! warning: unused variable: `matches`
Nov 01 00:40:29.727 INFO kablam!   --> src/commands/pullreqs.rs:54:19
Nov 01 00:40:29.727 INFO kablam!    |
Nov 01 00:40:29.727 INFO kablam! 54 | fn list_pull_reqs(matches: &ArgMatches) -> () {
Nov 01 00:40:29.727 INFO kablam!    |                   ^^^^^^^ help: consider using `_matches` instead
Nov 01 00:40:29.727 INFO kablam!    |
Nov 01 00:40:29.727 INFO kablam!    = note: #[warn(unused_variables)] on by default
Nov 01 00:40:29.727 INFO kablam! 
Nov 01 00:40:29.727 INFO kablam! warning: unused variable: `matches`
Nov 01 00:40:29.727 INFO kablam!   --> src/commands/pullreqs.rs:75:24
Nov 01 00:40:29.727 INFO kablam!    |
Nov 01 00:40:29.727 INFO kablam! 75 | fn create_pull_request(matches: &ArgMatches) -> () {
Nov 01 00:40:29.727 INFO kablam!    |                        ^^^^^^^ help: consider using `_matches` instead
Nov 01 00:40:29.727 INFO kablam! 
Nov 01 00:40:29.851 INFO kablam! warning: function `SUBCOMMAND` should have a snake case name such as `subcommand`
Nov 01 00:40:29.851 INFO kablam!   --> src/commands/orgs.rs:8:1
Nov 01 00:40:29.851 INFO kablam!    |
Nov 01 00:40:29.851 INFO kablam! 8  | / pub fn SUBCOMMAND<'a, 'b>() -> App<'a, 'b> {
Nov 01 00:40:29.851 INFO kablam! 9  | |     SubCommand::with_name("orgs")
Nov 01 00:40:29.851 INFO kablam! 10 | |                 .about("List, Get, Edit your GitHub Organizations")
Nov 01 00:40:29.851 INFO kablam! 11 | |                 .version(version!())
Nov 01 00:40:29.851 INFO kablam! ...  |
Nov 01 00:40:29.851 INFO kablam! 26 | |                                              .takes_value(true)))
Nov 01 00:40:29.851 INFO kablam! 27 | | }
Nov 01 00:40:29.851 INFO kablam!    | |_^
Nov 01 00:40:29.851 INFO kablam!    |
Nov 01 00:40:29.851 INFO kablam!    = note: #[warn(non_snake_case)] on by default
Nov 01 00:40:29.851 INFO kablam! 
Nov 01 00:40:29.855 INFO kablam! warning: function `SUBCOMMAND` should have a snake case name such as `subcommand`
Nov 01 00:40:29.855 INFO kablam!   --> src/commands/pullreqs.rs:6:1
Nov 01 00:40:29.855 INFO kablam!    |
Nov 01 00:40:29.855 INFO kablam! 6  | / pub fn SUBCOMMAND<'a, 'b>() -> App<'a, 'b> {
Nov 01 00:40:29.855 INFO kablam! 7  | |     SubCommand::with_name("pullreq")
Nov 01 00:40:29.855 INFO kablam! 8  | |                 .about("List, Get, Create, Edit, and Merge a GitHub Pull Request.")
Nov 01 00:40:29.855 INFO kablam! 9  | |                 .version(version!())
Nov 01 00:40:29.855 INFO kablam! ...  |
Nov 01 00:40:29.855 INFO kablam! 42 | |
Nov 01 00:40:29.855 INFO kablam! 43 | | }
Nov 01 00:40:29.855 INFO kablam!    | |_^
Nov 01 00:40:29.855 INFO kablam! 
Nov 01 00:40:33.715 INFO kablam!     Finished dev [unoptimized + debuginfo] target(s) in 18.74s
Nov 01 00:40:33.723 INFO kablam! su: No module specific data is present
Nov 01 00:40:34.520 INFO running `"docker" "rm" "-f" "4db639fff73b043bc5a584be28d07c1d17122ac568bcb3948ad4b40c2ffe941a"`
Nov 01 00:40:34.989 INFO blam! 4db639fff73b043bc5a584be28d07c1d17122ac568bcb3948ad4b40c2ffe941a
Nov 01 00:40:34.989 INFO running `"docker" "create" "-v" "/mnt/big/crater/work/local/target-dirs/beta-1.31-1/worker-7/1.30.0:/target:rw,Z" "-v" "/mnt/big/crater/work/local/test-source/worker-7/beta-1.31-1/1.30.0:/source:ro,Z" "-v" "/mnt/big/crater/work/local/cargo-home:/cargo-home:ro,Z" "-v" "/mnt/big/crater/work/local/rustup-home:/rustup-home:ro,Z" "-e" "USER_ID=1000" "-e" "SOURCE_DIR=/source" "-e" "USER_ID=1000" "-e" "CMD=cargo +1.30.0 test --frozen" "-e" "CARGO_TARGET_DIR=/target" "-e" "CARGO_INCREMENTAL=0" "-e" "RUST_BACKTRACE=full" "-e" "RUSTFLAGS=--cap-lints=warn" "-e" "CARGO_HOME=/cargo-home" "-e" "RUSTUP_HOME=/rustup-home" "-m" "1536M" "--network" "none" "crater"`
Nov 01 00:40:35.416 INFO blam! 45ebd51cc2cec7a1ecd2249d226fcbf9702ebf280c3a88b80e20ade4971d3f74
Nov 01 00:40:35.423 INFO running `"docker" "start" "-a" "45ebd51cc2cec7a1ecd2249d226fcbf9702ebf280c3a88b80e20ade4971d3f74"`
Nov 01 00:40:36.408 INFO kablam! usermod: no changes
Nov 01 00:40:36.563 INFO kablam!     Finished dev [unoptimized + debuginfo] target(s) in 0.11s
Nov 01 00:40:36.575 INFO kablam!      Running /target/debug/deps/gh-7ba9e4c5cea978e7
Nov 01 00:40:36.583 INFO blam! 
Nov 01 00:40:36.583 INFO blam! running 11 tests
Nov 01 00:40:36.634 INFO blam! test commands::orgs::list::tests::test_build_200_ok_no_string_body_output ... ok
Nov 01 00:40:36.634 INFO blam! test commands::orgs::list::tests::test_build_output_forbidden ... ok
Nov 01 00:40:36.634 INFO blam! test commands::orgs::list::tests::test_build_output_unauthorized ... ok
Nov 01 00:40:36.634 INFO blam! test commands::orgs::list::tests::test_build_output_unknown ... ok
Nov 01 00:40:36.634 INFO blam! test commands::orgs::list::tests::test_build_output_no_string_body ... ok
Nov 01 00:40:36.634 INFO blam! test evidence::json_ops::tests::test_from_str_or_die_deserialize ... ok
Nov 01 00:40:36.634 INFO blam! test evidence::json_ops::tests::test_to_pretty_json_or_die_serialize ... ok
Nov 01 00:40:36.743 INFO blam! test git_hub::tests::test_add_base_headers ... FAILED
Nov 01 00:40:36.750 INFO blam! test git_hub::tests::test_add_auth_header ... FAILED
Nov 01 00:40:36.750 INFO blam! test git_hub::tests::test_add_headers ... FAILED
Nov 01 00:40:36.750 INFO blam! test evidence::json_ops::tests::test_from_str_or_die_die ... ok
Nov 01 00:40:36.750 INFO blam! 
Nov 01 00:40:36.750 INFO blam! failures:
Nov 01 00:40:36.750 INFO blam! 
Nov 01 00:40:36.750 INFO blam! ---- git_hub::tests::test_add_base_headers stdout ----
Nov 01 00:40:36.750 INFO blam! thread 'git_hub::tests::test_add_base_headers' panicked at 'called `Result::unwrap()` on an `Err` value: Io(Custom { kind: Other, error: StringError("failed to lookup address information: Temporary failure in name resolution") })', libcore/result.rs:1009:5
Nov 01 00:40:36.750 INFO blam! stack backtrace:
Nov 01 00:40:36.750 INFO blam!    0:     0x563450eb56fe - std::sys::unix::backtrace::tracing::imp::unwind_backtrace::hf5316c67202e23c8
Nov 01 00:40:36.750 INFO blam!                                at libstd/sys/unix/backtrace/tracing/gcc_s.rs:49
Nov 01 00:40:36.750 INFO blam!    1:     0x563450ea7ba6 - std::sys_common::backtrace::print::h3068ed2a6dc7ac86
Nov 01 00:40:36.750 INFO blam!                                at libstd/sys_common/backtrace.rs:71
Nov 01 00:40:36.750 INFO blam!                                at libstd/sys_common/backtrace.rs:59
Nov 01 00:40:36.750 INFO blam!    2:     0x563450ea5ebd - std::panicking::default_hook::{{closure}}::h1b9d29cc09d41897
Nov 01 00:40:36.750 INFO blam!                                at libstd/panicking.rs:211
Nov 01 00:40:36.750 INFO blam!    3:     0x563450ea5bcb - std::panicking::default_hook::h3a27b204a313406b
Nov 01 00:40:36.750 INFO blam!                                at libstd/panicking.rs:221
Nov 01 00:40:36.750 INFO blam!    4:     0x563450ea656c - std::panicking::rust_panic_with_hook::h0e12cb2fc86d00fa
Nov 01 00:40:36.750 INFO blam!                                at libstd/panicking.rs:477
Nov 01 00:40:36.750 INFO blam!    5:     0x563450ea6129 - std::panicking::continue_panic_fmt::h141671b29fe0e27d
Nov 01 00:40:36.750 INFO blam!                                at libstd/panicking.rs:391
Nov 01 00:40:36.750 INFO blam!    6:     0x563450ea6025 - rust_begin_unwind
Nov 01 00:40:36.750 INFO blam!                                at libstd/panicking.rs:326
Nov 01 00:40:36.750 INFO blam!    7:     0x563450eefe9b - core::panicking::panic_fmt::h429a06507aba9228
Nov 01 00:40:36.750 INFO blam!                                at libcore/panicking.rs:77
Nov 01 00:40:36.750 INFO blam!    8:     0x563450e26d43 - core::result::unwrap_failed::hb5e0ffec36f08b0b
Nov 01 00:40:36.750 INFO blam!                                at libcore/macros.rs:26
Nov 01 00:40:36.750 INFO blam!    9:     0x563450d6bbf1 - <core::result::Result<T, E>>::unwrap::hce1514ddb76519bc
Nov 01 00:40:36.750 INFO blam!                                at libcore/result.rs:808
Nov 01 00:40:36.750 INFO blam!   10:     0x563450d5ae0b - gh::git_hub::tests::build_test_request::hc4db3193fafe69d5
Nov 01 00:40:36.750 INFO blam!                                at src/git_hub/mod.rs:84
Nov 01 00:40:36.750 INFO blam!   11:     0x563450d5b920 - gh::git_hub::tests::test_add_base_headers::h773b3b19787bb28e
Nov 01 00:40:36.750 INFO blam!                                at src/git_hub/mod.rs:112
Nov 01 00:40:36.750 INFO blam!   12:     0x563450d5b8f9 - gh::git_hub::tests::test_add_base_headers::{{closure}}::h81678123dd9ef42b
Nov 01 00:40:36.750 INFO blam!                                at src/git_hub/mod.rs:111
Nov 01 00:40:36.750 INFO blam!   13:     0x563450d5c2bd - core::ops::function::FnOnce::call_once::h7fe34d0cc8816a71
Nov 01 00:40:36.750 INFO blam!                                at libcore/ops/function.rs:238
Nov 01 00:40:36.750 INFO blam!   14:     0x563450d7f05e - <F as alloc::boxed::FnBox<A>>::call_box::ha9910eac2d17ff23
Nov 01 00:40:36.750 INFO blam!                                at libtest/lib.rs:1461
Nov 01 00:40:36.750 INFO blam!                                at libcore/ops/function.rs:238
Nov 01 00:40:36.750 INFO blam!                                at liballoc/boxed.rs:646
Nov 01 00:40:36.750 INFO blam!   15:     0x563450ec4699 - __rust_maybe_catch_panic
Nov 01 00:40:36.750 INFO blam!                                at libpanic_unwind/lib.rs:103
Nov 01 00:40:36.750 INFO blam!   16:     0x563450d8a96d - std::sys_common::backtrace::__rust_begin_short_backtrace::h470b05235fe5e5ad
Nov 01 00:40:36.750 INFO blam!                                at libstd/panicking.rs:289
Nov 01 00:40:36.750 INFO blam!                                at libstd/panic.rs:392
Nov 01 00:40:36.750 INFO blam!                                at libtest/lib.rs:1416
Nov 01 00:40:36.750 INFO blam!                                at libstd/sys_common/backtrace.rs:136
Nov 01 00:40:36.759 INFO blam!   17:     0x563450da2fa4 - std::panicking::try::do_call::h1f0578498122cc00
Nov 01 00:40:36.759 INFO blam!                                at libstd/thread/mod.rs:409
Nov 01 00:40:36.759 INFO blam!                                at libstd/panic.rs:313
Nov 01 00:40:36.759 INFO blam!                                at libstd/panicking.rs:310
Nov 01 00:40:36.759 INFO blam!   18:     0x563450ec4699 - __rust_maybe_catch_panic
Nov 01 00:40:36.759 INFO blam!                                at libpanic_unwind/lib.rs:103
Nov 01 00:40:36.759 INFO blam!   19:     0x563450d93876 - <F as alloc::boxed::FnBox<A>>::call_box::h7b129f9f235ab460
Nov 01 00:40:36.759 INFO blam!                                at libstd/panicking.rs:289
Nov 01 00:40:36.759 INFO blam!                                at libstd/panic.rs:392
Nov 01 00:40:36.759 INFO blam!                                at libstd/thread/mod.rs:408
Nov 01 00:40:36.759 INFO blam!                                at liballoc/boxed.rs:646
Nov 01 00:40:36.759 INFO blam!   20:     0x563450eb724a - std::sys_common::thread::start_thread::hb77935aee02382da
Nov 01 00:40:36.759 INFO blam!                                at liballoc/boxed.rs:656
Nov 01 00:40:36.759 INFO blam!                                at libstd/sys_common/thread.rs:24
Nov 01 00:40:36.759 INFO blam!   21:     0x563450ea6de5 - std::sys::unix::thread::Thread::new::thread_start::hd61f7429b3de1d75
Nov 01 00:40:36.759 INFO blam!                                at libstd/sys/unix/thread.rs:90
Nov 01 00:40:36.759 INFO blam!   22:     0x7fbfb18c36b9 - start_thread
Nov 01 00:40:36.759 INFO blam!   23:     0x7fbfb13e341c - clone
Nov 01 00:40:36.759 INFO blam!   24:                0x0 - <unknown>
Nov 01 00:40:36.759 INFO blam! 
Nov 01 00:40:36.760 INFO blam! ---- git_hub::tests::test_add_auth_header stdout ----
Nov 01 00:40:36.760 INFO blam! thread 'git_hub::tests::test_add_auth_header' panicked at 'called `Result::unwrap()` on an `Err` value: Io(Custom { kind: Other, error: StringError("failed to lookup address information: Temporary failure in name resolution") })', libcore/result.rs:1009:5
Nov 01 00:40:36.760 INFO blam! stack backtrace:
Nov 01 00:40:36.760 INFO blam!    0:     0x563450eb56fe - std::sys::unix::backtrace::tracing::imp::unwind_backtrace::hf5316c67202e23c8
Nov 01 00:40:36.760 INFO blam!                                at libstd/sys/unix/backtrace/tracing/gcc_s.rs:49
Nov 01 00:40:36.760 INFO blam!    1:     0x563450ea7ba6 - std::sys_common::backtrace::print::h3068ed2a6dc7ac86
Nov 01 00:40:36.760 INFO blam!                                at libstd/sys_common/backtrace.rs:71
Nov 01 00:40:36.760 INFO blam!                                at libstd/sys_common/backtrace.rs:59
Nov 01 00:40:36.760 INFO blam!    2:     0x563450ea5ebd - std::panicking::default_hook::{{closure}}::h1b9d29cc09d41897
Nov 01 00:40:36.760 INFO blam!                                at libstd/panicking.rs:211
Nov 01 00:40:36.760 INFO blam!    3:     0x563450ea5bcb - std::panicking::default_hook::h3a27b204a313406b
Nov 01 00:40:36.760 INFO blam!                                at libstd/panicking.rs:221
Nov 01 00:40:36.760 INFO blam!    4:     0x563450ea656c - std::panicking::rust_panic_with_hook::h0e12cb2fc86d00fa
Nov 01 00:40:36.760 INFO blam!                                at libstd/panicking.rs:477
Nov 01 00:40:36.760 INFO blam!    5:     0x563450ea6129 - std::panicking::continue_panic_fmt::h141671b29fe0e27d
Nov 01 00:40:36.760 INFO blam!                                at libstd/panicking.rs:391
Nov 01 00:40:36.760 INFO blam!    6:     0x563450ea6025 - rust_begin_unwind
Nov 01 00:40:36.760 INFO blam!                                at libstd/panicking.rs:326
Nov 01 00:40:36.760 INFO blam!    7:     0x563450eefe9b - core::panicking::panic_fmt::h429a06507aba9228
Nov 01 00:40:36.760 INFO blam!                                at libcore/panicking.rs:77
Nov 01 00:40:36.760 INFO blam!    8:     0x563450e26d43 - core::result::unwrap_failed::hb5e0ffec36f08b0b
Nov 01 00:40:36.760 INFO blam!                                at libcore/macros.rs:26
Nov 01 00:40:36.760 INFO blam!    9:     0x563450d6bbf1 - <core::result::Result<T, E>>::unwrap::hce1514ddb76519bc
Nov 01 00:40:36.760 INFO blam!                                at libcore/result.rs:808
Nov 01 00:40:36.760 INFO blam!   10:     0x563450d5ae0b - gh::git_hub::tests::build_test_request::hc4db3193fafe69d5
Nov 01 00:40:36.760 INFO blam!                                at src/git_hub/mod.rs:84
Nov 01 00:40:36.760 INFO blam!   11:     0x563450d5ba50 - gh::git_hub::tests::test_add_auth_header::h100faf289a7b3b91
Nov 01 00:40:36.760 INFO blam!                                at src/git_hub/mod.rs:126
Nov 01 00:40:36.760 INFO blam!   12:     0x563450d5ba29 - gh::git_hub::tests::test_add_auth_header::{{closure}}::hef22befa3ecca4d5
Nov 01 00:40:36.760 INFO blam!                                at src/git_hub/mod.rs:125
Nov 01 00:40:36.760 INFO blam!   13:     0x563450d5c15d - core::ops::function::FnOnce::call_once::h25e6c8bb98019f45
Nov 01 00:40:36.760 INFO blam!                                at libcore/ops/function.rs:238
Nov 01 00:40:36.760 INFO blam!   14:     0x563450d7f05e - <F as alloc::boxed::FnBox<A>>::call_box::ha9910eac2d17ff23
Nov 01 00:40:36.760 INFO blam!                                at libtest/lib.rs:1461
Nov 01 00:40:36.760 INFO blam!                                at libcore/ops/function.rs:238
Nov 01 00:40:36.760 INFO blam!                                at liballoc/boxed.rs:646
Nov 01 00:40:36.760 INFO blam!   15:     0x563450ec4699 - __rust_maybe_catch_panic
Nov 01 00:40:36.760 INFO blam!                                at libpanic_unwind/lib.rs:103
Nov 01 00:40:36.760 INFO blam!   16:     0x563450d8a96d - std::sys_common::backtrace::__rust_begin_short_backtrace::h470b05235fe5e5ad
Nov 01 00:40:36.760 INFO blam!                                at libstd/panicking.rs:289
Nov 01 00:40:36.760 INFO blam!                                at libstd/panic.rs:392
Nov 01 00:40:36.760 INFO blam!                                at libtest/lib.rs:1416
Nov 01 00:40:36.760 INFO blam!                                at libstd/sys_common/backtrace.rs:136
Nov 01 00:40:36.760 INFO blam!   17:     0x563450da2fa4 - std::panicking::try::do_call::h1f0578498122cc00
Nov 01 00:40:36.760 INFO blam!                                at libstd/thread/mod.rs:409
Nov 01 00:40:36.760 INFO blam!                                at libstd/panic.rs:313
Nov 01 00:40:36.760 INFO blam!                                at libstd/panicking.rs:310
Nov 01 00:40:36.760 INFO blam!   18:     0x563450ec4699 - __rust_maybe_catch_panic
Nov 01 00:40:36.760 INFO blam!                                at libpanic_unwind/lib.rs:103
Nov 01 00:40:36.760 INFO blam!   19:     0x563450d93876 - <F as alloc::boxed::FnBox<A>>::call_box::h7b129f9f235ab460
Nov 01 00:40:36.760 INFO blam!                                at libstd/panicking.rs:289
Nov 01 00:40:36.760 INFO blam!                                at libstd/panic.rs:392
Nov 01 00:40:36.760 INFO blam!                                at libstd/thread/mod.rs:408
Nov 01 00:40:36.760 INFO blam!                                at liballoc/boxed.rs:646
Nov 01 00:40:36.760 INFO blam!   20:     0x563450eb724a - std::sys_common::thread::start_thread::hb77935aee02382da
Nov 01 00:40:36.760 INFO blam!                                at liballoc/boxed.rs:656
Nov 01 00:40:36.760 INFO blam!                                at libstd/sys_common/thread.rs:24
Nov 01 00:40:36.760 INFO blam!   21:     0x563450ea6de5 - std::sys::unix::thread::Thread::new::thread_start::hd61f7429b3de1d75
Nov 01 00:40:36.760 INFO blam!                                at libstd/sys/unix/thread.rs:90
Nov 01 00:40:36.760 INFO blam!   22:     0x7fbfb18c36b9 - start_thread
Nov 01 00:40:36.760 INFO blam!   23:     0x7fbfb13e341c - clone
Nov 01 00:40:36.760 INFO blam!   24:                0x0 - <unknown>
Nov 01 00:40:36.760 INFO blam! 
Nov 01 00:40:36.760 INFO blam! ---- git_hub::tests::test_add_headers stdout ----
Nov 01 00:40:36.760 INFO blam! thread 'git_hub::tests::test_add_headers' panicked at 'called `Result::unwrap()` on an `Err` value: Io(Custom { kind: Other, error: StringError("failed to lookup address information: Temporary failure in name resolution") })', libcore/result.rs:1009:5
Nov 01 00:40:36.760 INFO blam! stack backtrace:
Nov 01 00:40:36.760 INFO blam!    0:     0x563450eb56fe - std::sys::unix::backtrace::tracing::imp::unwind_backtrace::hf5316c67202e23c8
Nov 01 00:40:36.760 INFO blam!                                at libstd/sys/unix/backtrace/tracing/gcc_s.rs:49
Nov 01 00:40:36.760 INFO blam!    1:     0x563450ea7ba6 - std::sys_common::backtrace::print::h3068ed2a6dc7ac86
Nov 01 00:40:36.760 INFO blam!                                at libstd/sys_common/backtrace.rs:71
Nov 01 00:40:36.760 INFO blam!                                at libstd/sys_common/backtrace.rs:59
Nov 01 00:40:36.760 INFO blam!    2:     0x563450ea5ebd - std::panicking::default_hook::{{closure}}::h1b9d29cc09d41897
Nov 01 00:40:36.760 INFO blam!                                at libstd/panicking.rs:211
Nov 01 00:40:36.760 INFO blam!    3:     0x563450ea5bcb - std::panicking::default_hook::h3a27b204a313406b
Nov 01 00:40:36.760 INFO blam!                                at libstd/panicking.rs:221
Nov 01 00:40:36.760 INFO blam!    4:     0x563450ea656c - std::panicking::rust_panic_with_hook::h0e12cb2fc86d00fa
Nov 01 00:40:36.760 INFO blam!                                at libstd/panicking.rs:477
Nov 01 00:40:36.760 INFO blam!    5:     0x563450ea6129 - std::panicking::continue_panic_fmt::h141671b29fe0e27d
Nov 01 00:40:36.760 INFO blam!                                at libstd/panicking.rs:391
Nov 01 00:40:36.760 INFO blam!    6:     0x563450ea6025 - rust_begin_unwind
Nov 01 00:40:36.761 INFO blam!                                at libstd/panicking.rs:326
Nov 01 00:40:36.761 INFO blam!    7:     0x563450eefe9b - core::panicking::panic_fmt::h429a06507aba9228
Nov 01 00:40:36.761 INFO blam!                                at libcore/panicking.rs:77
Nov 01 00:40:36.761 INFO blam!    8:     0x563450e26d43 - core::result::unwrap_failed::hb5e0ffec36f08b0b
Nov 01 00:40:36.761 INFO blam!                                at libcore/macros.rs:26
Nov 01 00:40:36.761 INFO blam!    9:     0x563450d6bbf1 - <core::result::Result<T, E>>::unwrap::hce1514ddb76519bc
Nov 01 00:40:36.761 INFO blam!                                at libcore/result.rs:808
Nov 01 00:40:36.761 INFO blam!   10:     0x563450d5ae0b - gh::git_hub::tests::build_test_request::hc4db3193fafe69d5
Nov 01 00:40:36.761 INFO blam!                                at src/git_hub/mod.rs:84
Nov 01 00:40:36.761 INFO blam!   11:     0x563450d5b790 - gh::git_hub::tests::test_add_headers::hc362447272552f27
Nov 01 00:40:36.761 INFO blam!                                at src/git_hub/mod.rs:96
Nov 01 00:40:36.761 INFO blam!   12:     0x563450d5b769 - gh::git_hub::tests::test_add_headers::{{closure}}::h552a72746d1aa859
Nov 01 00:40:36.761 INFO blam!                                at src/git_hub/mod.rs:95
Nov 01 00:40:36.761 INFO blam!   13:     0x563450d5c35d - core::ops::function::FnOnce::call_once::h8e343355ecf71876
Nov 01 00:40:36.761 INFO blam!                                at libcore/ops/function.rs:238
Nov 01 00:40:36.761 INFO blam!   14:     0x563450d7f05e - <F as alloc::boxed::FnBox<A>>::call_box::ha9910eac2d17ff23
Nov 01 00:40:36.761 INFO blam!                                at libtest/lib.rs:1461
Nov 01 00:40:36.761 INFO blam!                                at libcore/ops/function.rs:238
Nov 01 00:40:36.761 INFO blam!                                at liballoc/boxed.rs:646
Nov 01 00:40:36.761 INFO blam!   15:     0x563450ec4699 - __rust_maybe_catch_panic
Nov 01 00:40:36.761 INFO blam!                                at libpanic_unwind/lib.rs:103
Nov 01 00:40:36.761 INFO blam!   16:     0x563450d8a96d - std::sys_common::backtrace::__rust_begin_short_backtrace::h470b05235fe5e5ad
Nov 01 00:40:36.761 INFO blam!                                at libstd/panicking.rs:289
Nov 01 00:40:36.761 INFO blam!                                at libstd/panic.rs:392
Nov 01 00:40:36.761 INFO blam!                                at libtest/lib.rs:1416
Nov 01 00:40:36.761 INFO blam!                                at libstd/sys_common/backtrace.rs:136
Nov 01 00:40:36.761 INFO blam!   17:     0x563450da2fa4 - std::panicking::try::do_call::h1f0578498122cc00
Nov 01 00:40:36.761 INFO blam!                                at libstd/thread/mod.rs:409
Nov 01 00:40:36.761 INFO blam!                                at libstd/panic.rs:313
Nov 01 00:40:36.761 INFO blam!                                at libstd/panicking.rs:310
Nov 01 00:40:36.761 INFO blam!   18:     0x563450ec4699 - __rust_maybe_catch_panic
Nov 01 00:40:36.761 INFO blam!                                at libpanic_unwind/lib.rs:103
Nov 01 00:40:36.761 INFO blam!   19:     0x563450d93876 - <F as alloc::boxed::FnBox<A>>::call_box::h7b129f9f235ab460
Nov 01 00:40:36.761 INFO blam!                                at libstd/panicking.rs:289
Nov 01 00:40:36.761 INFO blam!                                at libstd/panic.rs:392
Nov 01 00:40:36.761 INFO blam!                                at libstd/thread/mod.rs:408
Nov 01 00:40:36.761 INFO blam!                                at liballoc/boxed.rs:646
Nov 01 00:40:36.761 INFO blam!   20:     0x563450eb724a - std::sys_common::thread::start_thread::hb77935aee02382da
Nov 01 00:40:36.761 INFO blam!                                at liballoc/boxed.rs:656
Nov 01 00:40:36.761 INFO blam!                                at libstd/sys_common/thread.rs:24
Nov 01 00:40:36.761 INFO blam!   21:     0x563450ea6de5 - std::sys::unix::thread::Thread::new::thread_start::hd61f7429b3de1d75
Nov 01 00:40:36.761 INFO blam!                                at libstd/sys/unix/thread.rs:90
Nov 01 00:40:36.761 INFO blam!   22:     0x7fbfb18c36b9 - start_thread
Nov 01 00:40:36.761 INFO blam!   23:     0x7fbfb13e341c - clone
Nov 01 00:40:36.761 INFO blam!   24:                0x0 - <unknown>
Nov 01 00:40:36.761 INFO blam! 
Nov 01 00:40:36.761 INFO blam! 
Nov 01 00:40:36.761 INFO blam! failures:
Nov 01 00:40:36.761 INFO blam!     git_hub::tests::test_add_auth_header
Nov 01 00:40:36.761 INFO blam!     git_hub::tests::test_add_base_headers
Nov 01 00:40:36.761 INFO blam!     git_hub::tests::test_add_headers
Nov 01 00:40:36.761 INFO blam! 
Nov 01 00:40:36.761 INFO blam! test result: FAILED. 8 passed; 3 failed; 0 ignored; 0 measured; 0 filtered out
Nov 01 00:40:36.761 INFO blam! 
Nov 01 00:40:36.771 INFO kablam! error: test failed, to rerun pass '--bin gh'
Nov 01 00:40:36.771 INFO kablam! su: No module specific data is present
Nov 01 00:40:37.768 INFO running `"docker" "rm" "-f" "45ebd51cc2cec7a1ecd2249d226fcbf9702ebf280c3a88b80e20ade4971d3f74"`
Nov 01 00:40:38.035 INFO blam! 45ebd51cc2cec7a1ecd2249d226fcbf9702ebf280c3a88b80e20ade4971d3f74
