Nov 01 00:44:03.376 INFO testing paulkernfeld/ndarray-csv against beta-2018-10-30 for beta-1.31-1
Nov 01 00:44:03.376 INFO running `"docker" "create" "-v" "/mnt/big/crater/work/local/target-dirs/beta-1.31-1/worker-0/beta-2018-10-30:/target:rw,Z" "-v" "/mnt/big/crater/work/local/test-source/worker-0/beta-1.31-1/beta-2018-10-30:/source:ro,Z" "-v" "/mnt/big/crater/work/local/cargo-home:/cargo-home:ro,Z" "-v" "/mnt/big/crater/work/local/rustup-home:/rustup-home:ro,Z" "-e" "USER_ID=1000" "-e" "SOURCE_DIR=/source" "-e" "USER_ID=1000" "-e" "CMD=cargo +beta-2018-10-30 build --frozen" "-e" "CARGO_TARGET_DIR=/target" "-e" "CARGO_INCREMENTAL=0" "-e" "RUST_BACKTRACE=full" "-e" "RUSTFLAGS=--cap-lints=warn" "-e" "CARGO_HOME=/cargo-home" "-e" "RUSTUP_HOME=/rustup-home" "-m" "1536M" "--network" "none" "crater"`
Nov 01 00:44:03.643 INFO blam! fceaf38402a2ff828dd59914ccebce35c44c8f97ab9a339f71778212459d1ff0
Nov 01 00:44:03.654 INFO running `"docker" "start" "-a" "fceaf38402a2ff828dd59914ccebce35c44c8f97ab9a339f71778212459d1ff0"`
Nov 01 00:44:04.375 INFO kablam! usermod: no changes
Nov 01 00:44:04.425 INFO kablam!    Compiling libc v0.2.43
Nov 01 00:44:04.439 INFO kablam!    Compiling num-complex v0.2.1
Nov 01 00:44:04.439 INFO kablam!    Compiling matrixmultiply v0.1.15
Nov 01 00:44:04.439 INFO kablam!    Compiling ndarray v0.12.0
Nov 01 00:44:04.459 INFO kablam!    Compiling memchr v2.1.1
Nov 01 00:44:04.468 INFO kablam!    Compiling itertools v0.7.8
Nov 01 00:44:08.322 INFO kablam!    Compiling csv-core v0.1.4
Nov 01 00:44:09.575 INFO kablam!    Compiling csv v1.0.2
Nov 01 00:44:20.368 INFO kablam!    Compiling ndarray-csv v0.3.1 (/source)
Nov 01 00:44:20.979 INFO kablam!     Finished dev [unoptimized + debuginfo] target(s) in 16.59s
Nov 01 00:44:20.983 INFO kablam! su: No module specific data is present
Nov 01 00:44:21.519 INFO running `"docker" "rm" "-f" "fceaf38402a2ff828dd59914ccebce35c44c8f97ab9a339f71778212459d1ff0"`
Nov 01 00:44:21.792 INFO blam! fceaf38402a2ff828dd59914ccebce35c44c8f97ab9a339f71778212459d1ff0
Nov 01 00:44:21.796 INFO running `"docker" "create" "-v" "/mnt/big/crater/work/local/target-dirs/beta-1.31-1/worker-0/beta-2018-10-30:/target:rw,Z" "-v" "/mnt/big/crater/work/local/test-source/worker-0/beta-1.31-1/beta-2018-10-30:/source:ro,Z" "-v" "/mnt/big/crater/work/local/cargo-home:/cargo-home:ro,Z" "-v" "/mnt/big/crater/work/local/rustup-home:/rustup-home:ro,Z" "-e" "USER_ID=1000" "-e" "SOURCE_DIR=/source" "-e" "USER_ID=1000" "-e" "CMD=cargo +beta-2018-10-30 test --frozen --no-run" "-e" "CARGO_TARGET_DIR=/target" "-e" "CARGO_INCREMENTAL=0" "-e" "RUST_BACKTRACE=full" "-e" "RUSTFLAGS=--cap-lints=warn" "-e" "CARGO_HOME=/cargo-home" "-e" "RUSTUP_HOME=/rustup-home" "-m" "1536M" "--network" "none" "crater"`
Nov 01 00:44:22.078 INFO blam! f1849a65fa96487bff4e39b7d83ac36c20804cd58f2360f40130d9c2a8a8eea1
Nov 01 00:44:22.083 INFO running `"docker" "start" "-a" "f1849a65fa96487bff4e39b7d83ac36c20804cd58f2360f40130d9c2a8a8eea1"`
Nov 01 00:44:22.719 INFO kablam! usermod: no changes
Nov 01 00:44:22.799 INFO kablam!    Compiling ndarray-csv v0.3.1 (/source)
Nov 01 00:44:25.791 INFO kablam!     Finished dev [unoptimized + debuginfo] target(s) in 3.04s
Nov 01 00:44:25.799 INFO kablam! su: No module specific data is present
Nov 01 00:44:26.245 INFO running `"docker" "rm" "-f" "f1849a65fa96487bff4e39b7d83ac36c20804cd58f2360f40130d9c2a8a8eea1"`
Nov 01 00:44:26.487 INFO blam! f1849a65fa96487bff4e39b7d83ac36c20804cd58f2360f40130d9c2a8a8eea1
Nov 01 00:44:26.496 INFO running `"docker" "create" "-v" "/mnt/big/crater/work/local/target-dirs/beta-1.31-1/worker-0/beta-2018-10-30:/target:rw,Z" "-v" "/mnt/big/crater/work/local/test-source/worker-0/beta-1.31-1/beta-2018-10-30:/source:ro,Z" "-v" "/mnt/big/crater/work/local/cargo-home:/cargo-home:ro,Z" "-v" "/mnt/big/crater/work/local/rustup-home:/rustup-home:ro,Z" "-e" "USER_ID=1000" "-e" "SOURCE_DIR=/source" "-e" "USER_ID=1000" "-e" "CMD=cargo +beta-2018-10-30 test --frozen" "-e" "CARGO_TARGET_DIR=/target" "-e" "CARGO_INCREMENTAL=0" "-e" "RUST_BACKTRACE=full" "-e" "RUSTFLAGS=--cap-lints=warn" "-e" "CARGO_HOME=/cargo-home" "-e" "RUSTUP_HOME=/rustup-home" "-m" "1536M" "--network" "none" "crater"`
Nov 01 00:44:26.866 INFO blam! 340de6d46b337e98b8a3696a4502138da0f62888ccbdf29a273fb6e8a59925a2
Nov 01 00:44:26.871 INFO running `"docker" "start" "-a" "340de6d46b337e98b8a3696a4502138da0f62888ccbdf29a273fb6e8a59925a2"`
Nov 01 00:44:27.415 INFO kablam! usermod: no changes
Nov 01 00:44:27.495 INFO kablam!     Finished dev [unoptimized + debuginfo] target(s) in 0.05s
Nov 01 00:44:27.495 INFO kablam!      Running /target/debug/deps/ndarray_csv-fe71a73ad3e1eed5
Nov 01 00:44:27.496 INFO blam! 
Nov 01 00:44:27.496 INFO blam! running 9 tests
Nov 01 00:44:27.506 INFO blam! test tests::test_read_integer ... ok
Nov 01 00:44:27.506 INFO blam! test tests::test_read_csv_error ... ok
Nov 01 00:44:27.506 INFO blam! test tests::test_read_too_few_rows ... ok
Nov 01 00:44:27.506 INFO blam! test tests::test_read_too_few_columns ... ok
Nov 01 00:44:27.506 INFO blam! test tests::test_write_ok ... ok
Nov 01 00:44:27.506 INFO blam! test tests::test_read_too_many_columns ... ok
Nov 01 00:44:27.506 INFO blam! test tests::test_read_too_many_rows ... ok
Nov 01 00:44:27.511 INFO blam! test tests::test_read_float ... ok
Nov 01 00:44:27.511 INFO blam! test tests::test_write_err ... ok
Nov 01 00:44:27.511 INFO blam! 
Nov 01 00:44:27.511 INFO blam! test result: ok. 9 passed; 0 failed; 0 ignored; 0 measured; 0 filtered out
Nov 01 00:44:27.511 INFO blam! 
Nov 01 00:44:27.512 INFO kablam!    Doc-tests ndarray-csv
Nov 01 00:44:28.186 INFO blam! 
Nov 01 00:44:28.186 INFO blam! running 1 test
Nov 01 00:44:30.463 INFO blam! test src/lib.rs -  (line 3) ... FAILED
Nov 01 00:44:30.463 INFO blam! 
Nov 01 00:44:30.463 INFO blam! failures:
Nov 01 00:44:30.463 INFO blam! 
Nov 01 00:44:30.463 INFO blam! ---- src/lib.rs -  (line 3) stdout ----
Nov 01 00:44:30.463 INFO blam! thread 'src/lib.rs -  (line 3)' panicked at 'test executable failed:
Nov 01 00:44:30.463 INFO blam! 
Nov 01 00:44:30.463 INFO blam! Error: Os { code: 30, kind: Other, message: "Read-only file system" }
Nov 01 00:44:30.463 INFO blam! 
Nov 01 00:44:30.463 INFO blam! ', librustdoc/test.rs:367:17
Nov 01 00:44:30.463 INFO blam! stack backtrace:
Nov 01 00:44:30.463 INFO blam!    0:     0x7fdc56ac46ff - std::sys::unix::backtrace::tracing::imp::unwind_backtrace::h3c55afa80a996a32
Nov 01 00:44:30.463 INFO blam!                                at libstd/sys/unix/backtrace/tracing/gcc_s.rs:49
Nov 01 00:44:30.463 INFO blam!    1:     0x7fdc56aa9697 - std::sys_common::backtrace::print::hcef907ea7a07cd40
Nov 01 00:44:30.463 INFO blam!                                at libstd/sys_common/backtrace.rs:71
Nov 01 00:44:30.463 INFO blam!                                at libstd/sys_common/backtrace.rs:59
Nov 01 00:44:30.463 INFO blam!    2:     0x7fdc56acfacf - std::panicking::default_hook::{{closure}}::hf541876c65f36ea7
Nov 01 00:44:30.463 INFO blam!                                at libstd/panicking.rs:211
Nov 01 00:44:30.463 INFO blam!    3:     0x7fdc56acf7ce - std::panicking::default_hook::h4ecc06b30ae4459d
Nov 01 00:44:30.463 INFO blam!                                at libstd/panicking.rs:221
Nov 01 00:44:30.463 INFO blam!    4:     0x7fdc58d6b6d1 - rustc::util::common::panic_hook::hf4e6f5c3b281764b
Nov 01 00:44:30.463 INFO blam!    5:     0x7fdc56ad02c6 - std::panicking::rust_panic_with_hook::h0cc6d9cc9f34a947
Nov 01 00:44:30.463 INFO blam!                                at libstd/panicking.rs:480
Nov 01 00:44:30.463 INFO blam!    6:     0x7fdc56acfe11 - std::panicking::continue_panic_fmt::hc71ad5f01496e320
Nov 01 00:44:30.463 INFO blam!                                at libstd/panicking.rs:390
Nov 01 00:44:30.463 INFO blam!    7:     0x7fdc56acfd5e - std::panicking::begin_panic_fmt::hdb958223ae20ca60
Nov 01 00:44:30.463 INFO blam!                                at libstd/panicking.rs:345
Nov 01 00:44:30.463 INFO blam!    8:     0x563c8e0afa38 - <rustdoc::test::Collector as rustdoc::test::Tester>::add_test::{{closure}}::{{closure}}::{{closure}}::h1097dd2aed0bc349
Nov 01 00:44:30.463 INFO blam!                                at librustdoc/test.rs:367
Nov 01 00:44:30.463 INFO blam!                                at librustdoc/test.rs:596
Nov 01 00:44:30.463 INFO blam!    9:     0x563c8e064c78 - <scoped_tls::ScopedKey<T>>::set::h9bba31b35056dc07
Nov 01 00:44:30.463 INFO blam!                                at /cargo/registry/src/github.com-1ecc6299db9ec823/scoped-tls-0.1.2/src/lib.rs:155
Nov 01 00:44:30.463 INFO blam!                                at libsyntax/lib.rs:106
Nov 01 00:44:30.463 INFO blam!                                at /cargo/registry/src/github.com-1ecc6299db9ec823/scoped-tls-0.1.2/src/lib.rs:155
Nov 01 00:44:30.463 INFO blam!   10:     0x563c8de6a481 - syntax::with_globals::h4fd10729776cd915
Nov 01 00:44:30.463 INFO blam!                                at libsyntax/lib.rs:105
Nov 01 00:44:30.463 INFO blam!   11:     0x563c8df1d5cb - std::panicking::try::do_call::he572b5001749b5c7
Nov 01 00:44:30.463 INFO blam!                                at librustdoc/test.rs:593
Nov 01 00:44:30.463 INFO blam!                                at libstd/panic.rs:313
Nov 01 00:44:30.463 INFO blam!                                at libstd/panicking.rs:310
Nov 01 00:44:30.463 INFO blam!   12:     0x7fdc56addde9 - __rust_maybe_catch_panic
Nov 01 00:44:30.463 INFO blam!                                at libpanic_unwind/lib.rs:102
Nov 01 00:44:30.463 INFO blam!   13:     0x563c8df3f079 - rustc_driver::in_named_rustc_thread::hc8aa36ae7168454b
Nov 01 00:44:30.463 INFO blam!                                at libstd/panicking.rs:289
Nov 01 00:44:30.463 INFO blam!                                at libstd/panic.rs:392
Nov 01 00:44:30.463 INFO blam!                                at librustc_driver/lib.rs:1546
Nov 01 00:44:30.463 INFO blam!   14:     0x563c8e07d960 - <F as alloc::boxed::FnBox<A>>::call_box::hf53e55f306710650
Nov 01 00:44:30.463 INFO blam!                                at librustdoc/test.rs:593
Nov 01 00:44:30.463 INFO blam!                                at liballoc/boxed.rs:672
Nov 01 00:44:30.463 INFO blam!   15:     0x7fdc5813c142 - <F as alloc::boxed::FnBox<A>>::call_box::hecf56d722ce7bb71
Nov 01 00:44:30.463 INFO blam!                                at libtest/lib.rs:1461
Nov 01 00:44:30.463 INFO blam!                                at liballoc/boxed.rs:672
Nov 01 00:44:30.463 INFO blam!   16:     0x7fdc56addde9 - __rust_maybe_catch_panic
Nov 01 00:44:30.463 INFO blam!                                at libpanic_unwind/lib.rs:102
Nov 01 00:44:30.463 INFO blam!   17:     0x7fdc58164412 - std::sys_common::backtrace::__rust_begin_short_backtrace::h1bb71a7386fd3269
Nov 01 00:44:30.463 INFO blam!                                at libstd/panicking.rs:289
Nov 01 00:44:30.463 INFO blam!                                at libstd/panic.rs:392
Nov 01 00:44:30.463 INFO blam!                                at libtest/lib.rs:1423
Nov 01 00:44:30.463 INFO blam!                                at libstd/sys_common/backtrace.rs:136
Nov 01 00:44:30.463 INFO blam!   18:     0x7fdc581651b4 - std::panicking::try::do_call::h9b94719c3074bb5c
Nov 01 00:44:30.463 INFO blam!                                at libstd/thread/mod.rs:409
Nov 01 00:44:30.463 INFO blam!                                at libstd/panic.rs:313
Nov 01 00:44:30.463 INFO blam!                                at libstd/panicking.rs:310
Nov 01 00:44:30.463 INFO blam!   19:     0x7fdc56addde9 - __rust_maybe_catch_panic
Nov 01 00:44:30.463 INFO blam!                                at libpanic_unwind/lib.rs:102
Nov 01 00:44:30.463 INFO blam!   20:     0x7fdc5814d90c - <F as alloc::boxed::FnBox<A>>::call_box::hb3bcd66d16fd3e84
Nov 01 00:44:30.463 INFO blam!                                at libstd/panicking.rs:289
Nov 01 00:44:30.463 INFO blam!                                at libstd/panic.rs:392
Nov 01 00:44:30.463 INFO blam!                                at libstd/thread/mod.rs:408
Nov 01 00:44:30.463 INFO blam!                                at liballoc/boxed.rs:672
Nov 01 00:44:30.463 INFO blam!   21:     0x7fdc56acaa8d - std::sys_common::thread::start_thread::had0c80d121669d29
Nov 01 00:44:30.463 INFO blam!                                at liballoc/boxed.rs:682
Nov 01 00:44:30.463 INFO blam!                                at libstd/sys_common/thread.rs:24
Nov 01 00:44:30.463 INFO blam!   22:     0x7fdc56aa0435 - std::sys::unix::thread::Thread::new::thread_start::h4a5b66a70d76f47f
Nov 01 00:44:30.463 INFO blam!                                at libstd/sys/unix/thread.rs:90
Nov 01 00:44:30.463 INFO blam!   23:     0x7fdc5662c6b9 - start_thread
Nov 01 00:44:30.463 INFO blam!   24:     0x7fdc5614c41c - clone
Nov 01 00:44:30.463 INFO blam!   25:                0x0 - <unknown>
Nov 01 00:44:30.464 INFO blam! query stack during panic:
Nov 01 00:44:30.464 INFO blam! end of query stack
Nov 01 00:44:30.464 INFO blam! 
Nov 01 00:44:30.464 INFO blam! 
Nov 01 00:44:30.464 INFO blam! failures:
Nov 01 00:44:30.464 INFO blam!     src/lib.rs -  (line 3)
Nov 01 00:44:30.464 INFO blam! 
Nov 01 00:44:30.464 INFO blam! test result: FAILED. 0 passed; 1 failed; 0 ignored; 0 measured; 0 filtered out
Nov 01 00:44:30.464 INFO blam! 
Nov 01 00:44:30.475 INFO kablam! error: test failed, to rerun pass '--doc'
Nov 01 00:44:30.475 INFO kablam! su: No module specific data is present
Nov 01 00:44:31.019 INFO running `"docker" "rm" "-f" "340de6d46b337e98b8a3696a4502138da0f62888ccbdf29a273fb6e8a59925a2"`
Nov 01 00:44:31.316 INFO blam! 340de6d46b337e98b8a3696a4502138da0f62888ccbdf29a273fb6e8a59925a2
