Nov 01 00:44:03.470 INFO testing paulkernfeld/ndarray-csv against 1.30.0 for beta-1.31-1
Nov 01 00:44:03.471 INFO running `"docker" "create" "-v" "/mnt/big/crater/work/local/target-dirs/beta-1.31-1/worker-7/1.30.0:/target:rw,Z" "-v" "/mnt/big/crater/work/local/test-source/worker-7/beta-1.31-1/1.30.0:/source:ro,Z" "-v" "/mnt/big/crater/work/local/cargo-home:/cargo-home:ro,Z" "-v" "/mnt/big/crater/work/local/rustup-home:/rustup-home:ro,Z" "-e" "USER_ID=1000" "-e" "SOURCE_DIR=/source" "-e" "USER_ID=1000" "-e" "CMD=cargo +1.30.0 build --frozen" "-e" "CARGO_TARGET_DIR=/target" "-e" "CARGO_INCREMENTAL=0" "-e" "RUST_BACKTRACE=full" "-e" "RUSTFLAGS=--cap-lints=warn" "-e" "CARGO_HOME=/cargo-home" "-e" "RUSTUP_HOME=/rustup-home" "-m" "1536M" "--network" "none" "crater"`
Nov 01 00:44:03.763 INFO blam! 4632c12935d549306e1c31dd42765c6763bed5d0a15969933415653255e6e96c
Nov 01 00:44:03.769 INFO running `"docker" "start" "-a" "4632c12935d549306e1c31dd42765c6763bed5d0a15969933415653255e6e96c"`
Nov 01 00:44:04.599 INFO kablam! usermod: no changes
Nov 01 00:44:04.727 INFO kablam!    Compiling matrixmultiply v0.1.15
Nov 01 00:44:04.727 INFO kablam!    Compiling libc v0.2.43
Nov 01 00:44:04.735 INFO kablam!    Compiling either v1.5.0
Nov 01 00:44:04.735 INFO kablam!    Compiling memchr v2.1.1
Nov 01 00:44:05.436 INFO kablam!    Compiling itertools v0.7.8
Nov 01 00:44:07.878 INFO kablam!    Compiling csv-core v0.1.4
Nov 01 00:44:08.595 INFO kablam!    Compiling ndarray v0.12.0
Nov 01 00:44:08.995 INFO kablam!    Compiling csv v1.0.2
Nov 01 00:44:19.482 INFO kablam!    Compiling ndarray-csv v0.3.1 (/source)
Nov 01 00:44:20.184 INFO kablam!     Finished dev [unoptimized + debuginfo] target(s) in 15.55s
Nov 01 00:44:20.188 INFO kablam! su: No module specific data is present
Nov 01 00:44:21.351 INFO running `"docker" "rm" "-f" "4632c12935d549306e1c31dd42765c6763bed5d0a15969933415653255e6e96c"`
Nov 01 00:44:21.568 INFO blam! 4632c12935d549306e1c31dd42765c6763bed5d0a15969933415653255e6e96c
Nov 01 00:44:21.570 INFO running `"docker" "create" "-v" "/mnt/big/crater/work/local/target-dirs/beta-1.31-1/worker-7/1.30.0:/target:rw,Z" "-v" "/mnt/big/crater/work/local/test-source/worker-7/beta-1.31-1/1.30.0:/source:ro,Z" "-v" "/mnt/big/crater/work/local/cargo-home:/cargo-home:ro,Z" "-v" "/mnt/big/crater/work/local/rustup-home:/rustup-home:ro,Z" "-e" "USER_ID=1000" "-e" "SOURCE_DIR=/source" "-e" "USER_ID=1000" "-e" "CMD=cargo +1.30.0 test --frozen --no-run" "-e" "CARGO_TARGET_DIR=/target" "-e" "CARGO_INCREMENTAL=0" "-e" "RUST_BACKTRACE=full" "-e" "RUSTFLAGS=--cap-lints=warn" "-e" "CARGO_HOME=/cargo-home" "-e" "RUSTUP_HOME=/rustup-home" "-m" "1536M" "--network" "none" "crater"`
Nov 01 00:44:21.857 INFO blam! de14ee782dcdca96d3934ff46a8b4dd277dff2c1463a786b065511abd86ecf6d
Nov 01 00:44:21.863 INFO running `"docker" "start" "-a" "de14ee782dcdca96d3934ff46a8b4dd277dff2c1463a786b065511abd86ecf6d"`
Nov 01 00:44:22.534 INFO kablam! usermod: no changes
Nov 01 00:44:22.585 INFO kablam!    Compiling ndarray-csv v0.3.1 (/source)
Nov 01 00:44:25.635 INFO kablam!     Finished dev [unoptimized + debuginfo] target(s) in 3.08s
Nov 01 00:44:25.635 INFO kablam! su: No module specific data is present
Nov 01 00:44:26.238 INFO running `"docker" "rm" "-f" "de14ee782dcdca96d3934ff46a8b4dd277dff2c1463a786b065511abd86ecf6d"`
Nov 01 00:44:26.398 INFO blam! de14ee782dcdca96d3934ff46a8b4dd277dff2c1463a786b065511abd86ecf6d
Nov 01 00:44:26.403 INFO running `"docker" "create" "-v" "/mnt/big/crater/work/local/target-dirs/beta-1.31-1/worker-7/1.30.0:/target:rw,Z" "-v" "/mnt/big/crater/work/local/test-source/worker-7/beta-1.31-1/1.30.0:/source:ro,Z" "-v" "/mnt/big/crater/work/local/cargo-home:/cargo-home:ro,Z" "-v" "/mnt/big/crater/work/local/rustup-home:/rustup-home:ro,Z" "-e" "USER_ID=1000" "-e" "SOURCE_DIR=/source" "-e" "USER_ID=1000" "-e" "CMD=cargo +1.30.0 test --frozen" "-e" "CARGO_TARGET_DIR=/target" "-e" "CARGO_INCREMENTAL=0" "-e" "RUST_BACKTRACE=full" "-e" "RUSTFLAGS=--cap-lints=warn" "-e" "CARGO_HOME=/cargo-home" "-e" "RUSTUP_HOME=/rustup-home" "-m" "1536M" "--network" "none" "crater"`
Nov 01 00:44:26.720 INFO blam! 14497b7eb450bad9335b9f1345bc8a0423338a58911a42c5e407db0065f71537
Nov 01 00:44:26.727 INFO running `"docker" "start" "-a" "14497b7eb450bad9335b9f1345bc8a0423338a58911a42c5e407db0065f71537"`
Nov 01 00:44:27.367 INFO kablam! usermod: no changes
Nov 01 00:44:27.410 INFO kablam!     Finished dev [unoptimized + debuginfo] target(s) in 0.02s
Nov 01 00:44:27.412 INFO kablam!      Running /target/debug/deps/ndarray_csv-f181e45ff5c70637
Nov 01 00:44:27.413 INFO blam! 
Nov 01 00:44:27.413 INFO blam! running 9 tests
Nov 01 00:44:27.416 INFO blam! test tests::test_read_too_many_rows ... ok
Nov 01 00:44:27.416 INFO blam! test tests::test_read_csv_error ... ok
Nov 01 00:44:27.417 INFO blam! test tests::test_read_too_many_columns ... ok
Nov 01 00:44:27.419 INFO blam! test tests::test_read_too_few_rows ... ok
Nov 01 00:44:27.419 INFO blam! test tests::test_read_float ... ok
Nov 01 00:44:27.419 INFO blam! test tests::test_write_ok ... ok
Nov 01 00:44:27.419 INFO blam! test tests::test_write_err ... ok
Nov 01 00:44:27.420 INFO blam! test tests::test_read_too_few_columns ... ok
Nov 01 00:44:27.432 INFO blam! test tests::test_read_integer ... ok
Nov 01 00:44:27.432 INFO blam! 
Nov 01 00:44:27.432 INFO blam! test result: ok. 9 passed; 0 failed; 0 ignored; 0 measured; 0 filtered out
Nov 01 00:44:27.432 INFO blam! 
Nov 01 00:44:27.432 INFO kablam!    Doc-tests ndarray-csv
Nov 01 00:44:28.151 INFO blam! 
Nov 01 00:44:28.151 INFO blam! running 1 test
Nov 01 00:44:30.431 INFO blam! test src/lib.rs -  (line 3) ... FAILED
Nov 01 00:44:30.431 INFO blam! 
Nov 01 00:44:30.431 INFO blam! failures:
Nov 01 00:44:30.431 INFO blam! 
Nov 01 00:44:30.431 INFO blam! ---- src/lib.rs -  (line 3) stdout ----
Nov 01 00:44:30.431 INFO blam! thread 'src/lib.rs -  (line 3)' panicked at 'test executable failed:
Nov 01 00:44:30.431 INFO blam! 
Nov 01 00:44:30.431 INFO blam! Error: Os { code: 30, kind: Other, message: "Read-only file system" }
Nov 01 00:44:30.431 INFO blam! 
Nov 01 00:44:30.431 INFO blam! ', librustdoc/test.rs:367:17
Nov 01 00:44:30.431 INFO blam! stack backtrace:
Nov 01 00:44:30.431 INFO blam!    0:     0x7f1c74ba175e - std::sys::unix::backtrace::tracing::imp::unwind_backtrace::hf5316c67202e23c8
Nov 01 00:44:30.431 INFO blam!                                at libstd/sys/unix/backtrace/tracing/gcc_s.rs:49
Nov 01 00:44:30.431 INFO blam!    1:     0x7f1c74b7a946 - std::sys_common::backtrace::print::h3068ed2a6dc7ac86
Nov 01 00:44:30.431 INFO blam!                                at libstd/sys_common/backtrace.rs:71
Nov 01 00:44:30.431 INFO blam!                                at libstd/sys_common/backtrace.rs:59
Nov 01 00:44:30.431 INFO blam!    2:     0x7f1c74b7854d - std::panicking::default_hook::{{closure}}::h1b9d29cc09d41897
Nov 01 00:44:30.431 INFO blam!                                at libstd/panicking.rs:211
Nov 01 00:44:30.431 INFO blam!    3:     0x7f1c74b7825b - std::panicking::default_hook::h3a27b204a313406b
Nov 01 00:44:30.431 INFO blam!                                at libstd/panicking.rs:221
Nov 01 00:44:30.431 INFO blam!    4:     0x7f1c76ce19f1 - rustc::util::common::panic_hook::hf9d72254884e6e21
Nov 01 00:44:30.431 INFO blam!    5:     0x7f1c74b78c53 - std::panicking::rust_panic_with_hook::h0e12cb2fc86d00fa
Nov 01 00:44:30.431 INFO blam!                                at libstd/panicking.rs:481
Nov 01 00:44:30.431 INFO blam!    6:     0x7f1c74b787b9 - std::panicking::continue_panic_fmt::h141671b29fe0e27d
Nov 01 00:44:30.431 INFO blam!                                at libstd/panicking.rs:391
Nov 01 00:44:30.431 INFO blam!    7:     0x7f1c74b7871d - std::panicking::begin_panic_fmt::h598547fc766c278a
Nov 01 00:44:30.431 INFO blam!                                at libstd/panicking.rs:346
Nov 01 00:44:30.431 INFO blam!    8:     0x55e45e2935f3 - rustdoc::test::Collector::add_test::{{closure}}::{{closure}}::{{closure}}::hed130f7399558a0a
Nov 01 00:44:30.431 INFO blam!                                at librustdoc/test.rs:367
Nov 01 00:44:30.431 INFO blam!                                at librustdoc/test.rs:564
Nov 01 00:44:30.432 INFO blam!    9:     0x55e45e24cb40 - <scoped_tls::ScopedKey<T>>::set::h8f0919d2f77ba016
Nov 01 00:44:30.432 INFO blam!                                at /cargo/registry/src/github.com-1ecc6299db9ec823/scoped-tls-0.1.2/src/lib.rs:155
Nov 01 00:44:30.432 INFO blam!                                at libsyntax/lib.rs:108
Nov 01 00:44:30.432 INFO blam!                                at /cargo/registry/src/github.com-1ecc6299db9ec823/scoped-tls-0.1.2/src/lib.rs:155
Nov 01 00:44:30.432 INFO blam!   10:     0x55e45e075c8d - syntax::with_globals::hd11e81a0116456bb
Nov 01 00:44:30.432 INFO blam!                                at libsyntax/lib.rs:107
Nov 01 00:44:30.432 INFO blam!   11:     0x55e45e0c61a4 - std::panicking::try::do_call::hece5c13d7a24e473
Nov 01 00:44:30.432 INFO blam!                                at librustdoc/test.rs:561
Nov 01 00:44:30.432 INFO blam!                                at libstd/panic.rs:313
Nov 01 00:44:30.432 INFO blam!                                at libstd/panicking.rs:310
Nov 01 00:44:30.432 INFO blam!   12:     0x7f1c74bb8469 - __rust_maybe_catch_panic
Nov 01 00:44:30.432 INFO blam!                                at libpanic_unwind/lib.rs:103
Nov 01 00:44:30.432 INFO blam!   13:     0x55e45e13dd43 - rustc_driver::in_named_rustc_thread::h2eb14efcd2031db9
Nov 01 00:44:30.432 INFO blam!                                at libstd/panicking.rs:289
Nov 01 00:44:30.432 INFO blam!                                at libstd/panic.rs:392
Nov 01 00:44:30.432 INFO blam!                                at librustc_driver/lib.rs:1574
Nov 01 00:44:30.432 INFO blam!   14:     0x55e45e26be4c - <F as alloc::boxed::FnBox<A>>::call_box::h1a3519e0a4ef9ca4
Nov 01 00:44:30.432 INFO blam!                                at librustdoc/test.rs:561
Nov 01 00:44:30.432 INFO blam!                                at liballoc/boxed.rs:646
Nov 01 00:44:30.432 INFO blam!   15:     0x7f1c761fcdc2 - <F as alloc::boxed::FnBox<A>>::call_box::h79a77abfa30ef4cc
Nov 01 00:44:30.432 INFO blam!                                at libtest/lib.rs:1454
Nov 01 00:44:30.432 INFO blam!                                at liballoc/boxed.rs:646
Nov 01 00:44:30.432 INFO blam!   16:     0x7f1c74bb8469 - __rust_maybe_catch_panic
Nov 01 00:44:30.432 INFO blam!                                at libpanic_unwind/lib.rs:103
Nov 01 00:44:30.432 INFO blam!   17:     0x7f1c7620a1fd - std::sys_common::backtrace::__rust_begin_short_backtrace::h470b05235fe5e5ad
Nov 01 00:44:30.432 INFO blam!                                at libstd/panicking.rs:289
Nov 01 00:44:30.432 INFO blam!                                at libstd/panic.rs:392
Nov 01 00:44:30.432 INFO blam!                                at libtest/lib.rs:1416
Nov 01 00:44:30.432 INFO blam!                                at libstd/sys_common/backtrace.rs:136
Nov 01 00:44:30.432 INFO blam!   18:     0x7f1c76228004 - std::panicking::try::do_call::h1f0578498122cc00
Nov 01 00:44:30.432 INFO blam!                                at libstd/thread/mod.rs:409
Nov 01 00:44:30.432 INFO blam!                                at libstd/panic.rs:313
Nov 01 00:44:30.432 INFO blam!                                at libstd/panicking.rs:310
Nov 01 00:44:30.432 INFO blam!   19:     0x7f1c74bb8469 - __rust_maybe_catch_panic
Nov 01 00:44:30.432 INFO blam!                                at libpanic_unwind/lib.rs:103
Nov 01 00:44:30.432 INFO blam!   20:     0x7f1c76214be6 - <F as alloc::boxed::FnBox<A>>::call_box::h7b129f9f235ab460
Nov 01 00:44:30.432 INFO blam!                                at libstd/panicking.rs:289
Nov 01 00:44:30.432 INFO blam!                                at libstd/panic.rs:392
Nov 01 00:44:30.432 INFO blam!                                at libstd/thread/mod.rs:408
Nov 01 00:44:30.432 INFO blam!                                at liballoc/boxed.rs:646
Nov 01 00:44:30.432 INFO blam!   21:     0x7f1c74ba5c5a - std::sys_common::thread::start_thread::hb77935aee02382da
Nov 01 00:44:30.432 INFO blam!                                at liballoc/boxed.rs:656
Nov 01 00:44:30.432 INFO blam!                                at libstd/sys_common/thread.rs:24
Nov 01 00:44:30.432 INFO blam!   22:     0x7f1c74b798d5 - std::sys::unix::thread::Thread::new::thread_start::hd61f7429b3de1d75
Nov 01 00:44:30.432 INFO blam!                                at libstd/sys/unix/thread.rs:90
Nov 01 00:44:30.432 INFO blam!   23:     0x7f1c7490e6b9 - start_thread
Nov 01 00:44:30.432 INFO blam!   24:     0x7f1c7442e41c - clone
Nov 01 00:44:30.432 INFO blam!   25:                0x0 - <unknown>
Nov 01 00:44:30.432 INFO blam! query stack during panic:
Nov 01 00:44:30.432 INFO blam! end of query stack
Nov 01 00:44:30.432 INFO blam! 
Nov 01 00:44:30.432 INFO blam! 
Nov 01 00:44:30.432 INFO blam! failures:
Nov 01 00:44:30.432 INFO blam!     src/lib.rs -  (line 3)
Nov 01 00:44:30.432 INFO blam! 
Nov 01 00:44:30.432 INFO blam! test result: FAILED. 0 passed; 1 failed; 0 ignored; 0 measured; 0 filtered out
Nov 01 00:44:30.432 INFO blam! 
Nov 01 00:44:30.449 INFO kablam! error: test failed, to rerun pass '--doc'
Nov 01 00:44:30.449 INFO kablam! su: No module specific data is present
Nov 01 00:44:31.005 INFO running `"docker" "rm" "-f" "14497b7eb450bad9335b9f1345bc8a0423338a58911a42c5e407db0065f71537"`
Nov 01 00:44:31.231 INFO blam! 14497b7eb450bad9335b9f1345bc8a0423338a58911a42c5e407db0065f71537
