Nov 01 00:58:18.970 INFO testing otaviopace/minigrep against beta-2018-10-30 for beta-1.31-1
Nov 01 00:58:18.970 INFO running `"docker" "create" "-v" "/mnt/big/crater/work/local/target-dirs/beta-1.31-1/worker-4/beta-2018-10-30:/target:rw,Z" "-v" "/mnt/big/crater/work/local/test-source/worker-4/beta-1.31-1/beta-2018-10-30:/source:ro,Z" "-v" "/mnt/big/crater/work/local/cargo-home:/cargo-home:ro,Z" "-v" "/mnt/big/crater/work/local/rustup-home:/rustup-home:ro,Z" "-e" "USER_ID=1000" "-e" "SOURCE_DIR=/source" "-e" "USER_ID=1000" "-e" "CMD=cargo +beta-2018-10-30 build --frozen" "-e" "CARGO_TARGET_DIR=/target" "-e" "CARGO_INCREMENTAL=0" "-e" "RUST_BACKTRACE=full" "-e" "RUSTFLAGS=--cap-lints=warn" "-e" "CARGO_HOME=/cargo-home" "-e" "RUSTUP_HOME=/rustup-home" "-m" "1536M" "--network" "none" "crater"`
Nov 01 00:58:19.203 INFO blam! 37c2c980621b9db97405d0ae385711b3a972cdb53e27ecca65a2bb8368fa4c82
Nov 01 00:58:19.204 INFO running `"docker" "start" "-a" "37c2c980621b9db97405d0ae385711b3a972cdb53e27ecca65a2bb8368fa4c82"`
Nov 01 00:58:19.603 INFO kablam! usermod: no changes
Nov 01 00:58:19.656 INFO kablam!    Compiling minigrep v0.1.0 (/source)
Nov 01 00:58:20.990 INFO kablam!     Finished dev [unoptimized + debuginfo] target(s) in 1.35s
Nov 01 00:58:20.995 INFO kablam! su: No module specific data is present
Nov 01 00:58:21.348 INFO running `"docker" "rm" "-f" "37c2c980621b9db97405d0ae385711b3a972cdb53e27ecca65a2bb8368fa4c82"`
Nov 01 00:58:21.435 INFO blam! 37c2c980621b9db97405d0ae385711b3a972cdb53e27ecca65a2bb8368fa4c82
Nov 01 00:58:21.439 INFO running `"docker" "create" "-v" "/mnt/big/crater/work/local/target-dirs/beta-1.31-1/worker-4/beta-2018-10-30:/target:rw,Z" "-v" "/mnt/big/crater/work/local/test-source/worker-4/beta-1.31-1/beta-2018-10-30:/source:ro,Z" "-v" "/mnt/big/crater/work/local/cargo-home:/cargo-home:ro,Z" "-v" "/mnt/big/crater/work/local/rustup-home:/rustup-home:ro,Z" "-e" "USER_ID=1000" "-e" "SOURCE_DIR=/source" "-e" "USER_ID=1000" "-e" "CMD=cargo +beta-2018-10-30 test --frozen --no-run" "-e" "CARGO_TARGET_DIR=/target" "-e" "CARGO_INCREMENTAL=0" "-e" "RUST_BACKTRACE=full" "-e" "RUSTFLAGS=--cap-lints=warn" "-e" "CARGO_HOME=/cargo-home" "-e" "RUSTUP_HOME=/rustup-home" "-m" "1536M" "--network" "none" "crater"`
Nov 01 00:58:21.732 INFO blam! 8c400bff8202c03a352a45f4c0670ded762f7ae4e36450eebd7f57374048cb32
Nov 01 00:58:21.733 INFO running `"docker" "start" "-a" "8c400bff8202c03a352a45f4c0670ded762f7ae4e36450eebd7f57374048cb32"`
Nov 01 00:58:22.259 INFO kablam! usermod: no changes
Nov 01 00:58:22.287 INFO kablam!    Compiling minigrep v0.1.0 (/source)
Nov 01 00:58:23.440 INFO kablam!     Finished dev [unoptimized + debuginfo] target(s) in 1.16s
Nov 01 00:58:23.440 INFO kablam! su: No module specific data is present
Nov 01 00:58:23.744 INFO running `"docker" "rm" "-f" "8c400bff8202c03a352a45f4c0670ded762f7ae4e36450eebd7f57374048cb32"`
Nov 01 00:58:23.835 INFO blam! 8c400bff8202c03a352a45f4c0670ded762f7ae4e36450eebd7f57374048cb32
Nov 01 00:58:23.839 INFO running `"docker" "create" "-v" "/mnt/big/crater/work/local/target-dirs/beta-1.31-1/worker-4/beta-2018-10-30:/target:rw,Z" "-v" "/mnt/big/crater/work/local/test-source/worker-4/beta-1.31-1/beta-2018-10-30:/source:ro,Z" "-v" "/mnt/big/crater/work/local/cargo-home:/cargo-home:ro,Z" "-v" "/mnt/big/crater/work/local/rustup-home:/rustup-home:ro,Z" "-e" "USER_ID=1000" "-e" "SOURCE_DIR=/source" "-e" "USER_ID=1000" "-e" "CMD=cargo +beta-2018-10-30 test --frozen" "-e" "CARGO_TARGET_DIR=/target" "-e" "CARGO_INCREMENTAL=0" "-e" "RUST_BACKTRACE=full" "-e" "RUSTFLAGS=--cap-lints=warn" "-e" "CARGO_HOME=/cargo-home" "-e" "RUSTUP_HOME=/rustup-home" "-m" "1536M" "--network" "none" "crater"`
Nov 01 00:58:24.028 INFO blam! 2438511b03d3bebda865319f0053f8fc98400a666ea1a04b1a66fa164b821ea3
Nov 01 00:58:24.029 INFO running `"docker" "start" "-a" "2438511b03d3bebda865319f0053f8fc98400a666ea1a04b1a66fa164b821ea3"`
Nov 01 00:58:24.419 INFO kablam! usermod: no changes
Nov 01 00:58:24.463 INFO kablam!     Finished dev [unoptimized + debuginfo] target(s) in 0.01s
Nov 01 00:58:24.464 INFO kablam!      Running /target/debug/deps/minigrep-1ffc08bb44f80495
Nov 01 00:58:24.467 INFO blam! 
Nov 01 00:58:24.467 INFO blam! running 10 tests
Nov 01 00:58:24.467 INFO blam! test tests::functions::search_should_return_case_insensitive ... ok
Nov 01 00:58:24.467 INFO blam! test tests::functions::run_should_return_ok ... ok
Nov 01 00:58:24.471 INFO blam! test tests::config::run_should_return_ok ... ok
Nov 01 00:58:24.475 INFO blam! test tests::functions::search_should_return_case_sensitive ... ok
Nov 01 00:58:24.475 INFO blam! test tests::config::config_new_should_return_config_when_has_var ... ok
Nov 01 00:58:24.489 INFO blam! test tests::functions::run_should_return_error ... ok
Nov 01 00:58:24.489 INFO blam! test tests::config::config_new_should_return_config_when_not_var ... FAILED
Nov 01 00:58:24.489 INFO blam! test tests::config::run_should_return_error ... ok
Nov 01 00:58:24.489 INFO blam! test tests::functions::search_should_return_no_result ... ok
Nov 01 00:58:24.489 INFO blam! test tests::config::config_new_should_return_error ... ok
Nov 01 00:58:24.489 INFO blam! 
Nov 01 00:58:24.490 INFO blam! failures:
Nov 01 00:58:24.490 INFO blam! 
Nov 01 00:58:24.490 INFO blam! ---- tests::config::config_new_should_return_config_when_not_var stdout ----
Nov 01 00:58:24.490 INFO blam! thread 'tests::config::config_new_should_return_config_when_not_var' panicked at 'assertion failed: `(left == right)`
Nov 01 00:58:24.490 INFO blam!   left: `Config { query: "bla", file_name: "my_file.txt", case_sensitive: true }`,
Nov 01 00:58:24.490 INFO blam!  right: `Config { query: "bla", file_name: "my_file.txt", case_sensitive: false }`', src/tests/config.rs:14:5
Nov 01 00:58:24.490 INFO blam! stack backtrace:
Nov 01 00:58:24.490 INFO blam!    0:     0x558878aa24bf - std::sys::unix::backtrace::tracing::imp::unwind_backtrace::h3c55afa80a996a32
Nov 01 00:58:24.490 INFO blam!                                at libstd/sys/unix/backtrace/tracing/gcc_s.rs:49
Nov 01 00:58:24.490 INFO blam!    1:     0x558878aab707 - std::sys_common::backtrace::print::hcef907ea7a07cd40
Nov 01 00:58:24.490 INFO blam!                                at libstd/sys_common/backtrace.rs:71
Nov 01 00:58:24.490 INFO blam!                                at libstd/sys_common/backtrace.rs:59
Nov 01 00:58:24.490 INFO blam!    2:     0x558878aa61cf - std::panicking::default_hook::{{closure}}::hf541876c65f36ea7
Nov 01 00:58:24.490 INFO blam!                                at libstd/panicking.rs:211
Nov 01 00:58:24.490 INFO blam!    3:     0x558878aa5ece - std::panicking::default_hook::h4ecc06b30ae4459d
Nov 01 00:58:24.490 INFO blam!                                at libstd/panicking.rs:221
Nov 01 00:58:24.490 INFO blam!    4:     0x558878aa68ae - std::panicking::rust_panic_with_hook::h0cc6d9cc9f34a947
Nov 01 00:58:24.490 INFO blam!                                at libstd/panicking.rs:476
Nov 01 00:58:24.490 INFO blam!    5:     0x558878aa6451 - std::panicking::continue_panic_fmt::hc71ad5f01496e320
Nov 01 00:58:24.490 INFO blam!                                at libstd/panicking.rs:390
Nov 01 00:58:24.490 INFO blam!    6:     0x558878aa639e - std::panicking::begin_panic_fmt::hdb958223ae20ca60
Nov 01 00:58:24.490 INFO blam!                                at libstd/panicking.rs:345
Nov 01 00:58:24.490 INFO blam!    7:     0x558878a45b12 - minigrep::tests::config::config_new_should_return_config_when_not_var::h1273b02b9170fcf9
Nov 01 00:58:24.490 INFO blam!                                at src/tests/config.rs:14
Nov 01 00:58:24.490 INFO blam!    8:     0x558878a45739 - minigrep::tests::config::config_new_should_return_config_when_not_var::{{closure}}::hca23f46e891b589a
Nov 01 00:58:24.490 INFO blam!                                at src/tests/config.rs:4
Nov 01 00:58:24.490 INFO blam!    9:     0x558878a4e71d - core::ops::function::FnOnce::call_once::ha3a2a2b20252784d
Nov 01 00:58:24.490 INFO blam!                                at libcore/ops/function.rs:238
Nov 01 00:58:24.490 INFO blam!   10:     0x558878a5605e - <F as alloc::boxed::FnBox<A>>::call_box::hf32558bd83684b60
Nov 01 00:58:24.490 INFO blam!                                at libtest/lib.rs:1468
Nov 01 00:58:24.490 INFO blam!                                at libcore/ops/function.rs:238
Nov 01 00:58:24.490 INFO blam!                                at liballoc/boxed.rs:672
Nov 01 00:58:24.490 INFO blam!   11:     0x558878ab6939 - __rust_maybe_catch_panic
Nov 01 00:58:24.490 INFO blam!                                at libpanic_unwind/lib.rs:102
Nov 01 00:58:24.490 INFO blam!   12:     0x558878a77cc2 - std::sys_common::backtrace::__rust_begin_short_backtrace::h1bb71a7386fd3269
Nov 01 00:58:24.490 INFO blam!                                at libstd/panicking.rs:289
Nov 01 00:58:24.490 INFO blam!                                at libstd/panic.rs:392
Nov 01 00:58:24.490 INFO blam!                                at libtest/lib.rs:1423
Nov 01 00:58:24.490 INFO blam!                                at libstd/sys_common/backtrace.rs:136
Nov 01 00:58:24.490 INFO blam!   13:     0x558878a78774 - std::panicking::try::do_call::h9b94719c3074bb5c
Nov 01 00:58:24.490 INFO blam!                                at libstd/thread/mod.rs:409
Nov 01 00:58:24.490 INFO blam!                                at libstd/panic.rs:313
Nov 01 00:58:24.490 INFO blam!                                at libstd/panicking.rs:310
Nov 01 00:58:24.490 INFO blam!   14:     0x558878ab6939 - __rust_maybe_catch_panic
Nov 01 00:58:24.490 INFO blam!                                at libpanic_unwind/lib.rs:102
Nov 01 00:58:24.490 INFO blam!   15:     0x558878a6599c - <F as alloc::boxed::FnBox<A>>::call_box::hb3bcd66d16fd3e84
Nov 01 00:58:24.490 INFO blam!                                at libstd/panicking.rs:289
Nov 01 00:58:24.490 INFO blam!                                at libstd/panic.rs:392
Nov 01 00:58:24.490 INFO blam!                                at libstd/thread/mod.rs:408
Nov 01 00:58:24.490 INFO blam!                                at liballoc/boxed.rs:672
Nov 01 00:58:24.490 INFO blam!   16:     0x558878aa40cd - std::sys_common::thread::start_thread::had0c80d121669d29
Nov 01 00:58:24.490 INFO blam!                                at liballoc/boxed.rs:682
Nov 01 00:58:24.490 INFO blam!                                at libstd/sys_common/thread.rs:24
Nov 01 00:58:24.490 INFO blam!   17:     0x558878a99755 - std::sys::unix::thread::Thread::new::thread_start::h4a5b66a70d76f47f
Nov 01 00:58:24.490 INFO blam!                                at libstd/sys/unix/thread.rs:90
Nov 01 00:58:24.490 INFO blam!   18:     0x7effda2996b9 - start_thread
Nov 01 00:58:24.490 INFO blam!   19:     0x7effd9db941c - clone
Nov 01 00:58:24.490 INFO blam!   20:                0x0 - <unknown>
Nov 01 00:58:24.490 INFO blam! 
Nov 01 00:58:24.490 INFO blam! 
Nov 01 00:58:24.490 INFO blam! failures:
Nov 01 00:58:24.490 INFO blam!     tests::config::config_new_should_return_config_when_not_var
Nov 01 00:58:24.490 INFO blam! 
Nov 01 00:58:24.490 INFO blam! test result: FAILED. 9 passed; 1 failed; 0 ignored; 0 measured; 0 filtered out
Nov 01 00:58:24.490 INFO blam! 
Nov 01 00:58:24.491 INFO kablam! error: test failed, to rerun pass '--lib'
Nov 01 00:58:24.492 INFO kablam! su: No module specific data is present
Nov 01 00:58:24.807 INFO running `"docker" "rm" "-f" "2438511b03d3bebda865319f0053f8fc98400a666ea1a04b1a66fa164b821ea3"`
Nov 01 00:58:24.991 INFO blam! 2438511b03d3bebda865319f0053f8fc98400a666ea1a04b1a66fa164b821ea3
