Nov 01 07:10:12.429 INFO testing jayjamesjay/http_req against 1.30.0 for beta-1.31-1
Nov 01 07:10:12.429 INFO running `"docker" "create" "-v" "/mnt/big/crater/work/local/target-dirs/beta-1.31-1/worker-4/1.30.0:/target:rw,Z" "-v" "/mnt/big/crater/work/local/test-source/worker-4/beta-1.31-1/1.30.0:/source:ro,Z" "-v" "/mnt/big/crater/work/local/cargo-home:/cargo-home:ro,Z" "-v" "/mnt/big/crater/work/local/rustup-home:/rustup-home:ro,Z" "-e" "USER_ID=1000" "-e" "SOURCE_DIR=/source" "-e" "USER_ID=1000" "-e" "CMD=cargo +1.30.0 build --frozen" "-e" "CARGO_TARGET_DIR=/target" "-e" "CARGO_INCREMENTAL=0" "-e" "RUST_BACKTRACE=full" "-e" "RUSTFLAGS=--cap-lints=warn" "-e" "CARGO_HOME=/cargo-home" "-e" "RUSTUP_HOME=/rustup-home" "-m" "1536M" "--network" "none" "crater"`
Nov 01 07:10:12.827 INFO blam! 04fa93a78c79fb5d445227e643505b5177c32dc1a873db5ae70da451addd9a39
Nov 01 07:10:12.830 INFO running `"docker" "start" "-a" "04fa93a78c79fb5d445227e643505b5177c32dc1a873db5ae70da451addd9a39"`
Nov 01 07:10:13.939 INFO kablam! usermod: no changes
Nov 01 07:10:14.059 INFO kablam!    Compiling openssl v0.10.11
Nov 01 07:10:19.199 INFO kablam!    Compiling native-tls v0.2.1
Nov 01 07:10:19.994 INFO kablam!    Compiling http_req v0.2.1 (/source)
Nov 01 07:10:21.222 INFO kablam!     Finished dev [unoptimized + debuginfo] target(s) in 7.26s
Nov 01 07:10:21.222 INFO kablam! su: No module specific data is present
Nov 01 07:10:21.535 INFO running `"docker" "rm" "-f" "04fa93a78c79fb5d445227e643505b5177c32dc1a873db5ae70da451addd9a39"`
Nov 01 07:10:21.655 INFO blam! 04fa93a78c79fb5d445227e643505b5177c32dc1a873db5ae70da451addd9a39
Nov 01 07:10:21.667 INFO running `"docker" "create" "-v" "/mnt/big/crater/work/local/target-dirs/beta-1.31-1/worker-4/1.30.0:/target:rw,Z" "-v" "/mnt/big/crater/work/local/test-source/worker-4/beta-1.31-1/1.30.0:/source:ro,Z" "-v" "/mnt/big/crater/work/local/cargo-home:/cargo-home:ro,Z" "-v" "/mnt/big/crater/work/local/rustup-home:/rustup-home:ro,Z" "-e" "USER_ID=1000" "-e" "SOURCE_DIR=/source" "-e" "USER_ID=1000" "-e" "CMD=cargo +1.30.0 test --frozen --no-run" "-e" "CARGO_TARGET_DIR=/target" "-e" "CARGO_INCREMENTAL=0" "-e" "RUST_BACKTRACE=full" "-e" "RUSTFLAGS=--cap-lints=warn" "-e" "CARGO_HOME=/cargo-home" "-e" "RUSTUP_HOME=/rustup-home" "-m" "1536M" "--network" "none" "crater"`
Nov 01 07:10:21.963 INFO blam! d490f78073c1bc73f316689ca412d17e7f84e675172c69bb14083c3bed7d94fe
Nov 01 07:10:21.964 INFO running `"docker" "start" "-a" "d490f78073c1bc73f316689ca412d17e7f84e675172c69bb14083c3bed7d94fe"`
Nov 01 07:10:23.063 INFO kablam! usermod: no changes
Nov 01 07:10:23.144 INFO kablam!    Compiling http_req v0.2.1 (/source)
Nov 01 07:10:26.535 INFO kablam!     Finished dev [unoptimized + debuginfo] target(s) in 3.43s
Nov 01 07:10:26.538 INFO kablam! su: No module specific data is present
Nov 01 07:10:26.769 INFO running `"docker" "rm" "-f" "d490f78073c1bc73f316689ca412d17e7f84e675172c69bb14083c3bed7d94fe"`
Nov 01 07:10:26.834 INFO blam! d490f78073c1bc73f316689ca412d17e7f84e675172c69bb14083c3bed7d94fe
Nov 01 07:10:26.835 INFO running `"docker" "create" "-v" "/mnt/big/crater/work/local/target-dirs/beta-1.31-1/worker-4/1.30.0:/target:rw,Z" "-v" "/mnt/big/crater/work/local/test-source/worker-4/beta-1.31-1/1.30.0:/source:ro,Z" "-v" "/mnt/big/crater/work/local/cargo-home:/cargo-home:ro,Z" "-v" "/mnt/big/crater/work/local/rustup-home:/rustup-home:ro,Z" "-e" "USER_ID=1000" "-e" "SOURCE_DIR=/source" "-e" "USER_ID=1000" "-e" "CMD=cargo +1.30.0 test --frozen" "-e" "CARGO_TARGET_DIR=/target" "-e" "CARGO_INCREMENTAL=0" "-e" "RUST_BACKTRACE=full" "-e" "RUSTFLAGS=--cap-lints=warn" "-e" "CARGO_HOME=/cargo-home" "-e" "RUSTUP_HOME=/rustup-home" "-m" "1536M" "--network" "none" "crater"`
Nov 01 07:10:27.031 INFO blam! ef0dc99db1f5eff50f135748c7ceb1bb06eaf089fb49a7e349ce7f38fa0fa4c0
Nov 01 07:10:27.032 INFO running `"docker" "start" "-a" "ef0dc99db1f5eff50f135748c7ceb1bb06eaf089fb49a7e349ce7f38fa0fa4c0"`
Nov 01 07:10:27.619 INFO kablam! usermod: no changes
Nov 01 07:10:27.655 INFO kablam!     Finished dev [unoptimized + debuginfo] target(s) in 0.03s
Nov 01 07:10:27.668 INFO kablam!      Running /target/debug/deps/http_req-6b094eca8a4f6b5f
Nov 01 07:10:27.671 INFO blam! 
Nov 01 07:10:27.672 INFO blam! running 39 tests
Nov 01 07:10:27.672 INFO blam! test request::tests::request_b_connect ... ignored
Nov 01 07:10:27.672 INFO blam! test request::tests::request_b_handle_stream ... ignored
Nov 01 07:10:27.672 INFO blam! test request::tests::request_b_secure_conn ... ignored
Nov 01 07:10:27.672 INFO blam! test request::tests::request_b_send ... ignored
Nov 01 07:10:27.672 INFO blam! test request::tests::request_get ... ignored
Nov 01 07:10:27.672 INFO blam! test request::tests::request_head ... ignored
Nov 01 07:10:27.672 INFO blam! test request::tests::request_b_add_header ... ok
Nov 01 07:10:27.673 INFO blam! test response::tests::res_append_body ... ok
Nov 01 07:10:27.673 INFO blam! test request::tests::request_b_new ... ok
Nov 01 07:10:27.674 INFO blam! test request::tests::request_b_body ... ok
Nov 01 07:10:27.674 INFO blam! test request::tests::request_b_default_headers ... ok
Nov 01 07:10:27.674 INFO blam! test response::tests::res_content_len ... ok
Nov 01 07:10:27.679 INFO blam! test response::tests::res_headers ... ok
Nov 01 07:10:27.679 INFO blam! test response::tests::res_new ... ok
Nov 01 07:10:27.679 INFO blam! test request::tests::request_b_method ... ok
Nov 01 07:10:27.679 INFO blam! test response::tests::res_parse_status_line ... ok
Nov 01 07:10:27.683 INFO blam! test request::tests::request_b_msg ... ok
Nov 01 07:10:27.683 INFO blam! test response::tests::res_parse_headers ... ok
Nov 01 07:10:27.683 INFO blam! test response::tests::elements_find ... ok
Nov 01 07:10:27.684 INFO blam! test response::tests::res_body ... ok
Nov 01 07:10:27.687 INFO blam! test response::tests::status_from ... ok
Nov 01 07:10:27.687 INFO blam! test request::tests::request_b_set_headers ... ok
Nov 01 07:10:27.691 INFO blam! test response::tests::res_reason ... ok
Nov 01 07:10:27.691 INFO blam! test response::tests::res_status_code ... ok
Nov 01 07:10:27.691 INFO blam! test response::tests::res_try_from ... ok
Nov 01 07:10:27.691 INFO blam! test response::tests::res_parse_head ... ok
Nov 01 07:10:27.691 INFO blam! test url::tests::parse_url ... ok
Nov 01 07:10:27.691 INFO blam! test url::tests::query_url ... ok
Nov 01 07:10:27.691 INFO blam! test url::tests::port_url ... ok
Nov 01 07:10:27.691 INFO blam! test url::tests::path_url ... ok
Nov 01 07:10:27.691 INFO blam! test url::tests::remove_space ... ok
Nov 01 07:10:27.691 INFO blam! test url::tests::resource_url ... ok
Nov 01 07:10:27.691 INFO blam! test url::tests::scheme_url ... ok
Nov 01 07:10:27.691 INFO blam! test url::tests::uesr_info_url ... ok
Nov 01 07:10:27.695 INFO blam! test url::tests::host_url ... ok
Nov 01 07:10:27.695 INFO blam! test response::tests::res_version ... ok
Nov 01 07:10:27.700 INFO blam! test url::tests::full_parse ... ok
Nov 01 07:10:27.700 INFO blam! test url::tests::fragment_url ... ok
Nov 01 07:10:27.700 INFO blam! test response::tests::res_from_empty ... ok
Nov 01 07:10:27.700 INFO blam! 
Nov 01 07:10:27.700 INFO blam! test result: ok. 33 passed; 0 failed; 6 ignored; 0 measured; 0 filtered out
Nov 01 07:10:27.700 INFO blam! 
Nov 01 07:10:27.702 INFO kablam!    Doc-tests http_req
Nov 01 07:10:28.611 INFO blam! 
Nov 01 07:10:28.611 INFO blam! running 1 test
Nov 01 07:10:30.454 INFO blam! test src/lib.rs -  (line 6) ... FAILED
Nov 01 07:10:30.454 INFO blam! 
Nov 01 07:10:30.455 INFO blam! failures:
Nov 01 07:10:30.455 INFO blam! 
Nov 01 07:10:30.455 INFO blam! ---- src/lib.rs -  (line 6) stdout ----
Nov 01 07:10:30.455 INFO blam! thread 'src/lib.rs -  (line 6)' panicked at 'test executable failed:
Nov 01 07:10:30.455 INFO blam! 
Nov 01 07:10:30.455 INFO blam! thread 'main' panicked at 'called `Result::unwrap()` on an `Err` value: Custom { kind: Other, error: StringError("failed to lookup address information: Temporary failure in name resolution") }', libcore/result.rs:1009:5
Nov 01 07:10:30.455 INFO blam! stack backtrace:
Nov 01 07:10:30.455 INFO blam!    0:     0x5578f08e198e - std::sys::unix::backtrace::tracing::imp::unwind_backtrace::hf5316c67202e23c8
Nov 01 07:10:30.455 INFO blam!                                at libstd/sys/unix/backtrace/tracing/gcc_s.rs:49
Nov 01 07:10:30.455 INFO blam!    1:     0x5578f08d5e26 - std::sys_common::backtrace::print::h3068ed2a6dc7ac86
Nov 01 07:10:30.455 INFO blam!                                at libstd/sys_common/backtrace.rs:71
Nov 01 07:10:30.455 INFO blam!                                at libstd/sys_common/backtrace.rs:59
Nov 01 07:10:30.455 INFO blam!    2:     0x5578f08d45ad - std::panicking::default_hook::{{closure}}::h1b9d29cc09d41897
Nov 01 07:10:30.455 INFO blam!                                at libstd/panicking.rs:211
Nov 01 07:10:30.455 INFO blam!    3:     0x5578f08d4320 - std::panicking::default_hook::h3a27b204a313406b
Nov 01 07:10:30.455 INFO blam!                                at libstd/panicking.rs:227
Nov 01 07:10:30.455 INFO blam!    4:     0x5578f08d4c5c - std::panicking::rust_panic_with_hook::h0e12cb2fc86d00fa
Nov 01 07:10:30.455 INFO blam!                                at libstd/panicking.rs:477
Nov 01 07:10:30.455 INFO blam!    5:     0x5578f08d4819 - std::panicking::continue_panic_fmt::h141671b29fe0e27d
Nov 01 07:10:30.455 INFO blam!                                at libstd/panicking.rs:391
Nov 01 07:10:30.455 INFO blam!    6:     0x5578f08d4715 - rust_begin_unwind
Nov 01 07:10:30.455 INFO blam!                                at libstd/panicking.rs:326
Nov 01 07:10:30.455 INFO blam!    7:     0x5578f091b10b - core::panicking::panic_fmt::h429a06507aba9228
Nov 01 07:10:30.455 INFO blam!                                at libcore/panicking.rs:77
Nov 01 07:10:30.455 INFO blam!    8:     0x5578f0881b87 - core::result::unwrap_failed::h41bcd68180c48ba2
Nov 01 07:10:30.455 INFO blam!    9:     0x5578f08819f0 - <core::result::Result<T, E>>::unwrap::h2950369634a8393b
Nov 01 07:10:30.455 INFO blam!   10:     0x5578f0881fd7 - rust_out::main::h944e552f3f67b4ba
Nov 01 07:10:30.455 INFO blam!   11:     0x5578f0881f22 - std::rt::lang_start::{{closure}}::hae3d026ae452bd89
Nov 01 07:10:30.455 INFO blam!   12:     0x5578f08d46b2 - std::panicking::try::do_call::h572dc6f90deb1a4d
Nov 01 07:10:30.455 INFO blam!                                at libstd/rt.rs:59
Nov 01 07:10:30.455 INFO blam!                                at libstd/panicking.rs:310
Nov 01 07:10:30.456 INFO blam!   13:     0x5578f08f0289 - __rust_maybe_catch_panic
Nov 01 07:10:30.456 INFO blam!                                at libpanic_unwind/lib.rs:103
Nov 01 07:10:30.456 INFO blam!   14:     0x5578f08dc4f5 - std::rt::lang_start_internal::hce01021c3c1cf20d
Nov 01 07:10:30.456 INFO blam!                                at libstd/panicking.rs:289
Nov 01 07:10:30.456 INFO blam!                                at libstd/panic.rs:392
Nov 01 07:10:30.456 INFO blam!                                at libstd/rt.rs:58
Nov 01 07:10:30.456 INFO blam!   15:     0x5578f0881f03 - std::rt::lang_start::h7b2e7e88015bf7b3
Nov 01 07:10:30.456 INFO blam!   16:     0x5578f088217a - main
Nov 01 07:10:30.456 INFO blam!   17:     0x7fdb66a9682f - __libc_start_main
Nov 01 07:10:30.456 INFO blam!   18:     0x5578f0881828 - _start
Nov 01 07:10:30.456 INFO blam!   19:                0x0 - <unknown>
Nov 01 07:10:30.456 INFO blam! 
Nov 01 07:10:30.456 INFO blam! ', librustdoc/test.rs:367:17
Nov 01 07:10:30.456 INFO blam! stack backtrace:
Nov 01 07:10:30.456 INFO blam!    0:     0x7fd8c830d75e - std::sys::unix::backtrace::tracing::imp::unwind_backtrace::hf5316c67202e23c8
Nov 01 07:10:30.456 INFO blam!                                at libstd/sys/unix/backtrace/tracing/gcc_s.rs:49
Nov 01 07:10:30.456 INFO blam!    1:     0x7fd8c82e6946 - std::sys_common::backtrace::print::h3068ed2a6dc7ac86
Nov 01 07:10:30.456 INFO blam!                                at libstd/sys_common/backtrace.rs:71
Nov 01 07:10:30.456 INFO blam!                                at libstd/sys_common/backtrace.rs:59
Nov 01 07:10:30.456 INFO blam!    2:     0x7fd8c82e454d - std::panicking::default_hook::{{closure}}::h1b9d29cc09d41897
Nov 01 07:10:30.456 INFO blam!                                at libstd/panicking.rs:211
Nov 01 07:10:30.456 INFO blam!    3:     0x7fd8c82e425b - std::panicking::default_hook::h3a27b204a313406b
Nov 01 07:10:30.456 INFO blam!                                at libstd/panicking.rs:221
Nov 01 07:10:30.456 INFO blam!    4:     0x7fd8ca44d9f1 - rustc::util::common::panic_hook::hf9d72254884e6e21
Nov 01 07:10:30.456 INFO blam!    5:     0x7fd8c82e4c53 - std::panicking::rust_panic_with_hook::h0e12cb2fc86d00fa
Nov 01 07:10:30.456 INFO blam!                                at libstd/panicking.rs:481
Nov 01 07:10:30.456 INFO blam!    6:     0x7fd8c82e47b9 - std::panicking::continue_panic_fmt::h141671b29fe0e27d
Nov 01 07:10:30.456 INFO blam!                                at libstd/panicking.rs:391
Nov 01 07:10:30.456 INFO blam!    7:     0x7fd8c82e471d - std::panicking::begin_panic_fmt::h598547fc766c278a
Nov 01 07:10:30.456 INFO blam!                                at libstd/panicking.rs:346
Nov 01 07:10:30.456 INFO blam!    8:     0x557abacd65f3 - rustdoc::test::Collector::add_test::{{closure}}::{{closure}}::{{closure}}::hed130f7399558a0a
Nov 01 07:10:30.456 INFO blam!                                at librustdoc/test.rs:367
Nov 01 07:10:30.456 INFO blam!                                at librustdoc/test.rs:564
Nov 01 07:10:30.456 INFO blam!    9:     0x557abac8fb40 - <scoped_tls::ScopedKey<T>>::set::h8f0919d2f77ba016
Nov 01 07:10:30.456 INFO blam!                                at /cargo/registry/src/github.com-1ecc6299db9ec823/scoped-tls-0.1.2/src/lib.rs:155
Nov 01 07:10:30.456 INFO blam!                                at libsyntax/lib.rs:108
Nov 01 07:10:30.456 INFO blam!                                at /cargo/registry/src/github.com-1ecc6299db9ec823/scoped-tls-0.1.2/src/lib.rs:155
Nov 01 07:10:30.456 INFO blam!   10:     0x557abaab8c8d - syntax::with_globals::hd11e81a0116456bb
Nov 01 07:10:30.456 INFO blam!                                at libsyntax/lib.rs:107
Nov 01 07:10:30.456 INFO blam!   11:     0x557abab091a4 - std::panicking::try::do_call::hece5c13d7a24e473
Nov 01 07:10:30.456 INFO blam!                                at librustdoc/test.rs:561
Nov 01 07:10:30.456 INFO blam!                                at libstd/panic.rs:313
Nov 01 07:10:30.456 INFO blam!                                at libstd/panicking.rs:310
Nov 01 07:10:30.456 INFO blam!   12:     0x7fd8c8324469 - __rust_maybe_catch_panic
Nov 01 07:10:30.456 INFO blam!                                at libpanic_unwind/lib.rs:103
Nov 01 07:10:30.456 INFO blam!   13:     0x557abab80d43 - rustc_driver::in_named_rustc_thread::h2eb14efcd2031db9
Nov 01 07:10:30.456 INFO blam!                                at libstd/panicking.rs:289
Nov 01 07:10:30.456 INFO blam!                                at libstd/panic.rs:392
Nov 01 07:10:30.456 INFO blam!                                at librustc_driver/lib.rs:1574
Nov 01 07:10:30.456 INFO blam!   14:     0x557abacaee4c - <F as alloc::boxed::FnBox<A>>::call_box::h1a3519e0a4ef9ca4
Nov 01 07:10:30.456 INFO blam!                                at librustdoc/test.rs:561
Nov 01 07:10:30.456 INFO blam!                                at liballoc/boxed.rs:646
Nov 01 07:10:30.456 INFO blam!   15:     0x7fd8c9968dc2 - <F as alloc::boxed::FnBox<A>>::call_box::h79a77abfa30ef4cc
Nov 01 07:10:30.456 INFO blam!                                at libtest/lib.rs:1454
Nov 01 07:10:30.456 INFO blam!                                at liballoc/boxed.rs:646
Nov 01 07:10:30.456 INFO blam!   16:     0x7fd8c8324469 - __rust_maybe_catch_panic
Nov 01 07:10:30.456 INFO blam!                                at libpanic_unwind/lib.rs:103
Nov 01 07:10:30.456 INFO blam!   17:     0x7fd8c99761fd - std::sys_common::backtrace::__rust_begin_short_backtrace::h470b05235fe5e5ad
Nov 01 07:10:30.456 INFO blam!                                at libstd/panicking.rs:289
Nov 01 07:10:30.456 INFO blam!                                at libstd/panic.rs:392
Nov 01 07:10:30.456 INFO blam!                                at libtest/lib.rs:1416
Nov 01 07:10:30.456 INFO blam!                                at libstd/sys_common/backtrace.rs:136
Nov 01 07:10:30.456 INFO blam!   18:     0x7fd8c9994004 - std::panicking::try::do_call::h1f0578498122cc00
Nov 01 07:10:30.456 INFO blam!                                at libstd/thread/mod.rs:409
Nov 01 07:10:30.456 INFO blam!                                at libstd/panic.rs:313
Nov 01 07:10:30.456 INFO blam!                                at libstd/panicking.rs:310
Nov 01 07:10:30.456 INFO blam!   19:     0x7fd8c8324469 - __rust_maybe_catch_panic
Nov 01 07:10:30.456 INFO blam!                                at libpanic_unwind/lib.rs:103
Nov 01 07:10:30.456 INFO blam!   20:     0x7fd8c9980be6 - <F as alloc::boxed::FnBox<A>>::call_box::h7b129f9f235ab460
Nov 01 07:10:30.456 INFO blam!                                at libstd/panicking.rs:289
Nov 01 07:10:30.456 INFO blam!                                at libstd/panic.rs:392
Nov 01 07:10:30.456 INFO blam!                                at libstd/thread/mod.rs:408
Nov 01 07:10:30.456 INFO blam!                                at liballoc/boxed.rs:646
Nov 01 07:10:30.456 INFO blam!   21:     0x7fd8c8311c5a - std::sys_common::thread::start_thread::hb77935aee02382da
Nov 01 07:10:30.456 INFO blam!                                at liballoc/boxed.rs:656
Nov 01 07:10:30.456 INFO blam!                                at libstd/sys_common/thread.rs:24
Nov 01 07:10:30.456 INFO blam!   22:     0x7fd8c82e58d5 - std::sys::unix::thread::Thread::new::thread_start::hd61f7429b3de1d75
Nov 01 07:10:30.456 INFO blam!                                at libstd/sys/unix/thread.rs:90
Nov 01 07:10:30.456 INFO blam!   23:     0x7fd8c807a6b9 - start_thread
Nov 01 07:10:30.456 INFO blam!   24:     0x7fd8c7b9a41c - clone
Nov 01 07:10:30.456 INFO blam!   25:                0x0 - <unknown>
Nov 01 07:10:30.456 INFO blam! query stack during panic:
Nov 01 07:10:30.456 INFO blam! end of query stack
Nov 01 07:10:30.456 INFO blam! 
Nov 01 07:10:30.456 INFO blam! 
Nov 01 07:10:30.456 INFO blam! failures:
Nov 01 07:10:30.456 INFO blam!     src/lib.rs -  (line 6)
Nov 01 07:10:30.456 INFO blam! 
Nov 01 07:10:30.456 INFO blam! test result: FAILED. 0 passed; 1 failed; 0 ignored; 0 measured; 0 filtered out
Nov 01 07:10:30.456 INFO blam! 
Nov 01 07:10:30.464 INFO kablam! error: test failed, to rerun pass '--doc'
Nov 01 07:10:30.465 INFO kablam! su: No module specific data is present
Nov 01 07:10:30.728 INFO running `"docker" "rm" "-f" "ef0dc99db1f5eff50f135748c7ceb1bb06eaf089fb49a7e349ce7f38fa0fa4c0"`
Nov 01 07:10:30.915 INFO blam! ef0dc99db1f5eff50f135748c7ceb1bb06eaf089fb49a7e349ce7f38fa0fa4c0
