Nov 01 08:21:13.690 INFO testing hortinstein/rustyhorde against beta-2018-10-30 for beta-1.31-1
Nov 01 08:21:13.691 INFO running `"docker" "create" "-v" "/mnt/big/crater/work/local/target-dirs/beta-1.31-1/worker-2/beta-2018-10-30:/target:rw,Z" "-v" "/mnt/big/crater/work/local/test-source/worker-2/beta-1.31-1/beta-2018-10-30:/source:ro,Z" "-v" "/mnt/big/crater/work/local/cargo-home:/cargo-home:ro,Z" "-v" "/mnt/big/crater/work/local/rustup-home:/rustup-home:ro,Z" "-e" "USER_ID=1000" "-e" "SOURCE_DIR=/source" "-e" "USER_ID=1000" "-e" "CMD=cargo +beta-2018-10-30 build --frozen" "-e" "CARGO_TARGET_DIR=/target" "-e" "CARGO_INCREMENTAL=0" "-e" "RUST_BACKTRACE=full" "-e" "RUSTFLAGS=--cap-lints=warn" "-e" "CARGO_HOME=/cargo-home" "-e" "RUSTUP_HOME=/rustup-home" "-m" "1536M" "--network" "none" "crater"`
Nov 01 08:21:13.940 INFO blam! 6cd91a8cc444b835f84758be1183b1f9b3660fa8af3e52ebea9bd52b3c906f56
Nov 01 08:21:13.942 INFO running `"docker" "start" "-a" "6cd91a8cc444b835f84758be1183b1f9b3660fa8af3e52ebea9bd52b3c906f56"`
Nov 01 08:21:14.354 INFO kablam! usermod: no changes
Nov 01 08:21:14.379 INFO kablam! warning: unused manifest key: profile.debug
Nov 01 08:21:14.379 INFO kablam! warning: use `[profile.dev]` to configure debug builds
Nov 01 08:21:14.513 INFO kablam!    Compiling serde_json v1.0.10
Nov 01 08:21:14.513 INFO kablam!    Compiling term-painter v0.2.4
Nov 01 08:21:14.515 INFO kablam!    Compiling openssl-sys v0.9.27
Nov 01 08:21:15.303 INFO kablam!    Compiling openssl v0.9.24
Nov 01 08:21:21.060 INFO kablam!    Compiling native-tls v0.1.5
Nov 01 08:21:21.867 INFO kablam!    Compiling tokio-tls v0.1.4
Nov 01 08:21:23.223 INFO kablam!    Compiling hyper-tls v0.1.2
Nov 01 08:21:25.415 INFO kablam!    Compiling reqwest v0.7.3
Nov 01 08:21:33.267 INFO kablam!    Compiling rustyhorde v0.1.0 (/source)
Nov 01 08:21:37.444 INFO kablam! warning: unused import: `std::io`
Nov 01 08:21:37.444 INFO kablam!   --> src/main.rs:16:5
Nov 01 08:21:37.444 INFO kablam!    |
Nov 01 08:21:37.445 INFO kablam! 16 | use std::io;
Nov 01 08:21:37.445 INFO kablam!    |     ^^^^^^^
Nov 01 08:21:37.445 INFO kablam!    |
Nov 01 08:21:37.446 INFO kablam!    = note: #[warn(unused_imports)] on by default
Nov 01 08:21:37.446 INFO kablam! 
Nov 01 08:21:37.678 INFO kablam! warning: function is never used: `parse_pair`
Nov 01 08:21:37.678 INFO kablam!   --> src/tools/tools.rs:11:1
Nov 01 08:21:37.679 INFO kablam!    |
Nov 01 08:21:37.679 INFO kablam! 11 | fn parse_pair<T: FromStr>(s: &str, separator: char) -> Option<(T, T)> {
Nov 01 08:21:37.680 INFO kablam!    | ^^^^^^^^^^^^^^^^^^^^^^^^^^^^^^^^^^^^^^^^^^^^^^^^^^^^^^^^^^^^^^^^^^^^^
Nov 01 08:21:37.680 INFO kablam!    |
Nov 01 08:21:37.681 INFO kablam!    = note: #[warn(dead_code)] on by default
Nov 01 08:21:37.681 INFO kablam! 
Nov 01 08:21:41.229 INFO kablam!     Finished dev [unoptimized + debuginfo] target(s) in 26.86s
Nov 01 08:21:41.241 INFO kablam! su: No module specific data is present
Nov 01 08:21:42.289 INFO running `"docker" "rm" "-f" "6cd91a8cc444b835f84758be1183b1f9b3660fa8af3e52ebea9bd52b3c906f56"`
Nov 01 08:21:42.505 INFO blam! 6cd91a8cc444b835f84758be1183b1f9b3660fa8af3e52ebea9bd52b3c906f56
Nov 01 08:21:42.505 INFO running `"docker" "create" "-v" "/mnt/big/crater/work/local/target-dirs/beta-1.31-1/worker-2/beta-2018-10-30:/target:rw,Z" "-v" "/mnt/big/crater/work/local/test-source/worker-2/beta-1.31-1/beta-2018-10-30:/source:ro,Z" "-v" "/mnt/big/crater/work/local/cargo-home:/cargo-home:ro,Z" "-v" "/mnt/big/crater/work/local/rustup-home:/rustup-home:ro,Z" "-e" "USER_ID=1000" "-e" "SOURCE_DIR=/source" "-e" "USER_ID=1000" "-e" "CMD=cargo +beta-2018-10-30 test --frozen --no-run" "-e" "CARGO_TARGET_DIR=/target" "-e" "CARGO_INCREMENTAL=0" "-e" "RUST_BACKTRACE=full" "-e" "RUSTFLAGS=--cap-lints=warn" "-e" "CARGO_HOME=/cargo-home" "-e" "RUSTUP_HOME=/rustup-home" "-m" "1536M" "--network" "none" "crater"`
Nov 01 08:21:42.878 INFO blam! b7e1a517b0cc39bce463da5208fd77a71fbead58c63d8dd5fb44f414bf9f9364
Nov 01 08:21:42.880 INFO running `"docker" "start" "-a" "b7e1a517b0cc39bce463da5208fd77a71fbead58c63d8dd5fb44f414bf9f9364"`
Nov 01 08:21:43.827 INFO kablam! usermod: no changes
Nov 01 08:21:43.874 INFO kablam! warning: unused manifest key: profile.debug
Nov 01 08:21:43.875 INFO kablam! warning: use `[profile.dev]` to configure debug builds
Nov 01 08:21:43.994 INFO kablam!    Compiling rustyhorde v0.1.0 (/source)
Nov 01 08:21:46.223 INFO kablam! warning: unused import: `std::io`
Nov 01 08:21:46.223 INFO kablam!   --> src/main.rs:16:5
Nov 01 08:21:46.223 INFO kablam!    |
Nov 01 08:21:46.223 INFO kablam! 16 | use std::io;
Nov 01 08:21:46.223 INFO kablam!    |     ^^^^^^^
Nov 01 08:21:46.223 INFO kablam!    |
Nov 01 08:21:46.223 INFO kablam!    = note: #[warn(unused_imports)] on by default
Nov 01 08:21:46.223 INFO kablam! 
Nov 01 08:21:49.080 INFO kablam!     Finished dev [unoptimized + debuginfo] target(s) in 5.21s
Nov 01 08:21:49.091 INFO kablam! su: No module specific data is present
Nov 01 08:21:49.391 INFO running `"docker" "rm" "-f" "b7e1a517b0cc39bce463da5208fd77a71fbead58c63d8dd5fb44f414bf9f9364"`
Nov 01 08:21:49.601 INFO blam! b7e1a517b0cc39bce463da5208fd77a71fbead58c63d8dd5fb44f414bf9f9364
Nov 01 08:21:49.601 INFO running `"docker" "create" "-v" "/mnt/big/crater/work/local/target-dirs/beta-1.31-1/worker-2/beta-2018-10-30:/target:rw,Z" "-v" "/mnt/big/crater/work/local/test-source/worker-2/beta-1.31-1/beta-2018-10-30:/source:ro,Z" "-v" "/mnt/big/crater/work/local/cargo-home:/cargo-home:ro,Z" "-v" "/mnt/big/crater/work/local/rustup-home:/rustup-home:ro,Z" "-e" "USER_ID=1000" "-e" "SOURCE_DIR=/source" "-e" "USER_ID=1000" "-e" "CMD=cargo +beta-2018-10-30 test --frozen" "-e" "CARGO_TARGET_DIR=/target" "-e" "CARGO_INCREMENTAL=0" "-e" "RUST_BACKTRACE=full" "-e" "RUSTFLAGS=--cap-lints=warn" "-e" "CARGO_HOME=/cargo-home" "-e" "RUSTUP_HOME=/rustup-home" "-m" "1536M" "--network" "none" "crater"`
Nov 01 08:21:49.975 INFO blam! 4e4e50edd2f833798cb2fea48cb8b7d3e3a291a233ddc3eaf294454828286130
Nov 01 08:21:49.983 INFO running `"docker" "start" "-a" "4e4e50edd2f833798cb2fea48cb8b7d3e3a291a233ddc3eaf294454828286130"`
Nov 01 08:21:51.371 INFO kablam! usermod: no changes
Nov 01 08:21:51.415 INFO kablam! warning: unused manifest key: profile.debug
Nov 01 08:21:51.415 INFO kablam! warning: use `[profile.dev]` to configure debug builds
Nov 01 08:21:51.516 INFO kablam!     Finished dev [unoptimized + debuginfo] target(s) in 0.11s
Nov 01 08:21:51.525 INFO kablam!      Running /target/debug/deps/getcointicker-9f3701d82d96fbb8
Nov 01 08:21:51.528 INFO blam! 
Nov 01 08:21:51.528 INFO blam! running 2 tests
Nov 01 08:21:51.667 INFO blam! test test_pull_id ... FAILED
Nov 01 08:21:51.676 INFO blam! test test_pull_count ... FAILED
Nov 01 08:21:51.676 INFO blam! 
Nov 01 08:21:51.676 INFO blam! failures:
Nov 01 08:21:51.676 INFO blam! 
Nov 01 08:21:51.676 INFO blam! ---- test_pull_id stdout ----
Nov 01 08:21:51.676 INFO blam! retrieving price information for: bitcoin
Nov 01 08:21:51.676 INFO blam! thread 'test_pull_id' panicked at 'called `Result::unwrap()` on an `Err` value: ErrorImpl { code: ExpectedSomeValue, line: 1, column: 1 }', libcore/result.rs:1009:5
Nov 01 08:21:51.676 INFO blam! stack backtrace:
Nov 01 08:21:51.676 INFO blam!    0:     0x5641cb455c3f - std::sys::unix::backtrace::tracing::imp::unwind_backtrace::h3c55afa80a996a32
Nov 01 08:21:51.676 INFO blam!                                at libstd/sys/unix/backtrace/tracing/gcc_s.rs:49
Nov 01 08:21:51.676 INFO blam!    1:     0x5641cb45f4e7 - std::sys_common::backtrace::print::hcef907ea7a07cd40
Nov 01 08:21:51.676 INFO blam!                                at libstd/sys_common/backtrace.rs:71
Nov 01 08:21:51.676 INFO blam!                                at libstd/sys_common/backtrace.rs:59
Nov 01 08:21:51.676 INFO blam!    2:     0x5641cb459fbf - std::panicking::default_hook::{{closure}}::hf541876c65f36ea7
Nov 01 08:21:51.676 INFO blam!                                at libstd/panicking.rs:211
Nov 01 08:21:51.677 INFO blam!    3:     0x5641cb459cbe - std::panicking::default_hook::h4ecc06b30ae4459d
Nov 01 08:21:51.677 INFO blam!                                at libstd/panicking.rs:221
Nov 01 08:21:51.677 INFO blam!    4:     0x5641cb45a69e - std::panicking::rust_panic_with_hook::h0cc6d9cc9f34a947
Nov 01 08:21:51.677 INFO blam!                                at libstd/panicking.rs:476
Nov 01 08:21:51.677 INFO blam!    5:     0x5641cb45a241 - std::panicking::continue_panic_fmt::hc71ad5f01496e320
Nov 01 08:21:51.677 INFO blam!                                at libstd/panicking.rs:390
Nov 01 08:21:51.677 INFO blam!    6:     0x5641cb45a125 - rust_begin_unwind
Nov 01 08:21:51.677 INFO blam!                                at libstd/panicking.rs:325
Nov 01 08:21:51.677 INFO blam!    7:     0x5641cb49b4bc - core::panicking::panic_fmt::ha71638b7d4f53c35
Nov 01 08:21:51.677 INFO blam!                                at libcore/panicking.rs:77
Nov 01 08:21:51.677 INFO blam!    8:     0x5641cb153960 - core::result::unwrap_failed::h37a18a0235f02123
Nov 01 08:21:51.677 INFO blam!                                at libcore/macros.rs:26
Nov 01 08:21:51.677 INFO blam!    9:     0x5641cb153631 - <core::result::Result<T, E>>::unwrap::h54ef0cee0531e952
Nov 01 08:21:51.677 INFO blam!                                at libcore/result.rs:808
Nov 01 08:21:51.677 INFO blam!   10:     0x5641cb150c86 - getcointicker::test_pull_id::h0c83cd9c5e51ba64
Nov 01 08:21:51.677 INFO blam!                                at src/getcointicker/getcointicker.rs:86
Nov 01 08:21:51.677 INFO blam!   11:     0x5641cb1509b9 - getcointicker::test_pull_id::{{closure}}::h30595529e40a5c59
Nov 01 08:21:51.677 INFO blam!                                at src/getcointicker/getcointicker.rs:81
Nov 01 08:21:51.677 INFO blam!   12:     0x5641cb1547ed - core::ops::function::FnOnce::call_once::h5b271c4eca86dc7a
Nov 01 08:21:51.677 INFO blam!                                at libcore/ops/function.rs:238
Nov 01 08:21:51.677 INFO blam!   13:     0x5641cb157cde - <F as alloc::boxed::FnBox<A>>::call_box::hf32558bd83684b60
Nov 01 08:21:51.677 INFO blam!                                at libtest/lib.rs:1468
Nov 01 08:21:51.677 INFO blam!                                at libcore/ops/function.rs:238
Nov 01 08:21:51.677 INFO blam!                                at liballoc/boxed.rs:672
Nov 01 08:21:51.677 INFO blam!   14:     0x5641cb46a719 - __rust_maybe_catch_panic
Nov 01 08:21:51.677 INFO blam!                                at libpanic_unwind/lib.rs:102
Nov 01 08:21:51.677 INFO blam!   15:     0x5641cb179942 - std::sys_common::backtrace::__rust_begin_short_backtrace::h1bb71a7386fd3269
Nov 01 08:21:51.677 INFO blam!                                at libstd/panicking.rs:289
Nov 01 08:21:51.677 INFO blam!                                at libstd/panic.rs:392
Nov 01 08:21:51.677 INFO blam!                                at libtest/lib.rs:1423
Nov 01 08:21:51.677 INFO blam!                                at libstd/sys_common/backtrace.rs:136
Nov 01 08:21:51.677 INFO blam!   16:     0x5641cb17a3f4 - std::panicking::try::do_call::h9b94719c3074bb5c
Nov 01 08:21:51.677 INFO blam!                                at libstd/thread/mod.rs:409
Nov 01 08:21:51.677 INFO blam!                                at libstd/panic.rs:313
Nov 01 08:21:51.677 INFO blam!                                at libstd/panicking.rs:310
Nov 01 08:21:51.677 INFO blam!   17:     0x5641cb46a719 - __rust_maybe_catch_panic
Nov 01 08:21:51.677 INFO blam!                                at libpanic_unwind/lib.rs:102
Nov 01 08:21:51.677 INFO blam!   18:     0x5641cb16761c - <F as alloc::boxed::FnBox<A>>::call_box::hb3bcd66d16fd3e84
Nov 01 08:21:51.677 INFO blam!                                at libstd/panicking.rs:289
Nov 01 08:21:51.677 INFO blam!                                at libstd/panic.rs:392
Nov 01 08:21:51.677 INFO blam!                                at libstd/thread/mod.rs:408
Nov 01 08:21:51.677 INFO blam!                                at liballoc/boxed.rs:672
Nov 01 08:21:51.677 INFO blam!   19:     0x5641cb457cbd - std::sys_common::thread::start_thread::had0c80d121669d29
Nov 01 08:21:51.677 INFO blam!                                at liballoc/boxed.rs:682
Nov 01 08:21:51.677 INFO blam!                                at libstd/sys_common/thread.rs:24
Nov 01 08:21:51.677 INFO blam!   20:     0x5641cb44a815 - std::sys::unix::thread::Thread::new::thread_start::h4a5b66a70d76f47f
Nov 01 08:21:51.677 INFO blam!                                at libstd/sys/unix/thread.rs:90
Nov 01 08:21:51.677 INFO blam!   21:     0x7f77805986b9 - start_thread
Nov 01 08:21:51.677 INFO blam!   22:     0x7f77800b841c - clone
Nov 01 08:21:51.677 INFO blam!   23:                0x0 - <unknown>
Nov 01 08:21:51.677 INFO blam! 
Nov 01 08:21:51.677 INFO blam! ---- test_pull_count stdout ----
Nov 01 08:21:51.677 INFO blam! thread 'test_pull_count' panicked at 'called `Result::unwrap()` on an `Err` value: ErrorImpl { code: ExpectedSomeValue, line: 1, column: 1 }', libcore/result.rs:1009:5
Nov 01 08:21:51.677 INFO blam! stack backtrace:
Nov 01 08:21:51.677 INFO blam!    0:     0x5641cb455c3f - std::sys::unix::backtrace::tracing::imp::unwind_backtrace::h3c55afa80a996a32
Nov 01 08:21:51.677 INFO blam!                                at libstd/sys/unix/backtrace/tracing/gcc_s.rs:49
Nov 01 08:21:51.677 INFO blam!    1:     0x5641cb45f4e7 - std::sys_common::backtrace::print::hcef907ea7a07cd40
Nov 01 08:21:51.677 INFO blam!                                at libstd/sys_common/backtrace.rs:71
Nov 01 08:21:51.677 INFO blam!                                at libstd/sys_common/backtrace.rs:59
Nov 01 08:21:51.677 INFO blam!    2:     0x5641cb459fbf - std::panicking::default_hook::{{closure}}::hf541876c65f36ea7
Nov 01 08:21:51.677 INFO blam!                                at libstd/panicking.rs:211
Nov 01 08:21:51.677 INFO blam!    3:     0x5641cb459cbe - std::panicking::default_hook::h4ecc06b30ae4459d
Nov 01 08:21:51.677 INFO blam!                                at libstd/panicking.rs:221
Nov 01 08:21:51.677 INFO blam!    4:     0x5641cb45a69e - std::panicking::rust_panic_with_hook::h0cc6d9cc9f34a947
Nov 01 08:21:51.677 INFO blam!                                at libstd/panicking.rs:476
Nov 01 08:21:51.677 INFO blam!    5:     0x5641cb45a241 - std::panicking::continue_panic_fmt::hc71ad5f01496e320
Nov 01 08:21:51.677 INFO blam!                                at libstd/panicking.rs:390
Nov 01 08:21:51.677 INFO blam!    6:     0x5641cb45a125 - rust_begin_unwind
Nov 01 08:21:51.677 INFO blam!                                at libstd/panicking.rs:325
Nov 01 08:21:51.677 INFO blam!    7:     0x5641cb49b4bc - core::panicking::panic_fmt::ha71638b7d4f53c35
Nov 01 08:21:51.677 INFO blam!                                at libcore/panicking.rs:77
Nov 01 08:21:51.677 INFO blam!    8:     0x5641cb153960 - core::result::unwrap_failed::h37a18a0235f02123
Nov 01 08:21:51.677 INFO blam!                                at libcore/macros.rs:26
Nov 01 08:21:51.677 INFO blam!    9:     0x5641cb153631 - <core::result::Result<T, E>>::unwrap::h54ef0cee0531e952
Nov 01 08:21:51.677 INFO blam!                                at libcore/result.rs:808
Nov 01 08:21:51.677 INFO blam!   10:     0x5641cb1511e3 - getcointicker::test_pull_count::h4dde923530693621
Nov 01 08:21:51.677 INFO blam!                                at src/getcointicker/getcointicker.rs:97
Nov 01 08:21:51.677 INFO blam!   11:     0x5641cb150f49 - getcointicker::test_pull_count::{{closure}}::he6aac8fc9d5e95d2
Nov 01 08:21:51.677 INFO blam!                                at src/getcointicker/getcointicker.rs:92
Nov 01 08:21:51.677 INFO blam!   12:     0x5641cb15482d - core::ops::function::FnOnce::call_once::h5f77bd544bc5f655
Nov 01 08:21:51.677 INFO blam!                                at libcore/ops/function.rs:238
Nov 01 08:21:51.678 INFO blam!   13:     0x5641cb157cde - <F as alloc::boxed::FnBox<A>>::call_box::hf32558bd83684b60
Nov 01 08:21:51.678 INFO blam!                                at libtest/lib.rs:1468
Nov 01 08:21:51.678 INFO blam!                                at libcore/ops/function.rs:238
Nov 01 08:21:51.678 INFO blam!                                at liballoc/boxed.rs:672
Nov 01 08:21:51.678 INFO blam!   14:     0x5641cb46a719 - __rust_maybe_catch_panic
Nov 01 08:21:51.678 INFO blam!                                at libpanic_unwind/lib.rs:102
Nov 01 08:21:51.678 INFO blam!   15:     0x5641cb179942 - std::sys_common::backtrace::__rust_begin_short_backtrace::h1bb71a7386fd3269
Nov 01 08:21:51.678 INFO blam!                                at libstd/panicking.rs:289
Nov 01 08:21:51.678 INFO blam!                                at libstd/panic.rs:392
Nov 01 08:21:51.678 INFO blam!                                at libtest/lib.rs:1423
Nov 01 08:21:51.678 INFO blam!                                at libstd/sys_common/backtrace.rs:136
Nov 01 08:21:51.678 INFO blam!   16:     0x5641cb17a3f4 - std::panicking::try::do_call::h9b94719c3074bb5c
Nov 01 08:21:51.678 INFO blam!                                at libstd/thread/mod.rs:409
Nov 01 08:21:51.678 INFO blam!                                at libstd/panic.rs:313
Nov 01 08:21:51.678 INFO blam!                                at libstd/panicking.rs:310
Nov 01 08:21:51.678 INFO blam!   17:     0x5641cb46a719 - __rust_maybe_catch_panic
Nov 01 08:21:51.678 INFO blam!                                at libpanic_unwind/lib.rs:102
Nov 01 08:21:51.678 INFO blam!   18:     0x5641cb16761c - <F as alloc::boxed::FnBox<A>>::call_box::hb3bcd66d16fd3e84
Nov 01 08:21:51.678 INFO blam!                                at libstd/panicking.rs:289
Nov 01 08:21:51.678 INFO blam!                                at libstd/panic.rs:392
Nov 01 08:21:51.678 INFO blam!                                at libstd/thread/mod.rs:408
Nov 01 08:21:51.678 INFO blam!                                at liballoc/boxed.rs:672
Nov 01 08:21:51.678 INFO blam!   19:     0x5641cb457cbd - std::sys_common::thread::start_thread::had0c80d121669d29
Nov 01 08:21:51.678 INFO blam!                                at liballoc/boxed.rs:682
Nov 01 08:21:51.678 INFO blam!                                at libstd/sys_common/thread.rs:24
Nov 01 08:21:51.678 INFO blam!   20:     0x5641cb44a815 - std::sys::unix::thread::Thread::new::thread_start::h4a5b66a70d76f47f
Nov 01 08:21:51.678 INFO blam!                                at libstd/sys/unix/thread.rs:90
Nov 01 08:21:51.678 INFO blam!   21:     0x7f77805986b9 - start_thread
Nov 01 08:21:51.678 INFO blam!   22:     0x7f77800b841c - clone
Nov 01 08:21:51.678 INFO blam!   23:                0x0 - <unknown>
Nov 01 08:21:51.678 INFO blam! 
Nov 01 08:21:51.678 INFO blam! 
Nov 01 08:21:51.678 INFO blam! failures:
Nov 01 08:21:51.678 INFO blam!     test_pull_count
Nov 01 08:21:51.678 INFO blam!     test_pull_id
Nov 01 08:21:51.678 INFO blam! 
Nov 01 08:21:51.678 INFO blam! test result: FAILED. 0 passed; 2 failed; 0 ignored; 0 measured; 0 filtered out
Nov 01 08:21:51.678 INFO blam! 
Nov 01 08:21:51.695 INFO kablam! error: test failed, to rerun pass '--lib'
Nov 01 08:21:51.695 INFO kablam! su: No module specific data is present
Nov 01 08:21:52.347 INFO running `"docker" "rm" "-f" "4e4e50edd2f833798cb2fea48cb8b7d3e3a291a233ddc3eaf294454828286130"`
Nov 01 08:21:52.645 INFO blam! 4e4e50edd2f833798cb2fea48cb8b7d3e3a291a233ddc3eaf294454828286130
