Nov 01 09:11:40.480 INFO testing giansalex/rust-sample against 1.30.0 for beta-1.31-1
Nov 01 09:11:40.480 INFO running `"docker" "create" "-v" "/mnt/big/crater/work/local/target-dirs/beta-1.31-1/worker-3/1.30.0:/target:rw,Z" "-v" "/mnt/big/crater/work/local/test-source/worker-3/beta-1.31-1/1.30.0:/source:ro,Z" "-v" "/mnt/big/crater/work/local/cargo-home:/cargo-home:ro,Z" "-v" "/mnt/big/crater/work/local/rustup-home:/rustup-home:ro,Z" "-e" "USER_ID=1000" "-e" "SOURCE_DIR=/source" "-e" "USER_ID=1000" "-e" "CMD=cargo +1.30.0 build --frozen" "-e" "CARGO_TARGET_DIR=/target" "-e" "CARGO_INCREMENTAL=0" "-e" "RUST_BACKTRACE=full" "-e" "RUSTFLAGS=--cap-lints=warn" "-e" "CARGO_HOME=/cargo-home" "-e" "RUSTUP_HOME=/rustup-home" "-m" "1536M" "--network" "none" "crater"`
Nov 01 09:11:40.771 INFO blam! 1ac83a9f574543cc54637d1022fc511f486692bff98a597e8a97f48bdde54cef
Nov 01 09:11:40.773 INFO running `"docker" "start" "-a" "1ac83a9f574543cc54637d1022fc511f486692bff98a597e8a97f48bdde54cef"`
Nov 01 09:11:41.722 INFO kablam! usermod: no changes
Nov 01 09:11:41.939 INFO kablam!    Compiling json v0.11.12
Nov 01 09:11:41.939 INFO kablam!    Compiling handlebars v0.29.1
Nov 01 09:11:41.939 INFO kablam!    Compiling hyper-native-tls v0.2.4
Nov 01 09:11:45.575 INFO kablam!    Compiling requests v0.0.30
Nov 01 09:11:50.223 INFO kablam!    Compiling hello_cargo v0.1.0 (/source)
Nov 01 09:11:55.223 INFO kablam!     Finished dev [unoptimized + debuginfo] target(s) in 13.46s
Nov 01 09:11:55.235 INFO kablam! su: No module specific data is present
Nov 01 09:11:55.959 INFO running `"docker" "rm" "-f" "1ac83a9f574543cc54637d1022fc511f486692bff98a597e8a97f48bdde54cef"`
Nov 01 09:11:56.175 INFO blam! 1ac83a9f574543cc54637d1022fc511f486692bff98a597e8a97f48bdde54cef
Nov 01 09:11:56.177 INFO running `"docker" "create" "-v" "/mnt/big/crater/work/local/target-dirs/beta-1.31-1/worker-3/1.30.0:/target:rw,Z" "-v" "/mnt/big/crater/work/local/test-source/worker-3/beta-1.31-1/1.30.0:/source:ro,Z" "-v" "/mnt/big/crater/work/local/cargo-home:/cargo-home:ro,Z" "-v" "/mnt/big/crater/work/local/rustup-home:/rustup-home:ro,Z" "-e" "USER_ID=1000" "-e" "SOURCE_DIR=/source" "-e" "USER_ID=1000" "-e" "CMD=cargo +1.30.0 test --frozen --no-run" "-e" "CARGO_TARGET_DIR=/target" "-e" "CARGO_INCREMENTAL=0" "-e" "RUST_BACKTRACE=full" "-e" "RUSTFLAGS=--cap-lints=warn" "-e" "CARGO_HOME=/cargo-home" "-e" "RUSTUP_HOME=/rustup-home" "-m" "1536M" "--network" "none" "crater"`
Nov 01 09:11:56.665 INFO blam! 70765b98c9af905c070a73b7384e279f71475f51c499072d7537030984cb63fc
Nov 01 09:11:56.671 INFO running `"docker" "start" "-a" "70765b98c9af905c070a73b7384e279f71475f51c499072d7537030984cb63fc"`
Nov 01 09:11:57.583 INFO kablam! usermod: no changes
Nov 01 09:11:57.722 INFO kablam!    Compiling hello_cargo v0.1.0 (/source)
Nov 01 09:12:01.763 INFO kablam!     Finished dev [unoptimized + debuginfo] target(s) in 4.15s
Nov 01 09:12:01.779 INFO kablam! su: No module specific data is present
Nov 01 09:12:02.653 INFO running `"docker" "rm" "-f" "70765b98c9af905c070a73b7384e279f71475f51c499072d7537030984cb63fc"`
Nov 01 09:12:02.902 INFO blam! 70765b98c9af905c070a73b7384e279f71475f51c499072d7537030984cb63fc
Nov 01 09:12:02.904 INFO running `"docker" "create" "-v" "/mnt/big/crater/work/local/target-dirs/beta-1.31-1/worker-3/1.30.0:/target:rw,Z" "-v" "/mnt/big/crater/work/local/test-source/worker-3/beta-1.31-1/1.30.0:/source:ro,Z" "-v" "/mnt/big/crater/work/local/cargo-home:/cargo-home:ro,Z" "-v" "/mnt/big/crater/work/local/rustup-home:/rustup-home:ro,Z" "-e" "USER_ID=1000" "-e" "SOURCE_DIR=/source" "-e" "USER_ID=1000" "-e" "CMD=cargo +1.30.0 test --frozen" "-e" "CARGO_TARGET_DIR=/target" "-e" "CARGO_INCREMENTAL=0" "-e" "RUST_BACKTRACE=full" "-e" "RUSTFLAGS=--cap-lints=warn" "-e" "CARGO_HOME=/cargo-home" "-e" "RUSTUP_HOME=/rustup-home" "-m" "1536M" "--network" "none" "crater"`
Nov 01 09:12:03.219 INFO blam! c20834f7c1b9066644530745bd4ea8b5dff6b591555177d78d94898f830a6970
Nov 01 09:12:03.221 INFO running `"docker" "start" "-a" "c20834f7c1b9066644530745bd4ea8b5dff6b591555177d78d94898f830a6970"`
Nov 01 09:12:04.486 INFO kablam! usermod: no changes
Nov 01 09:12:04.684 INFO kablam!     Finished dev [unoptimized + debuginfo] target(s) in 0.16s
Nov 01 09:12:04.691 INFO kablam!      Running /target/debug/deps/hello_cargo-228f5fb80494374e
Nov 01 09:12:04.692 INFO blam! 
Nov 01 09:12:04.692 INFO kablam!      Running /target/debug/deps/simple_tests-7eb304bce9eb3f42
Nov 01 09:12:04.692 INFO blam! running 0 tests
Nov 01 09:12:04.692 INFO blam! 
Nov 01 09:12:04.693 INFO blam! test result: ok. 0 passed; 0 failed; 0 ignored; 0 measured; 0 filtered out
Nov 01 09:12:04.693 INFO blam! 
Nov 01 09:12:04.699 INFO blam! 
Nov 01 09:12:04.699 INFO blam! running 2 tests
Nov 01 09:12:04.732 INFO blam! test tests::it_works ... ok
Nov 01 09:12:04.764 INFO blam! test tests::requests ... FAILED
Nov 01 09:12:04.764 INFO blam! 
Nov 01 09:12:04.764 INFO blam! failures:
Nov 01 09:12:04.764 INFO blam! 
Nov 01 09:12:04.764 INFO blam! ---- tests::requests stdout ----
Nov 01 09:12:04.764 INFO blam! thread 'tests::requests' panicked at 'called `Result::unwrap()` on an `Err` value: Io(Custom { kind: Other, error: StringError("failed to lookup address information: Temporary failure in name resolution") })', libcore/result.rs:1009:5
Nov 01 09:12:04.764 INFO blam! stack backtrace:
Nov 01 09:12:04.764 INFO blam!    0:     0x556e2f6ad96e - std::sys::unix::backtrace::tracing::imp::unwind_backtrace::hf5316c67202e23c8
Nov 01 09:12:04.764 INFO blam!                                at libstd/sys/unix/backtrace/tracing/gcc_s.rs:49
Nov 01 09:12:04.764 INFO blam!    1:     0x556e2f69fc96 - std::sys_common::backtrace::print::h3068ed2a6dc7ac86
Nov 01 09:12:04.764 INFO blam!                                at libstd/sys_common/backtrace.rs:71
Nov 01 09:12:04.764 INFO blam!                                at libstd/sys_common/backtrace.rs:59
Nov 01 09:12:04.765 INFO blam!    2:     0x556e2f69dfad - std::panicking::default_hook::{{closure}}::h1b9d29cc09d41897
Nov 01 09:12:04.765 INFO blam!                                at libstd/panicking.rs:211
Nov 01 09:12:04.765 INFO blam!    3:     0x556e2f69dcbb - std::panicking::default_hook::h3a27b204a313406b
Nov 01 09:12:04.765 INFO blam!                                at libstd/panicking.rs:221
Nov 01 09:12:04.765 INFO blam!    4:     0x556e2f69e65c - std::panicking::rust_panic_with_hook::h0e12cb2fc86d00fa
Nov 01 09:12:04.765 INFO blam!                                at libstd/panicking.rs:477
Nov 01 09:12:04.765 INFO blam!    5:     0x556e2f69e219 - std::panicking::continue_panic_fmt::h141671b29fe0e27d
Nov 01 09:12:04.765 INFO blam!                                at libstd/panicking.rs:391
Nov 01 09:12:04.765 INFO blam!    6:     0x556e2f69e115 - rust_begin_unwind
Nov 01 09:12:04.765 INFO blam!                                at libstd/panicking.rs:326
Nov 01 09:12:04.765 INFO blam!    7:     0x556e2f6e7f4b - core::panicking::panic_fmt::h429a06507aba9228
Nov 01 09:12:04.765 INFO blam!                                at libcore/panicking.rs:77
Nov 01 09:12:04.765 INFO blam!    8:     0x556e2f62a513 - core::result::unwrap_failed::h5daa22b30f5043f4
Nov 01 09:12:04.765 INFO blam!                                at libcore/macros.rs:26
Nov 01 09:12:04.765 INFO blam!    9:     0x556e2f56f341 - <core::result::Result<T, E>>::unwrap::hc1ac6f15df4b5dfd
Nov 01 09:12:04.765 INFO blam!                                at libcore/result.rs:808
Nov 01 09:12:04.765 INFO blam!   10:     0x556e2f56c137 - simple_tests::tests::requests::ha6095c4f072bb3c6
Nov 01 09:12:04.765 INFO blam!                                at tests/simple-tests.rs:12
Nov 01 09:12:04.765 INFO blam!   11:     0x556e2f56c0d9 - simple_tests::tests::requests::{{closure}}::h166b92a179ceb318
Nov 01 09:12:04.765 INFO blam!                                at tests/simple-tests.rs:11
Nov 01 09:12:04.765 INFO blam!   12:     0x556e2f56d02d - core::ops::function::FnOnce::call_once::h3324446de7cc8f84
Nov 01 09:12:04.765 INFO blam!                                at libcore/ops/function.rs:238
Nov 01 09:12:04.765 INFO blam!   13:     0x556e2f571a5e - <F as alloc::boxed::FnBox<A>>::call_box::ha9910eac2d17ff23
Nov 01 09:12:04.765 INFO blam!                                at libtest/lib.rs:1461
Nov 01 09:12:04.765 INFO blam!                                at libcore/ops/function.rs:238
Nov 01 09:12:04.765 INFO blam!                                at liballoc/boxed.rs:646
Nov 01 09:12:04.765 INFO blam!   14:     0x556e2f6bc909 - __rust_maybe_catch_panic
Nov 01 09:12:04.765 INFO blam!                                at libpanic_unwind/lib.rs:103
Nov 01 09:12:04.765 INFO blam!   15:     0x556e2f57d36d - std::sys_common::backtrace::__rust_begin_short_backtrace::h470b05235fe5e5ad
Nov 01 09:12:04.765 INFO blam!                                at libstd/panicking.rs:289
Nov 01 09:12:04.765 INFO blam!                                at libstd/panic.rs:392
Nov 01 09:12:04.765 INFO blam!                                at libtest/lib.rs:1416
Nov 01 09:12:04.765 INFO blam!                                at libstd/sys_common/backtrace.rs:136
Nov 01 09:12:04.765 INFO blam!   16:     0x556e2f5959a4 - std::panicking::try::do_call::h1f0578498122cc00
Nov 01 09:12:04.765 INFO blam!                                at libstd/thread/mod.rs:409
Nov 01 09:12:04.765 INFO blam!                                at libstd/panic.rs:313
Nov 01 09:12:04.765 INFO blam!                                at libstd/panicking.rs:310
Nov 01 09:12:04.765 INFO blam!   17:     0x556e2f6bc909 - __rust_maybe_catch_panic
Nov 01 09:12:04.765 INFO blam!                                at libpanic_unwind/lib.rs:103
Nov 01 09:12:04.765 INFO blam!   18:     0x556e2f586276 - <F as alloc::boxed::FnBox<A>>::call_box::h7b129f9f235ab460
Nov 01 09:12:04.765 INFO blam!                                at libstd/panicking.rs:289
Nov 01 09:12:04.765 INFO blam!                                at libstd/panic.rs:392
Nov 01 09:12:04.765 INFO blam!                                at libstd/thread/mod.rs:408
Nov 01 09:12:04.765 INFO blam!                                at liballoc/boxed.rs:646
Nov 01 09:12:04.765 INFO blam!   19:     0x556e2f6af4ba - std::sys_common::thread::start_thread::hb77935aee02382da
Nov 01 09:12:04.765 INFO blam!                                at liballoc/boxed.rs:656
Nov 01 09:12:04.765 INFO blam!                                at libstd/sys_common/thread.rs:24
Nov 01 09:12:04.765 INFO blam!   20:     0x556e2f69eed5 - std::sys::unix::thread::Thread::new::thread_start::hd61f7429b3de1d75
Nov 01 09:12:04.765 INFO blam!                                at libstd/sys/unix/thread.rs:90
Nov 01 09:12:04.765 INFO blam!   21:     0x7f0da43286b9 - start_thread
Nov 01 09:12:04.765 INFO blam!   22:     0x7f0da3e4841c - clone
Nov 01 09:12:04.765 INFO blam!   23:                0x0 - <unknown>
Nov 01 09:12:04.765 INFO blam! 
Nov 01 09:12:04.765 INFO blam! 
Nov 01 09:12:04.765 INFO blam! failures:
Nov 01 09:12:04.765 INFO blam!     tests::requests
Nov 01 09:12:04.765 INFO blam! 
Nov 01 09:12:04.765 INFO blam! test result: FAILED. 1 passed; 1 failed; 0 ignored; 0 measured; 0 filtered out
Nov 01 09:12:04.765 INFO blam! 
Nov 01 09:12:04.779 INFO kablam! error: test failed, to rerun pass '--test simple-tests'
Nov 01 09:12:04.779 INFO kablam! su: No module specific data is present
Nov 01 09:12:05.327 INFO running `"docker" "rm" "-f" "c20834f7c1b9066644530745bd4ea8b5dff6b591555177d78d94898f830a6970"`
Nov 01 09:12:05.711 INFO blam! c20834f7c1b9066644530745bd4ea8b5dff6b591555177d78d94898f830a6970
