Nov 01 09:22:39.675 INFO testing gastamper/sholog against beta-2018-10-30 for beta-1.31-1
Nov 01 09:22:39.676 INFO running `"docker" "create" "-v" "/mnt/big/crater/work/local/target-dirs/beta-1.31-1/worker-3/beta-2018-10-30:/target:rw,Z" "-v" "/mnt/big/crater/work/local/test-source/worker-3/beta-1.31-1/beta-2018-10-30:/source:ro,Z" "-v" "/mnt/big/crater/work/local/cargo-home:/cargo-home:ro,Z" "-v" "/mnt/big/crater/work/local/rustup-home:/rustup-home:ro,Z" "-e" "USER_ID=1000" "-e" "SOURCE_DIR=/source" "-e" "USER_ID=1000" "-e" "CMD=cargo +beta-2018-10-30 build --frozen" "-e" "CARGO_TARGET_DIR=/target" "-e" "CARGO_INCREMENTAL=0" "-e" "RUST_BACKTRACE=full" "-e" "RUSTFLAGS=--cap-lints=warn" "-e" "CARGO_HOME=/cargo-home" "-e" "RUSTUP_HOME=/rustup-home" "-m" "1536M" "--network" "none" "crater"`
Nov 01 09:22:40.307 INFO blam! 6964a92008829a6b5623be0d5bfe3e9c4213fa2049ee3a5c951e9d7792bba184
Nov 01 09:22:40.309 INFO running `"docker" "start" "-a" "6964a92008829a6b5623be0d5bfe3e9c4213fa2049ee3a5c951e9d7792bba184"`
Nov 01 09:22:40.876 INFO kablam! usermod: no changes
Nov 01 09:22:40.995 INFO kablam!    Compiling openssl v0.10.11
Nov 01 09:22:40.996 INFO kablam!    Compiling openssl-src v110.0.5+1.1.0h
Nov 01 09:22:40.998 INFO kablam!    Compiling rust-crypto v0.2.36
Nov 01 09:22:41.705 INFO kablam!    Compiling openssl-sys v0.9.35
Nov 01 09:24:23.011 INFO kablam!    Compiling sholog v0.1.0 (/source)
Nov 01 09:24:26.843 INFO kablam!     Finished dev [unoptimized + debuginfo] target(s) in 1m 45s
Nov 01 09:24:26.851 INFO kablam! su: No module specific data is present
Nov 01 09:24:27.797 INFO running `"docker" "rm" "-f" "6964a92008829a6b5623be0d5bfe3e9c4213fa2049ee3a5c951e9d7792bba184"`
Nov 01 09:24:28.099 INFO blam! 6964a92008829a6b5623be0d5bfe3e9c4213fa2049ee3a5c951e9d7792bba184
Nov 01 09:24:28.101 INFO running `"docker" "create" "-v" "/mnt/big/crater/work/local/target-dirs/beta-1.31-1/worker-3/beta-2018-10-30:/target:rw,Z" "-v" "/mnt/big/crater/work/local/test-source/worker-3/beta-1.31-1/beta-2018-10-30:/source:ro,Z" "-v" "/mnt/big/crater/work/local/cargo-home:/cargo-home:ro,Z" "-v" "/mnt/big/crater/work/local/rustup-home:/rustup-home:ro,Z" "-e" "USER_ID=1000" "-e" "SOURCE_DIR=/source" "-e" "USER_ID=1000" "-e" "CMD=cargo +beta-2018-10-30 test --frozen --no-run" "-e" "CARGO_TARGET_DIR=/target" "-e" "CARGO_INCREMENTAL=0" "-e" "RUST_BACKTRACE=full" "-e" "RUSTFLAGS=--cap-lints=warn" "-e" "CARGO_HOME=/cargo-home" "-e" "RUSTUP_HOME=/rustup-home" "-m" "1536M" "--network" "none" "crater"`
Nov 01 09:24:28.605 INFO blam! 0f5aed3f219bc6d8e21189034aa5e0b8597f770418aa552d5fefa1714b4831b3
Nov 01 09:24:28.619 INFO running `"docker" "start" "-a" "0f5aed3f219bc6d8e21189034aa5e0b8597f770418aa552d5fefa1714b4831b3"`
Nov 01 09:24:29.732 INFO kablam! usermod: no changes
Nov 01 09:24:29.960 INFO kablam!    Compiling sholog v0.1.0 (/source)
Nov 01 09:24:33.723 INFO kablam!     Finished dev [unoptimized + debuginfo] target(s) in 3.96s
Nov 01 09:24:33.730 INFO kablam! su: No module specific data is present
Nov 01 09:24:34.077 INFO running `"docker" "rm" "-f" "0f5aed3f219bc6d8e21189034aa5e0b8597f770418aa552d5fefa1714b4831b3"`
Nov 01 09:24:34.294 INFO blam! 0f5aed3f219bc6d8e21189034aa5e0b8597f770418aa552d5fefa1714b4831b3
Nov 01 09:24:34.298 INFO running `"docker" "create" "-v" "/mnt/big/crater/work/local/target-dirs/beta-1.31-1/worker-3/beta-2018-10-30:/target:rw,Z" "-v" "/mnt/big/crater/work/local/test-source/worker-3/beta-1.31-1/beta-2018-10-30:/source:ro,Z" "-v" "/mnt/big/crater/work/local/cargo-home:/cargo-home:ro,Z" "-v" "/mnt/big/crater/work/local/rustup-home:/rustup-home:ro,Z" "-e" "USER_ID=1000" "-e" "SOURCE_DIR=/source" "-e" "USER_ID=1000" "-e" "CMD=cargo +beta-2018-10-30 test --frozen" "-e" "CARGO_TARGET_DIR=/target" "-e" "CARGO_INCREMENTAL=0" "-e" "RUST_BACKTRACE=full" "-e" "RUSTFLAGS=--cap-lints=warn" "-e" "CARGO_HOME=/cargo-home" "-e" "RUSTUP_HOME=/rustup-home" "-m" "1536M" "--network" "none" "crater"`
Nov 01 09:24:34.619 INFO blam! 4318ba1a71dd8e2521013c12dda8bd9f098a15b86835d6054fe2b438fcc13bcc
Nov 01 09:24:34.623 INFO running `"docker" "start" "-a" "4318ba1a71dd8e2521013c12dda8bd9f098a15b86835d6054fe2b438fcc13bcc"`
Nov 01 09:24:35.399 INFO kablam! usermod: no changes
Nov 01 09:24:35.489 INFO kablam!     Finished dev [unoptimized + debuginfo] target(s) in 0.07s
Nov 01 09:24:35.493 INFO kablam!      Running /target/debug/deps/sholog-aaa9ceec59140a3d
Nov 01 09:24:35.502 INFO blam! 
Nov 01 09:24:35.502 INFO blam! running 1 test
Nov 01 09:24:35.556 INFO blam! test test::testssl ... FAILED
Nov 01 09:24:35.556 INFO blam! 
Nov 01 09:24:35.556 INFO blam! failures:
Nov 01 09:24:35.556 INFO blam! 
Nov 01 09:24:35.556 INFO blam! ---- test::testssl stdout ----
Nov 01 09:24:35.556 INFO blam! Server: Building SSL Acceptor
Nov 01 09:24:35.556 INFO blam! thread 'test::testssl' panicked at 'called `Result::unwrap()` on an `Err` value: ErrorStack([Error { code: 33558530, library: "system library", function: "fopen", reason: "No such file or directory", file: "crypto/bio/bss_file.c", line: 292, data: "fopen(\'server.key\',\'r\')" }, Error { code: 537346050, library: "BIO routines", function: "file_ctrl", reason: "system lib", file: "crypto/bio/bss_file.c", line: 294 }, Error { code: 336265218, library: "SSL routines", function: "SSL_CTX_use_PrivateKey_file", reason: "system lib", file: "ssl/ssl_rsa.c", line: 534 }])', libcore/result.rs:1009:5
Nov 01 09:24:35.556 INFO blam! stack backtrace:
Nov 01 09:24:35.556 INFO blam!    0:     0x55fe94c1edaf - std::sys::unix::backtrace::tracing::imp::unwind_backtrace::h3c55afa80a996a32
Nov 01 09:24:35.556 INFO blam!                                at libstd/sys/unix/backtrace/tracing/gcc_s.rs:49
Nov 01 09:24:35.556 INFO blam!    1:     0x55fe94c28917 - std::sys_common::backtrace::print::hcef907ea7a07cd40
Nov 01 09:24:35.556 INFO blam!                                at libstd/sys_common/backtrace.rs:71
Nov 01 09:24:35.556 INFO blam!                                at libstd/sys_common/backtrace.rs:59
Nov 01 09:24:35.556 INFO blam!    2:     0x55fe94c233ef - std::panicking::default_hook::{{closure}}::hf541876c65f36ea7
Nov 01 09:24:35.557 INFO blam!                                at libstd/panicking.rs:211
Nov 01 09:24:35.557 INFO blam!    3:     0x55fe94c230ee - std::panicking::default_hook::h4ecc06b30ae4459d
Nov 01 09:24:35.557 INFO blam!                                at libstd/panicking.rs:221
Nov 01 09:24:35.557 INFO blam!    4:     0x55fe94c23ace - std::panicking::rust_panic_with_hook::h0cc6d9cc9f34a947
Nov 01 09:24:35.557 INFO blam!                                at libstd/panicking.rs:476
Nov 01 09:24:35.557 INFO blam!    5:     0x55fe94c23671 - std::panicking::continue_panic_fmt::hc71ad5f01496e320
Nov 01 09:24:35.557 INFO blam!                                at libstd/panicking.rs:390
Nov 01 09:24:35.557 INFO blam!    6:     0x55fe94c23555 - rust_begin_unwind
Nov 01 09:24:35.557 INFO blam!                                at libstd/panicking.rs:325
Nov 01 09:24:35.557 INFO blam!    7:     0x55fe94c63ccc - core::panicking::panic_fmt::ha71638b7d4f53c35
Nov 01 09:24:35.557 INFO blam!                                at libcore/panicking.rs:77
Nov 01 09:24:35.557 INFO blam!    8:     0x55fe94acb280 - core::result::unwrap_failed::ha46d2b1e21851678
Nov 01 09:24:35.557 INFO blam!                                at libcore/macros.rs:26
Nov 01 09:24:35.557 INFO blam!    9:     0x55fe94aca702 - <core::result::Result<T, E>>::unwrap::h58e6b476b2d55624
Nov 01 09:24:35.557 INFO blam!                                at libcore/result.rs:808
Nov 01 09:24:35.557 INFO blam!   10:     0x55fe94a73255 - sholog::test::test_ssl::h7f3b9cc03fd78ab1
Nov 01 09:24:35.557 INFO blam!                                at src/test.rs:10
Nov 01 09:24:35.557 INFO blam!   11:     0x55fe94a748bc - sholog::test::testssl::h69d25b3629b037be
Nov 01 09:24:35.557 INFO blam!                                at src/test.rs:70
Nov 01 09:24:35.557 INFO blam!   12:     0x55fe94a74899 - sholog::test::testssl::{{closure}}::h8aa126fb7df682fb
Nov 01 09:24:35.557 INFO blam!                                at src/test.rs:69
Nov 01 09:24:35.557 INFO blam!   13:     0x55fe94a8323d - core::ops::function::FnOnce::call_once::he4572651341e1453
Nov 01 09:24:35.557 INFO blam!                                at libcore/ops/function.rs:238
Nov 01 09:24:35.557 INFO blam!   14:     0x55fe94a867be - <F as alloc::boxed::FnBox<A>>::call_box::hf32558bd83684b60
Nov 01 09:24:35.557 INFO blam!                                at libtest/lib.rs:1468
Nov 01 09:24:35.557 INFO blam!                                at libcore/ops/function.rs:238
Nov 01 09:24:35.557 INFO blam!                                at liballoc/boxed.rs:672
Nov 01 09:24:35.557 INFO blam!   15:     0x55fe94c33b49 - __rust_maybe_catch_panic
Nov 01 09:24:35.557 INFO blam!                                at libpanic_unwind/lib.rs:102
Nov 01 09:24:35.557 INFO blam!   16:     0x55fe94aa8422 - std::sys_common::backtrace::__rust_begin_short_backtrace::h1bb71a7386fd3269
Nov 01 09:24:35.557 INFO blam!                                at libstd/panicking.rs:289
Nov 01 09:24:35.557 INFO blam!                                at libstd/panic.rs:392
Nov 01 09:24:35.557 INFO blam!                                at libtest/lib.rs:1423
Nov 01 09:24:35.557 INFO blam!                                at libstd/sys_common/backtrace.rs:136
Nov 01 09:24:35.557 INFO blam!   17:     0x55fe94aa8ed4 - std::panicking::try::do_call::h9b94719c3074bb5c
Nov 01 09:24:35.557 INFO blam!                                at libstd/thread/mod.rs:409
Nov 01 09:24:35.557 INFO blam!                                at libstd/panic.rs:313
Nov 01 09:24:35.557 INFO blam!                                at libstd/panicking.rs:310
Nov 01 09:24:35.557 INFO blam!   18:     0x55fe94c33b49 - __rust_maybe_catch_panic
Nov 01 09:24:35.557 INFO blam!                                at libpanic_unwind/lib.rs:102
Nov 01 09:24:35.557 INFO blam!   19:     0x55fe94a960fc - <F as alloc::boxed::FnBox<A>>::call_box::hb3bcd66d16fd3e84
Nov 01 09:24:35.557 INFO blam!                                at libstd/panicking.rs:289
Nov 01 09:24:35.557 INFO blam!                                at libstd/panic.rs:392
Nov 01 09:24:35.557 INFO blam!                                at libstd/thread/mod.rs:408
Nov 01 09:24:35.557 INFO blam!                                at liballoc/boxed.rs:672
Nov 01 09:24:35.557 INFO blam!   20:     0x55fe94c210fd - std::sys_common::thread::start_thread::had0c80d121669d29
Nov 01 09:24:35.557 INFO blam!                                at liballoc/boxed.rs:682
Nov 01 09:24:35.557 INFO blam!                                at libstd/sys_common/thread.rs:24
Nov 01 09:24:35.557 INFO blam!   21:     0x55fe94c12ff5 - std::sys::unix::thread::Thread::new::thread_start::h4a5b66a70d76f47f
Nov 01 09:24:35.557 INFO blam!                                at libstd/sys/unix/thread.rs:90
Nov 01 09:24:35.557 INFO blam!   22:     0x7f0cb57ed6b9 - start_thread
Nov 01 09:24:35.557 INFO blam!   23:     0x7f0cb530d41c - clone
Nov 01 09:24:35.557 INFO blam!   24:                0x0 - <unknown>
Nov 01 09:24:35.557 INFO blam! 
Nov 01 09:24:35.557 INFO blam! 
Nov 01 09:24:35.557 INFO blam! failures:
Nov 01 09:24:35.557 INFO blam!     test::testssl
Nov 01 09:24:35.557 INFO blam! 
Nov 01 09:24:35.557 INFO blam! test result: FAILED. 0 passed; 1 failed; 0 ignored; 0 measured; 0 filtered out
Nov 01 09:24:35.557 INFO blam! 
Nov 01 09:24:35.567 INFO kablam! error: test failed, to rerun pass '--bin sholog'
Nov 01 09:24:35.571 INFO kablam! su: No module specific data is present
Nov 01 09:24:36.331 INFO running `"docker" "rm" "-f" "4318ba1a71dd8e2521013c12dda8bd9f098a15b86835d6054fe2b438fcc13bcc"`
Nov 01 09:24:36.529 INFO blam! 4318ba1a71dd8e2521013c12dda8bd9f098a15b86835d6054fe2b438fcc13bcc
