Nov 01 09:30:08.664 INFO testing fuchsnj/google-jwt-verify against beta-2018-10-30 for beta-1.31-1
Nov 01 09:30:08.665 INFO running `"docker" "create" "-v" "/mnt/big/crater/work/local/target-dirs/beta-1.31-1/worker-6/beta-2018-10-30:/target:rw,Z" "-v" "/mnt/big/crater/work/local/test-source/worker-6/beta-1.31-1/beta-2018-10-30:/source:ro,Z" "-v" "/mnt/big/crater/work/local/cargo-home:/cargo-home:ro,Z" "-v" "/mnt/big/crater/work/local/rustup-home:/rustup-home:ro,Z" "-e" "USER_ID=1000" "-e" "SOURCE_DIR=/source" "-e" "USER_ID=1000" "-e" "CMD=cargo +beta-2018-10-30 build --frozen" "-e" "CARGO_TARGET_DIR=/target" "-e" "CARGO_INCREMENTAL=0" "-e" "RUST_BACKTRACE=full" "-e" "RUSTFLAGS=--cap-lints=warn" "-e" "CARGO_HOME=/cargo-home" "-e" "RUSTUP_HOME=/rustup-home" "-m" "1536M" "--network" "none" "crater"`
Nov 01 09:30:09.015 INFO blam! 5250ee7a6fed30d2ba075d50f941a90fecc357829c189b93e06e49cf75ad8dfb
Nov 01 09:30:09.016 INFO running `"docker" "start" "-a" "5250ee7a6fed30d2ba075d50f941a90fecc357829c189b93e06e49cf75ad8dfb"`
Nov 01 09:30:10.150 INFO kablam! usermod: no changes
Nov 01 09:30:10.415 INFO kablam!    Compiling openssl v0.10.7
Nov 01 09:30:10.419 INFO kablam!    Compiling reqwest v0.8.5
Nov 01 09:30:23.976 INFO kablam!    Compiling google-jwt-verify v0.1.0 (/source)
Nov 01 09:30:29.372 INFO kablam!     Finished dev [unoptimized + debuginfo] target(s) in 19.18s
Nov 01 09:30:29.391 INFO kablam! su: No module specific data is present
Nov 01 09:30:31.018 INFO running `"docker" "rm" "-f" "5250ee7a6fed30d2ba075d50f941a90fecc357829c189b93e06e49cf75ad8dfb"`
Nov 01 09:30:31.379 INFO blam! 5250ee7a6fed30d2ba075d50f941a90fecc357829c189b93e06e49cf75ad8dfb
Nov 01 09:30:31.389 INFO running `"docker" "create" "-v" "/mnt/big/crater/work/local/target-dirs/beta-1.31-1/worker-6/beta-2018-10-30:/target:rw,Z" "-v" "/mnt/big/crater/work/local/test-source/worker-6/beta-1.31-1/beta-2018-10-30:/source:ro,Z" "-v" "/mnt/big/crater/work/local/cargo-home:/cargo-home:ro,Z" "-v" "/mnt/big/crater/work/local/rustup-home:/rustup-home:ro,Z" "-e" "USER_ID=1000" "-e" "SOURCE_DIR=/source" "-e" "USER_ID=1000" "-e" "CMD=cargo +beta-2018-10-30 test --frozen --no-run" "-e" "CARGO_TARGET_DIR=/target" "-e" "CARGO_INCREMENTAL=0" "-e" "RUST_BACKTRACE=full" "-e" "RUSTFLAGS=--cap-lints=warn" "-e" "CARGO_HOME=/cargo-home" "-e" "RUSTUP_HOME=/rustup-home" "-m" "1536M" "--network" "none" "crater"`
Nov 01 09:30:31.951 INFO blam! 6d280a5c4c8d482c59aa2b9ab97c73ae88694a94bed3a82a3ad2381aa6f0454b
Nov 01 09:30:31.953 INFO running `"docker" "start" "-a" "6d280a5c4c8d482c59aa2b9ab97c73ae88694a94bed3a82a3ad2381aa6f0454b"`
Nov 01 09:30:33.882 INFO kablam! usermod: no changes
Nov 01 09:30:34.139 INFO kablam!    Compiling google-jwt-verify v0.1.0 (/source)
Nov 01 09:30:42.796 INFO kablam!     Finished dev [unoptimized + debuginfo] target(s) in 8.87s
Nov 01 09:30:42.819 INFO kablam! su: No module specific data is present
Nov 01 09:30:45.023 INFO running `"docker" "rm" "-f" "6d280a5c4c8d482c59aa2b9ab97c73ae88694a94bed3a82a3ad2381aa6f0454b"`
Nov 01 09:30:45.427 INFO blam! 6d280a5c4c8d482c59aa2b9ab97c73ae88694a94bed3a82a3ad2381aa6f0454b
Nov 01 09:30:45.432 INFO running `"docker" "create" "-v" "/mnt/big/crater/work/local/target-dirs/beta-1.31-1/worker-6/beta-2018-10-30:/target:rw,Z" "-v" "/mnt/big/crater/work/local/test-source/worker-6/beta-1.31-1/beta-2018-10-30:/source:ro,Z" "-v" "/mnt/big/crater/work/local/cargo-home:/cargo-home:ro,Z" "-v" "/mnt/big/crater/work/local/rustup-home:/rustup-home:ro,Z" "-e" "USER_ID=1000" "-e" "SOURCE_DIR=/source" "-e" "USER_ID=1000" "-e" "CMD=cargo +beta-2018-10-30 test --frozen" "-e" "CARGO_TARGET_DIR=/target" "-e" "CARGO_INCREMENTAL=0" "-e" "RUST_BACKTRACE=full" "-e" "RUSTFLAGS=--cap-lints=warn" "-e" "CARGO_HOME=/cargo-home" "-e" "RUSTUP_HOME=/rustup-home" "-m" "1536M" "--network" "none" "crater"`
Nov 01 09:30:46.029 INFO blam! 88dc4caf105ca4efa6ffd95b79bf100b4bc921fa4123facf960fe7ef30673cd7
Nov 01 09:30:46.032 INFO running `"docker" "start" "-a" "88dc4caf105ca4efa6ffd95b79bf100b4bc921fa4123facf960fe7ef30673cd7"`
Nov 01 09:30:48.799 INFO kablam! usermod: no changes
Nov 01 09:30:49.055 INFO kablam!     Finished dev [unoptimized + debuginfo] target(s) in 0.23s
Nov 01 09:30:49.071 INFO kablam!      Running /target/debug/deps/google_jwt_verify-04d44432863ca56b
Nov 01 09:30:49.073 INFO blam! 
Nov 01 09:30:49.073 INFO blam! running 5 tests
Nov 01 09:30:49.081 INFO blam! test test::decode_keys ... ok
Nov 01 09:30:49.115 INFO blam! test test::test_client ... ok
Nov 01 09:30:49.118 INFO blam! test test::test_id_token ... ok
Nov 01 09:30:49.118 INFO blam! test test::test_client_invalid_client_id ... ok
Nov 01 09:30:49.319 INFO blam! test key_provider::test_google_provider ... FAILED
Nov 01 09:30:49.319 INFO blam! 
Nov 01 09:30:49.319 INFO blam! failures:
Nov 01 09:30:49.319 INFO blam! 
Nov 01 09:30:49.319 INFO blam! ---- key_provider::test_google_provider stdout ----
Nov 01 09:30:49.319 INFO blam! thread 'key_provider::test_google_provider' panicked at 'assertion failed: provider.get_key("test").is_ok()', src/key_provider.rs:60:5
Nov 01 09:30:49.319 INFO blam! stack backtrace:
Nov 01 09:30:49.319 INFO blam!    0:     0x55eee4b1c98f - std::sys::unix::backtrace::tracing::imp::unwind_backtrace::h3c55afa80a996a32
Nov 01 09:30:49.319 INFO blam!                                at libstd/sys/unix/backtrace/tracing/gcc_s.rs:49
Nov 01 09:30:49.319 INFO blam!    1:     0x55eee4b26217 - std::sys_common::backtrace::print::hcef907ea7a07cd40
Nov 01 09:30:49.319 INFO blam!                                at libstd/sys_common/backtrace.rs:71
Nov 01 09:30:49.319 INFO blam!                                at libstd/sys_common/backtrace.rs:59
Nov 01 09:30:49.319 INFO blam!    2:     0x55eee4b20cef - std::panicking::default_hook::{{closure}}::hf541876c65f36ea7
Nov 01 09:30:49.319 INFO blam!                                at libstd/panicking.rs:211
Nov 01 09:30:49.319 INFO blam!    3:     0x55eee4b209ee - std::panicking::default_hook::h4ecc06b30ae4459d
Nov 01 09:30:49.319 INFO blam!                                at libstd/panicking.rs:221
Nov 01 09:30:49.319 INFO blam!    4:     0x55eee4b213ce - std::panicking::rust_panic_with_hook::h0cc6d9cc9f34a947
Nov 01 09:30:49.319 INFO blam!                                at libstd/panicking.rs:476
Nov 01 09:30:49.319 INFO blam!    5:     0x55eee4a0f927 - std::panicking::begin_panic::h214ceb041c63e8a4
Nov 01 09:30:49.319 INFO blam!                                at libstd/panicking.rs:410
Nov 01 09:30:49.319 INFO blam!    6:     0x55eee469f572 - google_jwt_verify::key_provider::test_google_provider::h755b4d8531f6ff1d
Nov 01 09:30:49.319 INFO blam!                                at src/key_provider.rs:60
Nov 01 09:30:49.319 INFO blam!    7:     0x55eee469f4b9 - google_jwt_verify::key_provider::test_google_provider::{{closure}}::h0d1623ebb66331a9
Nov 01 09:30:49.319 INFO blam!                                at src/key_provider.rs:58
Nov 01 09:30:49.319 INFO blam!    8:     0x55eee46b62ed - core::ops::function::FnOnce::call_once::h4f67cff347f2a864
Nov 01 09:30:49.319 INFO blam!                                at libcore/ops/function.rs:238
Nov 01 09:30:49.319 INFO blam!    9:     0x55eee46c16be - <F as alloc::boxed::FnBox<A>>::call_box::hf32558bd83684b60
Nov 01 09:30:49.319 INFO blam!                                at libtest/lib.rs:1468
Nov 01 09:30:49.319 INFO blam!                                at libcore/ops/function.rs:238
Nov 01 09:30:49.319 INFO blam!                                at liballoc/boxed.rs:672
Nov 01 09:30:49.319 INFO blam!   10:     0x55eee4b31449 - __rust_maybe_catch_panic
Nov 01 09:30:49.319 INFO blam!                                at libpanic_unwind/lib.rs:102
Nov 01 09:30:49.319 INFO blam!   11:     0x55eee46e3322 - std::sys_common::backtrace::__rust_begin_short_backtrace::h1bb71a7386fd3269
Nov 01 09:30:49.319 INFO blam!                                at libstd/panicking.rs:289
Nov 01 09:30:49.319 INFO blam!                                at libstd/panic.rs:392
Nov 01 09:30:49.319 INFO blam!                                at libtest/lib.rs:1423
Nov 01 09:30:49.319 INFO blam!                                at libstd/sys_common/backtrace.rs:136
Nov 01 09:30:49.320 INFO blam!   12:     0x55eee46e3dd4 - std::panicking::try::do_call::h9b94719c3074bb5c
Nov 01 09:30:49.320 INFO blam!                                at libstd/thread/mod.rs:409
Nov 01 09:30:49.320 INFO blam!                                at libstd/panic.rs:313
Nov 01 09:30:49.320 INFO blam!                                at libstd/panicking.rs:310
Nov 01 09:30:49.320 INFO blam!   13:     0x55eee4b31449 - __rust_maybe_catch_panic
Nov 01 09:30:49.320 INFO blam!                                at libpanic_unwind/lib.rs:102
Nov 01 09:30:49.320 INFO blam!   14:     0x55eee46d0ffc - <F as alloc::boxed::FnBox<A>>::call_box::hb3bcd66d16fd3e84
Nov 01 09:30:49.320 INFO blam!                                at libstd/panicking.rs:289
Nov 01 09:30:49.320 INFO blam!                                at libstd/panic.rs:392
Nov 01 09:30:49.320 INFO blam!                                at libstd/thread/mod.rs:408
Nov 01 09:30:49.320 INFO blam!                                at liballoc/boxed.rs:672
Nov 01 09:30:49.320 INFO blam!   15:     0x55eee4b1e9ed - std::sys_common::thread::start_thread::had0c80d121669d29
Nov 01 09:30:49.320 INFO blam!                                at liballoc/boxed.rs:682
Nov 01 09:30:49.320 INFO blam!                                at libstd/sys_common/thread.rs:24
Nov 01 09:30:49.320 INFO blam!   16:     0x55eee4b114a5 - std::sys::unix::thread::Thread::new::thread_start::h4a5b66a70d76f47f
Nov 01 09:30:49.320 INFO blam!                                at libstd/sys/unix/thread.rs:90
Nov 01 09:30:49.320 INFO blam!   17:     0x7fde9ce976b9 - start_thread
Nov 01 09:30:49.320 INFO blam!   18:     0x7fde9c9b741c - clone
Nov 01 09:30:49.320 INFO blam!   19:                0x0 - <unknown>
Nov 01 09:30:49.320 INFO blam! 
Nov 01 09:30:49.320 INFO blam! 
Nov 01 09:30:49.320 INFO blam! failures:
Nov 01 09:30:49.320 INFO blam!     key_provider::test_google_provider
Nov 01 09:30:49.320 INFO blam! 
Nov 01 09:30:49.320 INFO blam! test result: FAILED. 4 passed; 1 failed; 0 ignored; 0 measured; 0 filtered out
Nov 01 09:30:49.320 INFO blam! 
Nov 01 09:30:49.324 INFO kablam! error: test failed, to rerun pass '--lib'
Nov 01 09:30:49.335 INFO kablam! su: No module specific data is present
Nov 01 09:30:50.567 INFO running `"docker" "rm" "-f" "88dc4caf105ca4efa6ffd95b79bf100b4bc921fa4123facf960fe7ef30673cd7"`
Nov 01 09:30:50.959 INFO blam! 88dc4caf105ca4efa6ffd95b79bf100b4bc921fa4123facf960fe7ef30673cd7
