Nov 01 09:30:13.963 INFO testing fuchsnj/google-jwt-verify against 1.30.0 for beta-1.31-1
Nov 01 09:30:13.965 INFO running `"docker" "create" "-v" "/mnt/big/crater/work/local/target-dirs/beta-1.31-1/worker-4/1.30.0:/target:rw,Z" "-v" "/mnt/big/crater/work/local/test-source/worker-4/beta-1.31-1/1.30.0:/source:ro,Z" "-v" "/mnt/big/crater/work/local/cargo-home:/cargo-home:ro,Z" "-v" "/mnt/big/crater/work/local/rustup-home:/rustup-home:ro,Z" "-e" "USER_ID=1000" "-e" "SOURCE_DIR=/source" "-e" "USER_ID=1000" "-e" "CMD=cargo +1.30.0 build --frozen" "-e" "CARGO_TARGET_DIR=/target" "-e" "CARGO_INCREMENTAL=0" "-e" "RUST_BACKTRACE=full" "-e" "RUSTFLAGS=--cap-lints=warn" "-e" "CARGO_HOME=/cargo-home" "-e" "RUSTUP_HOME=/rustup-home" "-m" "1536M" "--network" "none" "crater"`
Nov 01 09:30:14.569 INFO blam! aef9dd039a5602dcea54c64f78d8db6b6458b8ee55e195e5cd6a4c6b2bd1fe10
Nov 01 09:30:14.573 INFO running `"docker" "start" "-a" "aef9dd039a5602dcea54c64f78d8db6b6458b8ee55e195e5cd6a4c6b2bd1fe10"`
Nov 01 09:30:15.891 INFO kablam! usermod: no changes
Nov 01 09:30:16.188 INFO kablam!    Compiling openssl v0.10.7
Nov 01 09:30:16.196 INFO kablam!    Compiling hyper v0.11.27
Nov 01 09:30:33.947 INFO kablam!    Compiling hyper-tls v0.1.3
Nov 01 09:30:36.595 INFO kablam!    Compiling reqwest v0.8.5
Nov 01 09:30:47.895 INFO kablam!    Compiling google-jwt-verify v0.1.0 (/source)
Nov 01 09:30:53.407 INFO kablam!     Finished dev [unoptimized + debuginfo] target(s) in 37.50s
Nov 01 09:30:53.427 INFO kablam! su: No module specific data is present
Nov 01 09:30:54.806 INFO running `"docker" "rm" "-f" "aef9dd039a5602dcea54c64f78d8db6b6458b8ee55e195e5cd6a4c6b2bd1fe10"`
Nov 01 09:30:55.157 INFO blam! aef9dd039a5602dcea54c64f78d8db6b6458b8ee55e195e5cd6a4c6b2bd1fe10
Nov 01 09:30:55.160 INFO running `"docker" "create" "-v" "/mnt/big/crater/work/local/target-dirs/beta-1.31-1/worker-4/1.30.0:/target:rw,Z" "-v" "/mnt/big/crater/work/local/test-source/worker-4/beta-1.31-1/1.30.0:/source:ro,Z" "-v" "/mnt/big/crater/work/local/cargo-home:/cargo-home:ro,Z" "-v" "/mnt/big/crater/work/local/rustup-home:/rustup-home:ro,Z" "-e" "USER_ID=1000" "-e" "SOURCE_DIR=/source" "-e" "USER_ID=1000" "-e" "CMD=cargo +1.30.0 test --frozen --no-run" "-e" "CARGO_TARGET_DIR=/target" "-e" "CARGO_INCREMENTAL=0" "-e" "RUST_BACKTRACE=full" "-e" "RUSTFLAGS=--cap-lints=warn" "-e" "CARGO_HOME=/cargo-home" "-e" "RUSTUP_HOME=/rustup-home" "-m" "1536M" "--network" "none" "crater"`
Nov 01 09:30:55.592 INFO blam! b9a7d7a43374515e8c7c2d2232244ea913a07eff9f5d633f8941d97af98c742e
Nov 01 09:30:55.595 INFO running `"docker" "start" "-a" "b9a7d7a43374515e8c7c2d2232244ea913a07eff9f5d633f8941d97af98c742e"`
Nov 01 09:30:58.118 INFO kablam! usermod: no changes
Nov 01 09:30:58.507 INFO kablam!    Compiling google-jwt-verify v0.1.0 (/source)
Nov 01 09:31:07.272 INFO kablam!     Finished dev [unoptimized + debuginfo] target(s) in 9.11s
Nov 01 09:31:07.283 INFO kablam! su: No module specific data is present
Nov 01 09:31:08.528 INFO running `"docker" "rm" "-f" "b9a7d7a43374515e8c7c2d2232244ea913a07eff9f5d633f8941d97af98c742e"`
Nov 01 09:31:08.859 INFO blam! b9a7d7a43374515e8c7c2d2232244ea913a07eff9f5d633f8941d97af98c742e
Nov 01 09:31:08.866 INFO running `"docker" "create" "-v" "/mnt/big/crater/work/local/target-dirs/beta-1.31-1/worker-4/1.30.0:/target:rw,Z" "-v" "/mnt/big/crater/work/local/test-source/worker-4/beta-1.31-1/1.30.0:/source:ro,Z" "-v" "/mnt/big/crater/work/local/cargo-home:/cargo-home:ro,Z" "-v" "/mnt/big/crater/work/local/rustup-home:/rustup-home:ro,Z" "-e" "USER_ID=1000" "-e" "SOURCE_DIR=/source" "-e" "USER_ID=1000" "-e" "CMD=cargo +1.30.0 test --frozen" "-e" "CARGO_TARGET_DIR=/target" "-e" "CARGO_INCREMENTAL=0" "-e" "RUST_BACKTRACE=full" "-e" "RUSTFLAGS=--cap-lints=warn" "-e" "CARGO_HOME=/cargo-home" "-e" "RUSTUP_HOME=/rustup-home" "-m" "1536M" "--network" "none" "crater"`
Nov 01 09:31:09.391 INFO blam! 3e852cd23c9f4abbc7fef051ce73d74da09241e1ba1e000e91268debd2cc07ff
Nov 01 09:31:09.399 INFO running `"docker" "start" "-a" "3e852cd23c9f4abbc7fef051ce73d74da09241e1ba1e000e91268debd2cc07ff"`
Nov 01 09:31:10.603 INFO kablam! usermod: no changes
Nov 01 09:31:10.829 INFO kablam!     Finished dev [unoptimized + debuginfo] target(s) in 0.20s
Nov 01 09:31:10.855 INFO kablam!      Running /target/debug/deps/google_jwt_verify-ad374c4243c68570
Nov 01 09:31:10.858 INFO blam! 
Nov 01 09:31:10.858 INFO blam! running 5 tests
Nov 01 09:31:10.861 INFO blam! test test::test_client ... ok
Nov 01 09:31:10.863 INFO blam! test test::test_client_invalid_client_id ... ok
Nov 01 09:31:10.863 INFO blam! test test::decode_keys ... ok
Nov 01 09:31:10.867 INFO blam! test test::test_id_token ... ok
Nov 01 09:31:11.015 INFO blam! test key_provider::test_google_provider ... FAILED
Nov 01 09:31:11.015 INFO blam! 
Nov 01 09:31:11.015 INFO blam! failures:
Nov 01 09:31:11.015 INFO blam! 
Nov 01 09:31:11.015 INFO blam! ---- key_provider::test_google_provider stdout ----
Nov 01 09:31:11.015 INFO blam! thread 'key_provider::test_google_provider' panicked at 'assertion failed: provider.get_key("test").is_ok()', src/key_provider.rs:60:5
Nov 01 09:31:11.015 INFO blam! stack backtrace:
Nov 01 09:31:11.015 INFO blam!    0:     0x5653a3b92eae - std::sys::unix::backtrace::tracing::imp::unwind_backtrace::hf5316c67202e23c8
Nov 01 09:31:11.015 INFO blam!                                at libstd/sys/unix/backtrace/tracing/gcc_s.rs:49
Nov 01 09:31:11.015 INFO blam!    1:     0x5653a3b84fa6 - std::sys_common::backtrace::print::h3068ed2a6dc7ac86
Nov 01 09:31:11.015 INFO blam!                                at libstd/sys_common/backtrace.rs:71
Nov 01 09:31:11.015 INFO blam!                                at libstd/sys_common/backtrace.rs:59
Nov 01 09:31:11.015 INFO blam!    2:     0x5653a3b8321d - std::panicking::default_hook::{{closure}}::h1b9d29cc09d41897
Nov 01 09:31:11.015 INFO blam!                                at libstd/panicking.rs:211
Nov 01 09:31:11.015 INFO blam!    3:     0x5653a3b82f2b - std::panicking::default_hook::h3a27b204a313406b
Nov 01 09:31:11.015 INFO blam!                                at libstd/panicking.rs:221
Nov 01 09:31:11.015 INFO blam!    4:     0x5653a3b838cc - std::panicking::rust_panic_with_hook::h0e12cb2fc86d00fa
Nov 01 09:31:11.015 INFO blam!                                at libstd/panicking.rs:477
Nov 01 09:31:11.015 INFO blam!    5:     0x5653a39590ff - std::panicking::begin_panic::h634896ea353a63c9
Nov 01 09:31:11.015 INFO blam!                                at libstd/panicking.rs:411
Nov 01 09:31:11.015 INFO blam!    6:     0x5653a372bdfe - google_jwt_verify::key_provider::test_google_provider::h22ab9ff43666349b
Nov 01 09:31:11.015 INFO blam!                                at src/key_provider.rs:60
Nov 01 09:31:11.015 INFO blam!    7:     0x5653a372bd49 - google_jwt_verify::key_provider::test_google_provider::{{closure}}::h8ec97a948311026f
Nov 01 09:31:11.015 INFO blam!                                at src/key_provider.rs:58
Nov 01 09:31:11.015 INFO blam!    8:     0x5653a372dbdd - core::ops::function::FnOnce::call_once::ha7906eb4e2a78d4d
Nov 01 09:31:11.015 INFO blam!                                at libcore/ops/function.rs:238
Nov 01 09:31:11.015 INFO blam!    9:     0x5653a374f0fe - <F as alloc::boxed::FnBox<A>>::call_box::ha9910eac2d17ff23
Nov 01 09:31:11.015 INFO blam!                                at libtest/lib.rs:1461
Nov 01 09:31:11.015 INFO blam!                                at libcore/ops/function.rs:238
Nov 01 09:31:11.015 INFO blam!                                at liballoc/boxed.rs:646
Nov 01 09:31:11.015 INFO blam!   10:     0x5653a3ba1e49 - __rust_maybe_catch_panic
Nov 01 09:31:11.015 INFO blam!                                at libpanic_unwind/lib.rs:103
Nov 01 09:31:11.015 INFO blam!   11:     0x5653a375aa0d - std::sys_common::backtrace::__rust_begin_short_backtrace::h470b05235fe5e5ad
Nov 01 09:31:11.015 INFO blam!                                at libstd/panicking.rs:289
Nov 01 09:31:11.015 INFO blam!                                at libstd/panic.rs:392
Nov 01 09:31:11.015 INFO blam!                                at libtest/lib.rs:1416
Nov 01 09:31:11.015 INFO blam!                                at libstd/sys_common/backtrace.rs:136
Nov 01 09:31:11.015 INFO blam!   12:     0x5653a3773044 - std::panicking::try::do_call::h1f0578498122cc00
Nov 01 09:31:11.015 INFO blam!                                at libstd/thread/mod.rs:409
Nov 01 09:31:11.015 INFO blam!                                at libstd/panic.rs:313
Nov 01 09:31:11.015 INFO blam!                                at libstd/panicking.rs:310
Nov 01 09:31:11.015 INFO blam!   13:     0x5653a3ba1e49 - __rust_maybe_catch_panic
Nov 01 09:31:11.015 INFO blam!                                at libpanic_unwind/lib.rs:103
Nov 01 09:31:11.015 INFO blam!   14:     0x5653a3763916 - <F as alloc::boxed::FnBox<A>>::call_box::h7b129f9f235ab460
Nov 01 09:31:11.015 INFO blam!                                at libstd/panicking.rs:289
Nov 01 09:31:11.015 INFO blam!                                at libstd/panic.rs:392
Nov 01 09:31:11.015 INFO blam!                                at libstd/thread/mod.rs:408
Nov 01 09:31:11.015 INFO blam!                                at liballoc/boxed.rs:646
Nov 01 09:31:11.015 INFO blam!   15:     0x5653a3b949fa - std::sys_common::thread::start_thread::hb77935aee02382da
Nov 01 09:31:11.015 INFO blam!                                at liballoc/boxed.rs:656
Nov 01 09:31:11.015 INFO blam!                                at libstd/sys_common/thread.rs:24
Nov 01 09:31:11.015 INFO blam!   16:     0x5653a3b84145 - std::sys::unix::thread::Thread::new::thread_start::hd61f7429b3de1d75
Nov 01 09:31:11.015 INFO blam!                                at libstd/sys/unix/thread.rs:90
Nov 01 09:31:11.015 INFO blam!   17:     0x7f50a6eed6b9 - start_thread
Nov 01 09:31:11.015 INFO blam!   18:     0x7f50a6a0d41c - clone
Nov 01 09:31:11.015 INFO blam!   19:                0x0 - <unknown>
Nov 01 09:31:11.015 INFO blam! 
Nov 01 09:31:11.015 INFO blam! 
Nov 01 09:31:11.015 INFO blam! failures:
Nov 01 09:31:11.015 INFO blam!     key_provider::test_google_provider
Nov 01 09:31:11.015 INFO blam! 
Nov 01 09:31:11.015 INFO blam! test result: FAILED. 4 passed; 1 failed; 0 ignored; 0 measured; 0 filtered out
Nov 01 09:31:11.015 INFO blam! 
Nov 01 09:31:11.026 INFO kablam! error: test failed, to rerun pass '--lib'
Nov 01 09:31:11.026 INFO kablam! su: No module specific data is present
Nov 01 09:31:12.016 INFO running `"docker" "rm" "-f" "3e852cd23c9f4abbc7fef051ce73d74da09241e1ba1e000e91268debd2cc07ff"`
Nov 01 09:31:12.313 INFO blam! 3e852cd23c9f4abbc7fef051ce73d74da09241e1ba1e000e91268debd2cc07ff
