Nov 01 09:35:08.368 INFO testing frigus02/crypto-playground against beta-2018-10-30 for beta-1.31-1
Nov 01 09:35:08.368 INFO running `"docker" "create" "-v" "/mnt/big/crater/work/local/target-dirs/beta-1.31-1/worker-0/beta-2018-10-30:/target:rw,Z" "-v" "/mnt/big/crater/work/local/test-source/worker-0/beta-1.31-1/beta-2018-10-30:/source:ro,Z" "-v" "/mnt/big/crater/work/local/cargo-home:/cargo-home:ro,Z" "-v" "/mnt/big/crater/work/local/rustup-home:/rustup-home:ro,Z" "-e" "USER_ID=1000" "-e" "SOURCE_DIR=/source" "-e" "USER_ID=1000" "-e" "CMD=cargo +beta-2018-10-30 build --frozen" "-e" "CARGO_TARGET_DIR=/target" "-e" "CARGO_INCREMENTAL=0" "-e" "RUST_BACKTRACE=full" "-e" "RUSTFLAGS=--cap-lints=warn" "-e" "CARGO_HOME=/cargo-home" "-e" "RUSTUP_HOME=/rustup-home" "-m" "1536M" "--network" "none" "crater"`
Nov 01 09:35:08.598 INFO blam! 4ab2f29ae60f9461eaa2285044458accc614ec14a2ef6bbae4bb155f05ecc792
Nov 01 09:35:08.603 INFO running `"docker" "start" "-a" "4ab2f29ae60f9461eaa2285044458accc614ec14a2ef6bbae4bb155f05ecc792"`
Nov 01 09:35:08.970 INFO kablam! usermod: no changes
Nov 01 09:35:09.029 INFO kablam!    Compiling crypto-playground v0.1.0 (/source)
Nov 01 09:35:09.667 INFO kablam! warning: unused variable: `bytes`
Nov 01 09:35:09.667 INFO kablam!  --> src/challenges/break_repeating_key_xor.rs:9:9
Nov 01 09:35:09.667 INFO kablam!   |
Nov 01 09:35:09.667 INFO kablam! 9 |     let bytes = base64::decode(base64);
Nov 01 09:35:09.667 INFO kablam!   |         ^^^^^ help: consider using `_bytes` instead
Nov 01 09:35:09.667 INFO kablam!   |
Nov 01 09:35:09.667 INFO kablam!   = note: #[warn(unused_variables)] on by default
Nov 01 09:35:09.667 INFO kablam! 
Nov 01 09:35:09.719 INFO kablam! warning: function is never used: `get`
Nov 01 09:35:09.719 INFO kablam!  --> src/analysis/hemming_distance.rs:1:1
Nov 01 09:35:09.719 INFO kablam!   |
Nov 01 09:35:09.719 INFO kablam! 1 | pub fn get(bytes_a: &[u8], bytes_b: &[u8]) -> Result<u8, String> {
Nov 01 09:35:09.719 INFO kablam!   | ^^^^^^^^^^^^^^^^^^^^^^^^^^^^^^^^^^^^^^^^^^^^^^^^^^^^^^^^^^^^^^^^
Nov 01 09:35:09.719 INFO kablam!   |
Nov 01 09:35:09.719 INFO kablam!   = note: #[warn(dead_code)] on by default
Nov 01 09:35:09.719 INFO kablam! 
Nov 01 09:35:11.108 INFO kablam!     Finished dev [unoptimized + debuginfo] target(s) in 2.12s
Nov 01 09:35:11.112 INFO kablam! su: No module specific data is present
Nov 01 09:35:11.991 INFO running `"docker" "rm" "-f" "4ab2f29ae60f9461eaa2285044458accc614ec14a2ef6bbae4bb155f05ecc792"`
Nov 01 09:35:12.279 INFO blam! 4ab2f29ae60f9461eaa2285044458accc614ec14a2ef6bbae4bb155f05ecc792
Nov 01 09:35:12.287 INFO running `"docker" "create" "-v" "/mnt/big/crater/work/local/target-dirs/beta-1.31-1/worker-0/beta-2018-10-30:/target:rw,Z" "-v" "/mnt/big/crater/work/local/test-source/worker-0/beta-1.31-1/beta-2018-10-30:/source:ro,Z" "-v" "/mnt/big/crater/work/local/cargo-home:/cargo-home:ro,Z" "-v" "/mnt/big/crater/work/local/rustup-home:/rustup-home:ro,Z" "-e" "USER_ID=1000" "-e" "SOURCE_DIR=/source" "-e" "USER_ID=1000" "-e" "CMD=cargo +beta-2018-10-30 test --frozen --no-run" "-e" "CARGO_TARGET_DIR=/target" "-e" "CARGO_INCREMENTAL=0" "-e" "RUST_BACKTRACE=full" "-e" "RUSTFLAGS=--cap-lints=warn" "-e" "CARGO_HOME=/cargo-home" "-e" "RUSTUP_HOME=/rustup-home" "-m" "1536M" "--network" "none" "crater"`
Nov 01 09:35:12.687 INFO blam! c1dffefedfafa9e658badabfb7a04bb5cb46dca26ef0f41844f73e57bf49f0ac
Nov 01 09:35:12.695 INFO running `"docker" "start" "-a" "c1dffefedfafa9e658badabfb7a04bb5cb46dca26ef0f41844f73e57bf49f0ac"`
Nov 01 09:35:13.787 INFO kablam! usermod: no changes
Nov 01 09:35:13.907 INFO kablam!    Compiling crypto-playground v0.1.0 (/source)
Nov 01 09:35:14.776 INFO kablam! warning: unused variable: `bytes`
Nov 01 09:35:14.777 INFO kablam!  --> src/challenges/break_repeating_key_xor.rs:9:9
Nov 01 09:35:14.778 INFO kablam!   |
Nov 01 09:35:14.779 INFO kablam! 9 |     let bytes = base64::decode(base64);
Nov 01 09:35:14.779 INFO kablam!   |         ^^^^^ help: consider using `_bytes` instead
Nov 01 09:35:14.780 INFO kablam!   |
Nov 01 09:35:14.780 INFO kablam!   = note: #[warn(unused_variables)] on by default
Nov 01 09:35:14.781 INFO kablam! 
Nov 01 09:35:16.268 INFO kablam!     Finished dev [unoptimized + debuginfo] target(s) in 2.45s
Nov 01 09:35:16.282 INFO kablam! su: No module specific data is present
Nov 01 09:35:17.306 INFO running `"docker" "rm" "-f" "c1dffefedfafa9e658badabfb7a04bb5cb46dca26ef0f41844f73e57bf49f0ac"`
Nov 01 09:35:17.571 INFO blam! c1dffefedfafa9e658badabfb7a04bb5cb46dca26ef0f41844f73e57bf49f0ac
Nov 01 09:35:17.574 INFO running `"docker" "create" "-v" "/mnt/big/crater/work/local/target-dirs/beta-1.31-1/worker-0/beta-2018-10-30:/target:rw,Z" "-v" "/mnt/big/crater/work/local/test-source/worker-0/beta-1.31-1/beta-2018-10-30:/source:ro,Z" "-v" "/mnt/big/crater/work/local/cargo-home:/cargo-home:ro,Z" "-v" "/mnt/big/crater/work/local/rustup-home:/rustup-home:ro,Z" "-e" "USER_ID=1000" "-e" "SOURCE_DIR=/source" "-e" "USER_ID=1000" "-e" "CMD=cargo +beta-2018-10-30 test --frozen" "-e" "CARGO_TARGET_DIR=/target" "-e" "CARGO_INCREMENTAL=0" "-e" "RUST_BACKTRACE=full" "-e" "RUSTFLAGS=--cap-lints=warn" "-e" "CARGO_HOME=/cargo-home" "-e" "RUSTUP_HOME=/rustup-home" "-m" "1536M" "--network" "none" "crater"`
Nov 01 09:35:18.456 INFO blam! edf9d6ded82e3e7ed13ca3a901747f96d868a4f5877e9a0501d4667234d98fc7
Nov 01 09:35:18.458 INFO running `"docker" "start" "-a" "edf9d6ded82e3e7ed13ca3a901747f96d868a4f5877e9a0501d4667234d98fc7"`
Nov 01 09:35:19.129 INFO kablam! usermod: no changes
Nov 01 09:35:19.173 INFO kablam!     Finished dev [unoptimized + debuginfo] target(s) in 0.02s
Nov 01 09:35:19.174 INFO kablam!      Running /target/debug/deps/crypto_playground-c2e936a39b0f9416
Nov 01 09:35:19.178 INFO blam! 
Nov 01 09:35:19.178 INFO blam! running 14 tests
Nov 01 09:35:19.184 INFO blam! test analysis::hemming_distance::tests::get_test ... ok
Nov 01 09:35:19.191 INFO blam! test challenges::hex_to_base64::tests::run_test ... ok
Nov 01 09:35:19.191 INFO blam! test challenges::fixed_xor::tests::run_test ... ok
Nov 01 09:35:19.191 INFO blam! test challenges::detect_single_char_xor::tests::run_test ... ok
Nov 01 09:35:19.191 INFO blam! test encoding::xor::tests::encode_fixed_length_test ... ok
Nov 01 09:35:19.193 INFO blam! test encoding::hex::tests::decode_test ... ok
Nov 01 09:35:19.193 INFO blam! test encoding::base64::tests::encode_test ... ok
Nov 01 09:35:19.195 INFO blam! test challenges::single_byte_xor::tests::run_test ... ok
Nov 01 09:35:19.195 INFO blam! test challenges::repeating_key_xor::tests::run_test ... ok
Nov 01 09:35:19.195 INFO blam! test encoding::base64::tests::decode_test ... ok
Nov 01 09:35:19.200 INFO blam! test encoding::xor::tests::encode_single_byte_test ... ok
Nov 01 09:35:19.200 INFO blam! test encoding::xor::tests::encode_repeating_key_test ... ok
Nov 01 09:35:19.200 INFO blam! test encoding::hex::tests::encode_test ... ok
Nov 01 09:35:19.211 INFO kablam! error: test failed, to rerun pass '--bin crypto-playground'
Nov 01 09:35:19.211 INFO blam! test challenges::break_repeating_key_xor::tests::run_test ... FAILED
Nov 01 09:35:19.211 INFO blam! 
Nov 01 09:35:19.211 INFO blam! failures:
Nov 01 09:35:19.211 INFO blam! 
Nov 01 09:35:19.211 INFO blam! ---- challenges::break_repeating_key_xor::tests::run_test stdout ----
Nov 01 09:35:19.211 INFO blam! thread 'challenges::break_repeating_key_xor::tests::run_test' panicked at 'assertion failed: `(left == right)`
Nov 01 09:35:19.211 INFO blam!   left: `"Cooking MC\'s like a pound of bacon"`,
Nov 01 09:35:19.211 INFO blam!  right: `"hello"`', src/challenges/break_repeating_key_xor.rs:28:9
Nov 01 09:35:19.211 INFO blam! stack backtrace:
Nov 01 09:35:19.211 INFO blam!    0:     0x56134f8efdff - std::sys::unix::backtrace::tracing::imp::unwind_backtrace::h3c55afa80a996a32
Nov 01 09:35:19.211 INFO blam!                                at libstd/sys/unix/backtrace/tracing/gcc_s.rs:49
Nov 01 09:35:19.211 INFO blam!    1:     0x56134f8f8e27 - std::sys_common::backtrace::print::hcef907ea7a07cd40
Nov 01 09:35:19.211 INFO blam!                                at libstd/sys_common/backtrace.rs:71
Nov 01 09:35:19.211 INFO blam!                                at libstd/sys_common/backtrace.rs:59
Nov 01 09:35:19.211 INFO blam!    2:     0x56134f8f3b0f - std::panicking::default_hook::{{closure}}::hf541876c65f36ea7
Nov 01 09:35:19.211 INFO blam!                                at libstd/panicking.rs:211
Nov 01 09:35:19.211 INFO blam!    3:     0x56134f8f380e - std::panicking::default_hook::h4ecc06b30ae4459d
Nov 01 09:35:19.211 INFO blam!                                at libstd/panicking.rs:221
Nov 01 09:35:19.211 INFO blam!    4:     0x56134f8f41ee - std::panicking::rust_panic_with_hook::h0cc6d9cc9f34a947
Nov 01 09:35:19.211 INFO blam!                                at libstd/panicking.rs:476
Nov 01 09:35:19.211 INFO blam!    5:     0x56134f8f3d91 - std::panicking::continue_panic_fmt::hc71ad5f01496e320
Nov 01 09:35:19.211 INFO blam!                                at libstd/panicking.rs:390
Nov 01 09:35:19.211 INFO blam!    6:     0x56134f8f3cde - std::panicking::begin_panic_fmt::hdb958223ae20ca60
Nov 01 09:35:19.211 INFO blam!                                at libstd/panicking.rs:345
Nov 01 09:35:19.211 INFO blam!    7:     0x56134f8802da - crypto_playground::challenges::break_repeating_key_xor::tests::run_test::h0cfd9ab896eff0b3
Nov 01 09:35:19.211 INFO blam!                                at src/challenges/break_repeating_key_xor.rs:28
Nov 01 09:35:19.211 INFO blam!    8:     0x56134f87fe19 - crypto_playground::challenges::break_repeating_key_xor::tests::run_test::{{closure}}::hf109bdf75d10d540
Nov 01 09:35:19.211 INFO blam!                                at src/challenges/break_repeating_key_xor.rs:21
Nov 01 09:35:19.211 INFO blam!    9:     0x56134f87917d - core::ops::function::FnOnce::call_once::hbdb8ede7ea15bf59
Nov 01 09:35:19.211 INFO blam!                                at libcore/ops/function.rs:238
Nov 01 09:35:19.211 INFO blam!   10:     0x56134f88cfde - <F as alloc::boxed::FnBox<A>>::call_box::hf32558bd83684b60
Nov 01 09:35:19.211 INFO blam!                                at libtest/lib.rs:1468
Nov 01 09:35:19.211 INFO blam!                                at libcore/ops/function.rs:238
Nov 01 09:35:19.211 INFO blam!                                at liballoc/boxed.rs:672
Nov 01 09:35:19.211 INFO blam!   11:     0x56134f904059 - __rust_maybe_catch_panic
Nov 01 09:35:19.211 INFO blam!                                at libpanic_unwind/lib.rs:102
Nov 01 09:35:19.211 INFO blam!   12:     0x56134f8aec42 - std::sys_common::backtrace::__rust_begin_short_backtrace::h1bb71a7386fd3269
Nov 01 09:35:19.211 INFO blam!                                at libstd/panicking.rs:289
Nov 01 09:35:19.211 INFO blam!                                at libstd/panic.rs:392
Nov 01 09:35:19.211 INFO blam!                                at libtest/lib.rs:1423
Nov 01 09:35:19.211 INFO blam!                                at libstd/sys_common/backtrace.rs:136
Nov 01 09:35:19.211 INFO blam!   13:     0x56134f8af6f4 - std::panicking::try::do_call::h9b94719c3074bb5c
Nov 01 09:35:19.211 INFO blam!                                at libstd/thread/mod.rs:409
Nov 01 09:35:19.211 INFO blam!                                at libstd/panic.rs:313
Nov 01 09:35:19.211 INFO blam!                                at libstd/panicking.rs:310
Nov 01 09:35:19.211 INFO blam!   14:     0x56134f904059 - __rust_maybe_catch_panic
Nov 01 09:35:19.211 INFO blam!                                at libpanic_unwind/lib.rs:102
Nov 01 09:35:19.211 INFO blam!   15:     0x56134f89c91c - <F as alloc::boxed::FnBox<A>>::call_box::hb3bcd66d16fd3e84
Nov 01 09:35:19.211 INFO blam!                                at libstd/panicking.rs:289
Nov 01 09:35:19.211 INFO blam!                                at libstd/panic.rs:392
Nov 01 09:35:19.211 INFO blam!                                at libstd/thread/mod.rs:408
Nov 01 09:35:19.211 INFO blam!                                at liballoc/boxed.rs:672
Nov 01 09:35:19.211 INFO blam!   16:     0x56134f8f1a0d - std::sys_common::thread::start_thread::had0c80d121669d29
Nov 01 09:35:19.211 INFO blam!                                at liballoc/boxed.rs:682
Nov 01 09:35:19.211 INFO blam!                                at libstd/sys_common/thread.rs:24
Nov 01 09:35:19.211 INFO blam!   17:     0x56134f8e7205 - std::sys::unix::thread::Thread::new::thread_start::h4a5b66a70d76f47f
Nov 01 09:35:19.211 INFO blam!                                at libstd/sys/unix/thread.rs:90
Nov 01 09:35:19.212 INFO blam!   18:     0x7fb58b2af6b9 - start_thread
Nov 01 09:35:19.212 INFO blam!   19:     0x7fb58adcf41c - clone
Nov 01 09:35:19.212 INFO blam!   20:                0x0 - <unknown>
Nov 01 09:35:19.212 INFO blam! 
Nov 01 09:35:19.212 INFO blam! 
Nov 01 09:35:19.212 INFO blam! failures:
Nov 01 09:35:19.212 INFO blam!     challenges::break_repeating_key_xor::tests::run_test
Nov 01 09:35:19.212 INFO blam! 
Nov 01 09:35:19.212 INFO blam! test result: FAILED. 13 passed; 1 failed; 0 ignored; 0 measured; 0 filtered out
Nov 01 09:35:19.212 INFO blam! 
Nov 01 09:35:19.212 INFO kablam! su: No module specific data is present
Nov 01 09:35:19.511 INFO running `"docker" "rm" "-f" "edf9d6ded82e3e7ed13ca3a901747f96d868a4f5877e9a0501d4667234d98fc7"`
Nov 01 09:35:19.643 INFO blam! edf9d6ded82e3e7ed13ca3a901747f96d868a4f5877e9a0501d4667234d98fc7
