Nov 01 10:42:10.785 INFO testing egeromin/wellington against beta-2018-10-30 for beta-1.31-1
Nov 01 10:42:10.787 INFO running `"docker" "create" "-v" "/mnt/big/crater/work/local/target-dirs/beta-1.31-1/worker-7/beta-2018-10-30:/target:rw,Z" "-v" "/mnt/big/crater/work/local/test-source/worker-7/beta-1.31-1/beta-2018-10-30:/source:ro,Z" "-v" "/mnt/big/crater/work/local/cargo-home:/cargo-home:ro,Z" "-v" "/mnt/big/crater/work/local/rustup-home:/rustup-home:ro,Z" "-e" "USER_ID=1000" "-e" "SOURCE_DIR=/source" "-e" "USER_ID=1000" "-e" "CMD=cargo +beta-2018-10-30 build --frozen" "-e" "CARGO_TARGET_DIR=/target" "-e" "CARGO_INCREMENTAL=0" "-e" "RUST_BACKTRACE=full" "-e" "RUSTFLAGS=--cap-lints=warn" "-e" "CARGO_HOME=/cargo-home" "-e" "RUSTUP_HOME=/rustup-home" "-m" "1536M" "--network" "none" "crater"`
Nov 01 10:42:11.526 INFO blam! b7d80747ba9d1ba2a3bf7248fa446e789cde54ef2b66395ebbd566b952623523
Nov 01 10:42:11.528 INFO running `"docker" "start" "-a" "b7d80747ba9d1ba2a3bf7248fa446e789cde54ef2b66395ebbd566b952623523"`
Nov 01 10:42:12.602 INFO kablam! usermod: no changes
Nov 01 10:42:12.835 INFO kablam!    Compiling url_serde v0.2.0
Nov 01 10:42:12.835 INFO kablam!    Compiling handlebars v1.0.4
Nov 01 10:42:21.412 INFO kablam!    Compiling wellington v0.0.1 (/source)
Nov 01 10:42:32.212 INFO kablam!     Finished dev [unoptimized + debuginfo] target(s) in 19.58s
Nov 01 10:42:32.222 INFO kablam! su: No module specific data is present
Nov 01 10:42:32.780 INFO running `"docker" "rm" "-f" "b7d80747ba9d1ba2a3bf7248fa446e789cde54ef2b66395ebbd566b952623523"`
Nov 01 10:42:32.891 INFO blam! b7d80747ba9d1ba2a3bf7248fa446e789cde54ef2b66395ebbd566b952623523
Nov 01 10:42:32.893 INFO running `"docker" "create" "-v" "/mnt/big/crater/work/local/target-dirs/beta-1.31-1/worker-7/beta-2018-10-30:/target:rw,Z" "-v" "/mnt/big/crater/work/local/test-source/worker-7/beta-1.31-1/beta-2018-10-30:/source:ro,Z" "-v" "/mnt/big/crater/work/local/cargo-home:/cargo-home:ro,Z" "-v" "/mnt/big/crater/work/local/rustup-home:/rustup-home:ro,Z" "-e" "USER_ID=1000" "-e" "SOURCE_DIR=/source" "-e" "USER_ID=1000" "-e" "CMD=cargo +beta-2018-10-30 test --frozen --no-run" "-e" "CARGO_TARGET_DIR=/target" "-e" "CARGO_INCREMENTAL=0" "-e" "RUST_BACKTRACE=full" "-e" "RUSTFLAGS=--cap-lints=warn" "-e" "CARGO_HOME=/cargo-home" "-e" "RUSTUP_HOME=/rustup-home" "-m" "1536M" "--network" "none" "crater"`
Nov 01 10:42:33.112 INFO blam! e257e5b4e6fce28523bed29a63f366ce1f7cdc53ed10fc4a29d1ba6919ec6835
Nov 01 10:42:33.114 INFO running `"docker" "start" "-a" "e257e5b4e6fce28523bed29a63f366ce1f7cdc53ed10fc4a29d1ba6919ec6835"`
Nov 01 10:42:33.819 INFO kablam! usermod: no changes
Nov 01 10:42:33.917 INFO kablam!    Compiling wellington v0.0.1 (/source)
Nov 01 10:42:39.183 INFO kablam!     Finished dev [unoptimized + debuginfo] target(s) in 5.34s
Nov 01 10:42:39.189 INFO kablam! su: No module specific data is present
Nov 01 10:42:39.529 INFO running `"docker" "rm" "-f" "e257e5b4e6fce28523bed29a63f366ce1f7cdc53ed10fc4a29d1ba6919ec6835"`
Nov 01 10:42:39.666 INFO blam! e257e5b4e6fce28523bed29a63f366ce1f7cdc53ed10fc4a29d1ba6919ec6835
Nov 01 10:42:39.670 INFO running `"docker" "create" "-v" "/mnt/big/crater/work/local/target-dirs/beta-1.31-1/worker-7/beta-2018-10-30:/target:rw,Z" "-v" "/mnt/big/crater/work/local/test-source/worker-7/beta-1.31-1/beta-2018-10-30:/source:ro,Z" "-v" "/mnt/big/crater/work/local/cargo-home:/cargo-home:ro,Z" "-v" "/mnt/big/crater/work/local/rustup-home:/rustup-home:ro,Z" "-e" "USER_ID=1000" "-e" "SOURCE_DIR=/source" "-e" "USER_ID=1000" "-e" "CMD=cargo +beta-2018-10-30 test --frozen" "-e" "CARGO_TARGET_DIR=/target" "-e" "CARGO_INCREMENTAL=0" "-e" "RUST_BACKTRACE=full" "-e" "RUSTFLAGS=--cap-lints=warn" "-e" "CARGO_HOME=/cargo-home" "-e" "RUSTUP_HOME=/rustup-home" "-m" "1536M" "--network" "none" "crater"`
Nov 01 10:42:39.861 INFO blam! b5299b2ae1107c9e5298db7b6f3e15f7df2b62136d21549dbdb3bbee8589ab1d
Nov 01 10:42:39.862 INFO running `"docker" "start" "-a" "b5299b2ae1107c9e5298db7b6f3e15f7df2b62136d21549dbdb3bbee8589ab1d"`
Nov 01 10:42:40.295 INFO kablam! usermod: no changes
Nov 01 10:42:40.404 INFO kablam!     Finished dev [unoptimized + debuginfo] target(s) in 0.08s
Nov 01 10:42:40.409 INFO kablam!      Running /target/debug/deps/wellington-5b7464e5732267c0
Nov 01 10:42:40.413 INFO blam! 
Nov 01 10:42:40.413 INFO blam! running 19 tests
Nov 01 10:42:40.415 INFO blam! test parser::tests::can_rewrite_links ... ok
Nov 01 10:42:40.415 INFO blam! test parser::tests::check_nested_sidenote_code ... ok
Nov 01 10:42:40.419 INFO blam! test parser::tests::check_fail_nested_code_sidenote ... ok
Nov 01 10:42:40.420 INFO blam! test sidenotes::tests::can_get_first_sidenote ... ok
Nov 01 10:42:40.423 INFO blam! test parser::tests::check_catch_sidenote_errors ... ok
Nov 01 10:42:40.423 INFO blam! test parser::tests::check_multi_line_sidenotes ... ok
Nov 01 10:42:40.424 INFO blam! test parser::tests::can_parse_image ... ok
Nov 01 10:42:40.431 INFO blam! test parser::tests::can_get_title ... ok
Nov 01 10:42:40.431 INFO blam! test parser::tests::check_absolute_links ... ok
Nov 01 10:42:40.431 INFO blam! test toc::tests::can_compute_input_output_filename ... ok
Nov 01 10:42:40.433 INFO blam! test sidenotes::tests::can_use_regex ... ok
Nov 01 10:42:40.435 INFO blam! test parser::tests::check_to_markdown ... ok
Nov 01 10:42:40.440 INFO blam! test sidenotes::tests::can_parse_remaining ... ok
Nov 01 10:42:40.441 INFO blam! test rss::test::can_set ... ok
Nov 01 10:42:40.465 INFO blam! test templates::tests::make_without_error ... ok
Nov 01 10:42:40.469 INFO blam! test toc::tests::can_update ... ok
Nov 01 10:42:40.471 INFO blam! test toc::tests::render_index ... ok
Nov 01 10:42:40.481 INFO blam! test toc::tests::write_read_index ... ok
Nov 01 10:42:40.509 INFO blam! test toc::tests::can_list_dirs ... FAILED
Nov 01 10:42:40.509 INFO blam! 
Nov 01 10:42:40.509 INFO blam! failures:
Nov 01 10:42:40.509 INFO blam! 
Nov 01 10:42:40.509 INFO blam! ---- toc::tests::can_list_dirs stdout ----
Nov 01 10:42:40.509 INFO blam! thread 'toc::tests::can_list_dirs' panicked at 'assertion failed: `(left == right)`
Nov 01 10:42:40.509 INFO blam!   left: `["krasnoyarsk", "yekaterinburg", "irkutsk"]`,
Nov 01 10:42:40.509 INFO blam!  right: `["irkutsk", "krasnoyarsk", "yekaterinburg"]`', src/toc.rs:569:9
Nov 01 10:42:40.509 INFO blam! stack backtrace:
Nov 01 10:42:40.509 INFO blam!    0:     0x56312db87caf - std::sys::unix::backtrace::tracing::imp::unwind_backtrace::h3c55afa80a996a32
Nov 01 10:42:40.509 INFO blam!                                at libstd/sys/unix/backtrace/tracing/gcc_s.rs:49
Nov 01 10:42:40.509 INFO blam!    1:     0x56312db90dc7 - std::sys_common::backtrace::print::hcef907ea7a07cd40
Nov 01 10:42:40.509 INFO blam!                                at libstd/sys_common/backtrace.rs:71
Nov 01 10:42:40.509 INFO blam!                                at libstd/sys_common/backtrace.rs:59
Nov 01 10:42:40.509 INFO blam!    2:     0x56312db8b9df - std::panicking::default_hook::{{closure}}::hf541876c65f36ea7
Nov 01 10:42:40.509 INFO blam!                                at libstd/panicking.rs:211
Nov 01 10:42:40.509 INFO blam!    3:     0x56312db8b6de - std::panicking::default_hook::h4ecc06b30ae4459d
Nov 01 10:42:40.510 INFO blam!                                at libstd/panicking.rs:221
Nov 01 10:42:40.510 INFO blam!    4:     0x56312db8c0be - std::panicking::rust_panic_with_hook::h0cc6d9cc9f34a947
Nov 01 10:42:40.510 INFO blam!                                at libstd/panicking.rs:476
Nov 01 10:42:40.510 INFO blam!    5:     0x56312db8bc61 - std::panicking::continue_panic_fmt::hc71ad5f01496e320
Nov 01 10:42:40.510 INFO blam!                                at libstd/panicking.rs:390
Nov 01 10:42:40.510 INFO blam!    6:     0x56312db8bbae - std::panicking::begin_panic_fmt::hdb958223ae20ca60
Nov 01 10:42:40.510 INFO blam!                                at libstd/panicking.rs:345
Nov 01 10:42:40.510 INFO blam!    7:     0x56312d68b559 - wellington::toc::tests::can_list_dirs::ha5aa155fecf49cf3
Nov 01 10:42:40.510 INFO blam!                                at src/toc.rs:569
Nov 01 10:42:40.510 INFO blam!    8:     0x56312d68b279 - wellington::toc::tests::can_list_dirs::{{closure}}::hc3121436ea6d140b
Nov 01 10:42:40.510 INFO blam!                                at src/toc.rs:558
Nov 01 10:42:40.510 INFO blam!    9:     0x56312d6444cd - core::ops::function::FnOnce::call_once::h56842b0fde1afb4e
Nov 01 10:42:40.510 INFO blam!                                at libcore/ops/function.rs:238
Nov 01 10:42:40.510 INFO blam!   10:     0x56312d68f62e - <F as alloc::boxed::FnBox<A>>::call_box::hf32558bd83684b60
Nov 01 10:42:40.510 INFO blam!                                at libtest/lib.rs:1468
Nov 01 10:42:40.510 INFO blam!                                at libcore/ops/function.rs:238
Nov 01 10:42:40.510 INFO blam!                                at liballoc/boxed.rs:672
Nov 01 10:42:40.510 INFO blam!   11:     0x56312db9bff9 - __rust_maybe_catch_panic
Nov 01 10:42:40.510 INFO blam!                                at libpanic_unwind/lib.rs:102
Nov 01 10:42:40.510 INFO blam!   12:     0x56312d6b1292 - std::sys_common::backtrace::__rust_begin_short_backtrace::h1bb71a7386fd3269
Nov 01 10:42:40.510 INFO blam!                                at libstd/panicking.rs:289
Nov 01 10:42:40.510 INFO blam!                                at libstd/panic.rs:392
Nov 01 10:42:40.510 INFO blam!                                at libtest/lib.rs:1423
Nov 01 10:42:40.510 INFO blam!                                at libstd/sys_common/backtrace.rs:136
Nov 01 10:42:40.510 INFO blam!   13:     0x56312d6b1d44 - std::panicking::try::do_call::h9b94719c3074bb5c
Nov 01 10:42:40.510 INFO blam!                                at libstd/thread/mod.rs:409
Nov 01 10:42:40.510 INFO blam!                                at libstd/panic.rs:313
Nov 01 10:42:40.510 INFO blam!                                at libstd/panicking.rs:310
Nov 01 10:42:40.510 INFO blam!   14:     0x56312db9bff9 - __rust_maybe_catch_panic
Nov 01 10:42:40.510 INFO blam!                                at libpanic_unwind/lib.rs:102
Nov 01 10:42:40.510 INFO blam!   15:     0x56312d69ef6c - <F as alloc::boxed::FnBox<A>>::call_box::hb3bcd66d16fd3e84
Nov 01 10:42:40.510 INFO blam!                                at libstd/panicking.rs:289
Nov 01 10:42:40.510 INFO blam!                                at libstd/panic.rs:392
Nov 01 10:42:40.510 INFO blam!                                at libstd/thread/mod.rs:408
Nov 01 10:42:40.510 INFO blam!                                at liballoc/boxed.rs:672
Nov 01 10:42:40.510 INFO blam!   16:     0x56312db898dd - std::sys_common::thread::start_thread::had0c80d121669d29
Nov 01 10:42:40.510 INFO blam!                                at liballoc/boxed.rs:682
Nov 01 10:42:40.510 INFO blam!                                at libstd/sys_common/thread.rs:24
Nov 01 10:42:40.510 INFO blam!   17:     0x56312db7dd65 - std::sys::unix::thread::Thread::new::thread_start::h4a5b66a70d76f47f
Nov 01 10:42:40.510 INFO blam!                                at libstd/sys/unix/thread.rs:90
Nov 01 10:42:40.510 INFO blam!   18:     0x7f1d3e7ff6b9 - start_thread
Nov 01 10:42:40.510 INFO blam!   19:     0x7f1d3e31f41c - clone
Nov 01 10:42:40.510 INFO blam!   20:                0x0 - <unknown>
Nov 01 10:42:40.510 INFO blam! 
Nov 01 10:42:40.510 INFO blam! 
Nov 01 10:42:40.510 INFO blam! failures:
Nov 01 10:42:40.510 INFO blam!     toc::tests::can_list_dirs
Nov 01 10:42:40.510 INFO blam! 
Nov 01 10:42:40.510 INFO blam! test result: FAILED. 18 passed; 1 failed; 0 ignored; 0 measured; 0 filtered out
Nov 01 10:42:40.510 INFO blam! 
Nov 01 10:42:40.519 INFO kablam! error: test failed, to rerun pass '--lib'
Nov 01 10:42:40.519 INFO kablam! su: No module specific data is present
Nov 01 10:42:40.843 INFO running `"docker" "rm" "-f" "b5299b2ae1107c9e5298db7b6f3e15f7df2b62136d21549dbdb3bbee8589ab1d"`
Nov 01 10:42:40.945 INFO blam! b5299b2ae1107c9e5298db7b6f3e15f7df2b62136d21549dbdb3bbee8589ab1d
