Nov 01 11:53:00.665 INFO testing dbr/rstvnamer against beta-2018-10-30 for beta-1.31-1
Nov 01 11:53:00.666 INFO running `"docker" "create" "-v" "/mnt/big/crater/work/local/target-dirs/beta-1.31-1/worker-2/beta-2018-10-30:/target:rw,Z" "-v" "/mnt/big/crater/work/local/test-source/worker-2/beta-1.31-1/beta-2018-10-30:/source:ro,Z" "-v" "/mnt/big/crater/work/local/cargo-home:/cargo-home:ro,Z" "-v" "/mnt/big/crater/work/local/rustup-home:/rustup-home:ro,Z" "-e" "USER_ID=1000" "-e" "SOURCE_DIR=/source" "-e" "USER_ID=1000" "-e" "CMD=cargo +beta-2018-10-30 build --frozen" "-e" "CARGO_TARGET_DIR=/target" "-e" "CARGO_INCREMENTAL=0" "-e" "RUST_BACKTRACE=full" "-e" "RUSTFLAGS=--cap-lints=warn" "-e" "CARGO_HOME=/cargo-home" "-e" "RUSTUP_HOME=/rustup-home" "-m" "1536M" "--network" "none" "crater"`
Nov 01 11:53:01.260 INFO blam! 3c7d8f07007288e107853727c897dfd0eda5a08d89469eb1fea51287e6ce78f0
Nov 01 11:53:01.263 INFO running `"docker" "start" "-a" "3c7d8f07007288e107853727c897dfd0eda5a08d89469eb1fea51287e6ce78f0"`
Nov 01 11:53:03.155 INFO kablam! usermod: no changes
Nov 01 11:53:03.668 INFO kablam!    Compiling symlink v0.1.0
Nov 01 11:53:03.683 INFO kablam!    Compiling log v0.4.5
Nov 01 11:53:03.684 INFO kablam!    Compiling tokio-service v0.1.0
Nov 01 11:53:03.684 INFO kablam!    Compiling relay v0.1.1
Nov 01 11:53:03.756 INFO kablam!    Compiling uuid v0.6.5
Nov 01 11:53:03.759 INFO kablam!    Compiling syn v0.15.14
Nov 01 11:53:06.520 INFO kablam!    Compiling mio v0.6.16
Nov 01 11:53:06.520 INFO kablam!    Compiling tokio-io v0.1.10
Nov 01 11:53:06.520 INFO kablam!    Compiling tokio-threadpool v0.1.8
Nov 01 11:53:06.520 INFO kablam!    Compiling want v0.0.4
Nov 01 11:53:06.520 INFO kablam!    Compiling env_logger v0.5.13
Nov 01 11:53:14.957 INFO kablam!    Compiling tokio-codec v0.1.1
Nov 01 11:53:18.864 INFO kablam!    Compiling mio-uds v0.6.7
Nov 01 11:53:18.866 INFO kablam!    Compiling tokio-reactor v0.1.6
Nov 01 11:53:20.427 INFO kablam!    Compiling tokio-fs v0.1.4
Nov 01 11:53:25.439 INFO kablam!    Compiling tokio-uds v0.2.3
Nov 01 11:53:25.439 INFO kablam!    Compiling tokio-tcp v0.1.2
Nov 01 11:53:25.447 INFO kablam!    Compiling tokio-udp v0.1.2
Nov 01 11:53:30.959 INFO kablam!    Compiling tokio v0.1.11
Nov 01 11:53:38.195 INFO kablam!    Compiling synstructure v0.10.0
Nov 01 11:53:38.195 INFO kablam!    Compiling serde_derive v1.0.80
Nov 01 11:53:40.065 INFO kablam!    Compiling tokio-core v0.1.17
Nov 01 11:53:47.467 INFO kablam!    Compiling hyper v0.11.27
Nov 01 11:53:47.471 INFO kablam!    Compiling tokio-tls v0.1.4
Nov 01 11:53:47.601 INFO kablam!    Compiling failure_derive v0.1.3
Nov 01 11:53:53.910 INFO kablam!    Compiling failure v0.1.3
Nov 01 11:54:05.849 INFO kablam!    Compiling hyper-tls v0.1.4
Nov 01 11:54:08.619 INFO kablam!    Compiling reqwest v0.8.8
Nov 01 11:54:16.767 INFO kablam!    Compiling tvdb v0.5.0
Nov 01 11:54:21.803 INFO kablam!    Compiling rstvnamer v0.1.0 (/source)
Nov 01 11:54:26.160 INFO kablam! warning: unused import: `Date`
Nov 01 11:54:26.160 INFO kablam!  --> src/populate.rs:2:58
Nov 01 11:54:26.160 INFO kablam!   |
Nov 01 11:54:26.160 INFO kablam! 2 | use super::parsing::{DateBased, ParsedFile, SeasonBased, Date};
Nov 01 11:54:26.160 INFO kablam!   |                                                          ^^^^
Nov 01 11:54:26.160 INFO kablam!   |
Nov 01 11:54:26.160 INFO kablam!   = note: #[warn(unused_imports)] on by default
Nov 01 11:54:26.160 INFO kablam! 
Nov 01 11:54:26.333 INFO kablam! warning: unused variable: `file`
Nov 01 11:54:26.333 INFO kablam!   --> src/populate.rs:54:24
Nov 01 11:54:26.333 INFO kablam!    |
Nov 01 11:54:26.333 INFO kablam! 54 | fn _populate_datebased(file: &DateBased) -> TvnamerResult<PopulatedFile> {
Nov 01 11:54:26.333 INFO kablam!    |                        ^^^^ help: consider using `_file` instead
Nov 01 11:54:26.333 INFO kablam!    |
Nov 01 11:54:26.333 INFO kablam!    = note: #[warn(unused_variables)] on by default
Nov 01 11:54:26.333 INFO kablam! 
Nov 01 11:54:26.386 INFO kablam! warning: struct is never constructed: `ParsedConfig`
Nov 01 11:54:26.386 INFO kablam!  --> src/config.rs:5:1
Nov 01 11:54:26.386 INFO kablam!   |
Nov 01 11:54:26.386 INFO kablam! 5 | struct ParsedConfig {
Nov 01 11:54:26.386 INFO kablam!   | ^^^^^^^^^^^^^^^^^^^
Nov 01 11:54:26.386 INFO kablam!   |
Nov 01 11:54:26.386 INFO kablam!   = note: #[warn(dead_code)] on by default
Nov 01 11:54:26.386 INFO kablam! 
Nov 01 11:54:37.275 INFO kablam!     Finished dev [unoptimized + debuginfo] target(s) in 1m 34s
Nov 01 11:54:37.290 INFO kablam! su: No module specific data is present
Nov 01 11:54:38.422 INFO running `"docker" "rm" "-f" "3c7d8f07007288e107853727c897dfd0eda5a08d89469eb1fea51287e6ce78f0"`
Nov 01 11:54:38.651 INFO blam! 3c7d8f07007288e107853727c897dfd0eda5a08d89469eb1fea51287e6ce78f0
Nov 01 11:54:38.654 INFO running `"docker" "create" "-v" "/mnt/big/crater/work/local/target-dirs/beta-1.31-1/worker-2/beta-2018-10-30:/target:rw,Z" "-v" "/mnt/big/crater/work/local/test-source/worker-2/beta-1.31-1/beta-2018-10-30:/source:ro,Z" "-v" "/mnt/big/crater/work/local/cargo-home:/cargo-home:ro,Z" "-v" "/mnt/big/crater/work/local/rustup-home:/rustup-home:ro,Z" "-e" "USER_ID=1000" "-e" "SOURCE_DIR=/source" "-e" "USER_ID=1000" "-e" "CMD=cargo +beta-2018-10-30 test --frozen --no-run" "-e" "CARGO_TARGET_DIR=/target" "-e" "CARGO_INCREMENTAL=0" "-e" "RUST_BACKTRACE=full" "-e" "RUSTFLAGS=--cap-lints=warn" "-e" "CARGO_HOME=/cargo-home" "-e" "RUSTUP_HOME=/rustup-home" "-m" "1536M" "--network" "none" "crater"`
Nov 01 11:54:39.043 INFO blam! dcdf9fca4306698ccdc8f58ece51d85ac2ba76f516de9164824a6ad2d38e59bb
Nov 01 11:54:39.043 INFO running `"docker" "start" "-a" "dcdf9fca4306698ccdc8f58ece51d85ac2ba76f516de9164824a6ad2d38e59bb"`
Nov 01 11:54:39.701 INFO kablam! usermod: no changes
Nov 01 11:54:39.938 INFO kablam!    Compiling rstvnamer v0.1.0 (/source)
Nov 01 11:54:44.176 INFO kablam! warning: unused import: `Date`
Nov 01 11:54:44.176 INFO kablam!  --> src/populate.rs:2:58
Nov 01 11:54:44.176 INFO kablam!   |
Nov 01 11:54:44.176 INFO kablam! 2 | use super::parsing::{DateBased, ParsedFile, SeasonBased, Date};
Nov 01 11:54:44.176 INFO kablam!   |                                                          ^^^^
Nov 01 11:54:44.176 INFO kablam!   |
Nov 01 11:54:44.176 INFO kablam!   = note: #[warn(unused_imports)] on by default
Nov 01 11:54:44.176 INFO kablam! 
Nov 01 11:54:44.338 INFO kablam! warning: unused variable: `file`
Nov 01 11:54:44.338 INFO kablam!   --> src/populate.rs:54:24
Nov 01 11:54:44.338 INFO kablam!    |
Nov 01 11:54:44.338 INFO kablam! 54 | fn _populate_datebased(file: &DateBased) -> TvnamerResult<PopulatedFile> {
Nov 01 11:54:44.338 INFO kablam!    |                        ^^^^ help: consider using `_file` instead
Nov 01 11:54:44.338 INFO kablam!    |
Nov 01 11:54:44.338 INFO kablam!    = note: #[warn(unused_variables)] on by default
Nov 01 11:54:44.338 INFO kablam! 
Nov 01 11:54:44.400 INFO kablam! warning: struct is never constructed: `ParsedConfig`
Nov 01 11:54:44.400 INFO kablam!  --> src/config.rs:5:1
Nov 01 11:54:44.400 INFO kablam!   |
Nov 01 11:54:44.401 INFO kablam! 5 | struct ParsedConfig {
Nov 01 11:54:44.401 INFO kablam!   | ^^^^^^^^^^^^^^^^^^^
Nov 01 11:54:44.401 INFO kablam!   |
Nov 01 11:54:44.401 INFO kablam!   = note: #[warn(dead_code)] on by default
Nov 01 11:54:44.402 INFO kablam! 
Nov 01 11:54:44.587 INFO kablam! warning: unused imports: `App`, `Arg`
Nov 01 11:54:44.588 INFO kablam!   --> src/main.rs:10:12
Nov 01 11:54:44.588 INFO kablam!    |
Nov 01 11:54:44.588 INFO kablam! 10 | use clap::{Arg, App};
Nov 01 11:54:44.588 INFO kablam!    |            ^^^  ^^^
Nov 01 11:54:44.590 INFO kablam!    |
Nov 01 11:54:44.590 INFO kablam!    = note: #[warn(unused_imports)] on by default
Nov 01 11:54:44.590 INFO kablam! 
Nov 01 11:54:44.698 INFO kablam! warning: function is never used: `process_one`
Nov 01 11:54:44.699 INFO kablam!   --> src/main.rs:13:1
Nov 01 11:54:44.699 INFO kablam!    |
Nov 01 11:54:44.699 INFO kablam! 13 | fn process_one(path: &Path) -> TvnamerResult<PathBuf> {
Nov 01 11:54:44.699 INFO kablam!    | ^^^^^^^^^^^^^^^^^^^^^^^^^^^^^^^^^^^^^^^^^^^^^^^^^^^^^
Nov 01 11:54:44.699 INFO kablam!    |
Nov 01 11:54:44.699 INFO kablam!    = note: #[warn(dead_code)] on by default
Nov 01 11:54:44.699 INFO kablam! 
Nov 01 11:54:49.717 INFO kablam!     Finished dev [unoptimized + debuginfo] target(s) in 9.99s
Nov 01 11:54:49.745 INFO kablam! su: No module specific data is present
Nov 01 11:54:50.556 INFO running `"docker" "rm" "-f" "dcdf9fca4306698ccdc8f58ece51d85ac2ba76f516de9164824a6ad2d38e59bb"`
Nov 01 11:54:50.837 INFO blam! dcdf9fca4306698ccdc8f58ece51d85ac2ba76f516de9164824a6ad2d38e59bb
Nov 01 11:54:50.851 INFO running `"docker" "create" "-v" "/mnt/big/crater/work/local/target-dirs/beta-1.31-1/worker-2/beta-2018-10-30:/target:rw,Z" "-v" "/mnt/big/crater/work/local/test-source/worker-2/beta-1.31-1/beta-2018-10-30:/source:ro,Z" "-v" "/mnt/big/crater/work/local/cargo-home:/cargo-home:ro,Z" "-v" "/mnt/big/crater/work/local/rustup-home:/rustup-home:ro,Z" "-e" "USER_ID=1000" "-e" "SOURCE_DIR=/source" "-e" "USER_ID=1000" "-e" "CMD=cargo +beta-2018-10-30 test --frozen" "-e" "CARGO_TARGET_DIR=/target" "-e" "CARGO_INCREMENTAL=0" "-e" "RUST_BACKTRACE=full" "-e" "RUSTFLAGS=--cap-lints=warn" "-e" "CARGO_HOME=/cargo-home" "-e" "RUSTUP_HOME=/rustup-home" "-m" "1536M" "--network" "none" "crater"`
Nov 01 11:54:51.324 INFO blam! 0e0391ae11c3c959d574d234082613ca6d5339c26b72bce135ce6d1d0b1f5d6d
Nov 01 11:54:51.327 INFO running `"docker" "start" "-a" "0e0391ae11c3c959d574d234082613ca6d5339c26b72bce135ce6d1d0b1f5d6d"`
Nov 01 11:54:53.228 INFO kablam! usermod: no changes
Nov 01 11:54:53.566 INFO kablam!     Finished dev [unoptimized + debuginfo] target(s) in 0.30s
Nov 01 11:54:53.583 INFO kablam!      Running /target/debug/deps/rstvnamer-90b7e6ba19e65752
Nov 01 11:54:53.592 INFO blam! 
Nov 01 11:54:53.592 INFO blam! running 0 tests
Nov 01 11:54:53.592 INFO kablam!      Running /target/debug/deps/tvnamer-e07b5de35908135c
Nov 01 11:54:53.592 INFO blam! 
Nov 01 11:54:53.592 INFO blam! test result: ok. 0 passed; 0 failed; 0 ignored; 0 measured; 0 filtered out
Nov 01 11:54:53.593 INFO blam! 
Nov 01 11:54:53.596 INFO blam! 
Nov 01 11:54:53.596 INFO blam! running 0 tests
Nov 01 11:54:53.596 INFO blam! 
Nov 01 11:54:53.597 INFO blam! test result: ok. 0 passed; 0 failed; 0 ignored; 0 measured; 0 filtered out
Nov 01 11:54:53.597 INFO blam! 
Nov 01 11:54:53.598 INFO kablam!      Running /target/debug/deps/parsing-b396ccef35c9eb69
Nov 01 11:54:53.604 INFO blam! 
Nov 01 11:54:53.604 INFO blam! running 1 test
Nov 01 11:54:53.717 INFO blam! test test_parsing ... ok
Nov 01 11:54:53.717 INFO blam! 
Nov 01 11:54:53.717 INFO blam! test result: ok. 1 passed; 0 failed; 0 ignored; 0 measured; 0 filtered out
Nov 01 11:54:53.717 INFO blam! 
Nov 01 11:54:53.718 INFO kablam!      Running /target/debug/deps/test_populating-4ec414d6aa9f421d
Nov 01 11:54:53.727 INFO blam! 
Nov 01 11:54:53.727 INFO blam! running 2 tests
Nov 01 11:54:53.839 INFO blam! test test_not_found ... ok
Nov 01 11:54:54.127 INFO blam! test test_good ... FAILED
Nov 01 11:54:54.127 INFO kablam! error: test failed, to rerun pass '--test test_populating'
Nov 01 11:54:54.127 INFO blam! 
Nov 01 11:54:54.127 INFO blam! failures:
Nov 01 11:54:54.127 INFO blam! 
Nov 01 11:54:54.127 INFO blam! ---- test_good stdout ----
Nov 01 11:54:54.127 INFO blam! thread 'test_good' panicked at 'Failed to populate: TvdbError { original: CommunicationError { reason: "https://api.thetvdb.com/login: failed to lookup address information: Temporary failure in name resolution" } }', libcore/result.rs:1009:5
Nov 01 11:54:54.127 INFO blam! stack backtrace:
Nov 01 11:54:54.127 INFO blam!    0:     0x562a5331d82f - std::sys::unix::backtrace::tracing::imp::unwind_backtrace::h3c55afa80a996a32
Nov 01 11:54:54.127 INFO blam!                                at libstd/sys/unix/backtrace/tracing/gcc_s.rs:49
Nov 01 11:54:54.127 INFO blam!    1:     0x562a533270b7 - std::sys_common::backtrace::print::hcef907ea7a07cd40
Nov 01 11:54:54.127 INFO blam!                                at libstd/sys_common/backtrace.rs:71
Nov 01 11:54:54.127 INFO blam!                                at libstd/sys_common/backtrace.rs:59
Nov 01 11:54:54.127 INFO blam!    2:     0x562a53321b8f - std::panicking::default_hook::{{closure}}::hf541876c65f36ea7
Nov 01 11:54:54.127 INFO blam!                                at libstd/panicking.rs:211
Nov 01 11:54:54.127 INFO blam!    3:     0x562a5332188e - std::panicking::default_hook::h4ecc06b30ae4459d
Nov 01 11:54:54.127 INFO blam!                                at libstd/panicking.rs:221
Nov 01 11:54:54.127 INFO blam!    4:     0x562a5332226e - std::panicking::rust_panic_with_hook::h0cc6d9cc9f34a947
Nov 01 11:54:54.127 INFO blam!                                at libstd/panicking.rs:476
Nov 01 11:54:54.127 INFO blam!    5:     0x562a53321e11 - std::panicking::continue_panic_fmt::hc71ad5f01496e320
Nov 01 11:54:54.127 INFO blam!                                at libstd/panicking.rs:390
Nov 01 11:54:54.127 INFO blam!    6:     0x562a53321cf5 - rust_begin_unwind
Nov 01 11:54:54.127 INFO blam!                                at libstd/panicking.rs:325
Nov 01 11:54:54.127 INFO blam!    7:     0x562a5336620c - core::panicking::panic_fmt::ha71638b7d4f53c35
Nov 01 11:54:54.127 INFO blam!                                at libcore/panicking.rs:77
Nov 01 11:54:54.127 INFO blam!    8:     0x562a52cba4cb - core::result::unwrap_failed::hbb048a9db1f90fb0
Nov 01 11:54:54.127 INFO blam!                                at libcore/macros.rs:26
Nov 01 11:54:54.127 INFO blam!    9:     0x562a52cba2ff - <core::result::Result<T, E>>::expect::hd7902311f7375a1a
Nov 01 11:54:54.127 INFO blam!                                at libcore/result.rs:835
Nov 01 11:54:54.127 INFO blam!   10:     0x562a52cbaf39 - test_populating::test_good::h1e040b845ec0261b
Nov 01 11:54:54.127 INFO blam!                                at tests/test_populating.rs:8
Nov 01 11:54:54.127 INFO blam!   11:     0x562a52cbae39 - test_populating::test_good::{{closure}}::h56e4f62ad360d788
Nov 01 11:54:54.127 INFO blam!                                at tests/test_populating.rs:5
Nov 01 11:54:54.127 INFO blam!   12:     0x562a52cba57d - core::ops::function::FnOnce::call_once::h7fc1ddaf6149c05d
Nov 01 11:54:54.127 INFO blam!                                at libcore/ops/function.rs:238
Nov 01 11:54:54.127 INFO blam!   13:     0x562a52cbd4de - <F as alloc::boxed::FnBox<A>>::call_box::hf32558bd83684b60
Nov 01 11:54:54.127 INFO blam!                                at libtest/lib.rs:1468
Nov 01 11:54:54.127 INFO blam!                                at libcore/ops/function.rs:238
Nov 01 11:54:54.127 INFO blam!                                at liballoc/boxed.rs:672
Nov 01 11:54:54.127 INFO blam!   14:     0x562a533322e9 - __rust_maybe_catch_panic
Nov 01 11:54:54.127 INFO blam!                                at libpanic_unwind/lib.rs:102
Nov 01 11:54:54.127 INFO blam!   15:     0x562a52cdf142 - std::sys_common::backtrace::__rust_begin_short_backtrace::h1bb71a7386fd3269
Nov 01 11:54:54.127 INFO blam!                                at libstd/panicking.rs:289
Nov 01 11:54:54.127 INFO blam!                                at libstd/panic.rs:392
Nov 01 11:54:54.127 INFO blam!                                at libtest/lib.rs:1423
Nov 01 11:54:54.127 INFO blam!                                at libstd/sys_common/backtrace.rs:136
Nov 01 11:54:54.127 INFO blam!   16:     0x562a52cdfbf4 - std::panicking::try::do_call::h9b94719c3074bb5c
Nov 01 11:54:54.127 INFO blam!                                at libstd/thread/mod.rs:409
Nov 01 11:54:54.127 INFO blam!                                at libstd/panic.rs:313
Nov 01 11:54:54.127 INFO blam!                                at libstd/panicking.rs:310
Nov 01 11:54:54.127 INFO blam!   17:     0x562a533322e9 - __rust_maybe_catch_panic
Nov 01 11:54:54.127 INFO blam!                                at libpanic_unwind/lib.rs:102
Nov 01 11:54:54.127 INFO blam!   18:     0x562a52ccce1c - <F as alloc::boxed::FnBox<A>>::call_box::hb3bcd66d16fd3e84
Nov 01 11:54:54.127 INFO blam!                                at libstd/panicking.rs:289
Nov 01 11:54:54.127 INFO blam!                                at libstd/panic.rs:392
Nov 01 11:54:54.127 INFO blam!                                at libstd/thread/mod.rs:408
Nov 01 11:54:54.127 INFO blam!                                at liballoc/boxed.rs:672
Nov 01 11:54:54.127 INFO blam!   19:     0x562a5331f88d - std::sys_common::thread::start_thread::had0c80d121669d29
Nov 01 11:54:54.127 INFO blam!                                at liballoc/boxed.rs:682
Nov 01 11:54:54.127 INFO blam!                                at libstd/sys_common/thread.rs:24
Nov 01 11:54:54.127 INFO blam!   20:     0x562a53311e75 - std::sys::unix::thread::Thread::new::thread_start::h4a5b66a70d76f47f
Nov 01 11:54:54.127 INFO blam!                                at libstd/sys/unix/thread.rs:90
Nov 01 11:54:54.127 INFO blam!   21:     0x7f8a0ec506b9 - start_thread
Nov 01 11:54:54.127 INFO blam!   22:     0x7f8a0e77041c - clone
Nov 01 11:54:54.127 INFO blam!   23:                0x0 - <unknown>
Nov 01 11:54:54.127 INFO blam! 
Nov 01 11:54:54.127 INFO blam! 
Nov 01 11:54:54.127 INFO blam! failures:
Nov 01 11:54:54.128 INFO blam!     test_good
Nov 01 11:54:54.128 INFO blam! 
Nov 01 11:54:54.128 INFO blam! test result: FAILED. 1 passed; 1 failed; 0 ignored; 0 measured; 0 filtered out
Nov 01 11:54:54.128 INFO blam! 
Nov 01 11:54:54.131 INFO kablam! su: No module specific data is present
Nov 01 11:54:55.141 INFO running `"docker" "rm" "-f" "0e0391ae11c3c959d574d234082613ca6d5339c26b72bce135ce6d1d0b1f5d6d"`
Nov 01 11:54:55.428 INFO blam! 0e0391ae11c3c959d574d234082613ca6d5339c26b72bce135ce6d1d0b1f5d6d
