Nov 01 12:23:58.587 INFO testing cyplo/rustback against beta-2018-10-30 for beta-1.31-1
Nov 01 12:23:58.588 INFO running `"docker" "create" "-v" "/mnt/big/crater/work/local/target-dirs/beta-1.31-1/worker-5/beta-2018-10-30:/target:rw,Z" "-v" "/mnt/big/crater/work/local/test-source/worker-5/beta-1.31-1/beta-2018-10-30:/source:ro,Z" "-v" "/mnt/big/crater/work/local/cargo-home:/cargo-home:ro,Z" "-v" "/mnt/big/crater/work/local/rustup-home:/rustup-home:ro,Z" "-e" "USER_ID=1000" "-e" "SOURCE_DIR=/source" "-e" "USER_ID=1000" "-e" "CMD=cargo +beta-2018-10-30 build --frozen" "-e" "CARGO_TARGET_DIR=/target" "-e" "CARGO_INCREMENTAL=0" "-e" "RUST_BACKTRACE=full" "-e" "RUSTFLAGS=--cap-lints=warn" "-e" "CARGO_HOME=/cargo-home" "-e" "RUSTUP_HOME=/rustup-home" "-m" "1536M" "--network" "none" "crater"`
Nov 01 12:23:58.778 INFO blam! e1ea62c6abd7fa74f8ffee5a372a6db7a1a411300f585be332bf05a7182412eb
Nov 01 12:23:58.780 INFO running `"docker" "start" "-a" "e1ea62c6abd7fa74f8ffee5a372a6db7a1a411300f585be332bf05a7182412eb"`
Nov 01 12:23:59.238 INFO kablam! usermod: no changes
Nov 01 12:23:59.310 INFO kablam!    Compiling bakare v0.1.0 (/source)
Nov 01 12:24:00.059 INFO kablam! warning: unused variable: `path`
Nov 01 12:24:00.059 INFO kablam!   --> src/backup.rs:32:32
Nov 01 12:24:00.059 INFO kablam!    |
Nov 01 12:24:00.059 INFO kablam! 32 |     pub fn file_version(&self, path: &Path) -> Version {
Nov 01 12:24:00.059 INFO kablam!    |                                ^^^^ help: consider using `_path` instead
Nov 01 12:24:00.059 INFO kablam!    |
Nov 01 12:24:00.059 INFO kablam!    = note: #[warn(unused_variables)] on by default
Nov 01 12:24:00.059 INFO kablam! 
Nov 01 12:24:00.059 INFO kablam! warning: unused variable: `what`
Nov 01 12:24:00.059 INFO kablam!   --> src/restore.rs:34:41
Nov 01 12:24:00.059 INFO kablam!    |
Nov 01 12:24:00.059 INFO kablam! 34 |     pub fn restore_as_of_version(&self, what: WhatToRestore, version: Version) -> Result<(), io::Error> {
Nov 01 12:24:00.059 INFO kablam!    |                                         ^^^^ help: consider using `_what` instead
Nov 01 12:24:00.059 INFO kablam! 
Nov 01 12:24:00.059 INFO kablam! warning: unused variable: `version`
Nov 01 12:24:00.059 INFO kablam!   --> src/restore.rs:34:62
Nov 01 12:24:00.059 INFO kablam!    |
Nov 01 12:24:00.059 INFO kablam! 34 |     pub fn restore_as_of_version(&self, what: WhatToRestore, version: Version) -> Result<(), io::Error> {
Nov 01 12:24:00.059 INFO kablam!    |                                                              ^^^^^^^ help: consider using `_version` instead
Nov 01 12:24:00.059 INFO kablam! 
Nov 01 12:24:00.077 INFO kablam! warning: method is never used: `next`
Nov 01 12:24:00.077 INFO kablam!  --> src/storage.rs:8:5
Nov 01 12:24:00.077 INFO kablam!   |
Nov 01 12:24:00.077 INFO kablam! 8 |     fn next(self) -> Self {
Nov 01 12:24:00.077 INFO kablam!   |     ^^^^^^^^^^^^^^^^^^^^^
Nov 01 12:24:00.077 INFO kablam!   |
Nov 01 12:24:00.077 INFO kablam!   = note: #[warn(dead_code)] on by default
Nov 01 12:24:00.077 INFO kablam! 
Nov 01 12:24:00.077 INFO kablam! warning: struct is never constructed: `Index`
Nov 01 12:24:00.077 INFO kablam!   --> src/storage.rs:29:1
Nov 01 12:24:00.077 INFO kablam!    |
Nov 01 12:24:00.077 INFO kablam! 29 | struct Index<'a> {
Nov 01 12:24:00.077 INFO kablam!    | ^^^^^^^^^^^^^^^^
Nov 01 12:24:00.077 INFO kablam! 
Nov 01 12:24:00.077 INFO kablam! warning: method is never used: `new`
Nov 01 12:24:00.077 INFO kablam!   --> src/storage.rs:35:5
Nov 01 12:24:00.077 INFO kablam!    |
Nov 01 12:24:00.077 INFO kablam! 35 |     fn new() -> Self {
Nov 01 12:24:00.077 INFO kablam!    |     ^^^^^^^^^^^^^^^^
Nov 01 12:24:00.077 INFO kablam! 
Nov 01 12:24:00.077 INFO kablam! warning: method is never used: `store`
Nov 01 12:24:00.077 INFO kablam!   --> src/storage.rs:42:5
Nov 01 12:24:00.077 INFO kablam!    |
Nov 01 12:24:00.077 INFO kablam! 42 |     fn store(&mut self, source_path: &'a str, hash: Hash) -> (Version, String) {
Nov 01 12:24:00.077 INFO kablam!    |     ^^^^^^^^^^^^^^^^^^^^^^^^^^^^^^^^^^^^^^^^^^^^^^^^^^^^^^^^^^^^^^^^^^^^^^^^^^
Nov 01 12:24:00.077 INFO kablam! 
Nov 01 12:24:00.077 INFO kablam! warning: method is never used: `latest_version_for_path`
Nov 01 12:24:00.077 INFO kablam!   --> src/storage.rs:91:5
Nov 01 12:24:00.077 INFO kablam!    |
Nov 01 12:24:00.077 INFO kablam! 91 |     fn latest_version_for_path(&self, path: &str) -> Option<Version> {
Nov 01 12:24:00.077 INFO kablam!    |     ^^^^^^^^^^^^^^^^^^^^^^^^^^^^^^^^^^^^^^^^^^^^^^^^^^^^^^^^^^^^^^^^
Nov 01 12:24:00.077 INFO kablam! 
Nov 01 12:24:00.761 INFO kablam!     Finished dev [unoptimized + debuginfo] target(s) in 1.50s
Nov 01 12:24:00.766 INFO kablam! su: No module specific data is present
Nov 01 12:24:01.084 INFO running `"docker" "rm" "-f" "e1ea62c6abd7fa74f8ffee5a372a6db7a1a411300f585be332bf05a7182412eb"`
Nov 01 12:24:01.371 INFO blam! e1ea62c6abd7fa74f8ffee5a372a6db7a1a411300f585be332bf05a7182412eb
Nov 01 12:24:01.378 INFO running `"docker" "create" "-v" "/mnt/big/crater/work/local/target-dirs/beta-1.31-1/worker-5/beta-2018-10-30:/target:rw,Z" "-v" "/mnt/big/crater/work/local/test-source/worker-5/beta-1.31-1/beta-2018-10-30:/source:ro,Z" "-v" "/mnt/big/crater/work/local/cargo-home:/cargo-home:ro,Z" "-v" "/mnt/big/crater/work/local/rustup-home:/rustup-home:ro,Z" "-e" "USER_ID=1000" "-e" "SOURCE_DIR=/source" "-e" "USER_ID=1000" "-e" "CMD=cargo +beta-2018-10-30 test --frozen --no-run" "-e" "CARGO_TARGET_DIR=/target" "-e" "CARGO_INCREMENTAL=0" "-e" "RUST_BACKTRACE=full" "-e" "RUSTFLAGS=--cap-lints=warn" "-e" "CARGO_HOME=/cargo-home" "-e" "RUSTUP_HOME=/rustup-home" "-m" "1536M" "--network" "none" "crater"`
Nov 01 12:24:01.910 INFO blam! f9a671c1a92ec22140e0a02d102a2104ce6af8a42ca987aeac65a4ba078ce32c
Nov 01 12:24:01.915 INFO running `"docker" "start" "-a" "f9a671c1a92ec22140e0a02d102a2104ce6af8a42ca987aeac65a4ba078ce32c"`
Nov 01 12:24:02.458 INFO kablam! usermod: no changes
Nov 01 12:24:02.525 INFO kablam!    Compiling dir-diff v0.3.1
Nov 01 12:24:03.005 INFO kablam!    Compiling bakare v0.1.0 (/source)
Nov 01 12:24:04.367 INFO kablam! warning: unused variable: `path`
Nov 01 12:24:04.367 INFO kablam!   --> src/backup.rs:32:32
Nov 01 12:24:04.367 INFO kablam!    |
Nov 01 12:24:04.367 INFO kablam! 32 |     pub fn file_version(&self, path: &Path) -> Version {
Nov 01 12:24:04.367 INFO kablam!    |                                ^^^^ help: consider using `_path` instead
Nov 01 12:24:04.367 INFO kablam!    |
Nov 01 12:24:04.367 INFO kablam!    = note: #[warn(unused_variables)] on by default
Nov 01 12:24:04.367 INFO kablam! 
Nov 01 12:24:04.367 INFO kablam! warning: unused variable: `what`
Nov 01 12:24:04.367 INFO kablam!   --> src/restore.rs:34:41
Nov 01 12:24:04.367 INFO kablam!    |
Nov 01 12:24:04.367 INFO kablam! 34 |     pub fn restore_as_of_version(&self, what: WhatToRestore, version: Version) -> Result<(), io::Error> {
Nov 01 12:24:04.367 INFO kablam!    |                                         ^^^^ help: consider using `_what` instead
Nov 01 12:24:04.367 INFO kablam! 
Nov 01 12:24:04.367 INFO kablam! warning: unused variable: `version`
Nov 01 12:24:04.367 INFO kablam!   --> src/restore.rs:34:62
Nov 01 12:24:04.367 INFO kablam!    |
Nov 01 12:24:04.367 INFO kablam! 34 |     pub fn restore_as_of_version(&self, what: WhatToRestore, version: Version) -> Result<(), io::Error> {
Nov 01 12:24:04.367 INFO kablam!    |                                                              ^^^^^^^ help: consider using `_version` instead
Nov 01 12:24:04.367 INFO kablam! 
Nov 01 12:24:05.750 INFO kablam!     Finished dev [unoptimized + debuginfo] target(s) in 3.27s
Nov 01 12:24:05.755 INFO kablam! su: No module specific data is present
Nov 01 12:24:06.059 INFO running `"docker" "rm" "-f" "f9a671c1a92ec22140e0a02d102a2104ce6af8a42ca987aeac65a4ba078ce32c"`
Nov 01 12:24:06.169 INFO blam! f9a671c1a92ec22140e0a02d102a2104ce6af8a42ca987aeac65a4ba078ce32c
Nov 01 12:24:06.175 INFO running `"docker" "create" "-v" "/mnt/big/crater/work/local/target-dirs/beta-1.31-1/worker-5/beta-2018-10-30:/target:rw,Z" "-v" "/mnt/big/crater/work/local/test-source/worker-5/beta-1.31-1/beta-2018-10-30:/source:ro,Z" "-v" "/mnt/big/crater/work/local/cargo-home:/cargo-home:ro,Z" "-v" "/mnt/big/crater/work/local/rustup-home:/rustup-home:ro,Z" "-e" "USER_ID=1000" "-e" "SOURCE_DIR=/source" "-e" "USER_ID=1000" "-e" "CMD=cargo +beta-2018-10-30 test --frozen" "-e" "CARGO_TARGET_DIR=/target" "-e" "CARGO_INCREMENTAL=0" "-e" "RUST_BACKTRACE=full" "-e" "RUSTFLAGS=--cap-lints=warn" "-e" "CARGO_HOME=/cargo-home" "-e" "RUSTUP_HOME=/rustup-home" "-m" "1536M" "--network" "none" "crater"`
Nov 01 12:24:06.392 INFO blam! 268e7c59b0f16c6ae8f20f8cec8fe681b71d1bb1f941b1372aaf462f62c1fb9c
Nov 01 12:24:06.396 INFO running `"docker" "start" "-a" "268e7c59b0f16c6ae8f20f8cec8fe681b71d1bb1f941b1372aaf462f62c1fb9c"`
Nov 01 12:24:06.770 INFO kablam! usermod: no changes
Nov 01 12:24:06.821 INFO kablam!     Finished dev [unoptimized + debuginfo] target(s) in 0.04s
Nov 01 12:24:06.835 INFO kablam!      Running /target/debug/deps/bakare-e7820de5924b5964
Nov 01 12:24:06.836 INFO blam! 
Nov 01 12:24:06.836 INFO blam! running 3 tests
Nov 01 12:24:06.838 INFO blam! test storage::should::support_deduplication ... ok
Nov 01 12:24:06.843 INFO blam! test storage::should::support_file_versions ... ok
Nov 01 12:24:06.858 INFO blam! test backup::should::store_file_where_index_tells_it ... FAILED
Nov 01 12:24:06.858 INFO blam! 
Nov 01 12:24:06.858 INFO blam! failures:
Nov 01 12:24:06.858 INFO blam! 
Nov 01 12:24:06.858 INFO blam! ---- backup::should::store_file_where_index_tells_it stdout ----
Nov 01 12:24:06.858 INFO blam! thread 'backup::should::store_file_where_index_tells_it' panicked at 'assertion failed: false', src/backup.rs:59:9
Nov 01 12:24:06.858 INFO blam! stack backtrace:
Nov 01 12:24:06.858 INFO blam!    0:     0x55fc384b145f - std::sys::unix::backtrace::tracing::imp::unwind_backtrace::h3c55afa80a996a32
Nov 01 12:24:06.858 INFO blam!                                at libstd/sys/unix/backtrace/tracing/gcc_s.rs:49
Nov 01 12:24:06.858 INFO blam!    1:     0x55fc384ba487 - std::sys_common::backtrace::print::hcef907ea7a07cd40
Nov 01 12:24:06.858 INFO blam!                                at libstd/sys_common/backtrace.rs:71
Nov 01 12:24:06.858 INFO blam!                                at libstd/sys_common/backtrace.rs:59
Nov 01 12:24:06.858 INFO blam!    2:     0x55fc384b516f - std::panicking::default_hook::{{closure}}::hf541876c65f36ea7
Nov 01 12:24:06.858 INFO blam!                                at libstd/panicking.rs:211
Nov 01 12:24:06.858 INFO blam!    3:     0x55fc384b4e6e - std::panicking::default_hook::h4ecc06b30ae4459d
Nov 01 12:24:06.858 INFO blam!                                at libstd/panicking.rs:221
Nov 01 12:24:06.858 INFO blam!    4:     0x55fc384b584e - std::panicking::rust_panic_with_hook::h0cc6d9cc9f34a947
Nov 01 12:24:06.858 INFO blam!                                at libstd/panicking.rs:476
Nov 01 12:24:06.858 INFO blam!    5:     0x55fc384a1227 - std::panicking::begin_panic::hfa9ff45f00dc3e6b
Nov 01 12:24:06.858 INFO blam!                                at libstd/panicking.rs:410
Nov 01 12:24:06.858 INFO blam!    6:     0x55fc38454b64 - bakare::backup::should::store_file_where_index_tells_it::h5acf5226158535cd
Nov 01 12:24:06.858 INFO blam!                                at src/backup.rs:59
Nov 01 12:24:06.858 INFO blam!    7:     0x55fc38454b29 - bakare::backup::should::store_file_where_index_tells_it::{{closure}}::hde01fb4d2d02deef
Nov 01 12:24:06.858 INFO blam!                                at src/backup.rs:55
Nov 01 12:24:06.858 INFO blam!    8:     0x55fc384540dd - core::ops::function::FnOnce::call_once::hee962d3ddfc1a6cb
Nov 01 12:24:06.858 INFO blam!                                at libcore/ops/function.rs:238
Nov 01 12:24:06.858 INFO blam!    9:     0x55fc3845e93e - <F as alloc::boxed::FnBox<A>>::call_box::hf32558bd83684b60
Nov 01 12:24:06.858 INFO blam!                                at libtest/lib.rs:1468
Nov 01 12:24:06.858 INFO blam!                                at libcore/ops/function.rs:238
Nov 01 12:24:06.858 INFO blam!                                at liballoc/boxed.rs:672
Nov 01 12:24:06.858 INFO blam!   10:     0x55fc384c56b9 - __rust_maybe_catch_panic
Nov 01 12:24:06.858 INFO blam!                                at libpanic_unwind/lib.rs:102
Nov 01 12:24:06.858 INFO blam!   11:     0x55fc384805a2 - std::sys_common::backtrace::__rust_begin_short_backtrace::h1bb71a7386fd3269
Nov 01 12:24:06.858 INFO blam!                                at libstd/panicking.rs:289
Nov 01 12:24:06.858 INFO blam!                                at libstd/panic.rs:392
Nov 01 12:24:06.858 INFO blam!                                at libtest/lib.rs:1423
Nov 01 12:24:06.858 INFO blam!                                at libstd/sys_common/backtrace.rs:136
Nov 01 12:24:06.858 INFO blam!   12:     0x55fc38481054 - std::panicking::try::do_call::h9b94719c3074bb5c
Nov 01 12:24:06.858 INFO blam!                                at libstd/thread/mod.rs:409
Nov 01 12:24:06.858 INFO blam!                                at libstd/panic.rs:313
Nov 01 12:24:06.858 INFO blam!                                at libstd/panicking.rs:310
Nov 01 12:24:06.858 INFO blam!   13:     0x55fc384c56b9 - __rust_maybe_catch_panic
Nov 01 12:24:06.858 INFO blam!                                at libpanic_unwind/lib.rs:102
Nov 01 12:24:06.858 INFO blam!   14:     0x55fc3846e27c - <F as alloc::boxed::FnBox<A>>::call_box::hb3bcd66d16fd3e84
Nov 01 12:24:06.858 INFO blam!                                at libstd/panicking.rs:289
Nov 01 12:24:06.858 INFO blam!                                at libstd/panic.rs:392
Nov 01 12:24:06.858 INFO blam!                                at libstd/thread/mod.rs:408
Nov 01 12:24:06.858 INFO blam!                                at liballoc/boxed.rs:672
Nov 01 12:24:06.858 INFO blam!   15:     0x55fc384b306d - std::sys_common::thread::start_thread::had0c80d121669d29
Nov 01 12:24:06.858 INFO blam!                                at liballoc/boxed.rs:682
Nov 01 12:24:06.858 INFO blam!                                at libstd/sys_common/thread.rs:24
Nov 01 12:24:06.858 INFO blam!   16:     0x55fc384a8865 - std::sys::unix::thread::Thread::new::thread_start::h4a5b66a70d76f47f
Nov 01 12:24:06.858 INFO blam!                                at libstd/sys/unix/thread.rs:90
Nov 01 12:24:06.858 INFO blam!   17:     0x7fafd842f6b9 - start_thread
Nov 01 12:24:06.858 INFO blam!   18:     0x7fafd7f4f41c - clone
Nov 01 12:24:06.858 INFO blam!   19:                0x0 - <unknown>
Nov 01 12:24:06.858 INFO blam! 
Nov 01 12:24:06.858 INFO blam! 
Nov 01 12:24:06.858 INFO blam! failures:
Nov 01 12:24:06.858 INFO blam!     backup::should::store_file_where_index_tells_it
Nov 01 12:24:06.858 INFO blam! 
Nov 01 12:24:06.858 INFO blam! test result: FAILED. 2 passed; 1 failed; 0 ignored; 0 measured; 0 filtered out
Nov 01 12:24:06.858 INFO blam! 
Nov 01 12:24:06.859 INFO kablam! error: test failed, to rerun pass '--lib'
Nov 01 12:24:06.863 INFO kablam! su: No module specific data is present
Nov 01 12:24:07.097 INFO running `"docker" "rm" "-f" "268e7c59b0f16c6ae8f20f8cec8fe681b71d1bb1f941b1372aaf462f62c1fb9c"`
Nov 01 12:24:07.193 INFO blam! 268e7c59b0f16c6ae8f20f8cec8fe681b71d1bb1f941b1372aaf462f62c1fb9c
