Nov 01 12:23:58.679 INFO testing cyplo/rustback against 1.30.0 for beta-1.31-1
Nov 01 12:23:58.679 INFO running `"docker" "create" "-v" "/mnt/big/crater/work/local/target-dirs/beta-1.31-1/worker-7/1.30.0:/target:rw,Z" "-v" "/mnt/big/crater/work/local/test-source/worker-7/beta-1.31-1/1.30.0:/source:ro,Z" "-v" "/mnt/big/crater/work/local/cargo-home:/cargo-home:ro,Z" "-v" "/mnt/big/crater/work/local/rustup-home:/rustup-home:ro,Z" "-e" "USER_ID=1000" "-e" "SOURCE_DIR=/source" "-e" "USER_ID=1000" "-e" "CMD=cargo +1.30.0 build --frozen" "-e" "CARGO_TARGET_DIR=/target" "-e" "CARGO_INCREMENTAL=0" "-e" "RUST_BACKTRACE=full" "-e" "RUSTFLAGS=--cap-lints=warn" "-e" "CARGO_HOME=/cargo-home" "-e" "RUSTUP_HOME=/rustup-home" "-m" "1536M" "--network" "none" "crater"`
Nov 01 12:23:58.891 INFO blam! 5a9bea7e685184fc87aeca1fa0a2a2a6334903532b6c4963fe2d947bb9a8c800
Nov 01 12:23:58.894 INFO running `"docker" "start" "-a" "5a9bea7e685184fc87aeca1fa0a2a2a6334903532b6c4963fe2d947bb9a8c800"`
Nov 01 12:23:59.291 INFO kablam! usermod: no changes
Nov 01 12:23:59.337 INFO kablam!    Compiling bakare v0.1.0 (/source)
Nov 01 12:24:00.227 INFO kablam! warning: unused variable: `path`
Nov 01 12:24:00.227 INFO kablam!   --> src/backup.rs:32:32
Nov 01 12:24:00.227 INFO kablam!    |
Nov 01 12:24:00.227 INFO kablam! 32 |     pub fn file_version(&self, path: &Path) -> Version {
Nov 01 12:24:00.227 INFO kablam!    |                                ^^^^ help: consider using `_path` instead
Nov 01 12:24:00.227 INFO kablam!    |
Nov 01 12:24:00.227 INFO kablam!    = note: #[warn(unused_variables)] on by default
Nov 01 12:24:00.227 INFO kablam! 
Nov 01 12:24:00.227 INFO kablam! warning: unused variable: `what`
Nov 01 12:24:00.227 INFO kablam!   --> src/restore.rs:34:41
Nov 01 12:24:00.227 INFO kablam!    |
Nov 01 12:24:00.227 INFO kablam! 34 |     pub fn restore_as_of_version(&self, what: WhatToRestore, version: Version) -> Result<(), io::Error> {
Nov 01 12:24:00.227 INFO kablam!    |                                         ^^^^ help: consider using `_what` instead
Nov 01 12:24:00.227 INFO kablam! 
Nov 01 12:24:00.227 INFO kablam! warning: unused variable: `version`
Nov 01 12:24:00.227 INFO kablam!   --> src/restore.rs:34:62
Nov 01 12:24:00.227 INFO kablam!    |
Nov 01 12:24:00.227 INFO kablam! 34 |     pub fn restore_as_of_version(&self, what: WhatToRestore, version: Version) -> Result<(), io::Error> {
Nov 01 12:24:00.227 INFO kablam!    |                                                              ^^^^^^^ help: consider using `_version` instead
Nov 01 12:24:00.227 INFO kablam! 
Nov 01 12:24:00.240 INFO kablam! warning: method is never used: `next`
Nov 01 12:24:00.241 INFO kablam!  --> src/storage.rs:8:5
Nov 01 12:24:00.241 INFO kablam!   |
Nov 01 12:24:00.241 INFO kablam! 8 |     fn next(self) -> Self {
Nov 01 12:24:00.242 INFO kablam!   |     ^^^^^^^^^^^^^^^^^^^^^
Nov 01 12:24:00.242 INFO kablam!   |
Nov 01 12:24:00.242 INFO kablam!   = note: #[warn(dead_code)] on by default
Nov 01 12:24:00.242 INFO kablam! 
Nov 01 12:24:00.243 INFO kablam! warning: struct is never constructed: `Index`
Nov 01 12:24:00.243 INFO kablam!   --> src/storage.rs:29:1
Nov 01 12:24:00.243 INFO kablam!    |
Nov 01 12:24:00.244 INFO kablam! 29 | struct Index<'a> {
Nov 01 12:24:00.244 INFO kablam!    | ^^^^^^^^^^^^^^^^
Nov 01 12:24:00.244 INFO kablam! 
Nov 01 12:24:00.244 INFO kablam! warning: method is never used: `new`
Nov 01 12:24:00.244 INFO kablam!   --> src/storage.rs:35:5
Nov 01 12:24:00.244 INFO kablam!    |
Nov 01 12:24:00.244 INFO kablam! 35 |     fn new() -> Self {
Nov 01 12:24:00.244 INFO kablam!    |     ^^^^^^^^^^^^^^^^
Nov 01 12:24:00.244 INFO kablam! 
Nov 01 12:24:00.244 INFO kablam! warning: method is never used: `store`
Nov 01 12:24:00.244 INFO kablam!   --> src/storage.rs:42:5
Nov 01 12:24:00.244 INFO kablam!    |
Nov 01 12:24:00.244 INFO kablam! 42 |     fn store(&mut self, source_path: &'a str, hash: Hash) -> (Version, String) {
Nov 01 12:24:00.244 INFO kablam!    |     ^^^^^^^^^^^^^^^^^^^^^^^^^^^^^^^^^^^^^^^^^^^^^^^^^^^^^^^^^^^^^^^^^^^^^^^^^^
Nov 01 12:24:00.244 INFO kablam! 
Nov 01 12:24:00.244 INFO kablam! warning: method is never used: `latest_version_for_path`
Nov 01 12:24:00.244 INFO kablam!   --> src/storage.rs:91:5
Nov 01 12:24:00.244 INFO kablam!    |
Nov 01 12:24:00.244 INFO kablam! 91 |     fn latest_version_for_path(&self, path: &str) -> Option<Version> {
Nov 01 12:24:00.244 INFO kablam!    |     ^^^^^^^^^^^^^^^^^^^^^^^^^^^^^^^^^^^^^^^^^^^^^^^^^^^^^^^^^^^^^^^^
Nov 01 12:24:00.244 INFO kablam! 
Nov 01 12:24:00.900 INFO kablam!     Finished dev [unoptimized + debuginfo] target(s) in 1.59s
Nov 01 12:24:00.904 INFO kablam! su: No module specific data is present
Nov 01 12:24:01.437 INFO running `"docker" "rm" "-f" "5a9bea7e685184fc87aeca1fa0a2a2a6334903532b6c4963fe2d947bb9a8c800"`
Nov 01 12:24:01.656 INFO blam! 5a9bea7e685184fc87aeca1fa0a2a2a6334903532b6c4963fe2d947bb9a8c800
Nov 01 12:24:01.657 INFO running `"docker" "create" "-v" "/mnt/big/crater/work/local/target-dirs/beta-1.31-1/worker-7/1.30.0:/target:rw,Z" "-v" "/mnt/big/crater/work/local/test-source/worker-7/beta-1.31-1/1.30.0:/source:ro,Z" "-v" "/mnt/big/crater/work/local/cargo-home:/cargo-home:ro,Z" "-v" "/mnt/big/crater/work/local/rustup-home:/rustup-home:ro,Z" "-e" "USER_ID=1000" "-e" "SOURCE_DIR=/source" "-e" "USER_ID=1000" "-e" "CMD=cargo +1.30.0 test --frozen --no-run" "-e" "CARGO_TARGET_DIR=/target" "-e" "CARGO_INCREMENTAL=0" "-e" "RUST_BACKTRACE=full" "-e" "RUSTFLAGS=--cap-lints=warn" "-e" "CARGO_HOME=/cargo-home" "-e" "RUSTUP_HOME=/rustup-home" "-m" "1536M" "--network" "none" "crater"`
Nov 01 12:24:02.000 INFO blam! fa7556ff873f35507a5fe9b164adfe406a3a2595c1f6a905520ec4d28d7c01a6
Nov 01 12:24:02.005 INFO running `"docker" "start" "-a" "fa7556ff873f35507a5fe9b164adfe406a3a2595c1f6a905520ec4d28d7c01a6"`
Nov 01 12:24:02.603 INFO kablam! usermod: no changes
Nov 01 12:24:02.703 INFO kablam!    Compiling dir-diff v0.3.1
Nov 01 12:24:03.259 INFO kablam!    Compiling bakare v0.1.0 (/source)
Nov 01 12:24:04.840 INFO kablam! warning: unused variable: `path`
Nov 01 12:24:04.840 INFO kablam!   --> src/backup.rs:32:32
Nov 01 12:24:04.840 INFO kablam!    |
Nov 01 12:24:04.840 INFO kablam! 32 |     pub fn file_version(&self, path: &Path) -> Version {
Nov 01 12:24:04.840 INFO kablam!    |                                ^^^^ help: consider using `_path` instead
Nov 01 12:24:04.840 INFO kablam!    |
Nov 01 12:24:04.840 INFO kablam!    = note: #[warn(unused_variables)] on by default
Nov 01 12:24:04.840 INFO kablam! 
Nov 01 12:24:04.840 INFO kablam! warning: unused variable: `what`
Nov 01 12:24:04.840 INFO kablam!   --> src/restore.rs:34:41
Nov 01 12:24:04.840 INFO kablam!    |
Nov 01 12:24:04.840 INFO kablam! 34 |     pub fn restore_as_of_version(&self, what: WhatToRestore, version: Version) -> Result<(), io::Error> {
Nov 01 12:24:04.840 INFO kablam!    |                                         ^^^^ help: consider using `_what` instead
Nov 01 12:24:04.840 INFO kablam! 
Nov 01 12:24:04.840 INFO kablam! warning: unused variable: `version`
Nov 01 12:24:04.840 INFO kablam!   --> src/restore.rs:34:62
Nov 01 12:24:04.840 INFO kablam!    |
Nov 01 12:24:04.840 INFO kablam! 34 |     pub fn restore_as_of_version(&self, what: WhatToRestore, version: Version) -> Result<(), io::Error> {
Nov 01 12:24:04.840 INFO kablam!    |                                                              ^^^^^^^ help: consider using `_version` instead
Nov 01 12:24:04.841 INFO kablam! 
Nov 01 12:24:05.952 INFO kablam!     Finished dev [unoptimized + debuginfo] target(s) in 3.32s
Nov 01 12:24:05.961 INFO kablam! su: No module specific data is present
Nov 01 12:24:06.284 INFO running `"docker" "rm" "-f" "fa7556ff873f35507a5fe9b164adfe406a3a2595c1f6a905520ec4d28d7c01a6"`
Nov 01 12:24:06.366 INFO blam! fa7556ff873f35507a5fe9b164adfe406a3a2595c1f6a905520ec4d28d7c01a6
Nov 01 12:24:06.368 INFO running `"docker" "create" "-v" "/mnt/big/crater/work/local/target-dirs/beta-1.31-1/worker-7/1.30.0:/target:rw,Z" "-v" "/mnt/big/crater/work/local/test-source/worker-7/beta-1.31-1/1.30.0:/source:ro,Z" "-v" "/mnt/big/crater/work/local/cargo-home:/cargo-home:ro,Z" "-v" "/mnt/big/crater/work/local/rustup-home:/rustup-home:ro,Z" "-e" "USER_ID=1000" "-e" "SOURCE_DIR=/source" "-e" "USER_ID=1000" "-e" "CMD=cargo +1.30.0 test --frozen" "-e" "CARGO_TARGET_DIR=/target" "-e" "CARGO_INCREMENTAL=0" "-e" "RUST_BACKTRACE=full" "-e" "RUSTFLAGS=--cap-lints=warn" "-e" "CARGO_HOME=/cargo-home" "-e" "RUSTUP_HOME=/rustup-home" "-m" "1536M" "--network" "none" "crater"`
Nov 01 12:24:06.613 INFO blam! 2491d71a837c9beb30a41309a1fe78452d24917c4419999422d330ff8d5c91b0
Nov 01 12:24:06.615 INFO running `"docker" "start" "-a" "2491d71a837c9beb30a41309a1fe78452d24917c4419999422d330ff8d5c91b0"`
Nov 01 12:24:07.042 INFO kablam! usermod: no changes
Nov 01 12:24:07.088 INFO kablam!     Finished dev [unoptimized + debuginfo] target(s) in 0.03s
Nov 01 12:24:07.090 INFO kablam!      Running /target/debug/deps/bakare-caa6c185181352e4
Nov 01 12:24:07.092 INFO blam! 
Nov 01 12:24:07.092 INFO blam! running 3 tests
Nov 01 12:24:07.092 INFO blam! test storage::should::support_deduplication ... ok
Nov 01 12:24:07.092 INFO blam! test storage::should::support_file_versions ... ok
Nov 01 12:24:07.118 INFO blam! test backup::should::store_file_where_index_tells_it ... FAILED
Nov 01 12:24:07.119 INFO kablam! error: test failed, to rerun pass '--lib'
Nov 01 12:24:07.119 INFO blam! 
Nov 01 12:24:07.119 INFO kablam! su: No module specific data is present
Nov 01 12:24:07.119 INFO blam! failures:
Nov 01 12:24:07.119 INFO blam! 
Nov 01 12:24:07.119 INFO blam! ---- backup::should::store_file_where_index_tells_it stdout ----
Nov 01 12:24:07.119 INFO blam! thread 'backup::should::store_file_where_index_tells_it' panicked at 'assertion failed: false', src/backup.rs:59:9
Nov 01 12:24:07.119 INFO blam! stack backtrace:
Nov 01 12:24:07.119 INFO blam!    0:     0x55d75a9a355e - std::sys::unix::backtrace::tracing::imp::unwind_backtrace::hf5316c67202e23c8
Nov 01 12:24:07.119 INFO blam!                                at libstd/sys/unix/backtrace/tracing/gcc_s.rs:49
Nov 01 12:24:07.119 INFO blam!    1:     0x55d75a996936 - std::sys_common::backtrace::print::h3068ed2a6dc7ac86
Nov 01 12:24:07.119 INFO blam!                                at libstd/sys_common/backtrace.rs:71
Nov 01 12:24:07.119 INFO blam!                                at libstd/sys_common/backtrace.rs:59
Nov 01 12:24:07.119 INFO blam!    2:     0x55d75a994d0d - std::panicking::default_hook::{{closure}}::h1b9d29cc09d41897
Nov 01 12:24:07.119 INFO blam!                                at libstd/panicking.rs:211
Nov 01 12:24:07.119 INFO blam!    3:     0x55d75a994a1b - std::panicking::default_hook::h3a27b204a313406b
Nov 01 12:24:07.119 INFO blam!                                at libstd/panicking.rs:221
Nov 01 12:24:07.119 INFO blam!    4:     0x55d75a9953bc - std::panicking::rust_panic_with_hook::h0e12cb2fc86d00fa
Nov 01 12:24:07.119 INFO blam!                                at libstd/panicking.rs:477
Nov 01 12:24:07.119 INFO blam!    5:     0x55d75a99145f - std::panicking::begin_panic::h8b69797051b52912
Nov 01 12:24:07.119 INFO blam!                                at libstd/panicking.rs:411
Nov 01 12:24:07.119 INFO blam!    6:     0x55d75a948730 - bakare::backup::should::store_file_where_index_tells_it::hb8bcd5d81bc637da
Nov 01 12:24:07.119 INFO blam!                                at src/backup.rs:59
Nov 01 12:24:07.119 INFO blam!    7:     0x55d75a9486f9 - bakare::backup::should::store_file_where_index_tells_it::{{closure}}::h5a5e4bd88dfa494a
Nov 01 12:24:07.119 INFO blam!                                at src/backup.rs:55
Nov 01 12:24:07.119 INFO blam!    8:     0x55d75a947ebd - core::ops::function::FnOnce::call_once::h662cc46cec842ef8
Nov 01 12:24:07.119 INFO blam!                                at libcore/ops/function.rs:238
Nov 01 12:24:07.119 INFO blam!    9:     0x55d75a9527ee - <F as alloc::boxed::FnBox<A>>::call_box::ha9910eac2d17ff23
Nov 01 12:24:07.119 INFO blam!                                at libtest/lib.rs:1461
Nov 01 12:24:07.119 INFO blam!                                at libcore/ops/function.rs:238
Nov 01 12:24:07.119 INFO blam!                                at liballoc/boxed.rs:646
Nov 01 12:24:07.119 INFO blam!   10:     0x55d75a9b23d9 - __rust_maybe_catch_panic
Nov 01 12:24:07.119 INFO blam!                                at libpanic_unwind/lib.rs:103
Nov 01 12:24:07.119 INFO blam!   11:     0x55d75a95e0fd - std::sys_common::backtrace::__rust_begin_short_backtrace::h470b05235fe5e5ad
Nov 01 12:24:07.119 INFO blam!                                at libstd/panicking.rs:289
Nov 01 12:24:07.119 INFO blam!                                at libstd/panic.rs:392
Nov 01 12:24:07.119 INFO blam!                                at libtest/lib.rs:1416
Nov 01 12:24:07.119 INFO blam!                                at libstd/sys_common/backtrace.rs:136
Nov 01 12:24:07.119 INFO blam!   12:     0x55d75a976734 - std::panicking::try::do_call::h1f0578498122cc00
Nov 01 12:24:07.119 INFO blam!                                at libstd/thread/mod.rs:409
Nov 01 12:24:07.119 INFO blam!                                at libstd/panic.rs:313
Nov 01 12:24:07.119 INFO blam!                                at libstd/panicking.rs:310
Nov 01 12:24:07.119 INFO blam!   13:     0x55d75a9b23d9 - __rust_maybe_catch_panic
Nov 01 12:24:07.119 INFO blam!                                at libpanic_unwind/lib.rs:103
Nov 01 12:24:07.119 INFO blam!   14:     0x55d75a967006 - <F as alloc::boxed::FnBox<A>>::call_box::h7b129f9f235ab460
Nov 01 12:24:07.119 INFO blam!                                at libstd/panicking.rs:289
Nov 01 12:24:07.119 INFO blam!                                at libstd/panic.rs:392
Nov 01 12:24:07.119 INFO blam!                                at libstd/thread/mod.rs:408
Nov 01 12:24:07.119 INFO blam!                                at liballoc/boxed.rs:646
Nov 01 12:24:07.119 INFO blam!   15:     0x55d75a9a4e7a - std::sys_common::thread::start_thread::hb77935aee02382da
Nov 01 12:24:07.119 INFO blam!                                at liballoc/boxed.rs:656
Nov 01 12:24:07.119 INFO blam!                                at libstd/sys_common/thread.rs:24
Nov 01 12:24:07.119 INFO blam!   16:     0x55d75a995b75 - std::sys::unix::thread::Thread::new::thread_start::hd61f7429b3de1d75
Nov 01 12:24:07.119 INFO blam!                                at libstd/sys/unix/thread.rs:90
Nov 01 12:24:07.119 INFO blam!   17:     0x7fd3a4d426b9 - start_thread
Nov 01 12:24:07.119 INFO blam!   18:     0x7fd3a486241c - clone
Nov 01 12:24:07.119 INFO blam!   19:                0x0 - <unknown>
Nov 01 12:24:07.119 INFO blam! 
Nov 01 12:24:07.119 INFO blam! 
Nov 01 12:24:07.119 INFO blam! failures:
Nov 01 12:24:07.119 INFO blam!     backup::should::store_file_where_index_tells_it
Nov 01 12:24:07.119 INFO blam! 
Nov 01 12:24:07.119 INFO blam! test result: FAILED. 2 passed; 1 failed; 0 ignored; 0 measured; 0 filtered out
Nov 01 12:24:07.120 INFO blam! 
Nov 01 12:24:07.369 INFO running `"docker" "rm" "-f" "2491d71a837c9beb30a41309a1fe78452d24917c4419999422d330ff8d5c91b0"`
Nov 01 12:24:07.465 INFO blam! 2491d71a837c9beb30a41309a1fe78452d24917c4419999422d330ff8d5c91b0
