Nov 01 15:35:20.460 INFO testing anztrax/learnrust against beta-2018-10-30 for beta-1.31-1
Nov 01 15:35:20.460 INFO running `"docker" "create" "-v" "/mnt/big/crater/work/local/target-dirs/beta-1.31-1/worker-2/beta-2018-10-30:/target:rw,Z" "-v" "/mnt/big/crater/work/local/test-source/worker-2/beta-1.31-1/beta-2018-10-30:/source:ro,Z" "-v" "/mnt/big/crater/work/local/cargo-home:/cargo-home:ro,Z" "-v" "/mnt/big/crater/work/local/rustup-home:/rustup-home:ro,Z" "-e" "USER_ID=1000" "-e" "SOURCE_DIR=/source" "-e" "USER_ID=1000" "-e" "CMD=cargo +beta-2018-10-30 build --frozen" "-e" "CARGO_TARGET_DIR=/target" "-e" "CARGO_INCREMENTAL=0" "-e" "RUST_BACKTRACE=full" "-e" "RUSTFLAGS=--cap-lints=warn" "-e" "CARGO_HOME=/cargo-home" "-e" "RUSTUP_HOME=/rustup-home" "-m" "1536M" "--network" "none" "crater"`
Nov 01 15:35:20.892 INFO blam! f1e60f93f85d8eb942ab7c3df288f76c68c844d04cba1c22d365be4d74a15d7f
Nov 01 15:35:20.897 INFO running `"docker" "start" "-a" "f1e60f93f85d8eb942ab7c3df288f76c68c844d04cba1c22d365be4d74a15d7f"`
Nov 01 15:35:21.670 INFO kablam! usermod: no changes
Nov 01 15:35:21.738 INFO kablam!    Compiling learnrust v0.1.0 (/source)
Nov 01 15:35:22.119 INFO kablam! warning: unused import: `::lessons::Rectangle::Rectangle`
Nov 01 15:35:22.119 INFO kablam!  --> src/adder/mod.rs:1:5
Nov 01 15:35:22.119 INFO kablam!   |
Nov 01 15:35:22.119 INFO kablam! 1 | use ::lessons::Rectangle::Rectangle;
Nov 01 15:35:22.119 INFO kablam!   |     ^^^^^^^^^^^^^^^^^^^^^^^^^^^^^^^
Nov 01 15:35:22.119 INFO kablam!   |
Nov 01 15:35:22.119 INFO kablam!   = note: #[warn(unused_imports)] on by default
Nov 01 15:35:22.119 INFO kablam! 
Nov 01 15:35:22.119 INFO kablam! warning: unused import: `::lessons::Guess::Guess`
Nov 01 15:35:22.119 INFO kablam!  --> src/adder/mod.rs:2:5
Nov 01 15:35:22.119 INFO kablam!   |
Nov 01 15:35:22.119 INFO kablam! 2 | use ::lessons::Guess::Guess;
Nov 01 15:35:22.119 INFO kablam!   |     ^^^^^^^^^^^^^^^^^^^^^^^
Nov 01 15:35:22.119 INFO kablam! 
Nov 01 15:35:22.121 INFO kablam! warning: unnecessary parentheses around `if` condition
Nov 01 15:35:22.121 INFO kablam!   --> src/closures/learnIterator.rs:30:7
Nov 01 15:35:22.121 INFO kablam!    |
Nov 01 15:35:22.121 INFO kablam! 30 |     if(self.count < 6){
Nov 01 15:35:22.121 INFO kablam!    |       ^^^^^^^^^^^^^^^^ help: remove these parentheses
Nov 01 15:35:22.121 INFO kablam!    |
Nov 01 15:35:22.121 INFO kablam!    = note: #[warn(unused_parens)] on by default
Nov 01 15:35:22.121 INFO kablam! 
Nov 01 15:35:22.304 INFO kablam! warning: unused variable: `v_reference`
Nov 01 15:35:22.304 INFO kablam!   --> src/lessons/commonCollection.rs:25:9
Nov 01 15:35:22.305 INFO kablam!    |
Nov 01 15:35:22.305 INFO kablam! 25 |     let v_reference = &v[v_index];
Nov 01 15:35:22.305 INFO kablam!    |         ^^^^^^^^^^^ help: consider using `_v_reference` instead
Nov 01 15:35:22.306 INFO kablam!    |
Nov 01 15:35:22.306 INFO kablam!    = note: #[warn(unused_variables)] on by default
Nov 01 15:35:22.306 INFO kablam! 
Nov 01 15:35:22.307 INFO kablam! warning: unused variable: `s2`
Nov 01 15:35:22.307 INFO kablam!   --> src/lessons/tryStringCollection.rs:24:7
Nov 01 15:35:22.307 INFO kablam!    |
Nov 01 15:35:22.308 INFO kablam! 24 |   let s2 = String::from("tac");
Nov 01 15:35:22.308 INFO kablam!    |       ^^ help: consider using `_s2` instead
Nov 01 15:35:22.308 INFO kablam! 
Nov 01 15:35:22.308 INFO kablam! warning: unused variable: `point2`
Nov 01 15:35:22.309 INFO kablam!   --> src/lessons/tryGenericTypes.rs:48:7
Nov 01 15:35:22.309 INFO kablam!    |
Nov 01 15:35:22.309 INFO kablam! 48 |   let point2 = Point{x : 10.1, y: 20.2};
Nov 01 15:35:22.309 INFO kablam!    |       ^^^^^^ help: consider using `_point2` instead
Nov 01 15:35:22.310 INFO kablam! 
Nov 01 15:35:22.310 INFO kablam! warning: unused variable: `point2_2`
Nov 01 15:35:22.310 INFO kablam!   --> src/lessons/tryGenericTypes.rs:53:7
Nov 01 15:35:22.311 INFO kablam!    |
Nov 01 15:35:22.311 INFO kablam! 53 |   let point2_2 = Point2{x : 20, y : 20.1};
Nov 01 15:35:22.311 INFO kablam!    |       ^^^^^^^^ help: consider using `_point2_2` instead
Nov 01 15:35:22.311 INFO kablam! 
Nov 01 15:35:22.312 INFO kablam! warning: unused variable: `intensity`
Nov 01 15:35:22.312 INFO kablam!   --> src/closures/learnClosure.rs:41:40
Nov 01 15:35:22.312 INFO kablam!    |
Nov 01 15:35:22.313 INFO kablam! 41 | pub fn simulated_expensive_calculation(intensity: u32){
Nov 01 15:35:22.313 INFO kablam!    |                                        ^^^^^^^^^ help: consider using `_intensity` instead
Nov 01 15:35:22.313 INFO kablam! 
Nov 01 15:35:22.314 INFO kablam! warning: unused variable: `expensive_result2`
Nov 01 15:35:22.314 INFO kablam!   --> src/closures/learnClosure.rs:62:7
Nov 01 15:35:22.314 INFO kablam!    |
Nov 01 15:35:22.315 INFO kablam! 62 |   let expensive_result2 = expensive_calculation(intensity);
Nov 01 15:35:22.315 INFO kablam!    |       ^^^^^^^^^^^^^^^^^ help: consider using `_expensive_result2` instead
Nov 01 15:35:22.315 INFO kablam! 
Nov 01 15:35:22.315 INFO kablam! warning: unused variable: `expensive_result3`
Nov 01 15:35:22.316 INFO kablam!   --> src/closures/learnClosure.rs:63:7
Nov 01 15:35:22.316 INFO kablam!    |
Nov 01 15:35:22.316 INFO kablam! 63 |   let expensive_result3 = |num: u32| -> u32{
Nov 01 15:35:22.317 INFO kablam!    |       ^^^^^^^^^^^^^^^^^ help: consider using `_expensive_result3` instead
Nov 01 15:35:22.317 INFO kablam! 
Nov 01 15:35:22.423 INFO kablam! warning: function is never used: `returns_summarizable`
Nov 01 15:35:22.424 INFO kablam!    --> src/lessons/tryGenericTypes.rs:132:1
Nov 01 15:35:22.424 INFO kablam!     |
Nov 01 15:35:22.425 INFO kablam! 132 | fn returns_summarizable() -> impl Summary {
Nov 01 15:35:22.425 INFO kablam!     | ^^^^^^^^^^^^^^^^^^^^^^^^^^^^^^^^^^^^^^^^^
Nov 01 15:35:22.425 INFO kablam!     |
Nov 01 15:35:22.426 INFO kablam!     = note: #[warn(dead_code)] on by default
Nov 01 15:35:22.426 INFO kablam! 
Nov 01 15:35:22.426 INFO kablam! warning: field is never used: `value`
Nov 01 15:35:22.427 INFO kablam!  --> src/lessons/Guess.rs:2:3
Nov 01 15:35:22.427 INFO kablam!   |
Nov 01 15:35:22.427 INFO kablam! 2 |   value:u32,
Nov 01 15:35:22.427 INFO kablam!   |   ^^^^^^^^^
Nov 01 15:35:22.428 INFO kablam! 
Nov 01 15:35:22.428 INFO kablam! warning: module `commonCollection` should have a snake case name such as `common_collection`
Nov 01 15:35:22.428 INFO kablam!  --> src/lessons/mod.rs:1:1
Nov 01 15:35:22.428 INFO kablam!   |
Nov 01 15:35:22.429 INFO kablam! 1 | pub mod commonCollection;
Nov 01 15:35:22.429 INFO kablam!   | ^^^^^^^^^^^^^^^^^^^^^^^^^
Nov 01 15:35:22.429 INFO kablam!   |
Nov 01 15:35:22.430 INFO kablam!   = note: #[warn(non_snake_case)] on by default
Nov 01 15:35:22.430 INFO kablam! 
Nov 01 15:35:22.430 INFO kablam! warning: function `tryCommonCollection` should have a snake case name such as `try_common_collection`
Nov 01 15:35:22.430 INFO kablam!   --> src/lessons/commonCollection.rs:8:1
Nov 01 15:35:22.431 INFO kablam!    |
Nov 01 15:35:22.431 INFO kablam! 8  | / pub fn tryCommonCollection(){
Nov 01 15:35:22.431 INFO kablam! 9  | |     let v = vec![1,2,3];
Nov 01 15:35:22.432 INFO kablam! 10 | |     println!("vector value : {:#?}", v);
Nov 01 15:35:22.432 INFO kablam! 11 | |
Nov 01 15:35:22.432 INFO kablam! ...  |
Nov 01 15:35:22.433 INFO kablam! 65 | |     println!("row data : {:?}", row);
Nov 01 15:35:22.433 INFO kablam! 66 | | }
Nov 01 15:35:22.433 INFO kablam!    | |_^
Nov 01 15:35:22.433 INFO kablam! 
Nov 01 15:35:22.434 INFO kablam! warning: module `tryStringCollection` should have a snake case name such as `try_string_collection`
Nov 01 15:35:22.434 INFO kablam!  --> src/lessons/mod.rs:3:1
Nov 01 15:35:22.434 INFO kablam!   |
Nov 01 15:35:22.434 INFO kablam! 3 | pub mod tryStringCollection;
Nov 01 15:35:22.435 INFO kablam!   | ^^^^^^^^^^^^^^^^^^^^^^^^^^^^
Nov 01 15:35:22.435 INFO kablam! 
Nov 01 15:35:22.435 INFO kablam! warning: function `tryUpdateString` should have a snake case name such as `try_update_string`
Nov 01 15:35:22.436 INFO kablam!   --> src/lessons/tryStringCollection.rs:1:1
Nov 01 15:35:22.436 INFO kablam!    |
Nov 01 15:35:22.436 INFO kablam! 1  | / pub fn tryUpdateString(){
Nov 01 15:35:22.437 INFO kablam! 2  | |   println!("==============================");
Nov 01 15:35:22.437 INFO kablam! 3  | |
Nov 01 15:35:22.437 INFO kablam! 4  | |   let mut s = String::from("foo");
Nov 01 15:35:22.438 INFO kablam! ...  |
Nov 01 15:35:22.438 INFO kablam! 37 | |   println!("==============================");
Nov 01 15:35:22.439 INFO kablam! 38 | | }
Nov 01 15:35:22.439 INFO kablam!    | |_^
Nov 01 15:35:22.439 INFO kablam! 
Nov 01 15:35:22.439 INFO kablam! warning: module `tryHashMapCollection` should have a snake case name such as `try_hash_map_collection`
Nov 01 15:35:22.440 INFO kablam!  --> src/lessons/mod.rs:5:1
Nov 01 15:35:22.440 INFO kablam!   |
Nov 01 15:35:22.440 INFO kablam! 5 | pub mod tryHashMapCollection;
Nov 01 15:35:22.441 INFO kablam!   | ^^^^^^^^^^^^^^^^^^^^^^^^^^^^^
Nov 01 15:35:22.441 INFO kablam! 
Nov 01 15:35:22.441 INFO kablam! warning: function `tryHashMap` should have a snake case name such as `try_hash_map`
Nov 01 15:35:22.442 INFO kablam!   --> src/lessons/tryHashMapCollection.rs:3:1
Nov 01 15:35:22.442 INFO kablam!    |
Nov 01 15:35:22.442 INFO kablam! 3  | / pub fn tryHashMap(){
Nov 01 15:35:22.443 INFO kablam! 4  | |   println!("========================");
Nov 01 15:35:22.443 INFO kablam! 5  | |
Nov 01 15:35:22.443 INFO kablam! 6  | |   let mut scores = HashMap::new();
Nov 01 15:35:22.443 INFO kablam! ...  |
Nov 01 15:35:22.444 INFO kablam! 52 | |   println!("========================");
Nov 01 15:35:22.444 INFO kablam! 53 | | }
Nov 01 15:35:22.444 INFO kablam!    | |_^
Nov 01 15:35:22.445 INFO kablam! 
Nov 01 15:35:22.445 INFO kablam! warning: module `recoverableError` should have a snake case name such as `recoverable_error`
Nov 01 15:35:22.445 INFO kablam!  --> src/lessons/mod.rs:7:1
Nov 01 15:35:22.445 INFO kablam!   |
Nov 01 15:35:22.446 INFO kablam! 7 | pub mod recoverableError;
Nov 01 15:35:22.446 INFO kablam!   | ^^^^^^^^^^^^^^^^^^^^^^^^^
Nov 01 15:35:22.446 INFO kablam! 
Nov 01 15:35:22.446 INFO kablam! warning: function `recoverableError` should have a snake case name such as `recoverable_error`
Nov 01 15:35:22.451 INFO kablam!   --> src/lessons/recoverableError.rs:27:1
Nov 01 15:35:22.451 INFO kablam!    |
Nov 01 15:35:22.451 INFO kablam! 27 | / pub fn recoverableError(){
Nov 01 15:35:22.452 INFO kablam! 28 | |   let f = File::open("hello.txt");
Nov 01 15:35:22.452 INFO kablam! 29 | |   let t = match f{
Nov 01 15:35:22.452 INFO kablam! 30 | |     Ok(file) => file,
Nov 01 15:35:22.452 INFO kablam! ...  |
Nov 01 15:35:22.453 INFO kablam! 54 | |   println!("file value : {:?}", t);
Nov 01 15:35:22.453 INFO kablam! 55 | | }
Nov 01 15:35:22.453 INFO kablam!    | |_^
Nov 01 15:35:22.453 INFO kablam! 
Nov 01 15:35:22.454 INFO kablam! warning: module `tryGenericTypes` should have a snake case name such as `try_generic_types`
Nov 01 15:35:22.454 INFO kablam!  --> src/lessons/mod.rs:9:1
Nov 01 15:35:22.454 INFO kablam!   |
Nov 01 15:35:22.454 INFO kablam! 9 | pub mod tryGenericTypes;
Nov 01 15:35:22.454 INFO kablam!   | ^^^^^^^^^^^^^^^^^^^^^^^^
Nov 01 15:35:22.454 INFO kablam! 
Nov 01 15:35:22.455 INFO kablam! warning: module `tryLifetime` should have a snake case name such as `try_lifetime`
Nov 01 15:35:22.455 INFO kablam!   --> src/lessons/mod.rs:11:1
Nov 01 15:35:22.455 INFO kablam!    |
Nov 01 15:35:22.455 INFO kablam! 11 | pub mod tryLifetime;
Nov 01 15:35:22.455 INFO kablam!    | ^^^^^^^^^^^^^^^^^^^^
Nov 01 15:35:22.455 INFO kablam! 
Nov 01 15:35:22.455 INFO kablam! warning: module `Rectangle` should have a snake case name such as `rectangle`
Nov 01 15:35:22.455 INFO kablam!   --> src/lessons/mod.rs:13:1
Nov 01 15:35:22.455 INFO kablam!    |
Nov 01 15:35:22.455 INFO kablam! 13 | pub mod Rectangle;
Nov 01 15:35:22.455 INFO kablam!    | ^^^^^^^^^^^^^^^^^^
Nov 01 15:35:22.455 INFO kablam! 
Nov 01 15:35:22.455 INFO kablam! warning: module `Guess` should have a snake case name such as `guess`
Nov 01 15:35:22.455 INFO kablam!   --> src/lessons/mod.rs:15:1
Nov 01 15:35:22.455 INFO kablam!    |
Nov 01 15:35:22.455 INFO kablam! 15 | pub mod Guess;
Nov 01 15:35:22.455 INFO kablam!    | ^^^^^^^^^^^^^^
Nov 01 15:35:22.455 INFO kablam! 
Nov 01 15:35:22.455 INFO kablam! warning: module `learnClosure` should have a snake case name such as `learn_closure`
Nov 01 15:35:22.455 INFO kablam!  --> src/closures/mod.rs:8:1
Nov 01 15:35:22.455 INFO kablam!   |
Nov 01 15:35:22.455 INFO kablam! 8 | pub mod learnClosure;
Nov 01 15:35:22.455 INFO kablam!   | ^^^^^^^^^^^^^^^^^^^^^
Nov 01 15:35:22.455 INFO kablam! 
Nov 01 15:35:22.455 INFO kablam! warning: module `learnIterator` should have a snake case name such as `learn_iterator`
Nov 01 15:35:22.455 INFO kablam!  --> src/closures/mod.rs:9:1
Nov 01 15:35:22.455 INFO kablam!   |
Nov 01 15:35:22.455 INFO kablam! 9 | pub mod learnIterator;
Nov 01 15:35:22.455 INFO kablam!   | ^^^^^^^^^^^^^^^^^^^^^^
Nov 01 15:35:22.455 INFO kablam! 
Nov 01 15:35:22.455 INFO kablam! warning: function `learnIterator` should have a snake case name such as `learn_iterator`
Nov 01 15:35:22.455 INFO kablam!   --> src/closures/learnIterator.rs:41:1
Nov 01 15:35:22.455 INFO kablam!    |
Nov 01 15:35:22.455 INFO kablam! 41 | / pub fn learnIterator(){
Nov 01 15:35:22.455 INFO kablam! 42 | |   let v1 = vec![1,2,3,4];
Nov 01 15:35:22.455 INFO kablam! 43 | |   let v1_iter = v1.iter();
Nov 01 15:35:22.455 INFO kablam! 44 | |   for item in v1_iter{
Nov 01 15:35:22.455 INFO kablam! ...  |
Nov 01 15:35:22.455 INFO kablam! 64 | |   println!("============================");
Nov 01 15:35:22.455 INFO kablam! 65 | | }
Nov 01 15:35:22.455 INFO kablam!    | |_^
Nov 01 15:35:22.455 INFO kablam! 
Nov 01 15:35:24.091 INFO kablam! warning: field is never used: `email`
Nov 01 15:35:24.091 INFO kablam!   --> src/main.rs:19:5
Nov 01 15:35:24.091 INFO kablam!    |
Nov 01 15:35:24.091 INFO kablam! 19 |     email: String,
Nov 01 15:35:24.091 INFO kablam!    |     ^^^^^^^^^^^^^
Nov 01 15:35:24.091 INFO kablam!    |
Nov 01 15:35:24.091 INFO kablam!    = note: #[warn(dead_code)] on by default
Nov 01 15:35:24.091 INFO kablam! 
Nov 01 15:35:24.091 INFO kablam! warning: field is never used: `sign_in_count`
Nov 01 15:35:24.091 INFO kablam!   --> src/main.rs:20:5
Nov 01 15:35:24.091 INFO kablam!    |
Nov 01 15:35:24.091 INFO kablam! 20 |     sign_in_count: u64,
Nov 01 15:35:24.091 INFO kablam!    |     ^^^^^^^^^^^^^^^^^^
Nov 01 15:35:24.091 INFO kablam! 
Nov 01 15:35:24.091 INFO kablam! warning: field is never used: `active`
Nov 01 15:35:24.091 INFO kablam!   --> src/main.rs:21:5
Nov 01 15:35:24.091 INFO kablam!    |
Nov 01 15:35:24.091 INFO kablam! 21 |     active: bool
Nov 01 15:35:24.091 INFO kablam!    |     ^^^^^^^^^^^^
Nov 01 15:35:24.091 INFO kablam! 
Nov 01 15:35:24.091 INFO kablam! warning: constant `point1` should have an upper case name such as `POINT1`
Nov 01 15:35:24.091 INFO kablam!    --> src/main.rs:100:5
Nov 01 15:35:24.091 INFO kablam!     |
Nov 01 15:35:24.091 INFO kablam! 100 |     const point1 :Point = Point(0,0,0);
Nov 01 15:35:24.091 INFO kablam!     |     ^^^^^^^^^^^^^^^^^^^^^^^^^^^^^^^^^^^
Nov 01 15:35:24.091 INFO kablam!     |
Nov 01 15:35:24.091 INFO kablam!     = note: #[warn(non_upper_case_globals)] on by default
Nov 01 15:35:24.091 INFO kablam! 
Nov 01 15:35:24.095 INFO kablam! warning: constant `color1` should have an upper case name such as `COLOR1`
Nov 01 15:35:24.095 INFO kablam!    --> src/main.rs:101:5
Nov 01 15:35:24.095 INFO kablam!     |
Nov 01 15:35:24.095 INFO kablam! 101 |     const color1 :Color = Color( 0, 0, 10);
Nov 01 15:35:24.095 INFO kablam!     |     ^^^^^^^^^^^^^^^^^^^^^^^^^^^^^^^^^^^^^^^
Nov 01 15:35:24.095 INFO kablam! 
Nov 01 15:35:24.543 INFO kablam!     Finished dev [unoptimized + debuginfo] target(s) in 2.85s
Nov 01 15:35:24.546 INFO kablam! su: No module specific data is present
Nov 01 15:35:24.870 INFO running `"docker" "rm" "-f" "f1e60f93f85d8eb942ab7c3df288f76c68c844d04cba1c22d365be4d74a15d7f"`
Nov 01 15:35:25.033 INFO blam! f1e60f93f85d8eb942ab7c3df288f76c68c844d04cba1c22d365be4d74a15d7f
Nov 01 15:35:25.039 INFO running `"docker" "create" "-v" "/mnt/big/crater/work/local/target-dirs/beta-1.31-1/worker-2/beta-2018-10-30:/target:rw,Z" "-v" "/mnt/big/crater/work/local/test-source/worker-2/beta-1.31-1/beta-2018-10-30:/source:ro,Z" "-v" "/mnt/big/crater/work/local/cargo-home:/cargo-home:ro,Z" "-v" "/mnt/big/crater/work/local/rustup-home:/rustup-home:ro,Z" "-e" "USER_ID=1000" "-e" "SOURCE_DIR=/source" "-e" "USER_ID=1000" "-e" "CMD=cargo +beta-2018-10-30 test --frozen --no-run" "-e" "CARGO_TARGET_DIR=/target" "-e" "CARGO_INCREMENTAL=0" "-e" "RUST_BACKTRACE=full" "-e" "RUSTFLAGS=--cap-lints=warn" "-e" "CARGO_HOME=/cargo-home" "-e" "RUSTUP_HOME=/rustup-home" "-m" "1536M" "--network" "none" "crater"`
Nov 01 15:35:25.380 INFO blam! 46db9649930094f1f01c30ec40d1946b6f7988c23ebc40c3c2e04ba7a4b95483
Nov 01 15:35:25.384 INFO running `"docker" "start" "-a" "46db9649930094f1f01c30ec40d1946b6f7988c23ebc40c3c2e04ba7a4b95483"`
Nov 01 15:35:26.330 INFO kablam! usermod: no changes
Nov 01 15:35:26.431 INFO kablam!    Compiling learnrust v0.1.0 (/source)
Nov 01 15:35:27.503 INFO kablam! warning: unnecessary parentheses around `if` condition
Nov 01 15:35:27.503 INFO kablam!   --> src/closures/learnIterator.rs:30:7
Nov 01 15:35:27.503 INFO kablam!    |
Nov 01 15:35:27.503 INFO kablam! 30 |     if(self.count < 6){
Nov 01 15:35:27.503 INFO kablam!    |       ^^^^^^^^^^^^^^^^ help: remove these parentheses
Nov 01 15:35:27.503 INFO kablam!    |
Nov 01 15:35:27.503 INFO kablam!    = note: #[warn(unused_parens)] on by default
Nov 01 15:35:27.503 INFO kablam! 
Nov 01 15:35:27.958 INFO kablam! warning: field is never used: `email`
Nov 01 15:35:27.958 INFO kablam!   --> src/main.rs:19:5
Nov 01 15:35:27.958 INFO kablam!    |
Nov 01 15:35:27.958 INFO kablam! 19 |     email: String,
Nov 01 15:35:27.958 INFO kablam!    |     ^^^^^^^^^^^^^
Nov 01 15:35:27.958 INFO kablam!    |
Nov 01 15:35:27.958 INFO kablam!    = note: #[warn(dead_code)] on by default
Nov 01 15:35:27.958 INFO kablam! 
Nov 01 15:35:27.958 INFO kablam! warning: field is never used: `sign_in_count`
Nov 01 15:35:27.958 INFO kablam!   --> src/main.rs:20:5
Nov 01 15:35:27.958 INFO kablam!    |
Nov 01 15:35:27.958 INFO kablam! 20 |     sign_in_count: u64,
Nov 01 15:35:27.958 INFO kablam!    |     ^^^^^^^^^^^^^^^^^^
Nov 01 15:35:27.958 INFO kablam! 
Nov 01 15:35:27.958 INFO kablam! warning: field is never used: `active`
Nov 01 15:35:27.958 INFO kablam!   --> src/main.rs:21:5
Nov 01 15:35:27.958 INFO kablam!    |
Nov 01 15:35:27.958 INFO kablam! 21 |     active: bool
Nov 01 15:35:27.958 INFO kablam!    |     ^^^^^^^^^^^^
Nov 01 15:35:27.958 INFO kablam! 
Nov 01 15:35:27.959 INFO kablam! warning: constant `point1` should have an upper case name such as `POINT1`
Nov 01 15:35:27.959 INFO kablam!    --> src/main.rs:100:5
Nov 01 15:35:27.959 INFO kablam!     |
Nov 01 15:35:27.959 INFO kablam! 100 |     const point1 :Point = Point(0,0,0);
Nov 01 15:35:27.959 INFO kablam!     |     ^^^^^^^^^^^^^^^^^^^^^^^^^^^^^^^^^^^
Nov 01 15:35:27.959 INFO kablam!     |
Nov 01 15:35:27.959 INFO kablam!     = note: #[warn(non_upper_case_globals)] on by default
Nov 01 15:35:27.959 INFO kablam! 
Nov 01 15:35:27.959 INFO kablam! warning: constant `color1` should have an upper case name such as `COLOR1`
Nov 01 15:35:27.959 INFO kablam!    --> src/main.rs:101:5
Nov 01 15:35:27.959 INFO kablam!     |
Nov 01 15:35:27.959 INFO kablam! 101 |     const color1 :Color = Color( 0, 0, 10);
Nov 01 15:35:27.959 INFO kablam!     |     ^^^^^^^^^^^^^^^^^^^^^^^^^^^^^^^^^^^^^^^
Nov 01 15:35:27.959 INFO kablam! 
Nov 01 15:35:28.283 INFO kablam! warning: unused variable: `v_reference`
Nov 01 15:35:28.283 INFO kablam!   --> src/lessons/commonCollection.rs:25:9
Nov 01 15:35:28.283 INFO kablam!    |
Nov 01 15:35:28.283 INFO kablam! 25 |     let v_reference = &v[v_index];
Nov 01 15:35:28.283 INFO kablam!    |         ^^^^^^^^^^^ help: consider using `_v_reference` instead
Nov 01 15:35:28.283 INFO kablam!    |
Nov 01 15:35:28.283 INFO kablam!    = note: #[warn(unused_variables)] on by default
Nov 01 15:35:28.283 INFO kablam! 
Nov 01 15:35:28.283 INFO kablam! warning: unused variable: `s2`
Nov 01 15:35:28.283 INFO kablam!   --> src/lessons/tryStringCollection.rs:24:7
Nov 01 15:35:28.283 INFO kablam!    |
Nov 01 15:35:28.283 INFO kablam! 24 |   let s2 = String::from("tac");
Nov 01 15:35:28.283 INFO kablam!    |       ^^ help: consider using `_s2` instead
Nov 01 15:35:28.283 INFO kablam! 
Nov 01 15:35:28.283 INFO kablam! warning: unused variable: `point2`
Nov 01 15:35:28.283 INFO kablam!   --> src/lessons/tryGenericTypes.rs:48:7
Nov 01 15:35:28.283 INFO kablam!    |
Nov 01 15:35:28.283 INFO kablam! 48 |   let point2 = Point{x : 10.1, y: 20.2};
Nov 01 15:35:28.283 INFO kablam!    |       ^^^^^^ help: consider using `_point2` instead
Nov 01 15:35:28.283 INFO kablam! 
Nov 01 15:35:28.283 INFO kablam! warning: unused variable: `point2_2`
Nov 01 15:35:28.283 INFO kablam!   --> src/lessons/tryGenericTypes.rs:53:7
Nov 01 15:35:28.283 INFO kablam!    |
Nov 01 15:35:28.283 INFO kablam! 53 |   let point2_2 = Point2{x : 20, y : 20.1};
Nov 01 15:35:28.283 INFO kablam!    |       ^^^^^^^^ help: consider using `_point2_2` instead
Nov 01 15:35:28.283 INFO kablam! 
Nov 01 15:35:28.283 INFO kablam! warning: unused variable: `intensity`
Nov 01 15:35:28.283 INFO kablam!   --> src/closures/learnClosure.rs:41:40
Nov 01 15:35:28.283 INFO kablam!    |
Nov 01 15:35:28.283 INFO kablam! 41 | pub fn simulated_expensive_calculation(intensity: u32){
Nov 01 15:35:28.283 INFO kablam!    |                                        ^^^^^^^^^ help: consider using `_intensity` instead
Nov 01 15:35:28.283 INFO kablam! 
Nov 01 15:35:28.283 INFO kablam! warning: unused variable: `expensive_result2`
Nov 01 15:35:28.283 INFO kablam!   --> src/closures/learnClosure.rs:62:7
Nov 01 15:35:28.283 INFO kablam!    |
Nov 01 15:35:28.283 INFO kablam! 62 |   let expensive_result2 = expensive_calculation(intensity);
Nov 01 15:35:28.283 INFO kablam!    |       ^^^^^^^^^^^^^^^^^ help: consider using `_expensive_result2` instead
Nov 01 15:35:28.283 INFO kablam! 
Nov 01 15:35:28.283 INFO kablam! warning: unused variable: `expensive_result3`
Nov 01 15:35:28.283 INFO kablam!   --> src/closures/learnClosure.rs:63:7
Nov 01 15:35:28.283 INFO kablam!    |
Nov 01 15:35:28.283 INFO kablam! 63 |   let expensive_result3 = |num: u32| -> u32{
Nov 01 15:35:28.283 INFO kablam!    |       ^^^^^^^^^^^^^^^^^ help: consider using `_expensive_result3` instead
Nov 01 15:35:28.283 INFO kablam! 
Nov 01 15:35:28.283 INFO kablam! warning: unused variable: `guess`
Nov 01 15:35:28.283 INFO kablam!   --> src/adder/mod.rs:45:7
Nov 01 15:35:28.284 INFO kablam!    |
Nov 01 15:35:28.284 INFO kablam! 45 |   let guess = Guess::new(0);
Nov 01 15:35:28.284 INFO kablam!    |       ^^^^^ help: consider using `_guess` instead
Nov 01 15:35:28.291 INFO kablam! 
Nov 01 15:35:28.291 INFO kablam! warning: unused variable: `y`
Nov 01 15:35:28.291 INFO kablam!   --> src/adder/mod.rs:74:7
Nov 01 15:35:28.291 INFO kablam!    |
Nov 01 15:35:28.291 INFO kablam! 74 |   let y = 10;
Nov 01 15:35:28.291 INFO kablam!    |       ^ help: consider using `_y` instead
Nov 01 15:35:28.291 INFO kablam! 
Nov 01 15:35:28.416 INFO kablam! warning: function is never used: `returns_summarizable`
Nov 01 15:35:28.417 INFO kablam!    --> src/lessons/tryGenericTypes.rs:132:1
Nov 01 15:35:28.417 INFO kablam!     |
Nov 01 15:35:28.417 INFO kablam! 132 | fn returns_summarizable() -> impl Summary {
Nov 01 15:35:28.417 INFO kablam!     | ^^^^^^^^^^^^^^^^^^^^^^^^^^^^^^^^^^^^^^^^^
Nov 01 15:35:28.417 INFO kablam!     |
Nov 01 15:35:28.417 INFO kablam!     = note: #[warn(dead_code)] on by default
Nov 01 15:35:28.417 INFO kablam! 
Nov 01 15:35:28.417 INFO kablam! warning: field is never used: `value`
Nov 01 15:35:28.417 INFO kablam!  --> src/lessons/Guess.rs:2:3
Nov 01 15:35:28.417 INFO kablam!   |
Nov 01 15:35:28.417 INFO kablam! 2 |   value:u32,
Nov 01 15:35:28.417 INFO kablam!   |   ^^^^^^^^^
Nov 01 15:35:28.417 INFO kablam! 
Nov 01 15:35:28.418 INFO kablam! warning: module `commonCollection` should have a snake case name such as `common_collection`
Nov 01 15:35:28.418 INFO kablam!  --> src/lessons/mod.rs:1:1
Nov 01 15:35:28.418 INFO kablam!   |
Nov 01 15:35:28.418 INFO kablam! 1 | pub mod commonCollection;
Nov 01 15:35:28.418 INFO kablam!   | ^^^^^^^^^^^^^^^^^^^^^^^^^
Nov 01 15:35:28.418 INFO kablam!   |
Nov 01 15:35:28.418 INFO kablam!   = note: #[warn(non_snake_case)] on by default
Nov 01 15:35:28.418 INFO kablam! 
Nov 01 15:35:28.418 INFO kablam! warning: function `tryCommonCollection` should have a snake case name such as `try_common_collection`
Nov 01 15:35:28.418 INFO kablam!   --> src/lessons/commonCollection.rs:8:1
Nov 01 15:35:28.418 INFO kablam!    |
Nov 01 15:35:28.418 INFO kablam! 8  | / pub fn tryCommonCollection(){
Nov 01 15:35:28.418 INFO kablam! 9  | |     let v = vec![1,2,3];
Nov 01 15:35:28.418 INFO kablam! 10 | |     println!("vector value : {:#?}", v);
Nov 01 15:35:28.418 INFO kablam! 11 | |
Nov 01 15:35:28.418 INFO kablam! ...  |
Nov 01 15:35:28.418 INFO kablam! 65 | |     println!("row data : {:?}", row);
Nov 01 15:35:28.419 INFO kablam! 66 | | }
Nov 01 15:35:28.419 INFO kablam!    | |_^
Nov 01 15:35:28.419 INFO kablam! 
Nov 01 15:35:28.419 INFO kablam! warning: module `tryStringCollection` should have a snake case name such as `try_string_collection`
Nov 01 15:35:28.419 INFO kablam!  --> src/lessons/mod.rs:3:1
Nov 01 15:35:28.419 INFO kablam!   |
Nov 01 15:35:28.420 INFO kablam! 3 | pub mod tryStringCollection;
Nov 01 15:35:28.420 INFO kablam!   | ^^^^^^^^^^^^^^^^^^^^^^^^^^^^
Nov 01 15:35:28.420 INFO kablam! 
Nov 01 15:35:28.420 INFO kablam! warning: function `tryUpdateString` should have a snake case name such as `try_update_string`
Nov 01 15:35:28.420 INFO kablam!   --> src/lessons/tryStringCollection.rs:1:1
Nov 01 15:35:28.420 INFO kablam!    |
Nov 01 15:35:28.420 INFO kablam! 1  | / pub fn tryUpdateString(){
Nov 01 15:35:28.420 INFO kablam! 2  | |   println!("==============================");
Nov 01 15:35:28.420 INFO kablam! 3  | |
Nov 01 15:35:28.420 INFO kablam! 4  | |   let mut s = String::from("foo");
Nov 01 15:35:28.420 INFO kablam! ...  |
Nov 01 15:35:28.420 INFO kablam! 37 | |   println!("==============================");
Nov 01 15:35:28.420 INFO kablam! 38 | | }
Nov 01 15:35:28.421 INFO kablam!    | |_^
Nov 01 15:35:28.421 INFO kablam! 
Nov 01 15:35:28.421 INFO kablam! warning: module `tryHashMapCollection` should have a snake case name such as `try_hash_map_collection`
Nov 01 15:35:28.421 INFO kablam!  --> src/lessons/mod.rs:5:1
Nov 01 15:35:28.421 INFO kablam!   |
Nov 01 15:35:28.421 INFO kablam! 5 | pub mod tryHashMapCollection;
Nov 01 15:35:28.421 INFO kablam!   | ^^^^^^^^^^^^^^^^^^^^^^^^^^^^^
Nov 01 15:35:28.421 INFO kablam! 
Nov 01 15:35:28.422 INFO kablam! warning: function `tryHashMap` should have a snake case name such as `try_hash_map`
Nov 01 15:35:28.422 INFO kablam!   --> src/lessons/tryHashMapCollection.rs:3:1
Nov 01 15:35:28.422 INFO kablam!    |
Nov 01 15:35:28.422 INFO kablam! 3  | / pub fn tryHashMap(){
Nov 01 15:35:28.422 INFO kablam! 4  | |   println!("========================");
Nov 01 15:35:28.422 INFO kablam! 5  | |
Nov 01 15:35:28.422 INFO kablam! 6  | |   let mut scores = HashMap::new();
Nov 01 15:35:28.422 INFO kablam! ...  |
Nov 01 15:35:28.422 INFO kablam! 52 | |   println!("========================");
Nov 01 15:35:28.422 INFO kablam! 53 | | }
Nov 01 15:35:28.422 INFO kablam!    | |_^
Nov 01 15:35:28.423 INFO kablam! 
Nov 01 15:35:28.423 INFO kablam! warning: module `recoverableError` should have a snake case name such as `recoverable_error`
Nov 01 15:35:28.423 INFO kablam!  --> src/lessons/mod.rs:7:1
Nov 01 15:35:28.423 INFO kablam!   |
Nov 01 15:35:28.423 INFO kablam! 7 | pub mod recoverableError;
Nov 01 15:35:28.423 INFO kablam!   | ^^^^^^^^^^^^^^^^^^^^^^^^^
Nov 01 15:35:28.424 INFO kablam! 
Nov 01 15:35:28.424 INFO kablam! warning: function `recoverableError` should have a snake case name such as `recoverable_error`
Nov 01 15:35:28.424 INFO kablam!   --> src/lessons/recoverableError.rs:27:1
Nov 01 15:35:28.425 INFO kablam!    |
Nov 01 15:35:28.425 INFO kablam! 27 | / pub fn recoverableError(){
Nov 01 15:35:28.425 INFO kablam! 28 | |   let f = File::open("hello.txt");
Nov 01 15:35:28.425 INFO kablam! 29 | |   let t = match f{
Nov 01 15:35:28.425 INFO kablam! 30 | |     Ok(file) => file,
Nov 01 15:35:28.425 INFO kablam! ...  |
Nov 01 15:35:28.426 INFO kablam! 54 | |   println!("file value : {:?}", t);
Nov 01 15:35:28.426 INFO kablam! 55 | | }
Nov 01 15:35:28.426 INFO kablam!    | |_^
Nov 01 15:35:28.426 INFO kablam! 
Nov 01 15:35:28.427 INFO kablam! warning: module `tryGenericTypes` should have a snake case name such as `try_generic_types`
Nov 01 15:35:28.427 INFO kablam!  --> src/lessons/mod.rs:9:1
Nov 01 15:35:28.427 INFO kablam!   |
Nov 01 15:35:28.427 INFO kablam! 9 | pub mod tryGenericTypes;
Nov 01 15:35:28.427 INFO kablam!   | ^^^^^^^^^^^^^^^^^^^^^^^^
Nov 01 15:35:28.428 INFO kablam! 
Nov 01 15:35:28.429 INFO kablam! warning: module `tryLifetime` should have a snake case name such as `try_lifetime`
Nov 01 15:35:28.429 INFO kablam!   --> src/lessons/mod.rs:11:1
Nov 01 15:35:28.429 INFO kablam!    |
Nov 01 15:35:28.429 INFO kablam! 11 | pub mod tryLifetime;
Nov 01 15:35:28.429 INFO kablam!    | ^^^^^^^^^^^^^^^^^^^^
Nov 01 15:35:28.429 INFO kablam! 
Nov 01 15:35:28.430 INFO kablam! warning: module `Rectangle` should have a snake case name such as `rectangle`
Nov 01 15:35:28.430 INFO kablam!   --> src/lessons/mod.rs:13:1
Nov 01 15:35:28.430 INFO kablam!    |
Nov 01 15:35:28.430 INFO kablam! 13 | pub mod Rectangle;
Nov 01 15:35:28.430 INFO kablam!    | ^^^^^^^^^^^^^^^^^^
Nov 01 15:35:28.430 INFO kablam! 
Nov 01 15:35:28.431 INFO kablam! warning: module `Guess` should have a snake case name such as `guess`
Nov 01 15:35:28.431 INFO kablam!   --> src/lessons/mod.rs:15:1
Nov 01 15:35:28.431 INFO kablam!    |
Nov 01 15:35:28.431 INFO kablam! 15 | pub mod Guess;
Nov 01 15:35:28.431 INFO kablam!    | ^^^^^^^^^^^^^^
Nov 01 15:35:28.432 INFO kablam! 
Nov 01 15:35:28.435 INFO kablam! warning: module `learnClosure` should have a snake case name such as `learn_closure`
Nov 01 15:35:28.435 INFO kablam!  --> src/closures/mod.rs:8:1
Nov 01 15:35:28.435 INFO kablam!   |
Nov 01 15:35:28.435 INFO kablam! 8 | pub mod learnClosure;
Nov 01 15:35:28.435 INFO kablam!   | ^^^^^^^^^^^^^^^^^^^^^
Nov 01 15:35:28.435 INFO kablam! 
Nov 01 15:35:28.435 INFO kablam! warning: module `learnIterator` should have a snake case name such as `learn_iterator`
Nov 01 15:35:28.435 INFO kablam!  --> src/closures/mod.rs:9:1
Nov 01 15:35:28.435 INFO kablam!   |
Nov 01 15:35:28.435 INFO kablam! 9 | pub mod learnIterator;
Nov 01 15:35:28.435 INFO kablam!   | ^^^^^^^^^^^^^^^^^^^^^^
Nov 01 15:35:28.435 INFO kablam! 
Nov 01 15:35:28.436 INFO kablam! warning: function `learnIterator` should have a snake case name such as `learn_iterator`
Nov 01 15:35:28.436 INFO kablam!   --> src/closures/learnIterator.rs:41:1
Nov 01 15:35:28.436 INFO kablam!    |
Nov 01 15:35:28.436 INFO kablam! 41 | / pub fn learnIterator(){
Nov 01 15:35:28.436 INFO kablam! 42 | |   let v1 = vec![1,2,3,4];
Nov 01 15:35:28.436 INFO kablam! 43 | |   let v1_iter = v1.iter();
Nov 01 15:35:28.436 INFO kablam! 44 | |   for item in v1_iter{
Nov 01 15:35:28.436 INFO kablam! ...  |
Nov 01 15:35:28.436 INFO kablam! 64 | |   println!("============================");
Nov 01 15:35:28.436 INFO kablam! 65 | | }
Nov 01 15:35:28.436 INFO kablam!    | |_^
Nov 01 15:35:28.436 INFO kablam! 
Nov 01 15:35:29.468 INFO kablam!     Finished dev [unoptimized + debuginfo] target(s) in 3.08s
Nov 01 15:35:29.472 INFO kablam! su: No module specific data is present
Nov 01 15:35:30.446 INFO running `"docker" "rm" "-f" "46db9649930094f1f01c30ec40d1946b6f7988c23ebc40c3c2e04ba7a4b95483"`
Nov 01 15:35:30.629 INFO blam! 46db9649930094f1f01c30ec40d1946b6f7988c23ebc40c3c2e04ba7a4b95483
Nov 01 15:35:30.635 INFO running `"docker" "create" "-v" "/mnt/big/crater/work/local/target-dirs/beta-1.31-1/worker-2/beta-2018-10-30:/target:rw,Z" "-v" "/mnt/big/crater/work/local/test-source/worker-2/beta-1.31-1/beta-2018-10-30:/source:ro,Z" "-v" "/mnt/big/crater/work/local/cargo-home:/cargo-home:ro,Z" "-v" "/mnt/big/crater/work/local/rustup-home:/rustup-home:ro,Z" "-e" "USER_ID=1000" "-e" "SOURCE_DIR=/source" "-e" "USER_ID=1000" "-e" "CMD=cargo +beta-2018-10-30 test --frozen" "-e" "CARGO_TARGET_DIR=/target" "-e" "CARGO_INCREMENTAL=0" "-e" "RUST_BACKTRACE=full" "-e" "RUSTFLAGS=--cap-lints=warn" "-e" "CARGO_HOME=/cargo-home" "-e" "RUSTUP_HOME=/rustup-home" "-m" "1536M" "--network" "none" "crater"`
Nov 01 15:35:31.083 INFO blam! 08e4e9a254e605f97bedce75c6aec282545c7a9fe54e52248b4042cb88c9f0b3
Nov 01 15:35:31.087 INFO running `"docker" "start" "-a" "08e4e9a254e605f97bedce75c6aec282545c7a9fe54e52248b4042cb88c9f0b3"`
Nov 01 15:35:32.807 INFO kablam! usermod: no changes
Nov 01 15:35:32.875 INFO kablam!     Finished dev [unoptimized + debuginfo] target(s) in 0.04s
Nov 01 15:35:32.891 INFO kablam!      Running /target/debug/deps/learnrust-a3004fe2d6ff5436
Nov 01 15:35:32.891 INFO blam! 
Nov 01 15:35:32.891 INFO blam! running 9 tests
Nov 01 15:35:32.891 INFO blam! test adder::another ... ignored
Nov 01 15:35:32.891 INFO blam! test adder::it_works_using_result ... ignored
Nov 01 15:35:32.891 INFO blam! test adder::test_greeting_name ... ignored
Nov 01 15:35:32.891 INFO blam! test adder::test_guess_game ... ignored
Nov 01 15:35:32.891 INFO blam! test adder::test_closure ... ok
Nov 01 15:35:32.891 INFO blam! test adder::larger_can_hold_smaller ... ok
Nov 01 15:35:32.891 INFO blam! test adder::exploration ... ok
Nov 01 15:35:32.891 INFO blam! test adder::add_two_test ... ok
Nov 01 15:35:32.891 INFO blam! test adder::smaller_can_not_hold_larger ... ok
Nov 01 15:35:32.891 INFO blam! 
Nov 01 15:35:32.891 INFO blam! test result: ok. 5 passed; 0 failed; 4 ignored; 0 measured; 0 filtered out
Nov 01 15:35:32.891 INFO blam! 
Nov 01 15:35:32.893 INFO kablam!      Running /target/debug/deps/learnrust-2c9d194efd3ce071
Nov 01 15:35:32.893 INFO blam! 
Nov 01 15:35:32.894 INFO blam! running 0 tests
Nov 01 15:35:32.894 INFO blam! 
Nov 01 15:35:32.894 INFO blam! test result: ok. 0 passed; 0 failed; 0 ignored; 0 measured; 0 filtered out
Nov 01 15:35:32.894 INFO blam! 
Nov 01 15:35:32.895 INFO kablam!      Running /target/debug/deps/integration_test-32a1fcaa6d2b1d69
Nov 01 15:35:32.896 INFO blam! 
Nov 01 15:35:32.896 INFO blam! running 1 test
Nov 01 15:35:32.907 INFO blam! test integration_it_adds_two ... ok
Nov 01 15:35:32.907 INFO blam! 
Nov 01 15:35:32.907 INFO blam! test result: ok. 1 passed; 0 failed; 0 ignored; 0 measured; 0 filtered out
Nov 01 15:35:32.907 INFO blam! 
Nov 01 15:35:32.907 INFO kablam!    Doc-tests learnrust
Nov 01 15:35:33.799 INFO blam! 
Nov 01 15:35:33.799 INFO blam! running 1 test
Nov 01 15:35:34.775 INFO blam! test src/closures/learnClosure.rs - closures::learnClosure::simulated_expensive_calculation (line 36) ... FAILED
Nov 01 15:35:34.775 INFO blam! 
Nov 01 15:35:34.775 INFO blam! failures:
Nov 01 15:35:34.775 INFO blam! 
Nov 01 15:35:34.775 INFO blam! ---- src/closures/learnClosure.rs - closures::learnClosure::simulated_expensive_calculation (line 36) stdout ----
Nov 01 15:35:34.775 INFO blam! error[E0433]: failed to resolve. Use of undeclared type or module `my_crate`
Nov 01 15:35:34.775 INFO blam!  --> src/closures/learnClosure.rs:39:15
Nov 01 15:35:34.775 INFO blam!   |
Nov 01 15:35:34.775 INFO blam! 5 | assert_eq!(6, my_crate::add_one(5));
Nov 01 15:35:34.775 INFO blam!   |               ^^^^^^^^ Use of undeclared type or module `my_crate`
Nov 01 15:35:34.775 INFO blam! 
Nov 01 15:35:34.775 INFO blam! thread 'src/closures/learnClosure.rs - closures::learnClosure::simulated_expensive_calculation (line 36)' panicked at 'couldn't compile the test', librustdoc/test.rs:332:13
Nov 01 15:35:34.775 INFO blam! stack backtrace:
Nov 01 15:35:34.775 INFO blam!    0:     0x7fab4b0c76ff - std::sys::unix::backtrace::tracing::imp::unwind_backtrace::h3c55afa80a996a32
Nov 01 15:35:34.775 INFO blam!                                at libstd/sys/unix/backtrace/tracing/gcc_s.rs:49
Nov 01 15:35:34.775 INFO blam!    1:     0x7fab4b0ac697 - std::sys_common::backtrace::print::hcef907ea7a07cd40
Nov 01 15:35:34.775 INFO blam!                                at libstd/sys_common/backtrace.rs:71
Nov 01 15:35:34.775 INFO blam!                                at libstd/sys_common/backtrace.rs:59
Nov 01 15:35:34.775 INFO blam!    2:     0x7fab4b0d2acf - std::panicking::default_hook::{{closure}}::hf541876c65f36ea7
Nov 01 15:35:34.775 INFO blam!                                at libstd/panicking.rs:211
Nov 01 15:35:34.775 INFO blam!    3:     0x7fab4b0d27ce - std::panicking::default_hook::h4ecc06b30ae4459d
Nov 01 15:35:34.775 INFO blam!                                at libstd/panicking.rs:221
Nov 01 15:35:34.775 INFO blam!    4:     0x7fab4d36e6d1 - rustc::util::common::panic_hook::hf4e6f5c3b281764b
Nov 01 15:35:34.775 INFO blam!    5:     0x7fab4b0d32c6 - std::panicking::rust_panic_with_hook::h0cc6d9cc9f34a947
Nov 01 15:35:34.775 INFO blam!                                at libstd/panicking.rs:480
Nov 01 15:35:34.775 INFO blam!    6:     0x556ab7996387 - std::panicking::begin_panic::he08470afd022350c
Nov 01 15:35:34.775 INFO blam!                                at libstd/panicking.rs:410
Nov 01 15:35:34.775 INFO blam!    7:     0x556ab7b28707 - <rustdoc::test::Collector as rustdoc::test::Tester>::add_test::{{closure}}::{{closure}}::{{closure}}::h1097dd2aed0bc349
Nov 01 15:35:34.775 INFO blam!                                at librustdoc/test.rs:332
Nov 01 15:35:34.775 INFO blam!                                at librustdoc/test.rs:596
Nov 01 15:35:34.775 INFO blam!    8:     0x556ab7addc78 - <scoped_tls::ScopedKey<T>>::set::h9bba31b35056dc07
Nov 01 15:35:34.776 INFO blam!                                at /cargo/registry/src/github.com-1ecc6299db9ec823/scoped-tls-0.1.2/src/lib.rs:155
Nov 01 15:35:34.776 INFO blam!                                at libsyntax/lib.rs:106
Nov 01 15:35:34.776 INFO blam!                                at /cargo/registry/src/github.com-1ecc6299db9ec823/scoped-tls-0.1.2/src/lib.rs:155
Nov 01 15:35:34.776 INFO blam!    9:     0x556ab78e3481 - syntax::with_globals::h4fd10729776cd915
Nov 01 15:35:34.776 INFO blam!                                at libsyntax/lib.rs:105
Nov 01 15:35:34.776 INFO blam!   10:     0x556ab79965cb - std::panicking::try::do_call::he572b5001749b5c7
Nov 01 15:35:34.776 INFO blam!                                at librustdoc/test.rs:593
Nov 01 15:35:34.776 INFO blam!                                at libstd/panic.rs:313
Nov 01 15:35:34.776 INFO blam!                                at libstd/panicking.rs:310
Nov 01 15:35:34.776 INFO blam!   11:     0x7fab4b0e0de9 - __rust_maybe_catch_panic
Nov 01 15:35:34.776 INFO blam!                                at libpanic_unwind/lib.rs:102
Nov 01 15:35:34.776 INFO blam!   12:     0x556ab79b8079 - rustc_driver::in_named_rustc_thread::hc8aa36ae7168454b
Nov 01 15:35:34.776 INFO blam!                                at libstd/panicking.rs:289
Nov 01 15:35:34.776 INFO blam!                                at libstd/panic.rs:392
Nov 01 15:35:34.776 INFO blam!                                at librustc_driver/lib.rs:1546
Nov 01 15:35:34.776 INFO blam!   13:     0x556ab7af6960 - <F as alloc::boxed::FnBox<A>>::call_box::hf53e55f306710650
Nov 01 15:35:34.776 INFO blam!                                at librustdoc/test.rs:593
Nov 01 15:35:34.776 INFO blam!                                at liballoc/boxed.rs:672
Nov 01 15:35:34.776 INFO blam!   14:     0x7fab4c73f142 - <F as alloc::boxed::FnBox<A>>::call_box::hecf56d722ce7bb71
Nov 01 15:35:34.776 INFO blam!                                at libtest/lib.rs:1461
Nov 01 15:35:34.776 INFO blam!                                at liballoc/boxed.rs:672
Nov 01 15:35:34.776 INFO blam!   15:     0x7fab4b0e0de9 - __rust_maybe_catch_panic
Nov 01 15:35:34.776 INFO blam!                                at libpanic_unwind/lib.rs:102
Nov 01 15:35:34.776 INFO blam!   16:     0x7fab4c767412 - std::sys_common::backtrace::__rust_begin_short_backtrace::h1bb71a7386fd3269
Nov 01 15:35:34.776 INFO blam!                                at libstd/panicking.rs:289
Nov 01 15:35:34.776 INFO blam!                                at libstd/panic.rs:392
Nov 01 15:35:34.776 INFO blam!                                at libtest/lib.rs:1423
Nov 01 15:35:34.776 INFO blam!                                at libstd/sys_common/backtrace.rs:136
Nov 01 15:35:34.776 INFO blam!   17:     0x7fab4c7681b4 - std::panicking::try::do_call::h9b94719c3074bb5c
Nov 01 15:35:34.776 INFO blam!                                at libstd/thread/mod.rs:409
Nov 01 15:35:34.776 INFO blam!                                at libstd/panic.rs:313
Nov 01 15:35:34.776 INFO blam!                                at libstd/panicking.rs:310
Nov 01 15:35:34.776 INFO blam!   18:     0x7fab4b0e0de9 - __rust_maybe_catch_panic
Nov 01 15:35:34.776 INFO blam!                                at libpanic_unwind/lib.rs:102
Nov 01 15:35:34.776 INFO blam!   19:     0x7fab4c75090c - <F as alloc::boxed::FnBox<A>>::call_box::hb3bcd66d16fd3e84
Nov 01 15:35:34.776 INFO blam!                                at libstd/panicking.rs:289
Nov 01 15:35:34.776 INFO blam!                                at libstd/panic.rs:392
Nov 01 15:35:34.776 INFO blam!                                at libstd/thread/mod.rs:408
Nov 01 15:35:34.776 INFO blam!                                at liballoc/boxed.rs:672
Nov 01 15:35:34.776 INFO blam!   20:     0x7fab4b0cda8d - std::sys_common::thread::start_thread::had0c80d121669d29
Nov 01 15:35:34.776 INFO blam!                                at liballoc/boxed.rs:682
Nov 01 15:35:34.776 INFO blam!                                at libstd/sys_common/thread.rs:24
Nov 01 15:35:34.776 INFO blam!   21:     0x7fab4b0a3435 - std::sys::unix::thread::Thread::new::thread_start::h4a5b66a70d76f47f
Nov 01 15:35:34.776 INFO blam!                                at libstd/sys/unix/thread.rs:90
Nov 01 15:35:34.776 INFO blam!   22:     0x7fab4ac2f6b9 - start_thread
Nov 01 15:35:34.776 INFO blam!   23:     0x7fab4a74f41c - clone
Nov 01 15:35:34.776 INFO blam!   24:                0x0 - <unknown>
Nov 01 15:35:34.776 INFO blam! query stack during panic:
Nov 01 15:35:34.776 INFO blam! end of query stack
Nov 01 15:35:34.776 INFO blam! 
Nov 01 15:35:34.776 INFO blam! 
Nov 01 15:35:34.776 INFO blam! failures:
Nov 01 15:35:34.776 INFO blam!     src/closures/learnClosure.rs - closures::learnClosure::simulated_expensive_calculation (line 36)
Nov 01 15:35:34.776 INFO blam! 
Nov 01 15:35:34.776 INFO blam! test result: FAILED. 0 passed; 1 failed; 0 ignored; 0 measured; 0 filtered out
Nov 01 15:35:34.776 INFO blam! 
Nov 01 15:35:34.784 INFO kablam! error: test failed, to rerun pass '--doc'
Nov 01 15:35:34.792 INFO kablam! su: No module specific data is present
Nov 01 15:35:35.559 INFO running `"docker" "rm" "-f" "08e4e9a254e605f97bedce75c6aec282545c7a9fe54e52248b4042cb88c9f0b3"`
Nov 01 15:35:35.859 INFO blam! 08e4e9a254e605f97bedce75c6aec282545c7a9fe54e52248b4042cb88c9f0b3
