Nov 01 15:35:23.013 INFO testing anztrax/learnrust against 1.30.0 for beta-1.31-1
Nov 01 15:35:23.013 INFO running `"docker" "create" "-v" "/mnt/big/crater/work/local/target-dirs/beta-1.31-1/worker-3/1.30.0:/target:rw,Z" "-v" "/mnt/big/crater/work/local/test-source/worker-3/beta-1.31-1/1.30.0:/source:ro,Z" "-v" "/mnt/big/crater/work/local/cargo-home:/cargo-home:ro,Z" "-v" "/mnt/big/crater/work/local/rustup-home:/rustup-home:ro,Z" "-e" "USER_ID=1000" "-e" "SOURCE_DIR=/source" "-e" "USER_ID=1000" "-e" "CMD=cargo +1.30.0 build --frozen" "-e" "CARGO_TARGET_DIR=/target" "-e" "CARGO_INCREMENTAL=0" "-e" "RUST_BACKTRACE=full" "-e" "RUSTFLAGS=--cap-lints=warn" "-e" "CARGO_HOME=/cargo-home" "-e" "RUSTUP_HOME=/rustup-home" "-m" "1536M" "--network" "none" "crater"`
Nov 01 15:35:23.599 INFO blam! 68c064814819b09556d77d1dd33047858fd468c550f7ab84f378475adee1eb03
Nov 01 15:35:23.601 INFO running `"docker" "start" "-a" "68c064814819b09556d77d1dd33047858fd468c550f7ab84f378475adee1eb03"`
Nov 01 15:35:24.186 INFO kablam! usermod: no changes
Nov 01 15:35:24.233 INFO kablam!    Compiling learnrust v0.1.0 (/source)
Nov 01 15:35:24.626 INFO kablam! warning: unused import: `::lessons::Rectangle::Rectangle`
Nov 01 15:35:24.626 INFO kablam!  --> src/adder/mod.rs:1:5
Nov 01 15:35:24.626 INFO kablam!   |
Nov 01 15:35:24.626 INFO kablam! 1 | use ::lessons::Rectangle::Rectangle;
Nov 01 15:35:24.626 INFO kablam!   |     ^^^^^^^^^^^^^^^^^^^^^^^^^^^^^^^
Nov 01 15:35:24.627 INFO kablam!   |
Nov 01 15:35:24.627 INFO kablam!   = note: #[warn(unused_imports)] on by default
Nov 01 15:35:24.627 INFO kablam! 
Nov 01 15:35:24.627 INFO kablam! warning: unused import: `::lessons::Guess::Guess`
Nov 01 15:35:24.627 INFO kablam!  --> src/adder/mod.rs:2:5
Nov 01 15:35:24.627 INFO kablam!   |
Nov 01 15:35:24.628 INFO kablam! 2 | use ::lessons::Guess::Guess;
Nov 01 15:35:24.628 INFO kablam!   |     ^^^^^^^^^^^^^^^^^^^^^^^
Nov 01 15:35:24.628 INFO kablam! 
Nov 01 15:35:24.628 INFO kablam! warning: unnecessary parentheses around `if` condition
Nov 01 15:35:24.628 INFO kablam!   --> src/closures/learnIterator.rs:30:7
Nov 01 15:35:24.628 INFO kablam!    |
Nov 01 15:35:24.628 INFO kablam! 30 |     if(self.count < 6){
Nov 01 15:35:24.628 INFO kablam!    |       ^^^^^^^^^^^^^^^^ help: remove these parentheses
Nov 01 15:35:24.628 INFO kablam!    |
Nov 01 15:35:24.628 INFO kablam!    = note: #[warn(unused_parens)] on by default
Nov 01 15:35:24.628 INFO kablam! 
Nov 01 15:35:24.858 INFO kablam! warning: unused variable: `v_reference`
Nov 01 15:35:24.858 INFO kablam!   --> src/lessons/commonCollection.rs:25:9
Nov 01 15:35:24.858 INFO kablam!    |
Nov 01 15:35:24.858 INFO kablam! 25 |     let v_reference = &v[v_index];
Nov 01 15:35:24.859 INFO kablam!    |         ^^^^^^^^^^^ help: consider using `_v_reference` instead
Nov 01 15:35:24.859 INFO kablam!    |
Nov 01 15:35:24.859 INFO kablam!    = note: #[warn(unused_variables)] on by default
Nov 01 15:35:24.859 INFO kablam! 
Nov 01 15:35:24.859 INFO kablam! warning: unused variable: `s2`
Nov 01 15:35:24.859 INFO kablam!   --> src/lessons/tryStringCollection.rs:24:7
Nov 01 15:35:24.859 INFO kablam!    |
Nov 01 15:35:24.859 INFO kablam! 24 |   let s2 = String::from("tac");
Nov 01 15:35:24.859 INFO kablam!    |       ^^ help: consider using `_s2` instead
Nov 01 15:35:24.859 INFO kablam! 
Nov 01 15:35:24.859 INFO kablam! warning: unused variable: `point2`
Nov 01 15:35:24.859 INFO kablam!   --> src/lessons/tryGenericTypes.rs:48:7
Nov 01 15:35:24.859 INFO kablam!    |
Nov 01 15:35:24.859 INFO kablam! 48 |   let point2 = Point{x : 10.1, y: 20.2};
Nov 01 15:35:24.859 INFO kablam!    |       ^^^^^^ help: consider using `_point2` instead
Nov 01 15:35:24.859 INFO kablam! 
Nov 01 15:35:24.859 INFO kablam! warning: unused variable: `point2_2`
Nov 01 15:35:24.859 INFO kablam!   --> src/lessons/tryGenericTypes.rs:53:7
Nov 01 15:35:24.859 INFO kablam!    |
Nov 01 15:35:24.859 INFO kablam! 53 |   let point2_2 = Point2{x : 20, y : 20.1};
Nov 01 15:35:24.859 INFO kablam!    |       ^^^^^^^^ help: consider using `_point2_2` instead
Nov 01 15:35:24.859 INFO kablam! 
Nov 01 15:35:24.859 INFO kablam! warning: unused variable: `intensity`
Nov 01 15:35:24.859 INFO kablam!   --> src/closures/learnClosure.rs:41:40
Nov 01 15:35:24.859 INFO kablam!    |
Nov 01 15:35:24.859 INFO kablam! 41 | pub fn simulated_expensive_calculation(intensity: u32){
Nov 01 15:35:24.859 INFO kablam!    |                                        ^^^^^^^^^ help: consider using `_intensity` instead
Nov 01 15:35:24.859 INFO kablam! 
Nov 01 15:35:24.859 INFO kablam! warning: unused variable: `expensive_result2`
Nov 01 15:35:24.859 INFO kablam!   --> src/closures/learnClosure.rs:62:7
Nov 01 15:35:24.859 INFO kablam!    |
Nov 01 15:35:24.859 INFO kablam! 62 |   let expensive_result2 = expensive_calculation(intensity);
Nov 01 15:35:24.859 INFO kablam!    |       ^^^^^^^^^^^^^^^^^ help: consider using `_expensive_result2` instead
Nov 01 15:35:24.859 INFO kablam! 
Nov 01 15:35:24.859 INFO kablam! warning: unused variable: `expensive_result3`
Nov 01 15:35:24.859 INFO kablam!   --> src/closures/learnClosure.rs:63:7
Nov 01 15:35:24.859 INFO kablam!    |
Nov 01 15:35:24.859 INFO kablam! 63 |   let expensive_result3 = |num: u32| -> u32{
Nov 01 15:35:24.859 INFO kablam!    |       ^^^^^^^^^^^^^^^^^ help: consider using `_expensive_result3` instead
Nov 01 15:35:24.859 INFO kablam! 
Nov 01 15:35:24.939 INFO kablam! warning: function is never used: `returns_summarizable`
Nov 01 15:35:24.939 INFO kablam!    --> src/lessons/tryGenericTypes.rs:132:1
Nov 01 15:35:24.939 INFO kablam!     |
Nov 01 15:35:24.939 INFO kablam! 132 | fn returns_summarizable() -> impl Summary {
Nov 01 15:35:24.939 INFO kablam!     | ^^^^^^^^^^^^^^^^^^^^^^^^^^^^^^^^^^^^^^^^^
Nov 01 15:35:24.939 INFO kablam!     |
Nov 01 15:35:24.939 INFO kablam!     = note: #[warn(dead_code)] on by default
Nov 01 15:35:24.939 INFO kablam! 
Nov 01 15:35:24.939 INFO kablam! warning: field is never used: `value`
Nov 01 15:35:24.939 INFO kablam!  --> src/lessons/Guess.rs:2:3
Nov 01 15:35:24.939 INFO kablam!   |
Nov 01 15:35:24.939 INFO kablam! 2 |   value:u32,
Nov 01 15:35:24.939 INFO kablam!   |   ^^^^^^^^^
Nov 01 15:35:24.939 INFO kablam! 
Nov 01 15:35:24.939 INFO kablam! warning: module `commonCollection` should have a snake case name such as `common_collection`
Nov 01 15:35:24.939 INFO kablam!  --> src/lessons/mod.rs:1:1
Nov 01 15:35:24.939 INFO kablam!   |
Nov 01 15:35:24.939 INFO kablam! 1 | pub mod commonCollection;
Nov 01 15:35:24.939 INFO kablam!   | ^^^^^^^^^^^^^^^^^^^^^^^^^
Nov 01 15:35:24.939 INFO kablam!   |
Nov 01 15:35:24.940 INFO kablam!   = note: #[warn(non_snake_case)] on by default
Nov 01 15:35:24.940 INFO kablam! 
Nov 01 15:35:24.940 INFO kablam! warning: function `tryCommonCollection` should have a snake case name such as `try_common_collection`
Nov 01 15:35:24.940 INFO kablam!   --> src/lessons/commonCollection.rs:8:1
Nov 01 15:35:24.940 INFO kablam!    |
Nov 01 15:35:24.940 INFO kablam! 8  | / pub fn tryCommonCollection(){
Nov 01 15:35:24.940 INFO kablam! 9  | |     let v = vec![1,2,3];
Nov 01 15:35:24.940 INFO kablam! 10 | |     println!("vector value : {:#?}", v);
Nov 01 15:35:24.940 INFO kablam! 11 | |
Nov 01 15:35:24.940 INFO kablam! ...  |
Nov 01 15:35:24.940 INFO kablam! 65 | |     println!("row data : {:?}", row);
Nov 01 15:35:24.940 INFO kablam! 66 | | }
Nov 01 15:35:24.940 INFO kablam!    | |_^
Nov 01 15:35:24.940 INFO kablam! 
Nov 01 15:35:24.940 INFO kablam! warning: module `tryStringCollection` should have a snake case name such as `try_string_collection`
Nov 01 15:35:24.940 INFO kablam!  --> src/lessons/mod.rs:3:1
Nov 01 15:35:24.940 INFO kablam!   |
Nov 01 15:35:24.940 INFO kablam! 3 | pub mod tryStringCollection;
Nov 01 15:35:24.940 INFO kablam!   | ^^^^^^^^^^^^^^^^^^^^^^^^^^^^
Nov 01 15:35:24.940 INFO kablam! 
Nov 01 15:35:24.940 INFO kablam! warning: function `tryUpdateString` should have a snake case name such as `try_update_string`
Nov 01 15:35:24.940 INFO kablam!   --> src/lessons/tryStringCollection.rs:1:1
Nov 01 15:35:24.940 INFO kablam!    |
Nov 01 15:35:24.940 INFO kablam! 1  | / pub fn tryUpdateString(){
Nov 01 15:35:24.940 INFO kablam! 2  | |   println!("==============================");
Nov 01 15:35:24.940 INFO kablam! 3  | |
Nov 01 15:35:24.940 INFO kablam! 4  | |   let mut s = String::from("foo");
Nov 01 15:35:24.940 INFO kablam! ...  |
Nov 01 15:35:24.940 INFO kablam! 37 | |   println!("==============================");
Nov 01 15:35:24.940 INFO kablam! 38 | | }
Nov 01 15:35:24.940 INFO kablam!    | |_^
Nov 01 15:35:24.940 INFO kablam! 
Nov 01 15:35:24.940 INFO kablam! warning: module `tryHashMapCollection` should have a snake case name such as `try_hash_map_collection`
Nov 01 15:35:24.940 INFO kablam!  --> src/lessons/mod.rs:5:1
Nov 01 15:35:24.940 INFO kablam!   |
Nov 01 15:35:24.940 INFO kablam! 5 | pub mod tryHashMapCollection;
Nov 01 15:35:24.940 INFO kablam!   | ^^^^^^^^^^^^^^^^^^^^^^^^^^^^^
Nov 01 15:35:24.940 INFO kablam! 
Nov 01 15:35:24.940 INFO kablam! warning: function `tryHashMap` should have a snake case name such as `try_hash_map`
Nov 01 15:35:24.940 INFO kablam!   --> src/lessons/tryHashMapCollection.rs:3:1
Nov 01 15:35:24.940 INFO kablam!    |
Nov 01 15:35:24.940 INFO kablam! 3  | / pub fn tryHashMap(){
Nov 01 15:35:24.940 INFO kablam! 4  | |   println!("========================");
Nov 01 15:35:24.940 INFO kablam! 5  | |
Nov 01 15:35:24.940 INFO kablam! 6  | |   let mut scores = HashMap::new();
Nov 01 15:35:24.940 INFO kablam! ...  |
Nov 01 15:35:24.940 INFO kablam! 52 | |   println!("========================");
Nov 01 15:35:24.940 INFO kablam! 53 | | }
Nov 01 15:35:24.940 INFO kablam!    | |_^
Nov 01 15:35:24.940 INFO kablam! 
Nov 01 15:35:24.940 INFO kablam! warning: module `recoverableError` should have a snake case name such as `recoverable_error`
Nov 01 15:35:24.940 INFO kablam!  --> src/lessons/mod.rs:7:1
Nov 01 15:35:24.940 INFO kablam!   |
Nov 01 15:35:24.940 INFO kablam! 7 | pub mod recoverableError;
Nov 01 15:35:24.940 INFO kablam!   | ^^^^^^^^^^^^^^^^^^^^^^^^^
Nov 01 15:35:24.940 INFO kablam! 
Nov 01 15:35:24.940 INFO kablam! warning: function `recoverableError` should have a snake case name such as `recoverable_error`
Nov 01 15:35:24.940 INFO kablam!   --> src/lessons/recoverableError.rs:27:1
Nov 01 15:35:24.940 INFO kablam!    |
Nov 01 15:35:24.940 INFO kablam! 27 | / pub fn recoverableError(){
Nov 01 15:35:24.940 INFO kablam! 28 | |   let f = File::open("hello.txt");
Nov 01 15:35:24.940 INFO kablam! 29 | |   let t = match f{
Nov 01 15:35:24.940 INFO kablam! 30 | |     Ok(file) => file,
Nov 01 15:35:24.940 INFO kablam! ...  |
Nov 01 15:35:24.940 INFO kablam! 54 | |   println!("file value : {:?}", t);
Nov 01 15:35:24.940 INFO kablam! 55 | | }
Nov 01 15:35:24.940 INFO kablam!    | |_^
Nov 01 15:35:24.940 INFO kablam! 
Nov 01 15:35:24.940 INFO kablam! warning: module `tryGenericTypes` should have a snake case name such as `try_generic_types`
Nov 01 15:35:24.940 INFO kablam!  --> src/lessons/mod.rs:9:1
Nov 01 15:35:24.940 INFO kablam!   |
Nov 01 15:35:24.940 INFO kablam! 9 | pub mod tryGenericTypes;
Nov 01 15:35:24.940 INFO kablam!   | ^^^^^^^^^^^^^^^^^^^^^^^^
Nov 01 15:35:24.940 INFO kablam! 
Nov 01 15:35:24.940 INFO kablam! warning: module `tryLifetime` should have a snake case name such as `try_lifetime`
Nov 01 15:35:24.940 INFO kablam!   --> src/lessons/mod.rs:11:1
Nov 01 15:35:24.940 INFO kablam!    |
Nov 01 15:35:24.940 INFO kablam! 11 | pub mod tryLifetime;
Nov 01 15:35:24.940 INFO kablam!    | ^^^^^^^^^^^^^^^^^^^^
Nov 01 15:35:24.940 INFO kablam! 
Nov 01 15:35:24.940 INFO kablam! warning: module `Rectangle` should have a snake case name such as `rectangle`
Nov 01 15:35:24.940 INFO kablam!   --> src/lessons/mod.rs:13:1
Nov 01 15:35:24.940 INFO kablam!    |
Nov 01 15:35:24.940 INFO kablam! 13 | pub mod Rectangle;
Nov 01 15:35:24.941 INFO kablam!    | ^^^^^^^^^^^^^^^^^^
Nov 01 15:35:24.941 INFO kablam! 
Nov 01 15:35:24.941 INFO kablam! warning: module `Guess` should have a snake case name such as `guess`
Nov 01 15:35:24.941 INFO kablam!   --> src/lessons/mod.rs:15:1
Nov 01 15:35:24.941 INFO kablam!    |
Nov 01 15:35:24.941 INFO kablam! 15 | pub mod Guess;
Nov 01 15:35:24.941 INFO kablam!    | ^^^^^^^^^^^^^^
Nov 01 15:35:24.941 INFO kablam! 
Nov 01 15:35:24.941 INFO kablam! warning: module `learnClosure` should have a snake case name such as `learn_closure`
Nov 01 15:35:24.941 INFO kablam!  --> src/closures/mod.rs:8:1
Nov 01 15:35:24.941 INFO kablam!   |
Nov 01 15:35:24.941 INFO kablam! 8 | pub mod learnClosure;
Nov 01 15:35:24.941 INFO kablam!   | ^^^^^^^^^^^^^^^^^^^^^
Nov 01 15:35:24.941 INFO kablam! 
Nov 01 15:35:24.941 INFO kablam! warning: module `learnIterator` should have a snake case name such as `learn_iterator`
Nov 01 15:35:24.941 INFO kablam!  --> src/closures/mod.rs:9:1
Nov 01 15:35:24.941 INFO kablam!   |
Nov 01 15:35:24.941 INFO kablam! 9 | pub mod learnIterator;
Nov 01 15:35:24.941 INFO kablam!   | ^^^^^^^^^^^^^^^^^^^^^^
Nov 01 15:35:24.941 INFO kablam! 
Nov 01 15:35:24.941 INFO kablam! warning: function `learnIterator` should have a snake case name such as `learn_iterator`
Nov 01 15:35:24.941 INFO kablam!   --> src/closures/learnIterator.rs:41:1
Nov 01 15:35:24.941 INFO kablam!    |
Nov 01 15:35:24.941 INFO kablam! 41 | / pub fn learnIterator(){
Nov 01 15:35:24.941 INFO kablam! 42 | |   let v1 = vec![1,2,3,4];
Nov 01 15:35:24.941 INFO kablam! 43 | |   let v1_iter = v1.iter();
Nov 01 15:35:24.941 INFO kablam! 44 | |   for item in v1_iter{
Nov 01 15:35:24.941 INFO kablam! ...  |
Nov 01 15:35:24.941 INFO kablam! 64 | |   println!("============================");
Nov 01 15:35:24.941 INFO kablam! 65 | | }
Nov 01 15:35:24.941 INFO kablam!    | |_^
Nov 01 15:35:24.941 INFO kablam! 
Nov 01 15:35:26.423 INFO kablam! warning: field is never used: `email`
Nov 01 15:35:26.423 INFO kablam!   --> src/main.rs:19:5
Nov 01 15:35:26.423 INFO kablam!    |
Nov 01 15:35:26.423 INFO kablam! 19 |     email: String,
Nov 01 15:35:26.423 INFO kablam!    |     ^^^^^^^^^^^^^
Nov 01 15:35:26.423 INFO kablam!    |
Nov 01 15:35:26.423 INFO kablam!    = note: #[warn(dead_code)] on by default
Nov 01 15:35:26.423 INFO kablam! 
Nov 01 15:35:26.423 INFO kablam! warning: field is never used: `sign_in_count`
Nov 01 15:35:26.423 INFO kablam!   --> src/main.rs:20:5
Nov 01 15:35:26.423 INFO kablam!    |
Nov 01 15:35:26.423 INFO kablam! 20 |     sign_in_count: u64,
Nov 01 15:35:26.423 INFO kablam!    |     ^^^^^^^^^^^^^^^^^^
Nov 01 15:35:26.423 INFO kablam! 
Nov 01 15:35:26.423 INFO kablam! warning: field is never used: `active`
Nov 01 15:35:26.423 INFO kablam!   --> src/main.rs:21:5
Nov 01 15:35:26.423 INFO kablam!    |
Nov 01 15:35:26.423 INFO kablam! 21 |     active: bool
Nov 01 15:35:26.423 INFO kablam!    |     ^^^^^^^^^^^^
Nov 01 15:35:26.423 INFO kablam! 
Nov 01 15:35:26.423 INFO kablam! warning: constant `point1` should have an upper case name such as `POINT1`
Nov 01 15:35:26.423 INFO kablam!    --> src/main.rs:100:5
Nov 01 15:35:26.423 INFO kablam!     |
Nov 01 15:35:26.423 INFO kablam! 100 |     const point1 :Point = Point(0,0,0);
Nov 01 15:35:26.423 INFO kablam!     |     ^^^^^^^^^^^^^^^^^^^^^^^^^^^^^^^^^^^
Nov 01 15:35:26.423 INFO kablam!     |
Nov 01 15:35:26.423 INFO kablam!     = note: #[warn(non_upper_case_globals)] on by default
Nov 01 15:35:26.423 INFO kablam! 
Nov 01 15:35:26.424 INFO kablam! warning: constant `color1` should have an upper case name such as `COLOR1`
Nov 01 15:35:26.424 INFO kablam!    --> src/main.rs:101:5
Nov 01 15:35:26.424 INFO kablam!     |
Nov 01 15:35:26.424 INFO kablam! 101 |     const color1 :Color = Color( 0, 0, 10);
Nov 01 15:35:26.424 INFO kablam!     |     ^^^^^^^^^^^^^^^^^^^^^^^^^^^^^^^^^^^^^^^
Nov 01 15:35:26.424 INFO kablam! 
Nov 01 15:35:27.196 INFO kablam!     Finished dev [unoptimized + debuginfo] target(s) in 2.99s
Nov 01 15:35:27.200 INFO kablam! su: No module specific data is present
Nov 01 15:35:28.713 INFO running `"docker" "rm" "-f" "68c064814819b09556d77d1dd33047858fd468c550f7ab84f378475adee1eb03"`
Nov 01 15:35:28.999 INFO blam! 68c064814819b09556d77d1dd33047858fd468c550f7ab84f378475adee1eb03
Nov 01 15:35:29.001 INFO running `"docker" "create" "-v" "/mnt/big/crater/work/local/target-dirs/beta-1.31-1/worker-3/1.30.0:/target:rw,Z" "-v" "/mnt/big/crater/work/local/test-source/worker-3/beta-1.31-1/1.30.0:/source:ro,Z" "-v" "/mnt/big/crater/work/local/cargo-home:/cargo-home:ro,Z" "-v" "/mnt/big/crater/work/local/rustup-home:/rustup-home:ro,Z" "-e" "USER_ID=1000" "-e" "SOURCE_DIR=/source" "-e" "USER_ID=1000" "-e" "CMD=cargo +1.30.0 test --frozen --no-run" "-e" "CARGO_TARGET_DIR=/target" "-e" "CARGO_INCREMENTAL=0" "-e" "RUST_BACKTRACE=full" "-e" "RUSTFLAGS=--cap-lints=warn" "-e" "CARGO_HOME=/cargo-home" "-e" "RUSTUP_HOME=/rustup-home" "-m" "1536M" "--network" "none" "crater"`
Nov 01 15:35:29.625 INFO blam! e73dc0035c666af82128b5d6eb051067cbe4f41d016d79514f2c18011e6b153e
Nov 01 15:35:29.627 INFO running `"docker" "start" "-a" "e73dc0035c666af82128b5d6eb051067cbe4f41d016d79514f2c18011e6b153e"`
Nov 01 15:35:31.292 INFO kablam! usermod: no changes
Nov 01 15:35:31.391 INFO kablam!    Compiling learnrust v0.1.0 (/source)
Nov 01 15:35:32.038 INFO kablam! warning: unnecessary parentheses around `if` condition
Nov 01 15:35:32.038 INFO kablam!   --> src/closures/learnIterator.rs:30:7
Nov 01 15:35:32.038 INFO kablam!    |
Nov 01 15:35:32.038 INFO kablam! 30 |     if(self.count < 6){
Nov 01 15:35:32.038 INFO kablam!    |       ^^^^^^^^^^^^^^^^ help: remove these parentheses
Nov 01 15:35:32.038 INFO kablam!    |
Nov 01 15:35:32.038 INFO kablam!    = note: #[warn(unused_parens)] on by default
Nov 01 15:35:32.038 INFO kablam! 
Nov 01 15:35:32.564 INFO kablam! warning: unused variable: `v_reference`
Nov 01 15:35:32.564 INFO kablam!   --> src/lessons/commonCollection.rs:25:9
Nov 01 15:35:32.564 INFO kablam!    |
Nov 01 15:35:32.564 INFO kablam! 25 |     let v_reference = &v[v_index];
Nov 01 15:35:32.564 INFO kablam!    |         ^^^^^^^^^^^ help: consider using `_v_reference` instead
Nov 01 15:35:32.564 INFO kablam!    |
Nov 01 15:35:32.564 INFO kablam!    = note: #[warn(unused_variables)] on by default
Nov 01 15:35:32.564 INFO kablam! 
Nov 01 15:35:32.564 INFO kablam! warning: unused variable: `s2`
Nov 01 15:35:32.564 INFO kablam!   --> src/lessons/tryStringCollection.rs:24:7
Nov 01 15:35:32.564 INFO kablam!    |
Nov 01 15:35:32.564 INFO kablam! 24 |   let s2 = String::from("tac");
Nov 01 15:35:32.564 INFO kablam!    |       ^^ help: consider using `_s2` instead
Nov 01 15:35:32.564 INFO kablam! 
Nov 01 15:35:32.565 INFO kablam! warning: unused variable: `point2`
Nov 01 15:35:32.565 INFO kablam!   --> src/lessons/tryGenericTypes.rs:48:7
Nov 01 15:35:32.565 INFO kablam!    |
Nov 01 15:35:32.565 INFO kablam! 48 |   let point2 = Point{x : 10.1, y: 20.2};
Nov 01 15:35:32.565 INFO kablam!    |       ^^^^^^ help: consider using `_point2` instead
Nov 01 15:35:32.565 INFO kablam! 
Nov 01 15:35:32.565 INFO kablam! warning: unused variable: `point2_2`
Nov 01 15:35:32.565 INFO kablam!   --> src/lessons/tryGenericTypes.rs:53:7
Nov 01 15:35:32.565 INFO kablam!    |
Nov 01 15:35:32.565 INFO kablam! 53 |   let point2_2 = Point2{x : 20, y : 20.1};
Nov 01 15:35:32.565 INFO kablam!    |       ^^^^^^^^ help: consider using `_point2_2` instead
Nov 01 15:35:32.565 INFO kablam! 
Nov 01 15:35:32.565 INFO kablam! warning: unused variable: `intensity`
Nov 01 15:35:32.565 INFO kablam!   --> src/closures/learnClosure.rs:41:40
Nov 01 15:35:32.565 INFO kablam!    |
Nov 01 15:35:32.565 INFO kablam! 41 | pub fn simulated_expensive_calculation(intensity: u32){
Nov 01 15:35:32.565 INFO kablam!    |                                        ^^^^^^^^^ help: consider using `_intensity` instead
Nov 01 15:35:32.565 INFO kablam! 
Nov 01 15:35:32.566 INFO kablam! warning: unused variable: `expensive_result2`
Nov 01 15:35:32.566 INFO kablam!   --> src/closures/learnClosure.rs:62:7
Nov 01 15:35:32.566 INFO kablam!    |
Nov 01 15:35:32.566 INFO kablam! 62 |   let expensive_result2 = expensive_calculation(intensity);
Nov 01 15:35:32.566 INFO kablam!    |       ^^^^^^^^^^^^^^^^^ help: consider using `_expensive_result2` instead
Nov 01 15:35:32.566 INFO kablam! 
Nov 01 15:35:32.566 INFO kablam! warning: unused variable: `expensive_result3`
Nov 01 15:35:32.566 INFO kablam!   --> src/closures/learnClosure.rs:63:7
Nov 01 15:35:32.566 INFO kablam!    |
Nov 01 15:35:32.566 INFO kablam! 63 |   let expensive_result3 = |num: u32| -> u32{
Nov 01 15:35:32.566 INFO kablam!    |       ^^^^^^^^^^^^^^^^^ help: consider using `_expensive_result3` instead
Nov 01 15:35:32.566 INFO kablam! 
Nov 01 15:35:32.566 INFO kablam! warning: unused variable: `guess`
Nov 01 15:35:32.566 INFO kablam!   --> src/adder/mod.rs:45:7
Nov 01 15:35:32.566 INFO kablam!    |
Nov 01 15:35:32.566 INFO kablam! 45 |   let guess = Guess::new(0);
Nov 01 15:35:32.566 INFO kablam!    |       ^^^^^ help: consider using `_guess` instead
Nov 01 15:35:32.566 INFO kablam! 
Nov 01 15:35:32.571 INFO kablam! warning: unused variable: `y`
Nov 01 15:35:32.571 INFO kablam!   --> src/adder/mod.rs:74:7
Nov 01 15:35:32.571 INFO kablam!    |
Nov 01 15:35:32.571 INFO kablam! 74 |   let y = 10;
Nov 01 15:35:32.571 INFO kablam!    |       ^ help: consider using `_y` instead
Nov 01 15:35:32.571 INFO kablam! 
Nov 01 15:35:32.839 INFO kablam! warning: function is never used: `returns_summarizable`
Nov 01 15:35:32.839 INFO kablam!    --> src/lessons/tryGenericTypes.rs:132:1
Nov 01 15:35:32.839 INFO kablam!     |
Nov 01 15:35:32.839 INFO kablam! 132 | fn returns_summarizable() -> impl Summary {
Nov 01 15:35:32.839 INFO kablam!     | ^^^^^^^^^^^^^^^^^^^^^^^^^^^^^^^^^^^^^^^^^
Nov 01 15:35:32.839 INFO kablam!     |
Nov 01 15:35:32.839 INFO kablam!     = note: #[warn(dead_code)] on by default
Nov 01 15:35:32.839 INFO kablam! 
Nov 01 15:35:32.840 INFO kablam! warning: field is never used: `value`
Nov 01 15:35:32.840 INFO kablam!  --> src/lessons/Guess.rs:2:3
Nov 01 15:35:32.840 INFO kablam!   |
Nov 01 15:35:32.840 INFO kablam! 2 |   value:u32,
Nov 01 15:35:32.840 INFO kablam!   |   ^^^^^^^^^
Nov 01 15:35:32.840 INFO kablam! 
Nov 01 15:35:32.841 INFO kablam! warning: module `commonCollection` should have a snake case name such as `common_collection`
Nov 01 15:35:32.841 INFO kablam!  --> src/lessons/mod.rs:1:1
Nov 01 15:35:32.841 INFO kablam!   |
Nov 01 15:35:32.841 INFO kablam! 1 | pub mod commonCollection;
Nov 01 15:35:32.841 INFO kablam!   | ^^^^^^^^^^^^^^^^^^^^^^^^^
Nov 01 15:35:32.841 INFO kablam!   |
Nov 01 15:35:32.841 INFO kablam!   = note: #[warn(non_snake_case)] on by default
Nov 01 15:35:32.841 INFO kablam! 
Nov 01 15:35:32.842 INFO kablam! warning: function `tryCommonCollection` should have a snake case name such as `try_common_collection`
Nov 01 15:35:32.842 INFO kablam!   --> src/lessons/commonCollection.rs:8:1
Nov 01 15:35:32.842 INFO kablam!    |
Nov 01 15:35:32.842 INFO kablam! 8  | / pub fn tryCommonCollection(){
Nov 01 15:35:32.842 INFO kablam! 9  | |     let v = vec![1,2,3];
Nov 01 15:35:32.842 INFO kablam! 10 | |     println!("vector value : {:#?}", v);
Nov 01 15:35:32.842 INFO kablam! 11 | |
Nov 01 15:35:32.842 INFO kablam! ...  |
Nov 01 15:35:32.842 INFO kablam! 65 | |     println!("row data : {:?}", row);
Nov 01 15:35:32.842 INFO kablam! 66 | | }
Nov 01 15:35:32.842 INFO kablam!    | |_^
Nov 01 15:35:32.842 INFO kablam! 
Nov 01 15:35:32.844 INFO kablam! warning: module `tryStringCollection` should have a snake case name such as `try_string_collection`
Nov 01 15:35:32.844 INFO kablam!  --> src/lessons/mod.rs:3:1
Nov 01 15:35:32.844 INFO kablam!   |
Nov 01 15:35:32.844 INFO kablam! 3 | pub mod tryStringCollection;
Nov 01 15:35:32.844 INFO kablam!   | ^^^^^^^^^^^^^^^^^^^^^^^^^^^^
Nov 01 15:35:32.844 INFO kablam! 
Nov 01 15:35:32.844 INFO kablam! warning: function `tryUpdateString` should have a snake case name such as `try_update_string`
Nov 01 15:35:32.844 INFO kablam!   --> src/lessons/tryStringCollection.rs:1:1
Nov 01 15:35:32.844 INFO kablam!    |
Nov 01 15:35:32.844 INFO kablam! 1  | / pub fn tryUpdateString(){
Nov 01 15:35:32.844 INFO kablam! 2  | |   println!("==============================");
Nov 01 15:35:32.844 INFO kablam! 3  | |
Nov 01 15:35:32.844 INFO kablam! 4  | |   let mut s = String::from("foo");
Nov 01 15:35:32.844 INFO kablam! ...  |
Nov 01 15:35:32.844 INFO kablam! 37 | |   println!("==============================");
Nov 01 15:35:32.844 INFO kablam! 38 | | }
Nov 01 15:35:32.844 INFO kablam!    | |_^
Nov 01 15:35:32.844 INFO kablam! 
Nov 01 15:35:32.844 INFO kablam! warning: module `tryHashMapCollection` should have a snake case name such as `try_hash_map_collection`
Nov 01 15:35:32.844 INFO kablam!  --> src/lessons/mod.rs:5:1
Nov 01 15:35:32.844 INFO kablam!   |
Nov 01 15:35:32.844 INFO kablam! 5 | pub mod tryHashMapCollection;
Nov 01 15:35:32.844 INFO kablam!   | ^^^^^^^^^^^^^^^^^^^^^^^^^^^^^
Nov 01 15:35:32.844 INFO kablam! 
Nov 01 15:35:32.847 INFO kablam! warning: function `tryHashMap` should have a snake case name such as `try_hash_map`
Nov 01 15:35:32.847 INFO kablam!   --> src/lessons/tryHashMapCollection.rs:3:1
Nov 01 15:35:32.847 INFO kablam!    |
Nov 01 15:35:32.847 INFO kablam! 3  | / pub fn tryHashMap(){
Nov 01 15:35:32.847 INFO kablam! 4  | |   println!("========================");
Nov 01 15:35:32.847 INFO kablam! 5  | |
Nov 01 15:35:32.847 INFO kablam! 6  | |   let mut scores = HashMap::new();
Nov 01 15:35:32.847 INFO kablam! ...  |
Nov 01 15:35:32.847 INFO kablam! 52 | |   println!("========================");
Nov 01 15:35:32.847 INFO kablam! 53 | | }
Nov 01 15:35:32.847 INFO kablam!    | |_^
Nov 01 15:35:32.847 INFO kablam! 
Nov 01 15:35:32.848 INFO kablam! warning: module `recoverableError` should have a snake case name such as `recoverable_error`
Nov 01 15:35:32.848 INFO kablam!  --> src/lessons/mod.rs:7:1
Nov 01 15:35:32.848 INFO kablam!   |
Nov 01 15:35:32.848 INFO kablam! 7 | pub mod recoverableError;
Nov 01 15:35:32.848 INFO kablam!   | ^^^^^^^^^^^^^^^^^^^^^^^^^
Nov 01 15:35:32.848 INFO kablam! 
Nov 01 15:35:32.848 INFO kablam! warning: function `recoverableError` should have a snake case name such as `recoverable_error`
Nov 01 15:35:32.848 INFO kablam!   --> src/lessons/recoverableError.rs:27:1
Nov 01 15:35:32.848 INFO kablam!    |
Nov 01 15:35:32.848 INFO kablam! 27 | / pub fn recoverableError(){
Nov 01 15:35:32.848 INFO kablam! 28 | |   let f = File::open("hello.txt");
Nov 01 15:35:32.848 INFO kablam! 29 | |   let t = match f{
Nov 01 15:35:32.848 INFO kablam! 30 | |     Ok(file) => file,
Nov 01 15:35:32.848 INFO kablam! ...  |
Nov 01 15:35:32.848 INFO kablam! 54 | |   println!("file value : {:?}", t);
Nov 01 15:35:32.848 INFO kablam! 55 | | }
Nov 01 15:35:32.848 INFO kablam!    | |_^
Nov 01 15:35:32.849 INFO kablam! 
Nov 01 15:35:32.855 INFO kablam! warning: module `tryGenericTypes` should have a snake case name such as `try_generic_types`
Nov 01 15:35:32.855 INFO kablam!  --> src/lessons/mod.rs:9:1
Nov 01 15:35:32.855 INFO kablam!   |
Nov 01 15:35:32.855 INFO kablam! 9 | pub mod tryGenericTypes;
Nov 01 15:35:32.855 INFO kablam!   | ^^^^^^^^^^^^^^^^^^^^^^^^
Nov 01 15:35:32.855 INFO kablam! 
Nov 01 15:35:32.859 INFO kablam! warning: module `tryLifetime` should have a snake case name such as `try_lifetime`
Nov 01 15:35:32.859 INFO kablam!   --> src/lessons/mod.rs:11:1
Nov 01 15:35:32.859 INFO kablam!    |
Nov 01 15:35:32.859 INFO kablam! 11 | pub mod tryLifetime;
Nov 01 15:35:32.859 INFO kablam!    | ^^^^^^^^^^^^^^^^^^^^
Nov 01 15:35:32.859 INFO kablam! 
Nov 01 15:35:32.859 INFO kablam! warning: module `Rectangle` should have a snake case name such as `rectangle`
Nov 01 15:35:32.859 INFO kablam!   --> src/lessons/mod.rs:13:1
Nov 01 15:35:32.859 INFO kablam!    |
Nov 01 15:35:32.859 INFO kablam! 13 | pub mod Rectangle;
Nov 01 15:35:32.859 INFO kablam!    | ^^^^^^^^^^^^^^^^^^
Nov 01 15:35:32.859 INFO kablam! 
Nov 01 15:35:32.859 INFO kablam! warning: module `Guess` should have a snake case name such as `guess`
Nov 01 15:35:32.859 INFO kablam!   --> src/lessons/mod.rs:15:1
Nov 01 15:35:32.859 INFO kablam!    |
Nov 01 15:35:32.859 INFO kablam! 15 | pub mod Guess;
Nov 01 15:35:32.859 INFO kablam!    | ^^^^^^^^^^^^^^
Nov 01 15:35:32.859 INFO kablam! 
Nov 01 15:35:32.883 INFO kablam! warning: module `learnClosure` should have a snake case name such as `learn_closure`
Nov 01 15:35:32.883 INFO kablam!  --> src/closures/mod.rs:8:1
Nov 01 15:35:32.883 INFO kablam!   |
Nov 01 15:35:32.883 INFO kablam! 8 | pub mod learnClosure;
Nov 01 15:35:32.883 INFO kablam!   | ^^^^^^^^^^^^^^^^^^^^^
Nov 01 15:35:32.883 INFO kablam! 
Nov 01 15:35:32.883 INFO kablam! warning: module `learnIterator` should have a snake case name such as `learn_iterator`
Nov 01 15:35:32.883 INFO kablam!  --> src/closures/mod.rs:9:1
Nov 01 15:35:32.883 INFO kablam!   |
Nov 01 15:35:32.883 INFO kablam! 9 | pub mod learnIterator;
Nov 01 15:35:32.883 INFO kablam!   | ^^^^^^^^^^^^^^^^^^^^^^
Nov 01 15:35:32.883 INFO kablam! 
Nov 01 15:35:32.883 INFO kablam! warning: function `learnIterator` should have a snake case name such as `learn_iterator`
Nov 01 15:35:32.883 INFO kablam!   --> src/closures/learnIterator.rs:41:1
Nov 01 15:35:32.883 INFO kablam!    |
Nov 01 15:35:32.883 INFO kablam! 41 | / pub fn learnIterator(){
Nov 01 15:35:32.883 INFO kablam! 42 | |   let v1 = vec![1,2,3,4];
Nov 01 15:35:32.883 INFO kablam! 43 | |   let v1_iter = v1.iter();
Nov 01 15:35:32.883 INFO kablam! 44 | |   for item in v1_iter{
Nov 01 15:35:32.883 INFO kablam! ...  |
Nov 01 15:35:32.883 INFO kablam! 64 | |   println!("============================");
Nov 01 15:35:32.883 INFO kablam! 65 | | }
Nov 01 15:35:32.883 INFO kablam!    | |_^
Nov 01 15:35:32.883 INFO kablam! 
Nov 01 15:35:33.175 INFO kablam! warning: field is never used: `email`
Nov 01 15:35:33.175 INFO kablam!   --> src/main.rs:19:5
Nov 01 15:35:33.175 INFO kablam!    |
Nov 01 15:35:33.175 INFO kablam! 19 |     email: String,
Nov 01 15:35:33.175 INFO kablam!    |     ^^^^^^^^^^^^^
Nov 01 15:35:33.180 INFO kablam!    |
Nov 01 15:35:33.180 INFO kablam!    = note: #[warn(dead_code)] on by default
Nov 01 15:35:33.180 INFO kablam! 
Nov 01 15:35:33.182 INFO kablam! warning: field is never used: `sign_in_count`
Nov 01 15:35:33.182 INFO kablam!   --> src/main.rs:20:5
Nov 01 15:35:33.182 INFO kablam!    |
Nov 01 15:35:33.182 INFO kablam! 20 |     sign_in_count: u64,
Nov 01 15:35:33.182 INFO kablam!    |     ^^^^^^^^^^^^^^^^^^
Nov 01 15:35:33.182 INFO kablam! 
Nov 01 15:35:33.182 INFO kablam! warning: field is never used: `active`
Nov 01 15:35:33.182 INFO kablam!   --> src/main.rs:21:5
Nov 01 15:35:33.182 INFO kablam!    |
Nov 01 15:35:33.182 INFO kablam! 21 |     active: bool
Nov 01 15:35:33.182 INFO kablam!    |     ^^^^^^^^^^^^
Nov 01 15:35:33.182 INFO kablam! 
Nov 01 15:35:33.184 INFO kablam! warning: constant `point1` should have an upper case name such as `POINT1`
Nov 01 15:35:33.184 INFO kablam!    --> src/main.rs:100:5
Nov 01 15:35:33.184 INFO kablam!     |
Nov 01 15:35:33.184 INFO kablam! 100 |     const point1 :Point = Point(0,0,0);
Nov 01 15:35:33.184 INFO kablam!     |     ^^^^^^^^^^^^^^^^^^^^^^^^^^^^^^^^^^^
Nov 01 15:35:33.195 INFO kablam!     |
Nov 01 15:35:33.195 INFO kablam!     = note: #[warn(non_upper_case_globals)] on by default
Nov 01 15:35:33.195 INFO kablam! 
Nov 01 15:35:33.195 INFO kablam! warning: constant `color1` should have an upper case name such as `COLOR1`
Nov 01 15:35:33.195 INFO kablam!    --> src/main.rs:101:5
Nov 01 15:35:33.195 INFO kablam!     |
Nov 01 15:35:33.195 INFO kablam! 101 |     const color1 :Color = Color( 0, 0, 10);
Nov 01 15:35:33.195 INFO kablam!     |     ^^^^^^^^^^^^^^^^^^^^^^^^^^^^^^^^^^^^^^^
Nov 01 15:35:33.195 INFO kablam! 
Nov 01 15:35:34.167 INFO kablam!     Finished dev [unoptimized + debuginfo] target(s) in 2.82s
Nov 01 15:35:34.175 INFO kablam! su: No module specific data is present
Nov 01 15:35:34.961 INFO running `"docker" "rm" "-f" "e73dc0035c666af82128b5d6eb051067cbe4f41d016d79514f2c18011e6b153e"`
Nov 01 15:35:35.272 INFO blam! e73dc0035c666af82128b5d6eb051067cbe4f41d016d79514f2c18011e6b153e
Nov 01 15:35:35.282 INFO running `"docker" "create" "-v" "/mnt/big/crater/work/local/target-dirs/beta-1.31-1/worker-3/1.30.0:/target:rw,Z" "-v" "/mnt/big/crater/work/local/test-source/worker-3/beta-1.31-1/1.30.0:/source:ro,Z" "-v" "/mnt/big/crater/work/local/cargo-home:/cargo-home:ro,Z" "-v" "/mnt/big/crater/work/local/rustup-home:/rustup-home:ro,Z" "-e" "USER_ID=1000" "-e" "SOURCE_DIR=/source" "-e" "USER_ID=1000" "-e" "CMD=cargo +1.30.0 test --frozen" "-e" "CARGO_TARGET_DIR=/target" "-e" "CARGO_INCREMENTAL=0" "-e" "RUST_BACKTRACE=full" "-e" "RUSTFLAGS=--cap-lints=warn" "-e" "CARGO_HOME=/cargo-home" "-e" "RUSTUP_HOME=/rustup-home" "-m" "1536M" "--network" "none" "crater"`
Nov 01 15:35:35.653 INFO blam! a5a94283a080b4c48da770755448358d0e2212230e3bdac62701641e42c49e66
Nov 01 15:35:35.667 INFO running `"docker" "start" "-a" "a5a94283a080b4c48da770755448358d0e2212230e3bdac62701641e42c49e66"`
Nov 01 15:35:37.133 INFO kablam! usermod: no changes
Nov 01 15:35:37.208 INFO kablam!     Finished dev [unoptimized + debuginfo] target(s) in 0.04s
Nov 01 15:35:37.219 INFO blam! 
Nov 01 15:35:37.220 INFO kablam!      Running /target/debug/deps/learnrust-1e13063691a9bf1a
Nov 01 15:35:37.220 INFO blam! running 9 tests
Nov 01 15:35:37.221 INFO kablam!      Running /target/debug/deps/learnrust-ce7f93dd3b5b186b
Nov 01 15:35:37.221 INFO blam! test adder::another ... ignored
Nov 01 15:35:37.221 INFO kablam!      Running /target/debug/deps/integration_test-7daf06ece4bcc686
Nov 01 15:35:37.222 INFO blam! test adder::it_works_using_result ... ignored
Nov 01 15:35:37.222 INFO kablam!    Doc-tests learnrust
Nov 01 15:35:37.222 INFO blam! test adder::test_greeting_name ... ignored
Nov 01 15:35:37.223 INFO blam! test adder::test_guess_game ... ignored
Nov 01 15:35:37.223 INFO blam! test adder::test_closure ... ok
Nov 01 15:35:37.223 INFO blam! test adder::smaller_can_not_hold_larger ... ok
Nov 01 15:35:37.223 INFO blam! test adder::larger_can_hold_smaller ... ok
Nov 01 15:35:37.224 INFO blam! test adder::exploration ... ok
Nov 01 15:35:37.224 INFO blam! test adder::add_two_test ... ok
Nov 01 15:35:37.224 INFO blam! 
Nov 01 15:35:37.225 INFO blam! test result: ok. 5 passed; 0 failed; 4 ignored; 0 measured; 0 filtered out
Nov 01 15:35:37.225 INFO blam! 
Nov 01 15:35:37.225 INFO blam! 
Nov 01 15:35:37.225 INFO blam! running 0 tests
Nov 01 15:35:37.226 INFO blam! 
Nov 01 15:35:37.226 INFO blam! test result: ok. 0 passed; 0 failed; 0 ignored; 0 measured; 0 filtered out
Nov 01 15:35:37.226 INFO blam! 
Nov 01 15:35:37.226 INFO blam! 
Nov 01 15:35:37.227 INFO blam! running 1 test
Nov 01 15:35:37.227 INFO blam! test integration_it_adds_two ... ok
Nov 01 15:35:37.228 INFO blam! 
Nov 01 15:35:37.228 INFO blam! test result: ok. 1 passed; 0 failed; 0 ignored; 0 measured; 0 filtered out
Nov 01 15:35:37.228 INFO blam! 
Nov 01 15:35:38.285 INFO blam! 
Nov 01 15:35:38.285 INFO blam! running 1 test
Nov 01 15:35:39.489 INFO blam! test src/closures/learnClosure.rs - closures::learnClosure::simulated_expensive_calculation (line 36) ... FAILED
Nov 01 15:35:39.489 INFO blam! 
Nov 01 15:35:39.489 INFO blam! failures:
Nov 01 15:35:39.489 INFO blam! 
Nov 01 15:35:39.489 INFO blam! ---- src/closures/learnClosure.rs - closures::learnClosure::simulated_expensive_calculation (line 36) stdout ----
Nov 01 15:35:39.489 INFO blam! error[E0433]: failed to resolve. Use of undeclared type or module `my_crate`
Nov 01 15:35:39.489 INFO blam!  --> src/closures/learnClosure.rs:39:15
Nov 01 15:35:39.490 INFO blam!   |
Nov 01 15:35:39.490 INFO blam! 5 | assert_eq!(6, my_crate::add_one(5));
Nov 01 15:35:39.490 INFO blam!   |               ^^^^^^^^ Use of undeclared type or module `my_crate`
Nov 01 15:35:39.490 INFO blam! 
Nov 01 15:35:39.490 INFO blam! thread 'src/closures/learnClosure.rs - closures::learnClosure::simulated_expensive_calculation (line 36)' panicked at 'couldn't compile the test', librustdoc/test.rs:332:13
Nov 01 15:35:39.490 INFO blam! stack backtrace:
Nov 01 15:35:39.490 INFO blam!    0:     0x7f93a042e75e - std::sys::unix::backtrace::tracing::imp::unwind_backtrace::hf5316c67202e23c8
Nov 01 15:35:39.490 INFO blam!                                at libstd/sys/unix/backtrace/tracing/gcc_s.rs:49
Nov 01 15:35:39.490 INFO blam!    1:     0x7f93a0407946 - std::sys_common::backtrace::print::h3068ed2a6dc7ac86
Nov 01 15:35:39.490 INFO blam!                                at libstd/sys_common/backtrace.rs:71
Nov 01 15:35:39.490 INFO blam!                                at libstd/sys_common/backtrace.rs:59
Nov 01 15:35:39.490 INFO blam!    2:     0x7f93a040554d - std::panicking::default_hook::{{closure}}::h1b9d29cc09d41897
Nov 01 15:35:39.490 INFO blam!                                at libstd/panicking.rs:211
Nov 01 15:35:39.490 INFO blam!    3:     0x7f93a040525b - std::panicking::default_hook::h3a27b204a313406b
Nov 01 15:35:39.490 INFO blam!                                at libstd/panicking.rs:221
Nov 01 15:35:39.490 INFO blam!    4:     0x7f93a256e9f1 - rustc::util::common::panic_hook::hf9d72254884e6e21
Nov 01 15:35:39.490 INFO blam!    5:     0x7f93a0405c53 - std::panicking::rust_panic_with_hook::h0e12cb2fc86d00fa
Nov 01 15:35:39.490 INFO blam!                                at libstd/panicking.rs:481
Nov 01 15:35:39.490 INFO blam!    6:     0x55fcc6afaf56 - std::panicking::begin_panic::h21f1ead623a7b507
Nov 01 15:35:39.490 INFO blam!                                at libstd/panicking.rs:411
Nov 01 15:35:39.490 INFO blam!    7:     0x55fcc6cc82c7 - rustdoc::test::Collector::add_test::{{closure}}::{{closure}}::{{closure}}::hed130f7399558a0a
Nov 01 15:35:39.490 INFO blam!                                at librustdoc/test.rs:332
Nov 01 15:35:39.490 INFO blam!                                at librustdoc/test.rs:564
Nov 01 15:35:39.490 INFO blam!    8:     0x55fcc6c81b40 - <scoped_tls::ScopedKey<T>>::set::h8f0919d2f77ba016
Nov 01 15:35:39.490 INFO blam!                                at /cargo/registry/src/github.com-1ecc6299db9ec823/scoped-tls-0.1.2/src/lib.rs:155
Nov 01 15:35:39.490 INFO blam!                                at libsyntax/lib.rs:108
Nov 01 15:35:39.490 INFO blam!                                at /cargo/registry/src/github.com-1ecc6299db9ec823/scoped-tls-0.1.2/src/lib.rs:155
Nov 01 15:35:39.490 INFO blam!    9:     0x55fcc6aaac8d - syntax::with_globals::hd11e81a0116456bb
Nov 01 15:35:39.490 INFO blam!                                at libsyntax/lib.rs:107
Nov 01 15:35:39.490 INFO blam!   10:     0x55fcc6afb1a4 - std::panicking::try::do_call::hece5c13d7a24e473
Nov 01 15:35:39.490 INFO blam!                                at librustdoc/test.rs:561
Nov 01 15:35:39.490 INFO blam!                                at libstd/panic.rs:313
Nov 01 15:35:39.490 INFO blam!                                at libstd/panicking.rs:310
Nov 01 15:35:39.490 INFO blam!   11:     0x7f93a0445469 - __rust_maybe_catch_panic
Nov 01 15:35:39.490 INFO blam!                                at libpanic_unwind/lib.rs:103
Nov 01 15:35:39.490 INFO blam!   12:     0x55fcc6b72d43 - rustc_driver::in_named_rustc_thread::h2eb14efcd2031db9
Nov 01 15:35:39.490 INFO blam!                                at libstd/panicking.rs:289
Nov 01 15:35:39.490 INFO blam!                                at libstd/panic.rs:392
Nov 01 15:35:39.490 INFO blam!                                at librustc_driver/lib.rs:1574
Nov 01 15:35:39.490 INFO blam!   13:     0x55fcc6ca0e4c - <F as alloc::boxed::FnBox<A>>::call_box::h1a3519e0a4ef9ca4
Nov 01 15:35:39.490 INFO blam!                                at librustdoc/test.rs:561
Nov 01 15:35:39.490 INFO blam!                                at liballoc/boxed.rs:646
Nov 01 15:35:39.490 INFO blam!   14:     0x7f93a1a89dc2 - <F as alloc::boxed::FnBox<A>>::call_box::h79a77abfa30ef4cc
Nov 01 15:35:39.490 INFO blam!                                at libtest/lib.rs:1454
Nov 01 15:35:39.490 INFO blam!                                at liballoc/boxed.rs:646
Nov 01 15:35:39.490 INFO blam!   15:     0x7f93a0445469 - __rust_maybe_catch_panic
Nov 01 15:35:39.490 INFO blam!                                at libpanic_unwind/lib.rs:103
Nov 01 15:35:39.490 INFO blam!   16:     0x7f93a1a971fd - std::sys_common::backtrace::__rust_begin_short_backtrace::h470b05235fe5e5ad
Nov 01 15:35:39.490 INFO blam!                                at libstd/panicking.rs:289
Nov 01 15:35:39.490 INFO blam!                                at libstd/panic.rs:392
Nov 01 15:35:39.490 INFO blam!                                at libtest/lib.rs:1416
Nov 01 15:35:39.490 INFO blam!                                at libstd/sys_common/backtrace.rs:136
Nov 01 15:35:39.490 INFO blam!   17:     0x7f93a1ab5004 - std::panicking::try::do_call::h1f0578498122cc00
Nov 01 15:35:39.490 INFO blam!                                at libstd/thread/mod.rs:409
Nov 01 15:35:39.490 INFO blam!                                at libstd/panic.rs:313
Nov 01 15:35:39.490 INFO blam!                                at libstd/panicking.rs:310
Nov 01 15:35:39.490 INFO blam!   18:     0x7f93a0445469 - __rust_maybe_catch_panic
Nov 01 15:35:39.490 INFO blam!                                at libpanic_unwind/lib.rs:103
Nov 01 15:35:39.490 INFO blam!   19:     0x7f93a1aa1be6 - <F as alloc::boxed::FnBox<A>>::call_box::h7b129f9f235ab460
Nov 01 15:35:39.490 INFO blam!                                at libstd/panicking.rs:289
Nov 01 15:35:39.490 INFO blam!                                at libstd/panic.rs:392
Nov 01 15:35:39.490 INFO blam!                                at libstd/thread/mod.rs:408
Nov 01 15:35:39.490 INFO blam!                                at liballoc/boxed.rs:646
Nov 01 15:35:39.490 INFO blam!   20:     0x7f93a0432c5a - std::sys_common::thread::start_thread::hb77935aee02382da
Nov 01 15:35:39.490 INFO blam!                                at liballoc/boxed.rs:656
Nov 01 15:35:39.490 INFO blam!                                at libstd/sys_common/thread.rs:24
Nov 01 15:35:39.490 INFO blam!   21:     0x7f93a04068d5 - std::sys::unix::thread::Thread::new::thread_start::hd61f7429b3de1d75
Nov 01 15:35:39.490 INFO blam!                                at libstd/sys/unix/thread.rs:90
Nov 01 15:35:39.490 INFO blam!   22:     0x7f93a019b6b9 - start_thread
Nov 01 15:35:39.490 INFO blam!   23:     0x7f939fcbb41c - clone
Nov 01 15:35:39.490 INFO blam!   24:                0x0 - <unknown>
Nov 01 15:35:39.490 INFO blam! query stack during panic:
Nov 01 15:35:39.490 INFO blam! end of query stack
Nov 01 15:35:39.490 INFO blam! 
Nov 01 15:35:39.490 INFO blam! 
Nov 01 15:35:39.490 INFO blam! failures:
Nov 01 15:35:39.490 INFO blam!     src/closures/learnClosure.rs - closures::learnClosure::simulated_expensive_calculation (line 36)
Nov 01 15:35:39.490 INFO blam! 
Nov 01 15:35:39.490 INFO blam! test result: FAILED. 0 passed; 1 failed; 0 ignored; 0 measured; 0 filtered out
Nov 01 15:35:39.490 INFO blam! 
Nov 01 15:35:39.525 INFO kablam! error: test failed, to rerun pass '--doc'
Nov 01 15:35:39.526 INFO kablam! su: No module specific data is present
Nov 01 15:35:40.810 INFO running `"docker" "rm" "-f" "a5a94283a080b4c48da770755448358d0e2212230e3bdac62701641e42c49e66"`
Nov 01 15:35:41.128 INFO blam! a5a94283a080b4c48da770755448358d0e2212230e3bdac62701641e42c49e66
