Nov 01 15:41:58.217 INFO testing andysalerno/explain_rs against beta-2018-10-30 for beta-1.31-1
Nov 01 15:41:58.217 INFO running `"docker" "create" "-v" "/mnt/big/crater/work/local/target-dirs/beta-1.31-1/worker-3/beta-2018-10-30:/target:rw,Z" "-v" "/mnt/big/crater/work/local/test-source/worker-3/beta-1.31-1/beta-2018-10-30:/source:ro,Z" "-v" "/mnt/big/crater/work/local/cargo-home:/cargo-home:ro,Z" "-v" "/mnt/big/crater/work/local/rustup-home:/rustup-home:ro,Z" "-e" "USER_ID=1000" "-e" "SOURCE_DIR=/source" "-e" "USER_ID=1000" "-e" "CMD=cargo +beta-2018-10-30 build --frozen" "-e" "CARGO_TARGET_DIR=/target" "-e" "CARGO_INCREMENTAL=0" "-e" "RUST_BACKTRACE=full" "-e" "RUSTFLAGS=--cap-lints=warn" "-e" "CARGO_HOME=/cargo-home" "-e" "RUSTUP_HOME=/rustup-home" "-m" "1536M" "--network" "none" "crater"`
Nov 01 15:41:58.409 INFO blam! f669328c1dccb4bf024d647a75c72de502c2be3d5f70c000f403d2aa3dd2487c
Nov 01 15:41:58.415 INFO running `"docker" "start" "-a" "f669328c1dccb4bf024d647a75c72de502c2be3d5f70c000f403d2aa3dd2487c"`
Nov 01 15:41:58.992 INFO kablam! usermod: no changes
Nov 01 15:41:59.039 INFO kablam!    Compiling explain_rs v0.1.0 (/source)
Nov 01 15:41:59.628 INFO kablam! warning: unused variable: `difference`
Nov 01 15:41:59.629 INFO kablam!    --> src/man_parse/term_writer/troff_term_writer.rs:262:13
Nov 01 15:41:59.630 INFO kablam!     |
Nov 01 15:41:59.630 INFO kablam! 262 |         let difference = text_start_pos - count_whitespace;
Nov 01 15:41:59.631 INFO kablam!     |             ^^^^^^^^^^ help: consider using `_difference` instead
Nov 01 15:41:59.632 INFO kablam!     |
Nov 01 15:41:59.632 INFO kablam!     = note: #[warn(unused_variables)] on by default
Nov 01 15:41:59.633 INFO kablam! 
Nov 01 15:41:59.671 INFO kablam! warning: variable does not need to be mutable
Nov 01 15:41:59.671 INFO kablam!    --> src/man_parse/troff_parser.rs:338:13
Nov 01 15:41:59.671 INFO kablam!     |
Nov 01 15:41:59.671 INFO kablam! 338 |         let mut pops = if let Some(tok) = decrease_arg {
Nov 01 15:41:59.671 INFO kablam!     |             ----^^^^
Nov 01 15:41:59.671 INFO kablam!     |             |
Nov 01 15:41:59.671 INFO kablam!     |             help: remove this `mut`
Nov 01 15:41:59.671 INFO kablam!     |
Nov 01 15:41:59.671 INFO kablam!     = note: #[warn(unused_mut)] on by default
Nov 01 15:41:59.671 INFO kablam! 
Nov 01 15:41:59.704 INFO kablam! warning: variant is never constructed: `Underlined`
Nov 01 15:41:59.704 INFO kablam!   --> src/man_parse/term_writer/font_style.rs:16:5
Nov 01 15:41:59.704 INFO kablam!    |
Nov 01 15:41:59.704 INFO kablam! 16 |     Underlined,
Nov 01 15:41:59.704 INFO kablam!    |     ^^^^^^^^^^
Nov 01 15:41:59.704 INFO kablam!    |
Nov 01 15:41:59.704 INFO kablam!    = note: #[warn(dead_code)] on by default
Nov 01 15:41:59.704 INFO kablam! 
Nov 01 15:41:59.704 INFO kablam! warning: variant is never constructed: `NonWhitespace`
Nov 01 15:41:59.704 INFO kablam!  --> src/man_parse/term_writer/line_info.rs:9:5
Nov 01 15:41:59.704 INFO kablam!   |
Nov 01 15:41:59.704 INFO kablam! 9 |     NonWhitespace,
Nov 01 15:41:59.704 INFO kablam!   |     ^^^^^^^^^^^^^
Nov 01 15:41:59.705 INFO kablam! 
Nov 01 15:41:59.705 INFO kablam! warning: method is never used: `disable_debug`
Nov 01 15:41:59.705 INFO kablam!   --> src/man_parse/term_writer/troff_term_writer.rs:82:5
Nov 01 15:41:59.705 INFO kablam!    |
Nov 01 15:41:59.705 INFO kablam! 82 |     pub fn disable_debug(&mut self) {
Nov 01 15:41:59.705 INFO kablam!    |     ^^^^^^^^^^^^^^^^^^^^^^^^^^^^^^^
Nov 01 15:41:59.705 INFO kablam! 
Nov 01 15:41:59.705 INFO kablam! warning: method is never used: `indent`
Nov 01 15:41:59.705 INFO kablam!   --> src/man_parse/term_writer/troff_term_writer.rs:91:5
Nov 01 15:41:59.705 INFO kablam!    |
Nov 01 15:41:59.705 INFO kablam! 91 |     pub fn indent(&self) -> usize {
Nov 01 15:41:59.705 INFO kablam!    |     ^^^^^^^^^^^^^^^^^^^^^^^^^^^^^
Nov 01 15:41:59.705 INFO kablam! 
Nov 01 15:41:59.705 INFO kablam! warning: method is never used: `default_indent`
Nov 01 15:41:59.705 INFO kablam!    --> src/man_parse/term_writer/troff_term_writer.rs:189:5
Nov 01 15:41:59.705 INFO kablam!     |
Nov 01 15:41:59.705 INFO kablam! 189 |     pub fn default_indent(&mut self) {
Nov 01 15:41:59.705 INFO kablam!     |     ^^^^^^^^^^^^^^^^^^^^^^^^^^^^^^^^
Nov 01 15:41:59.705 INFO kablam! 
Nov 01 15:42:00.700 INFO kablam!     Finished dev [unoptimized + debuginfo] target(s) in 1.68s
Nov 01 15:42:00.707 INFO kablam! su: No module specific data is present
Nov 01 15:42:01.125 INFO running `"docker" "rm" "-f" "f669328c1dccb4bf024d647a75c72de502c2be3d5f70c000f403d2aa3dd2487c"`
Nov 01 15:42:01.266 INFO blam! f669328c1dccb4bf024d647a75c72de502c2be3d5f70c000f403d2aa3dd2487c
Nov 01 15:42:01.268 INFO running `"docker" "create" "-v" "/mnt/big/crater/work/local/target-dirs/beta-1.31-1/worker-3/beta-2018-10-30:/target:rw,Z" "-v" "/mnt/big/crater/work/local/test-source/worker-3/beta-1.31-1/beta-2018-10-30:/source:ro,Z" "-v" "/mnt/big/crater/work/local/cargo-home:/cargo-home:ro,Z" "-v" "/mnt/big/crater/work/local/rustup-home:/rustup-home:ro,Z" "-e" "USER_ID=1000" "-e" "SOURCE_DIR=/source" "-e" "USER_ID=1000" "-e" "CMD=cargo +beta-2018-10-30 test --frozen --no-run" "-e" "CARGO_TARGET_DIR=/target" "-e" "CARGO_INCREMENTAL=0" "-e" "RUST_BACKTRACE=full" "-e" "RUSTFLAGS=--cap-lints=warn" "-e" "CARGO_HOME=/cargo-home" "-e" "RUSTUP_HOME=/rustup-home" "-m" "1536M" "--network" "none" "crater"`
Nov 01 15:42:01.474 INFO blam! 3ea6895076766940774efc8dd9cbf9c82db6ad1deea217459388d03ad6221654
Nov 01 15:42:01.475 INFO running `"docker" "start" "-a" "3ea6895076766940774efc8dd9cbf9c82db6ad1deea217459388d03ad6221654"`
Nov 01 15:42:01.837 INFO kablam! usermod: no changes
Nov 01 15:42:01.873 INFO kablam!    Compiling explain_rs v0.1.0 (/source)
Nov 01 15:42:02.461 INFO kablam! warning: unused variable: `difference`
Nov 01 15:42:02.461 INFO kablam!    --> src/man_parse/term_writer/troff_term_writer.rs:262:13
Nov 01 15:42:02.461 INFO kablam!     |
Nov 01 15:42:02.461 INFO kablam! 262 |         let difference = text_start_pos - count_whitespace;
Nov 01 15:42:02.461 INFO kablam!     |             ^^^^^^^^^^ help: consider using `_difference` instead
Nov 01 15:42:02.461 INFO kablam!     |
Nov 01 15:42:02.461 INFO kablam!     = note: #[warn(unused_variables)] on by default
Nov 01 15:42:02.461 INFO kablam! 
Nov 01 15:42:02.506 INFO kablam! warning: variable does not need to be mutable
Nov 01 15:42:02.506 INFO kablam!    --> src/man_parse/troff_parser.rs:338:13
Nov 01 15:42:02.506 INFO kablam!     |
Nov 01 15:42:02.506 INFO kablam! 338 |         let mut pops = if let Some(tok) = decrease_arg {
Nov 01 15:42:02.506 INFO kablam!     |             ----^^^^
Nov 01 15:42:02.506 INFO kablam!     |             |
Nov 01 15:42:02.506 INFO kablam!     |             help: remove this `mut`
Nov 01 15:42:02.506 INFO kablam!     |
Nov 01 15:42:02.506 INFO kablam!     = note: #[warn(unused_mut)] on by default
Nov 01 15:42:02.506 INFO kablam! 
Nov 01 15:42:02.561 INFO kablam! warning: variant is never constructed: `Underlined`
Nov 01 15:42:02.562 INFO kablam!   --> src/man_parse/term_writer/font_style.rs:16:5
Nov 01 15:42:02.562 INFO kablam!    |
Nov 01 15:42:02.562 INFO kablam! 16 |     Underlined,
Nov 01 15:42:02.562 INFO kablam!    |     ^^^^^^^^^^
Nov 01 15:42:02.562 INFO kablam!    |
Nov 01 15:42:02.562 INFO kablam!    = note: #[warn(dead_code)] on by default
Nov 01 15:42:02.562 INFO kablam! 
Nov 01 15:42:02.562 INFO kablam! warning: variant is never constructed: `NonWhitespace`
Nov 01 15:42:02.562 INFO kablam!  --> src/man_parse/term_writer/line_info.rs:9:5
Nov 01 15:42:02.562 INFO kablam!   |
Nov 01 15:42:02.562 INFO kablam! 9 |     NonWhitespace,
Nov 01 15:42:02.562 INFO kablam!   |     ^^^^^^^^^^^^^
Nov 01 15:42:02.562 INFO kablam! 
Nov 01 15:42:02.562 INFO kablam! warning: method is never used: `disable_debug`
Nov 01 15:42:02.562 INFO kablam!   --> src/man_parse/term_writer/troff_term_writer.rs:82:5
Nov 01 15:42:02.562 INFO kablam!    |
Nov 01 15:42:02.562 INFO kablam! 82 |     pub fn disable_debug(&mut self) {
Nov 01 15:42:02.562 INFO kablam!    |     ^^^^^^^^^^^^^^^^^^^^^^^^^^^^^^^
Nov 01 15:42:02.562 INFO kablam! 
Nov 01 15:42:02.562 INFO kablam! warning: method is never used: `indent`
Nov 01 15:42:02.562 INFO kablam!   --> src/man_parse/term_writer/troff_term_writer.rs:91:5
Nov 01 15:42:02.562 INFO kablam!    |
Nov 01 15:42:02.562 INFO kablam! 91 |     pub fn indent(&self) -> usize {
Nov 01 15:42:02.562 INFO kablam!    |     ^^^^^^^^^^^^^^^^^^^^^^^^^^^^^
Nov 01 15:42:02.562 INFO kablam! 
Nov 01 15:42:02.562 INFO kablam! warning: method is never used: `default_indent`
Nov 01 15:42:02.562 INFO kablam!    --> src/man_parse/term_writer/troff_term_writer.rs:189:5
Nov 01 15:42:02.562 INFO kablam!     |
Nov 01 15:42:02.562 INFO kablam! 189 |     pub fn default_indent(&mut self) {
Nov 01 15:42:02.562 INFO kablam!     |     ^^^^^^^^^^^^^^^^^^^^^^^^^^^^^^^^
Nov 01 15:42:02.562 INFO kablam! 
Nov 01 15:42:03.159 INFO kablam!     Finished dev [unoptimized + debuginfo] target(s) in 1.30s
Nov 01 15:42:03.159 INFO kablam! su: No module specific data is present
Nov 01 15:42:03.472 INFO running `"docker" "rm" "-f" "3ea6895076766940774efc8dd9cbf9c82db6ad1deea217459388d03ad6221654"`
Nov 01 15:42:03.563 INFO blam! 3ea6895076766940774efc8dd9cbf9c82db6ad1deea217459388d03ad6221654
Nov 01 15:42:03.569 INFO running `"docker" "create" "-v" "/mnt/big/crater/work/local/target-dirs/beta-1.31-1/worker-3/beta-2018-10-30:/target:rw,Z" "-v" "/mnt/big/crater/work/local/test-source/worker-3/beta-1.31-1/beta-2018-10-30:/source:ro,Z" "-v" "/mnt/big/crater/work/local/cargo-home:/cargo-home:ro,Z" "-v" "/mnt/big/crater/work/local/rustup-home:/rustup-home:ro,Z" "-e" "USER_ID=1000" "-e" "SOURCE_DIR=/source" "-e" "USER_ID=1000" "-e" "CMD=cargo +beta-2018-10-30 test --frozen" "-e" "CARGO_TARGET_DIR=/target" "-e" "CARGO_INCREMENTAL=0" "-e" "RUST_BACKTRACE=full" "-e" "RUSTFLAGS=--cap-lints=warn" "-e" "CARGO_HOME=/cargo-home" "-e" "RUSTUP_HOME=/rustup-home" "-m" "1536M" "--network" "none" "crater"`
Nov 01 15:42:03.834 INFO blam! ab175f5312e87cea9c8bb9ab6e75f2811af390af1ac1c45f8e332835672d7fac
Nov 01 15:42:03.837 INFO running `"docker" "start" "-a" "ab175f5312e87cea9c8bb9ab6e75f2811af390af1ac1c45f8e332835672d7fac"`
Nov 01 15:42:04.332 INFO kablam! usermod: no changes
Nov 01 15:42:04.363 INFO kablam!     Finished dev [unoptimized + debuginfo] target(s) in 0.01s
Nov 01 15:42:04.363 INFO kablam!      Running /target/debug/deps/explain_rs-499c00e19ba1841c
Nov 01 15:42:04.365 INFO blam! 
Nov 01 15:42:04.365 INFO blam! running 16 tests
Nov 01 15:42:04.367 INFO blam! test man_parse::troff_token_generator::tests::test_double_quote ... ok
Nov 01 15:42:04.367 INFO blam! test man_parse::troff_token_generator::tests::test_empty_square_brackets ... ok
Nov 01 15:42:04.367 INFO blam! test man_parse::troff_token_generator::tests::test_long_word ... ok
Nov 01 15:42:04.367 INFO blam! test man_parse::troff_token_generator::tests::test_inline_macro ... ok
Nov 01 15:42:04.368 INFO blam! test man_parse::troff_token_generator::tests::test_quote_only ... ok
Nov 01 15:42:04.368 INFO blam! test man_parse::troff_token_generator::tests::test_short_word ... ok
Nov 01 15:42:04.368 INFO blam! test man_parse::troff_token_generator::tests::test_multiple_splits ... ok
Nov 01 15:42:04.368 INFO blam! test simple_parser::split_whitespace::tests::split_includes_whitespace ... ok
Nov 01 15:42:04.368 INFO blam! test simple_parser::split_whitespace::tests::split_segregates_whitespaces_types ... ok
Nov 01 15:42:04.368 INFO blam! test simple_parser::split_whitespace::tests::trait_works ... ok
Nov 01 15:42:04.368 INFO blam! test simple_parser::split_whitespace::tests::split_keeps_multilength_spaces ... ok
Nov 01 15:42:04.375 INFO blam! test simple_parser::split_whitespace::tests::split_understands_tabs ... ok
Nov 01 15:42:04.375 INFO blam! test simple_parser::split_whitespace::tests::split_understands_wide_chars ... ok
Nov 01 15:42:04.375 INFO blam! test simple_parser::split_whitespace::tests::split_understands_newlines ... ok
Nov 01 15:42:04.377 INFO blam! test simple_parser::tokenizer::tests::test_simple_line ... ok
Nov 01 15:42:04.387 INFO blam! test man_parse::troff_token_generator::tests::test_backslash_s ... FAILED
Nov 01 15:42:04.387 INFO blam! 
Nov 01 15:42:04.387 INFO blam! failures:
Nov 01 15:42:04.387 INFO blam! 
Nov 01 15:42:04.387 INFO blam! ---- man_parse::troff_token_generator::tests::test_backslash_s stdout ----
Nov 01 15:42:04.387 INFO blam! thread 'man_parse::troff_token_generator::tests::test_backslash_s' panicked at 'assertion failed: `(left == right)`
Nov 01 15:42:04.387 INFO blam!   left: `[Token { class: TextWord, value: "Manual", starts_line: false }, Token { class: Backslash, value: "\\", starts_line: false }, Token { class: EscapeCommand, value: "f", starts_line: false }, Token { class: CommandArg, value: "R", starts_line: false }, Token { class: Backslash, value: "\\", starts_line: false }, Token { class: EscapeCommand, value: "m", starts_line: false }, Token { class: ArgOpenBracket, value: "[", starts_line: false }, Token { class: CommandArg, value: "", starts_line: false }, Token { class: ArgCloseBracket, value: "]", starts_line: false }, Token { class: Backslash, value: "\\", starts_line: false }, Token { class: EscapeCommand, value: "&", starts_line: false }, Token { class: Backslash, value: "\\", starts_line: false }, Token { class: EscapeCommand, value: "s", starts_line: false }, Token { class: CommandArg, value: "-", starts_line: false }, Token { class: CommandArg, value: "2", starts_line: false }, Token { class: Backslash, value: "\\", starts_line: false }, Token { class: EscapeCommand, value: "u", starts_line: false }, Token { class: TextWord, value: "[1]", starts_line: false }, Token { class: Backslash, value: "\\", starts_line: false }, Token { class: EscapeCommand, value: "d", starts_line: false }, Token { class: Backslash, value: "\\", starts_line: false }, Token { class: EscapeCommand, value: "s", starts_line: false }, Token { class: CommandArg, value: "+", starts_line: false }, Token { class: CommandArg, value: "2", starts_line: false }]`,
Nov 01 15:42:04.387 INFO blam!  right: `[Token { class: TextWord, value: "Manual", starts_line: false }, Token { class: Backslash, value: "\\", starts_line: false }, Token { class: EscapeCommand, value: "m", starts_line: false }, Token { class: ArgOpenBracket, value: "[", starts_line: false }, Token { class: CommandArg, value: "", starts_line: false }, Token { class: ArgCloseBracket, value: "]", starts_line: false }]`', src/man_parse/troff_token_generator.rs:388:9
Nov 01 15:42:04.387 INFO blam! stack backtrace:
Nov 01 15:42:04.387 INFO blam!    0:     0x562be77f891f - std::sys::unix::backtrace::tracing::imp::unwind_backtrace::h3c55afa80a996a32
Nov 01 15:42:04.387 INFO blam!                                at libstd/sys/unix/backtrace/tracing/gcc_s.rs:49
Nov 01 15:42:04.387 INFO blam!    1:     0x562be7801947 - std::sys_common::backtrace::print::hcef907ea7a07cd40
Nov 01 15:42:04.387 INFO blam!                                at libstd/sys_common/backtrace.rs:71
Nov 01 15:42:04.387 INFO blam!                                at libstd/sys_common/backtrace.rs:59
Nov 01 15:42:04.387 INFO blam!    2:     0x562be77fc62f - std::panicking::default_hook::{{closure}}::hf541876c65f36ea7
Nov 01 15:42:04.387 INFO blam!                                at libstd/panicking.rs:211
Nov 01 15:42:04.387 INFO blam!    3:     0x562be77fc32e - std::panicking::default_hook::h4ecc06b30ae4459d
Nov 01 15:42:04.387 INFO blam!                                at libstd/panicking.rs:221
Nov 01 15:42:04.387 INFO blam!    4:     0x562be77fcd0e - std::panicking::rust_panic_with_hook::h0cc6d9cc9f34a947
Nov 01 15:42:04.387 INFO blam!                                at libstd/panicking.rs:476
Nov 01 15:42:04.387 INFO blam!    5:     0x562be77fc8b1 - std::panicking::continue_panic_fmt::hc71ad5f01496e320
Nov 01 15:42:04.387 INFO blam!                                at libstd/panicking.rs:390
Nov 01 15:42:04.387 INFO blam!    6:     0x562be77fc7fe - std::panicking::begin_panic_fmt::hdb958223ae20ca60
Nov 01 15:42:04.387 INFO blam!                                at libstd/panicking.rs:345
Nov 01 15:42:04.387 INFO blam!    7:     0x562be7794024 - explain_rs::man_parse::troff_token_generator::tests::test_backslash_s::h1a8c07b05b609c6e
Nov 01 15:42:04.387 INFO blam!                                at src/man_parse/troff_token_generator.rs:388
Nov 01 15:42:04.387 INFO blam!    8:     0x562be77939c9 - explain_rs::man_parse::troff_token_generator::tests::test_backslash_s::{{closure}}::h085202859d909139
Nov 01 15:42:04.387 INFO blam!                                at src/man_parse/troff_token_generator.rs:368
Nov 01 15:42:04.387 INFO blam!    9:     0x562be77a4f2d - core::ops::function::FnOnce::call_once::h433b8a2ecc5e8f00
Nov 01 15:42:04.387 INFO blam!                                at libcore/ops/function.rs:238
Nov 01 15:42:04.387 INFO blam!   10:     0x562be77ac72e - <F as alloc::boxed::FnBox<A>>::call_box::hf32558bd83684b60
Nov 01 15:42:04.387 INFO blam!                                at libtest/lib.rs:1468
Nov 01 15:42:04.387 INFO blam!                                at libcore/ops/function.rs:238
Nov 01 15:42:04.387 INFO blam!                                at liballoc/boxed.rs:672
Nov 01 15:42:04.387 INFO blam!   11:     0x562be780cb79 - __rust_maybe_catch_panic
Nov 01 15:42:04.387 INFO blam!                                at libpanic_unwind/lib.rs:102
Nov 01 15:42:04.387 INFO blam!   12:     0x562be77ce392 - std::sys_common::backtrace::__rust_begin_short_backtrace::h1bb71a7386fd3269
Nov 01 15:42:04.387 INFO blam!                                at libstd/panicking.rs:289
Nov 01 15:42:04.387 INFO blam!                                at libstd/panic.rs:392
Nov 01 15:42:04.387 INFO blam!                                at libtest/lib.rs:1423
Nov 01 15:42:04.387 INFO blam!                                at libstd/sys_common/backtrace.rs:136
Nov 01 15:42:04.387 INFO blam!   13:     0x562be77cee44 - std::panicking::try::do_call::h9b94719c3074bb5c
Nov 01 15:42:04.387 INFO blam!                                at libstd/thread/mod.rs:409
Nov 01 15:42:04.387 INFO blam!                                at libstd/panic.rs:313
Nov 01 15:42:04.387 INFO blam!                                at libstd/panicking.rs:310
Nov 01 15:42:04.387 INFO blam!   14:     0x562be780cb79 - __rust_maybe_catch_panic
Nov 01 15:42:04.387 INFO blam!                                at libpanic_unwind/lib.rs:102
Nov 01 15:42:04.387 INFO blam!   15:     0x562be77bc06c - <F as alloc::boxed::FnBox<A>>::call_box::hb3bcd66d16fd3e84
Nov 01 15:42:04.387 INFO blam!                                at libstd/panicking.rs:289
Nov 01 15:42:04.387 INFO blam!                                at libstd/panic.rs:392
Nov 01 15:42:04.387 INFO blam!                                at libstd/thread/mod.rs:408
Nov 01 15:42:04.387 INFO blam!                                at liballoc/boxed.rs:672
Nov 01 15:42:04.387 INFO blam!   16:     0x562be77fa52d - std::sys_common::thread::start_thread::had0c80d121669d29
Nov 01 15:42:04.387 INFO blam!                                at liballoc/boxed.rs:682
Nov 01 15:42:04.387 INFO blam!                                at libstd/sys_common/thread.rs:24
Nov 01 15:42:04.387 INFO blam!   17:     0x562be77efd25 - std::sys::unix::thread::Thread::new::thread_start::h4a5b66a70d76f47f
Nov 01 15:42:04.387 INFO blam!                                at libstd/sys/unix/thread.rs:90
Nov 01 15:42:04.387 INFO blam!   18:     0x7fc736cac6b9 - start_thread
Nov 01 15:42:04.387 INFO blam!   19:     0x7fc7367cc41c - clone
Nov 01 15:42:04.387 INFO blam!   20:                0x0 - <unknown>
Nov 01 15:42:04.388 INFO blam! 
Nov 01 15:42:04.388 INFO blam! 
Nov 01 15:42:04.388 INFO blam! failures:
Nov 01 15:42:04.388 INFO blam!     man_parse::troff_token_generator::tests::test_backslash_s
Nov 01 15:42:04.388 INFO blam! 
Nov 01 15:42:04.388 INFO blam! test result: FAILED. 15 passed; 1 failed; 0 ignored; 0 measured; 0 filtered out
Nov 01 15:42:04.388 INFO blam! 
Nov 01 15:42:04.391 INFO kablam! error: test failed, to rerun pass '--bin explain_rs'
Nov 01 15:42:04.391 INFO kablam! su: No module specific data is present
Nov 01 15:42:04.637 INFO running `"docker" "rm" "-f" "ab175f5312e87cea9c8bb9ab6e75f2811af390af1ac1c45f8e332835672d7fac"`
Nov 01 15:42:04.698 INFO blam! ab175f5312e87cea9c8bb9ab6e75f2811af390af1ac1c45f8e332835672d7fac
