Nov 01 15:42:01.809 INFO testing andysalerno/explain_rs against 1.30.0 for beta-1.31-1
Nov 01 15:42:01.809 INFO running `"docker" "create" "-v" "/mnt/big/crater/work/local/target-dirs/beta-1.31-1/worker-0/1.30.0:/target:rw,Z" "-v" "/mnt/big/crater/work/local/test-source/worker-0/beta-1.31-1/1.30.0:/source:ro,Z" "-v" "/mnt/big/crater/work/local/cargo-home:/cargo-home:ro,Z" "-v" "/mnt/big/crater/work/local/rustup-home:/rustup-home:ro,Z" "-e" "USER_ID=1000" "-e" "SOURCE_DIR=/source" "-e" "USER_ID=1000" "-e" "CMD=cargo +1.30.0 build --frozen" "-e" "CARGO_TARGET_DIR=/target" "-e" "CARGO_INCREMENTAL=0" "-e" "RUST_BACKTRACE=full" "-e" "RUSTFLAGS=--cap-lints=warn" "-e" "CARGO_HOME=/cargo-home" "-e" "RUSTUP_HOME=/rustup-home" "-m" "1536M" "--network" "none" "crater"`
Nov 01 15:42:02.011 INFO blam! 6aa2f222a2ab2e68f53c9a6861215ee2f9c217ce8cd09012ad8a13a8a72a9a16
Nov 01 15:42:02.019 INFO running `"docker" "start" "-a" "6aa2f222a2ab2e68f53c9a6861215ee2f9c217ce8cd09012ad8a13a8a72a9a16"`
Nov 01 15:42:02.347 INFO kablam! usermod: no changes
Nov 01 15:42:02.377 INFO kablam!    Compiling term_size v0.3.1
Nov 01 15:42:02.747 INFO kablam!    Compiling explain_rs v0.1.0 (/source)
Nov 01 15:42:03.336 INFO kablam! warning: unused variable: `difference`
Nov 01 15:42:03.336 INFO kablam!    --> src/man_parse/term_writer/troff_term_writer.rs:262:13
Nov 01 15:42:03.336 INFO kablam!     |
Nov 01 15:42:03.336 INFO kablam! 262 |         let difference = text_start_pos - count_whitespace;
Nov 01 15:42:03.336 INFO kablam!     |             ^^^^^^^^^^ help: consider using `_difference` instead
Nov 01 15:42:03.336 INFO kablam!     |
Nov 01 15:42:03.336 INFO kablam!     = note: #[warn(unused_variables)] on by default
Nov 01 15:42:03.336 INFO kablam! 
Nov 01 15:42:03.379 INFO kablam! warning: variable does not need to be mutable
Nov 01 15:42:03.379 INFO kablam!    --> src/man_parse/troff_parser.rs:338:13
Nov 01 15:42:03.379 INFO kablam!     |
Nov 01 15:42:03.379 INFO kablam! 338 |         let mut pops = if let Some(tok) = decrease_arg {
Nov 01 15:42:03.379 INFO kablam!     |             ----^^^^
Nov 01 15:42:03.379 INFO kablam!     |             |
Nov 01 15:42:03.379 INFO kablam!     |             help: remove this `mut`
Nov 01 15:42:03.379 INFO kablam!     |
Nov 01 15:42:03.379 INFO kablam!     = note: #[warn(unused_mut)] on by default
Nov 01 15:42:03.379 INFO kablam! 
Nov 01 15:42:03.417 INFO kablam! warning: variant is never constructed: `Underlined`
Nov 01 15:42:03.417 INFO kablam!   --> src/man_parse/term_writer/font_style.rs:16:5
Nov 01 15:42:03.417 INFO kablam!    |
Nov 01 15:42:03.417 INFO kablam! 16 |     Underlined,
Nov 01 15:42:03.417 INFO kablam!    |     ^^^^^^^^^^
Nov 01 15:42:03.417 INFO kablam!    |
Nov 01 15:42:03.417 INFO kablam!    = note: #[warn(dead_code)] on by default
Nov 01 15:42:03.417 INFO kablam! 
Nov 01 15:42:03.417 INFO kablam! warning: variant is never constructed: `NonWhitespace`
Nov 01 15:42:03.417 INFO kablam!  --> src/man_parse/term_writer/line_info.rs:9:5
Nov 01 15:42:03.417 INFO kablam!   |
Nov 01 15:42:03.417 INFO kablam! 9 |     NonWhitespace,
Nov 01 15:42:03.417 INFO kablam!   |     ^^^^^^^^^^^^^
Nov 01 15:42:03.417 INFO kablam! 
Nov 01 15:42:03.427 INFO kablam! warning: method is never used: `disable_debug`
Nov 01 15:42:03.427 INFO kablam!   --> src/man_parse/term_writer/troff_term_writer.rs:82:5
Nov 01 15:42:03.427 INFO kablam!    |
Nov 01 15:42:03.427 INFO kablam! 82 |     pub fn disable_debug(&mut self) {
Nov 01 15:42:03.427 INFO kablam!    |     ^^^^^^^^^^^^^^^^^^^^^^^^^^^^^^^
Nov 01 15:42:03.427 INFO kablam! 
Nov 01 15:42:03.427 INFO kablam! warning: method is never used: `indent`
Nov 01 15:42:03.427 INFO kablam!   --> src/man_parse/term_writer/troff_term_writer.rs:91:5
Nov 01 15:42:03.427 INFO kablam!    |
Nov 01 15:42:03.427 INFO kablam! 91 |     pub fn indent(&self) -> usize {
Nov 01 15:42:03.427 INFO kablam!    |     ^^^^^^^^^^^^^^^^^^^^^^^^^^^^^
Nov 01 15:42:03.427 INFO kablam! 
Nov 01 15:42:03.428 INFO kablam! warning: method is never used: `default_indent`
Nov 01 15:42:03.428 INFO kablam!    --> src/man_parse/term_writer/troff_term_writer.rs:189:5
Nov 01 15:42:03.428 INFO kablam!     |
Nov 01 15:42:03.428 INFO kablam! 189 |     pub fn default_indent(&mut self) {
Nov 01 15:42:03.428 INFO kablam!     |     ^^^^^^^^^^^^^^^^^^^^^^^^^^^^^^^^
Nov 01 15:42:03.428 INFO kablam! 
Nov 01 15:42:04.190 INFO kablam!     Finished dev [unoptimized + debuginfo] target(s) in 1.83s
Nov 01 15:42:04.192 INFO kablam! su: No module specific data is present
Nov 01 15:42:04.415 INFO running `"docker" "rm" "-f" "6aa2f222a2ab2e68f53c9a6861215ee2f9c217ce8cd09012ad8a13a8a72a9a16"`
Nov 01 15:42:04.535 INFO blam! 6aa2f222a2ab2e68f53c9a6861215ee2f9c217ce8cd09012ad8a13a8a72a9a16
Nov 01 15:42:04.537 INFO running `"docker" "create" "-v" "/mnt/big/crater/work/local/target-dirs/beta-1.31-1/worker-0/1.30.0:/target:rw,Z" "-v" "/mnt/big/crater/work/local/test-source/worker-0/beta-1.31-1/1.30.0:/source:ro,Z" "-v" "/mnt/big/crater/work/local/cargo-home:/cargo-home:ro,Z" "-v" "/mnt/big/crater/work/local/rustup-home:/rustup-home:ro,Z" "-e" "USER_ID=1000" "-e" "SOURCE_DIR=/source" "-e" "USER_ID=1000" "-e" "CMD=cargo +1.30.0 test --frozen --no-run" "-e" "CARGO_TARGET_DIR=/target" "-e" "CARGO_INCREMENTAL=0" "-e" "RUST_BACKTRACE=full" "-e" "RUSTFLAGS=--cap-lints=warn" "-e" "CARGO_HOME=/cargo-home" "-e" "RUSTUP_HOME=/rustup-home" "-m" "1536M" "--network" "none" "crater"`
Nov 01 15:42:04.742 INFO blam! 908d194c8a81a3208321765c85df634ee9965b9a7b7d9a7cbf2dd41903b0a3a3
Nov 01 15:42:04.745 INFO running `"docker" "start" "-a" "908d194c8a81a3208321765c85df634ee9965b9a7b7d9a7cbf2dd41903b0a3a3"`
Nov 01 15:42:05.158 INFO kablam! usermod: no changes
Nov 01 15:42:05.192 INFO kablam!    Compiling explain_rs v0.1.0 (/source)
Nov 01 15:42:05.888 INFO kablam! warning: unused variable: `difference`
Nov 01 15:42:05.888 INFO kablam!    --> src/man_parse/term_writer/troff_term_writer.rs:262:13
Nov 01 15:42:05.888 INFO kablam!     |
Nov 01 15:42:05.888 INFO kablam! 262 |         let difference = text_start_pos - count_whitespace;
Nov 01 15:42:05.888 INFO kablam!     |             ^^^^^^^^^^ help: consider using `_difference` instead
Nov 01 15:42:05.888 INFO kablam!     |
Nov 01 15:42:05.888 INFO kablam!     = note: #[warn(unused_variables)] on by default
Nov 01 15:42:05.888 INFO kablam! 
Nov 01 15:42:05.934 INFO kablam! warning: variable does not need to be mutable
Nov 01 15:42:05.935 INFO kablam!    --> src/man_parse/troff_parser.rs:338:13
Nov 01 15:42:05.935 INFO kablam!     |
Nov 01 15:42:05.935 INFO kablam! 338 |         let mut pops = if let Some(tok) = decrease_arg {
Nov 01 15:42:05.935 INFO kablam!     |             ----^^^^
Nov 01 15:42:05.935 INFO kablam!     |             |
Nov 01 15:42:05.935 INFO kablam!     |             help: remove this `mut`
Nov 01 15:42:05.935 INFO kablam!     |
Nov 01 15:42:05.935 INFO kablam!     = note: #[warn(unused_mut)] on by default
Nov 01 15:42:05.935 INFO kablam! 
Nov 01 15:42:05.993 INFO kablam! warning: variant is never constructed: `Underlined`
Nov 01 15:42:05.996 INFO kablam!   --> src/man_parse/term_writer/font_style.rs:16:5
Nov 01 15:42:05.996 INFO kablam!    |
Nov 01 15:42:05.996 INFO kablam! 16 |     Underlined,
Nov 01 15:42:05.996 INFO kablam!    |     ^^^^^^^^^^
Nov 01 15:42:05.996 INFO kablam!    |
Nov 01 15:42:05.996 INFO kablam!    = note: #[warn(dead_code)] on by default
Nov 01 15:42:05.996 INFO kablam! 
Nov 01 15:42:05.996 INFO kablam! warning: variant is never constructed: `NonWhitespace`
Nov 01 15:42:05.996 INFO kablam!  --> src/man_parse/term_writer/line_info.rs:9:5
Nov 01 15:42:05.996 INFO kablam!   |
Nov 01 15:42:05.996 INFO kablam! 9 |     NonWhitespace,
Nov 01 15:42:05.996 INFO kablam!   |     ^^^^^^^^^^^^^
Nov 01 15:42:05.996 INFO kablam! 
Nov 01 15:42:05.996 INFO kablam! warning: method is never used: `disable_debug`
Nov 01 15:42:05.996 INFO kablam!   --> src/man_parse/term_writer/troff_term_writer.rs:82:5
Nov 01 15:42:05.996 INFO kablam!    |
Nov 01 15:42:05.996 INFO kablam! 82 |     pub fn disable_debug(&mut self) {
Nov 01 15:42:05.996 INFO kablam!    |     ^^^^^^^^^^^^^^^^^^^^^^^^^^^^^^^
Nov 01 15:42:05.996 INFO kablam! 
Nov 01 15:42:05.996 INFO kablam! warning: method is never used: `indent`
Nov 01 15:42:05.996 INFO kablam!   --> src/man_parse/term_writer/troff_term_writer.rs:91:5
Nov 01 15:42:05.996 INFO kablam!    |
Nov 01 15:42:05.996 INFO kablam! 91 |     pub fn indent(&self) -> usize {
Nov 01 15:42:05.996 INFO kablam!    |     ^^^^^^^^^^^^^^^^^^^^^^^^^^^^^
Nov 01 15:42:05.996 INFO kablam! 
Nov 01 15:42:05.996 INFO kablam! warning: method is never used: `default_indent`
Nov 01 15:42:05.996 INFO kablam!    --> src/man_parse/term_writer/troff_term_writer.rs:189:5
Nov 01 15:42:05.996 INFO kablam!     |
Nov 01 15:42:05.996 INFO kablam! 189 |     pub fn default_indent(&mut self) {
Nov 01 15:42:05.996 INFO kablam!     |     ^^^^^^^^^^^^^^^^^^^^^^^^^^^^^^^^
Nov 01 15:42:05.996 INFO kablam! 
Nov 01 15:42:06.607 INFO kablam!     Finished dev [unoptimized + debuginfo] target(s) in 1.43s
Nov 01 15:42:06.609 INFO kablam! su: No module specific data is present
Nov 01 15:42:06.838 INFO running `"docker" "rm" "-f" "908d194c8a81a3208321765c85df634ee9965b9a7b7d9a7cbf2dd41903b0a3a3"`
Nov 01 15:42:06.947 INFO blam! 908d194c8a81a3208321765c85df634ee9965b9a7b7d9a7cbf2dd41903b0a3a3
Nov 01 15:42:06.948 INFO running `"docker" "create" "-v" "/mnt/big/crater/work/local/target-dirs/beta-1.31-1/worker-0/1.30.0:/target:rw,Z" "-v" "/mnt/big/crater/work/local/test-source/worker-0/beta-1.31-1/1.30.0:/source:ro,Z" "-v" "/mnt/big/crater/work/local/cargo-home:/cargo-home:ro,Z" "-v" "/mnt/big/crater/work/local/rustup-home:/rustup-home:ro,Z" "-e" "USER_ID=1000" "-e" "SOURCE_DIR=/source" "-e" "USER_ID=1000" "-e" "CMD=cargo +1.30.0 test --frozen" "-e" "CARGO_TARGET_DIR=/target" "-e" "CARGO_INCREMENTAL=0" "-e" "RUST_BACKTRACE=full" "-e" "RUSTFLAGS=--cap-lints=warn" "-e" "CARGO_HOME=/cargo-home" "-e" "RUSTUP_HOME=/rustup-home" "-m" "1536M" "--network" "none" "crater"`
Nov 01 15:42:07.130 INFO blam! d16f690e0c171ec91ee35ef295b359de91090f79b2059ede70dc38d7717e00a1
Nov 01 15:42:07.133 INFO running `"docker" "start" "-a" "d16f690e0c171ec91ee35ef295b359de91090f79b2059ede70dc38d7717e00a1"`
Nov 01 15:42:07.459 INFO kablam! usermod: no changes
Nov 01 15:42:07.486 INFO kablam!     Finished dev [unoptimized + debuginfo] target(s) in 0.01s
Nov 01 15:42:07.486 INFO kablam!      Running /target/debug/deps/explain_rs-3b16928cd4408271
Nov 01 15:42:07.488 INFO blam! 
Nov 01 15:42:07.488 INFO blam! running 16 tests
Nov 01 15:42:07.488 INFO blam! test man_parse::troff_token_generator::tests::test_long_word ... ok
Nov 01 15:42:07.489 INFO blam! test man_parse::troff_token_generator::tests::test_quote_only ... ok
Nov 01 15:42:07.489 INFO blam! test man_parse::troff_token_generator::tests::test_multiple_splits ... ok
Nov 01 15:42:07.489 INFO blam! test simple_parser::split_whitespace::tests::split_segregates_whitespaces_types ... ok
Nov 01 15:42:07.489 INFO blam! test man_parse::troff_token_generator::tests::test_inline_macro ... ok
Nov 01 15:42:07.490 INFO blam! test simple_parser::split_whitespace::tests::split_keeps_multilength_spaces ... ok
Nov 01 15:42:07.490 INFO blam! test man_parse::troff_token_generator::tests::test_empty_square_brackets ... ok
Nov 01 15:42:07.490 INFO blam! test man_parse::troff_token_generator::tests::test_double_quote ... ok
Nov 01 15:42:07.490 INFO blam! test simple_parser::split_whitespace::tests::split_understands_newlines ... ok
Nov 01 15:42:07.490 INFO blam! test man_parse::troff_token_generator::tests::test_short_word ... ok
Nov 01 15:42:07.490 INFO blam! test simple_parser::split_whitespace::tests::trait_works ... ok
Nov 01 15:42:07.490 INFO blam! test simple_parser::tokenizer::tests::test_simple_line ... ok
Nov 01 15:42:07.490 INFO blam! test simple_parser::split_whitespace::tests::split_understands_tabs ... ok
Nov 01 15:42:07.490 INFO blam! test simple_parser::split_whitespace::tests::split_understands_wide_chars ... ok
Nov 01 15:42:07.492 INFO blam! test simple_parser::split_whitespace::tests::split_includes_whitespace ... ok
Nov 01 15:42:07.507 INFO blam! test man_parse::troff_token_generator::tests::test_backslash_s ... FAILED
Nov 01 15:42:07.507 INFO kablam! error: test failed, to rerun pass '--bin explain_rs'
Nov 01 15:42:07.507 INFO blam! 
Nov 01 15:42:07.507 INFO kablam! su: No module specific data is present
Nov 01 15:42:07.507 INFO blam! failures:
Nov 01 15:42:07.507 INFO blam! 
Nov 01 15:42:07.507 INFO blam! ---- man_parse::troff_token_generator::tests::test_backslash_s stdout ----
Nov 01 15:42:07.507 INFO blam! thread 'man_parse::troff_token_generator::tests::test_backslash_s' panicked at 'assertion failed: `(left == right)`
Nov 01 15:42:07.507 INFO blam!   left: `[Token { class: TextWord, value: "Manual", starts_line: false }, Token { class: Backslash, value: "\\", starts_line: false }, Token { class: EscapeCommand, value: "f", starts_line: false }, Token { class: CommandArg, value: "R", starts_line: false }, Token { class: Backslash, value: "\\", starts_line: false }, Token { class: EscapeCommand, value: "m", starts_line: false }, Token { class: ArgOpenBracket, value: "[", starts_line: false }, Token { class: CommandArg, value: "", starts_line: false }, Token { class: ArgCloseBracket, value: "]", starts_line: false }, Token { class: Backslash, value: "\\", starts_line: false }, Token { class: EscapeCommand, value: "&", starts_line: false }, Token { class: Backslash, value: "\\", starts_line: false }, Token { class: EscapeCommand, value: "s", starts_line: false }, Token { class: CommandArg, value: "-", starts_line: false }, Token { class: CommandArg, value: "2", starts_line: false }, Token { class: Backslash, value: "\\", starts_line: false }, Token { class: EscapeCommand, value: "u", starts_line: false }, Token { class: TextWord, value: "[1]", starts_line: false }, Token { class: Backslash, value: "\\", starts_line: false }, Token { class: EscapeCommand, value: "d", starts_line: false }, Token { class: Backslash, value: "\\", starts_line: false }, Token { class: EscapeCommand, value: "s", starts_line: false }, Token { class: CommandArg, value: "+", starts_line: false }, Token { class: CommandArg, value: "2", starts_line: false }]`,
Nov 01 15:42:07.507 INFO blam!  right: `[Token { class: TextWord, value: "Manual", starts_line: false }, Token { class: Backslash, value: "\\", starts_line: false }, Token { class: EscapeCommand, value: "m", starts_line: false }, Token { class: ArgOpenBracket, value: "[", starts_line: false }, Token { class: CommandArg, value: "", starts_line: false }, Token { class: ArgCloseBracket, value: "]", starts_line: false }]`', src/man_parse/troff_token_generator.rs:388:9
Nov 01 15:42:07.507 INFO blam! stack backtrace:
Nov 01 15:42:07.507 INFO blam!    0:     0x558202c60e4e - std::sys::unix::backtrace::tracing::imp::unwind_backtrace::hf5316c67202e23c8
Nov 01 15:42:07.507 INFO blam!                                at libstd/sys/unix/backtrace/tracing/gcc_s.rs:49
Nov 01 15:42:07.507 INFO blam!    1:     0x558202c54226 - std::sys_common::backtrace::print::h3068ed2a6dc7ac86
Nov 01 15:42:07.507 INFO blam!                                at libstd/sys_common/backtrace.rs:71
Nov 01 15:42:07.507 INFO blam!                                at libstd/sys_common/backtrace.rs:59
Nov 01 15:42:07.507 INFO blam!    2:     0x558202c525fd - std::panicking::default_hook::{{closure}}::h1b9d29cc09d41897
Nov 01 15:42:07.507 INFO blam!                                at libstd/panicking.rs:211
Nov 01 15:42:07.507 INFO blam!    3:     0x558202c5230b - std::panicking::default_hook::h3a27b204a313406b
Nov 01 15:42:07.507 INFO blam!                                at libstd/panicking.rs:221
Nov 01 15:42:07.507 INFO blam!    4:     0x558202c52cac - std::panicking::rust_panic_with_hook::h0e12cb2fc86d00fa
Nov 01 15:42:07.507 INFO blam!                                at libstd/panicking.rs:477
Nov 01 15:42:07.507 INFO blam!    5:     0x558202c52869 - std::panicking::continue_panic_fmt::h141671b29fe0e27d
Nov 01 15:42:07.507 INFO blam!                                at libstd/panicking.rs:391
Nov 01 15:42:07.507 INFO blam!    6:     0x558202c527cd - std::panicking::begin_panic_fmt::h598547fc766c278a
Nov 01 15:42:07.507 INFO blam!                                at libstd/panicking.rs:346
Nov 01 15:42:07.507 INFO blam!    7:     0x558202bfab10 - explain_rs::man_parse::troff_token_generator::tests::test_backslash_s::hcb7153c97b18df9f
Nov 01 15:42:07.507 INFO blam!                                at src/man_parse/troff_token_generator.rs:388
Nov 01 15:42:07.507 INFO blam!    8:     0x558202bfa4b9 - explain_rs::man_parse::troff_token_generator::tests::test_backslash_s::{{closure}}::he8e796b68f933882
Nov 01 15:42:07.507 INFO blam!                                at src/man_parse/troff_token_generator.rs:368
Nov 01 15:42:07.507 INFO blam!    9:     0x558202c0b87d - core::ops::function::FnOnce::call_once::h73cbff3a6850e6ea
Nov 01 15:42:07.507 INFO blam!                                at libcore/ops/function.rs:238
Nov 01 15:42:07.507 INFO blam!   10:     0x558202c1322e - <F as alloc::boxed::FnBox<A>>::call_box::ha9910eac2d17ff23
Nov 01 15:42:07.507 INFO blam!                                at libtest/lib.rs:1461
Nov 01 15:42:07.507 INFO blam!                                at libcore/ops/function.rs:238
Nov 01 15:42:07.507 INFO blam!                                at liballoc/boxed.rs:646
Nov 01 15:42:07.507 INFO blam!   11:     0x558202c6fcc9 - __rust_maybe_catch_panic
Nov 01 15:42:07.507 INFO blam!                                at libpanic_unwind/lib.rs:103
Nov 01 15:42:07.507 INFO blam!   12:     0x558202c1eb3d - std::sys_common::backtrace::__rust_begin_short_backtrace::h470b05235fe5e5ad
Nov 01 15:42:07.507 INFO blam!                                at libstd/panicking.rs:289
Nov 01 15:42:07.507 INFO blam!                                at libstd/panic.rs:392
Nov 01 15:42:07.507 INFO blam!                                at libtest/lib.rs:1416
Nov 01 15:42:07.507 INFO blam!                                at libstd/sys_common/backtrace.rs:136
Nov 01 15:42:07.507 INFO blam!   13:     0x558202c37174 - std::panicking::try::do_call::h1f0578498122cc00
Nov 01 15:42:07.507 INFO blam!                                at libstd/thread/mod.rs:409
Nov 01 15:42:07.507 INFO blam!                                at libstd/panic.rs:313
Nov 01 15:42:07.507 INFO blam!                                at libstd/panicking.rs:310
Nov 01 15:42:07.507 INFO blam!   14:     0x558202c6fcc9 - __rust_maybe_catch_panic
Nov 01 15:42:07.507 INFO blam!                                at libpanic_unwind/lib.rs:103
Nov 01 15:42:07.507 INFO blam!   15:     0x558202c27a46 - <F as alloc::boxed::FnBox<A>>::call_box::h7b129f9f235ab460
Nov 01 15:42:07.507 INFO blam!                                at libstd/panicking.rs:289
Nov 01 15:42:07.507 INFO blam!                                at libstd/panic.rs:392
Nov 01 15:42:07.507 INFO blam!                                at libstd/thread/mod.rs:408
Nov 01 15:42:07.507 INFO blam!                                at liballoc/boxed.rs:646
Nov 01 15:42:07.507 INFO blam!   16:     0x558202c6276a - std::sys_common::thread::start_thread::hb77935aee02382da
Nov 01 15:42:07.507 INFO blam!                                at liballoc/boxed.rs:656
Nov 01 15:42:07.507 INFO blam!                                at libstd/sys_common/thread.rs:24
Nov 01 15:42:07.507 INFO blam!   17:     0x558202c53465 - std::sys::unix::thread::Thread::new::thread_start::hd61f7429b3de1d75
Nov 01 15:42:07.507 INFO blam!                                at libstd/sys/unix/thread.rs:90
Nov 01 15:42:07.507 INFO blam!   18:     0x7fadf36506b9 - start_thread
Nov 01 15:42:07.507 INFO blam!   19:     0x7fadf317041c - clone
Nov 01 15:42:07.507 INFO blam!   20:                0x0 - <unknown>
Nov 01 15:42:07.507 INFO blam! 
Nov 01 15:42:07.507 INFO blam! 
Nov 01 15:42:07.507 INFO blam! failures:
Nov 01 15:42:07.507 INFO blam!     man_parse::troff_token_generator::tests::test_backslash_s
Nov 01 15:42:07.507 INFO blam! 
Nov 01 15:42:07.507 INFO blam! test result: FAILED. 15 passed; 1 failed; 0 ignored; 0 measured; 0 filtered out
Nov 01 15:42:07.507 INFO blam! 
Nov 01 15:42:07.744 INFO running `"docker" "rm" "-f" "d16f690e0c171ec91ee35ef295b359de91090f79b2059ede70dc38d7717e00a1"`
Nov 01 15:42:07.857 INFO blam! d16f690e0c171ec91ee35ef295b359de91090f79b2059ede70dc38d7717e00a1
