Nov 01 16:48:15.287 INFO testing Zanadar/minigrep against 1.30.0 for beta-1.31-1
Nov 01 16:48:15.287 INFO running `"docker" "create" "-v" "/mnt/big/crater/work/local/target-dirs/beta-1.31-1/worker-7/1.30.0:/target:rw,Z" "-v" "/mnt/big/crater/work/local/test-source/worker-7/beta-1.31-1/1.30.0:/source:ro,Z" "-v" "/mnt/big/crater/work/local/cargo-home:/cargo-home:ro,Z" "-v" "/mnt/big/crater/work/local/rustup-home:/rustup-home:ro,Z" "-e" "USER_ID=1000" "-e" "SOURCE_DIR=/source" "-e" "USER_ID=1000" "-e" "CMD=cargo +1.30.0 build --frozen" "-e" "CARGO_TARGET_DIR=/target" "-e" "CARGO_INCREMENTAL=0" "-e" "RUST_BACKTRACE=full" "-e" "RUSTFLAGS=--cap-lints=warn" "-e" "CARGO_HOME=/cargo-home" "-e" "RUSTUP_HOME=/rustup-home" "-m" "1536M" "--network" "none" "crater"`
Nov 01 16:48:15.570 INFO blam! cd0536981bb3652796f6f6aa28e4c99531372ea4087bac6f6edbd722da1a7259
Nov 01 16:48:15.571 INFO running `"docker" "start" "-a" "cd0536981bb3652796f6f6aa28e4c99531372ea4087bac6f6edbd722da1a7259"`
Nov 01 16:48:16.475 INFO kablam! usermod: no changes
Nov 01 16:48:16.562 INFO kablam!    Compiling minigrep v0.1.0 (/source)
Nov 01 16:48:16.956 INFO kablam! warning: unused import: `std::io::prelude`
Nov 01 16:48:16.956 INFO kablam!  --> src/lib.rs:4:5
Nov 01 16:48:16.956 INFO kablam!   |
Nov 01 16:48:16.956 INFO kablam! 4 | use std::io::prelude::*;
Nov 01 16:48:16.956 INFO kablam!   |     ^^^^^^^^^^^^^^^^
Nov 01 16:48:16.957 INFO kablam!   |
Nov 01 16:48:16.957 INFO kablam!   = note: #[warn(unused_imports)] on by default
Nov 01 16:48:16.957 INFO kablam! 
Nov 01 16:48:18.143 INFO kablam!     Finished dev [unoptimized + debuginfo] target(s) in 1.63s
Nov 01 16:48:18.143 INFO kablam! su: No module specific data is present
Nov 01 16:48:18.560 INFO running `"docker" "rm" "-f" "cd0536981bb3652796f6f6aa28e4c99531372ea4087bac6f6edbd722da1a7259"`
Nov 01 16:48:18.647 INFO blam! cd0536981bb3652796f6f6aa28e4c99531372ea4087bac6f6edbd722da1a7259
Nov 01 16:48:18.653 INFO running `"docker" "create" "-v" "/mnt/big/crater/work/local/target-dirs/beta-1.31-1/worker-7/1.30.0:/target:rw,Z" "-v" "/mnt/big/crater/work/local/test-source/worker-7/beta-1.31-1/1.30.0:/source:ro,Z" "-v" "/mnt/big/crater/work/local/cargo-home:/cargo-home:ro,Z" "-v" "/mnt/big/crater/work/local/rustup-home:/rustup-home:ro,Z" "-e" "USER_ID=1000" "-e" "SOURCE_DIR=/source" "-e" "USER_ID=1000" "-e" "CMD=cargo +1.30.0 test --frozen --no-run" "-e" "CARGO_TARGET_DIR=/target" "-e" "CARGO_INCREMENTAL=0" "-e" "RUST_BACKTRACE=full" "-e" "RUSTFLAGS=--cap-lints=warn" "-e" "CARGO_HOME=/cargo-home" "-e" "RUSTUP_HOME=/rustup-home" "-m" "1536M" "--network" "none" "crater"`
Nov 01 16:48:18.877 INFO blam! c08f55162105d2e9cb864f5b4574f482bef771e4725373301eb8fd5e368b3f43
Nov 01 16:48:18.880 INFO running `"docker" "start" "-a" "c08f55162105d2e9cb864f5b4574f482bef771e4725373301eb8fd5e368b3f43"`
Nov 01 16:48:19.342 INFO kablam! usermod: no changes
Nov 01 16:48:19.372 INFO kablam!    Compiling minigrep v0.1.0 (/source)
Nov 01 16:48:19.931 INFO kablam! warning: unused import: `std::io::prelude`
Nov 01 16:48:19.931 INFO kablam!  --> src/lib.rs:4:5
Nov 01 16:48:19.931 INFO kablam!   |
Nov 01 16:48:19.931 INFO kablam! 4 | use std::io::prelude::*;
Nov 01 16:48:19.931 INFO kablam!   |     ^^^^^^^^^^^^^^^^
Nov 01 16:48:19.931 INFO kablam!   |
Nov 01 16:48:19.931 INFO kablam!   = note: #[warn(unused_imports)] on by default
Nov 01 16:48:19.931 INFO kablam! 
Nov 01 16:48:20.474 INFO kablam!     Finished dev [unoptimized + debuginfo] target(s) in 1.11s
Nov 01 16:48:20.486 INFO kablam! su: No module specific data is present
Nov 01 16:48:20.935 INFO running `"docker" "rm" "-f" "c08f55162105d2e9cb864f5b4574f482bef771e4725373301eb8fd5e368b3f43"`
Nov 01 16:48:21.088 INFO blam! c08f55162105d2e9cb864f5b4574f482bef771e4725373301eb8fd5e368b3f43
Nov 01 16:48:21.095 INFO running `"docker" "create" "-v" "/mnt/big/crater/work/local/target-dirs/beta-1.31-1/worker-7/1.30.0:/target:rw,Z" "-v" "/mnt/big/crater/work/local/test-source/worker-7/beta-1.31-1/1.30.0:/source:ro,Z" "-v" "/mnt/big/crater/work/local/cargo-home:/cargo-home:ro,Z" "-v" "/mnt/big/crater/work/local/rustup-home:/rustup-home:ro,Z" "-e" "USER_ID=1000" "-e" "SOURCE_DIR=/source" "-e" "USER_ID=1000" "-e" "CMD=cargo +1.30.0 test --frozen" "-e" "CARGO_TARGET_DIR=/target" "-e" "CARGO_INCREMENTAL=0" "-e" "RUST_BACKTRACE=full" "-e" "RUSTFLAGS=--cap-lints=warn" "-e" "CARGO_HOME=/cargo-home" "-e" "RUSTUP_HOME=/rustup-home" "-m" "1536M" "--network" "none" "crater"`
Nov 01 16:48:21.363 INFO blam! 3f1b2c09f4dba6f2e1d4f8b2d65e34da69d4b7e8ae9f1404515032a3e9b62264
Nov 01 16:48:21.366 INFO running `"docker" "start" "-a" "3f1b2c09f4dba6f2e1d4f8b2d65e34da69d4b7e8ae9f1404515032a3e9b62264"`
Nov 01 16:48:22.063 INFO kablam! usermod: no changes
Nov 01 16:48:22.085 INFO kablam!     Finished dev [unoptimized + debuginfo] target(s) in 0.01s
Nov 01 16:48:22.086 INFO kablam!      Running /target/debug/deps/minigrep-5d52a174594b738f
Nov 01 16:48:22.089 INFO blam! 
Nov 01 16:48:22.089 INFO blam! running 2 tests
Nov 01 16:48:22.091 INFO blam! test tests::one_result ... ok
Nov 01 16:48:22.103 INFO blam! test tests::case_insensitive ... FAILED
Nov 01 16:48:22.103 INFO blam! 
Nov 01 16:48:22.103 INFO blam! failures:
Nov 01 16:48:22.103 INFO blam! 
Nov 01 16:48:22.103 INFO blam! ---- tests::case_insensitive stdout ----
Nov 01 16:48:22.103 INFO blam! thread 'tests::case_insensitive' panicked at 'assertion failed: `(left == right)`
Nov 01 16:48:22.103 INFO blam!   left: `["Rust:", "Trust me."]`,
Nov 01 16:48:22.103 INFO blam!  right: `[]`', src/lib.rs:88:9
Nov 01 16:48:22.103 INFO blam! stack backtrace:
Nov 01 16:48:22.103 INFO blam!    0:     0x56415ced07de - std::sys::unix::backtrace::tracing::imp::unwind_backtrace::hf5316c67202e23c8
Nov 01 16:48:22.103 INFO blam!                                at libstd/sys/unix/backtrace/tracing/gcc_s.rs:49
Nov 01 16:48:22.103 INFO blam!    1:     0x56415cec3bb6 - std::sys_common::backtrace::print::h3068ed2a6dc7ac86
Nov 01 16:48:22.103 INFO blam!                                at libstd/sys_common/backtrace.rs:71
Nov 01 16:48:22.103 INFO blam!                                at libstd/sys_common/backtrace.rs:59
Nov 01 16:48:22.103 INFO blam!    2:     0x56415cec1f8d - std::panicking::default_hook::{{closure}}::h1b9d29cc09d41897
Nov 01 16:48:22.103 INFO blam!                                at libstd/panicking.rs:211
Nov 01 16:48:22.103 INFO blam!    3:     0x56415cec1c9b - std::panicking::default_hook::h3a27b204a313406b
Nov 01 16:48:22.103 INFO blam!                                at libstd/panicking.rs:221
Nov 01 16:48:22.103 INFO blam!    4:     0x56415cec263c - std::panicking::rust_panic_with_hook::h0e12cb2fc86d00fa
Nov 01 16:48:22.103 INFO blam!                                at libstd/panicking.rs:477
Nov 01 16:48:22.103 INFO blam!    5:     0x56415cec21f9 - std::panicking::continue_panic_fmt::h141671b29fe0e27d
Nov 01 16:48:22.103 INFO blam!                                at libstd/panicking.rs:391
Nov 01 16:48:22.103 INFO blam!    6:     0x56415cec215d - std::panicking::begin_panic_fmt::h598547fc766c278a
Nov 01 16:48:22.103 INFO blam!                                at libstd/panicking.rs:346
Nov 01 16:48:22.103 INFO blam!    7:     0x56415ce78f9a - minigrep::tests::case_insensitive::hec0bed9193d29134
Nov 01 16:48:22.103 INFO blam!                                at src/lib.rs:88
Nov 01 16:48:22.103 INFO blam!    8:     0x56415ce78d29 - minigrep::tests::case_insensitive::{{closure}}::h7d68c0ad261c1cee
Nov 01 16:48:22.103 INFO blam!                                at src/lib.rs:80
Nov 01 16:48:22.103 INFO blam!    9:     0x56415ce7fc7d - core::ops::function::FnOnce::call_once::h8ff74558cd8458f3
Nov 01 16:48:22.103 INFO blam!                                at libcore/ops/function.rs:238
Nov 01 16:48:22.103 INFO blam!   10:     0x56415ce82bbe - <F as alloc::boxed::FnBox<A>>::call_box::ha9910eac2d17ff23
Nov 01 16:48:22.103 INFO blam!                                at libtest/lib.rs:1461
Nov 01 16:48:22.104 INFO blam!                                at libcore/ops/function.rs:238
Nov 01 16:48:22.104 INFO blam!                                at liballoc/boxed.rs:646
Nov 01 16:48:22.104 INFO blam!   11:     0x56415cedf659 - __rust_maybe_catch_panic
Nov 01 16:48:22.104 INFO kablam! error: test failed, to rerun pass '--lib'
Nov 01 16:48:22.104 INFO blam!                                at libpanic_unwind/lib.rs:103
Nov 01 16:48:22.104 INFO blam!   12:     0x56415ce8e4cd - std::sys_common::backtrace::__rust_begin_short_backtrace::h470b05235fe5e5ad
Nov 01 16:48:22.104 INFO blam!                                at libstd/panicking.rs:289
Nov 01 16:48:22.104 INFO blam!                                at libstd/panic.rs:392
Nov 01 16:48:22.104 INFO blam!                                at libtest/lib.rs:1416
Nov 01 16:48:22.104 INFO blam!                                at libstd/sys_common/backtrace.rs:136
Nov 01 16:48:22.104 INFO blam!   13:     0x56415cea6b04 - std::panicking::try::do_call::h1f0578498122cc00
Nov 01 16:48:22.104 INFO blam!                                at libstd/thread/mod.rs:409
Nov 01 16:48:22.104 INFO blam!                                at libstd/panic.rs:313
Nov 01 16:48:22.104 INFO blam!                                at libstd/panicking.rs:310
Nov 01 16:48:22.104 INFO blam!   14:     0x56415cedf659 - __rust_maybe_catch_panic
Nov 01 16:48:22.104 INFO blam!                                at libpanic_unwind/lib.rs:103
Nov 01 16:48:22.104 INFO blam!   15:     0x56415ce973d6 - <F as alloc::boxed::FnBox<A>>::call_box::h7b129f9f235ab460
Nov 01 16:48:22.104 INFO blam!                                at libstd/panicking.rs:289
Nov 01 16:48:22.104 INFO blam!                                at libstd/panic.rs:392
Nov 01 16:48:22.104 INFO blam!                                at libstd/thread/mod.rs:408
Nov 01 16:48:22.104 INFO blam!                                at liballoc/boxed.rs:646
Nov 01 16:48:22.104 INFO blam!   16:     0x56415ced20fa - std::sys_common::thread::start_thread::hb77935aee02382da
Nov 01 16:48:22.104 INFO blam!                                at liballoc/boxed.rs:656
Nov 01 16:48:22.104 INFO blam!                                at libstd/sys_common/thread.rs:24
Nov 01 16:48:22.104 INFO blam!   17:     0x56415cec2df5 - std::sys::unix::thread::Thread::new::thread_start::hd61f7429b3de1d75
Nov 01 16:48:22.104 INFO blam!                                at libstd/sys/unix/thread.rs:90
Nov 01 16:48:22.104 INFO blam!   18:     0x7fa512a7f6b9 - start_thread
Nov 01 16:48:22.104 INFO blam!   19:     0x7fa51259f41c - clone
Nov 01 16:48:22.104 INFO blam!   20:                0x0 - <unknown>
Nov 01 16:48:22.104 INFO blam! 
Nov 01 16:48:22.104 INFO blam! 
Nov 01 16:48:22.104 INFO blam! failures:
Nov 01 16:48:22.104 INFO blam!     tests::case_insensitive
Nov 01 16:48:22.104 INFO blam! 
Nov 01 16:48:22.104 INFO blam! test result: FAILED. 1 passed; 1 failed; 0 ignored; 0 measured; 0 filtered out
Nov 01 16:48:22.104 INFO blam! 
Nov 01 16:48:22.106 INFO kablam! su: No module specific data is present
Nov 01 16:48:22.384 INFO running `"docker" "rm" "-f" "3f1b2c09f4dba6f2e1d4f8b2d65e34da69d4b7e8ae9f1404515032a3e9b62264"`
Nov 01 16:48:22.470 INFO blam! 3f1b2c09f4dba6f2e1d4f8b2d65e34da69d4b7e8ae9f1404515032a3e9b62264
