Nov 01 17:44:34.997 INFO testing SuperTanker/ruplacer against beta-2018-10-30 for beta-1.31-1
Nov 01 17:44:34.998 INFO running `"docker" "create" "-v" "/mnt/big/crater/work/local/target-dirs/beta-1.31-1/worker-7/beta-2018-10-30:/target:rw,Z" "-v" "/mnt/big/crater/work/local/test-source/worker-7/beta-1.31-1/beta-2018-10-30:/source:ro,Z" "-v" "/mnt/big/crater/work/local/cargo-home:/cargo-home:ro,Z" "-v" "/mnt/big/crater/work/local/rustup-home:/rustup-home:ro,Z" "-e" "USER_ID=1000" "-e" "SOURCE_DIR=/source" "-e" "USER_ID=1000" "-e" "CMD=cargo +beta-2018-10-30 build --frozen" "-e" "CARGO_TARGET_DIR=/target" "-e" "CARGO_INCREMENTAL=0" "-e" "RUST_BACKTRACE=full" "-e" "RUSTFLAGS=--cap-lints=warn" "-e" "CARGO_HOME=/cargo-home" "-e" "RUSTUP_HOME=/rustup-home" "-m" "1536M" "--network" "none" "crater"`
Nov 01 17:44:35.355 INFO blam! a5e0cbe4417afba959fe25b5c41f581e8f421a29776798671f6fa93dad1f5080
Nov 01 17:44:35.355 INFO running `"docker" "start" "-a" "a5e0cbe4417afba959fe25b5c41f581e8f421a29776798671f6fa93dad1f5080"`
Nov 01 17:44:36.293 INFO kablam! usermod: no changes
Nov 01 17:44:36.467 INFO kablam!    Compiling globset v0.4.2
Nov 01 17:44:36.467 INFO kablam!    Compiling Inflector v0.11.3
Nov 01 17:44:40.277 INFO kablam!    Compiling ignore v0.4.4
Nov 01 17:44:46.214 INFO kablam!    Compiling ruplacer v0.2.5 (/source)
Nov 01 17:44:54.519 INFO kablam!     Finished dev [unoptimized + debuginfo] target(s) in 18.19s
Nov 01 17:44:54.522 INFO kablam! su: No module specific data is present
Nov 01 17:44:55.124 INFO running `"docker" "rm" "-f" "a5e0cbe4417afba959fe25b5c41f581e8f421a29776798671f6fa93dad1f5080"`
Nov 01 17:44:55.351 INFO blam! a5e0cbe4417afba959fe25b5c41f581e8f421a29776798671f6fa93dad1f5080
Nov 01 17:44:55.360 INFO running `"docker" "create" "-v" "/mnt/big/crater/work/local/target-dirs/beta-1.31-1/worker-7/beta-2018-10-30:/target:rw,Z" "-v" "/mnt/big/crater/work/local/test-source/worker-7/beta-1.31-1/beta-2018-10-30:/source:ro,Z" "-v" "/mnt/big/crater/work/local/cargo-home:/cargo-home:ro,Z" "-v" "/mnt/big/crater/work/local/rustup-home:/rustup-home:ro,Z" "-e" "USER_ID=1000" "-e" "SOURCE_DIR=/source" "-e" "USER_ID=1000" "-e" "CMD=cargo +beta-2018-10-30 test --frozen --no-run" "-e" "CARGO_TARGET_DIR=/target" "-e" "CARGO_INCREMENTAL=0" "-e" "RUST_BACKTRACE=full" "-e" "RUSTFLAGS=--cap-lints=warn" "-e" "CARGO_HOME=/cargo-home" "-e" "RUSTUP_HOME=/rustup-home" "-m" "1536M" "--network" "none" "crater"`
Nov 01 17:44:55.829 INFO blam! 965538398b8a803f643f5c5686eb175de9cf6c25aa19bd7c1dc6ebf6b95e9fe4
Nov 01 17:44:55.835 INFO running `"docker" "start" "-a" "965538398b8a803f643f5c5686eb175de9cf6c25aa19bd7c1dc6ebf6b95e9fe4"`
Nov 01 17:44:56.687 INFO kablam! usermod: no changes
Nov 01 17:44:56.802 INFO kablam!    Compiling ruplacer v0.2.5 (/source)
Nov 01 17:45:02.700 INFO kablam!     Finished dev [unoptimized + debuginfo] target(s) in 5.99s
Nov 01 17:45:02.704 INFO kablam! su: No module specific data is present
Nov 01 17:45:03.137 INFO running `"docker" "rm" "-f" "965538398b8a803f643f5c5686eb175de9cf6c25aa19bd7c1dc6ebf6b95e9fe4"`
Nov 01 17:45:03.379 INFO blam! 965538398b8a803f643f5c5686eb175de9cf6c25aa19bd7c1dc6ebf6b95e9fe4
Nov 01 17:45:03.386 INFO running `"docker" "create" "-v" "/mnt/big/crater/work/local/target-dirs/beta-1.31-1/worker-7/beta-2018-10-30:/target:rw,Z" "-v" "/mnt/big/crater/work/local/test-source/worker-7/beta-1.31-1/beta-2018-10-30:/source:ro,Z" "-v" "/mnt/big/crater/work/local/cargo-home:/cargo-home:ro,Z" "-v" "/mnt/big/crater/work/local/rustup-home:/rustup-home:ro,Z" "-e" "USER_ID=1000" "-e" "SOURCE_DIR=/source" "-e" "USER_ID=1000" "-e" "CMD=cargo +beta-2018-10-30 test --frozen" "-e" "CARGO_TARGET_DIR=/target" "-e" "CARGO_INCREMENTAL=0" "-e" "RUST_BACKTRACE=full" "-e" "RUSTFLAGS=--cap-lints=warn" "-e" "CARGO_HOME=/cargo-home" "-e" "RUSTUP_HOME=/rustup-home" "-m" "1536M" "--network" "none" "crater"`
Nov 01 17:45:03.849 INFO blam! 5420da4db70f0caaa2b0db380b6d83f97f149b8a7cbad45a6b059cb9a3129ab6
Nov 01 17:45:03.851 INFO running `"docker" "start" "-a" "5420da4db70f0caaa2b0db380b6d83f97f149b8a7cbad45a6b059cb9a3129ab6"`
Nov 01 17:45:05.367 INFO kablam! usermod: no changes
Nov 01 17:45:05.556 INFO kablam!     Finished dev [unoptimized + debuginfo] target(s) in 0.15s
Nov 01 17:45:05.571 INFO kablam!      Running /target/debug/deps/ruplacer-1196a6bb4a532c37
Nov 01 17:45:05.583 INFO blam! 
Nov 01 17:45:05.583 INFO blam! running 8 tests
Nov 01 17:45:05.583 INFO blam! test line_patcher::tests::test_subvert_inconsistent ... ok
Nov 01 17:45:05.587 INFO blam! test file_patcher::tests::test_compute_replacements ... ok
Nov 01 17:45:05.595 INFO blam! test line_patcher::tests::test_substring ... ok
Nov 01 17:45:05.603 INFO blam! test file_patcher::tests::test_replacement_display ... ok
Nov 01 17:45:05.603 INFO blam! test file_patcher::tests::test_patch_file ... ok
Nov 01 17:45:05.604 INFO blam! test line_patcher::tests::test_subvert_happy ... ok
Nov 01 17:45:05.679 INFO blam! test line_patcher::tests::test_regex ... ok
Nov 01 17:45:05.823 INFO blam! test stats::tests::test_stats_to_string ... ok
Nov 01 17:45:05.823 INFO kablam!      Running /target/debug/deps/ruplacer-b513727c71f7fdfe
Nov 01 17:45:05.824 INFO blam! 
Nov 01 17:45:05.824 INFO blam! test result: ok. 8 passed; 0 failed; 0 ignored; 0 measured; 0 filtered out
Nov 01 17:45:05.824 INFO blam! 
Nov 01 17:45:05.825 INFO blam! 
Nov 01 17:45:05.825 INFO blam! running 0 tests
Nov 01 17:45:05.828 INFO blam! 
Nov 01 17:45:05.828 INFO kablam!      Running /target/debug/deps/integration_tests-64facc56f2b622b5
Nov 01 17:45:05.829 INFO blam! test result: ok. 0 passed; 0 failed; 0 ignored; 0 measured; 0 filtered out
Nov 01 17:45:05.829 INFO blam! 
Nov 01 17:45:05.829 INFO blam! 
Nov 01 17:45:05.830 INFO blam! running 5 tests
Nov 01 17:45:05.856 INFO blam! test test_dry_run ... ok
Nov 01 17:45:05.860 INFO blam! test test_replace_old_by_new ... ok
Nov 01 17:45:05.863 INFO blam! test test_stats ... ok
Nov 01 17:45:05.863 INFO blam! test test_skip_non_utf8_files ... ok
Nov 01 17:45:05.917 INFO blam! test test_with_gitignore ... FAILED
Nov 01 17:45:05.917 INFO kablam! error: test failed, to rerun pass '--test integration_tests'
Nov 01 17:45:05.917 INFO blam! 
Nov 01 17:45:05.918 INFO kablam! su: No module specific data is present
Nov 01 17:45:05.918 INFO blam! failures:
Nov 01 17:45:05.918 INFO blam! 
Nov 01 17:45:05.919 INFO blam! ---- test_with_gitignore stdout ----
Nov 01 17:45:05.919 INFO blam! [34mPatching[0m [1m/tmp/test-ruplacer.Hm9oevM4rlMR/data/top.txt[0m
Nov 01 17:45:05.919 INFO blam! [31m--[0m Top: [4;31mold[0m is nice
Nov 01 17:45:05.920 INFO blam! [32m++[0m Top: [4;32mnew[0m is nice
Nov 01 17:45:05.920 INFO blam! 
Nov 01 17:45:05.920 INFO blam! [34mPatching[0m [1m/tmp/test-ruplacer.Hm9oevM4rlMR/data/a_dir/sub/foo.txt[0m
Nov 01 17:45:05.921 INFO blam! [31m--[0m sub/foo: [4;31mold[0m is everywhere, [4;31mold[0m is [4;31mold[0m
Nov 01 17:45:05.921 INFO blam! [32m++[0m sub/foo: [4;32mnew[0m is everywhere, [4;32mnew[0m is [4;32mnew[0m
Nov 01 17:45:05.921 INFO blam! [31m--[0m [4;31mold[0m is really [4;31mold[0m
Nov 01 17:45:05.921 INFO blam! [32m++[0m [4;32mnew[0m is really [4;32mnew[0m
Nov 01 17:45:05.922 INFO blam! 
Nov 01 17:45:05.922 INFO blam! thread 'test_with_gitignore' panicked at 'Could not read from "/tmp/test-ruplacer.Hm9oevM4rlMR/data/.hidden/hidden.txt": Os { code: 2, kind: NotFound, message: "No such file or directory" }', libcore/result.rs:1009:5
Nov 01 17:45:05.923 INFO blam! stack backtrace:
Nov 01 17:45:05.923 INFO blam!    0:     0x55762c127ecf - std::sys::unix::backtrace::tracing::imp::unwind_backtrace::h3c55afa80a996a32
Nov 01 17:45:05.923 INFO blam!                                at libstd/sys/unix/backtrace/tracing/gcc_s.rs:49
Nov 01 17:45:05.923 INFO blam!    1:     0x55762c1341e7 - std::sys_common::backtrace::print::hcef907ea7a07cd40
Nov 01 17:45:05.924 INFO blam!                                at libstd/sys_common/backtrace.rs:71
Nov 01 17:45:05.924 INFO blam!                                at libstd/sys_common/backtrace.rs:59
Nov 01 17:45:05.924 INFO blam!    2:     0x55762c12cccf - std::panicking::default_hook::{{closure}}::hf541876c65f36ea7
Nov 01 17:45:05.925 INFO blam!                                at libstd/panicking.rs:211
Nov 01 17:45:05.925 INFO blam!    3:     0x55762c12c9ce - std::panicking::default_hook::h4ecc06b30ae4459d
Nov 01 17:45:05.925 INFO blam!                                at libstd/panicking.rs:221
Nov 01 17:45:05.925 INFO blam!    4:     0x55762c12d3ae - std::panicking::rust_panic_with_hook::h0cc6d9cc9f34a947
Nov 01 17:45:05.926 INFO blam!                                at libstd/panicking.rs:476
Nov 01 17:45:05.926 INFO blam!    5:     0x55762c12cf51 - std::panicking::continue_panic_fmt::hc71ad5f01496e320
Nov 01 17:45:05.926 INFO blam!                                at libstd/panicking.rs:390
Nov 01 17:45:05.926 INFO blam!    6:     0x55762c12ce35 - rust_begin_unwind
Nov 01 17:45:05.926 INFO blam!                                at libstd/panicking.rs:325
Nov 01 17:45:05.926 INFO blam!    7:     0x55762c16fcac - core::panicking::panic_fmt::ha71638b7d4f53c35
Nov 01 17:45:05.926 INFO blam!                                at libcore/panicking.rs:77
Nov 01 17:45:05.926 INFO blam!    8:     0x55762be2a200 - core::result::unwrap_failed::h7a3e01a4a6021e74
Nov 01 17:45:05.926 INFO blam!                                at libcore/macros.rs:26
Nov 01 17:45:05.926 INFO blam!    9:     0x55762bdd59b7 - <core::result::Result<T, E>>::expect::h8383ea87d272b7d4
Nov 01 17:45:05.926 INFO blam!                                at libcore/result.rs:835
Nov 01 17:45:05.926 INFO blam!   10:     0x55762bdcf44a - integration_tests::assert_not_replaced::h456e386dc75c2782
Nov 01 17:45:05.926 INFO blam!                                at tests/integration_tests.rs:28
Nov 01 17:45:05.926 INFO blam!   11:     0x55762bdd034a - integration_tests::test_with_gitignore::hc047faad6371223b
Nov 01 17:45:05.926 INFO blam!                                at tests/integration_tests.rs:92
Nov 01 17:45:05.926 INFO blam!   12:     0x55762bdd0179 - integration_tests::test_with_gitignore::{{closure}}::hcb1fe65e1b40068e
Nov 01 17:45:05.926 INFO blam!                                at tests/integration_tests.rs:82
Nov 01 17:45:05.926 INFO blam!   13:     0x55762bdd195d - core::ops::function::FnOnce::call_once::h925da8d17e505799
Nov 01 17:45:05.926 INFO blam!                                at libcore/ops/function.rs:238
Nov 01 17:45:05.926 INFO blam!   14:     0x55762bdd7a1e - <F as alloc::boxed::FnBox<A>>::call_box::hf32558bd83684b60
Nov 01 17:45:05.926 INFO blam!                                at libtest/lib.rs:1468
Nov 01 17:45:05.926 INFO blam!                                at libcore/ops/function.rs:238
Nov 01 17:45:05.926 INFO blam!                                at liballoc/boxed.rs:672
Nov 01 17:45:05.926 INFO blam!   15:     0x55762c13f419 - __rust_maybe_catch_panic
Nov 01 17:45:05.926 INFO blam!                                at libpanic_unwind/lib.rs:102
Nov 01 17:45:05.926 INFO blam!   16:     0x55762bdf9682 - std::sys_common::backtrace::__rust_begin_short_backtrace::h1bb71a7386fd3269
Nov 01 17:45:05.926 INFO blam!                                at libstd/panicking.rs:289
Nov 01 17:45:05.926 INFO blam!                                at libstd/panic.rs:392
Nov 01 17:45:05.926 INFO blam!                                at libtest/lib.rs:1423
Nov 01 17:45:05.926 INFO blam!                                at libstd/sys_common/backtrace.rs:136
Nov 01 17:45:05.926 INFO blam!   17:     0x55762bdfa134 - std::panicking::try::do_call::h9b94719c3074bb5c
Nov 01 17:45:05.926 INFO blam!                                at libstd/thread/mod.rs:409
Nov 01 17:45:05.926 INFO blam!                                at libstd/panic.rs:313
Nov 01 17:45:05.926 INFO blam!                                at libstd/panicking.rs:310
Nov 01 17:45:05.926 INFO blam!   18:     0x55762c13f419 - __rust_maybe_catch_panic
Nov 01 17:45:05.926 INFO blam!                                at libpanic_unwind/lib.rs:102
Nov 01 17:45:05.926 INFO blam!   19:     0x55762bde735c - <F as alloc::boxed::FnBox<A>>::call_box::hb3bcd66d16fd3e84
Nov 01 17:45:05.926 INFO blam!                                at libstd/panicking.rs:289
Nov 01 17:45:05.926 INFO blam!                                at libstd/panic.rs:392
Nov 01 17:45:05.926 INFO blam!                                at libstd/thread/mod.rs:408
Nov 01 17:45:05.926 INFO blam!                                at liballoc/boxed.rs:672
Nov 01 17:45:05.926 INFO blam!   20:     0x55762c12a00d - std::sys_common::thread::start_thread::had0c80d121669d29
Nov 01 17:45:05.926 INFO blam!                                at liballoc/boxed.rs:682
Nov 01 17:45:05.926 INFO blam!                                at libstd/sys_common/thread.rs:24
Nov 01 17:45:05.926 INFO blam!   21:     0x55762c11c5e5 - std::sys::unix::thread::Thread::new::thread_start::h4a5b66a70d76f47f
Nov 01 17:45:05.926 INFO blam!                                at libstd/sys/unix/thread.rs:90
Nov 01 17:45:05.926 INFO blam!   22:     0x7fefb36386b9 - start_thread
Nov 01 17:45:05.926 INFO blam!   23:     0x7fefb315841c - clone
Nov 01 17:45:05.926 INFO blam!   24:                0x0 - <unknown>
Nov 01 17:45:05.926 INFO blam! 
Nov 01 17:45:05.926 INFO blam! 
Nov 01 17:45:05.926 INFO blam! failures:
Nov 01 17:45:05.926 INFO blam!     test_with_gitignore
Nov 01 17:45:05.926 INFO blam! 
Nov 01 17:45:05.926 INFO blam! test result: FAILED. 4 passed; 1 failed; 0 ignored; 0 measured; 0 filtered out
Nov 01 17:45:05.926 INFO blam! 
Nov 01 17:45:06.230 INFO running `"docker" "rm" "-f" "5420da4db70f0caaa2b0db380b6d83f97f149b8a7cbad45a6b059cb9a3129ab6"`
Nov 01 17:45:06.353 INFO blam! 5420da4db70f0caaa2b0db380b6d83f97f149b8a7cbad45a6b059cb9a3129ab6
