Nov 01 19:05:40.685 INFO testing Noah-Kennedy/rust_ack against 1.30.0 for beta-1.31-1
Nov 01 19:05:40.687 INFO running `"docker" "create" "-v" "/mnt/big/crater/work/local/target-dirs/beta-1.31-1/worker-6/1.30.0:/target:rw,Z" "-v" "/mnt/big/crater/work/local/test-source/worker-6/beta-1.31-1/1.30.0:/source:ro,Z" "-v" "/mnt/big/crater/work/local/cargo-home:/cargo-home:ro,Z" "-v" "/mnt/big/crater/work/local/rustup-home:/rustup-home:ro,Z" "-e" "USER_ID=1000" "-e" "SOURCE_DIR=/source" "-e" "USER_ID=1000" "-e" "CMD=cargo +1.30.0 build --frozen" "-e" "CARGO_TARGET_DIR=/target" "-e" "CARGO_INCREMENTAL=0" "-e" "RUST_BACKTRACE=full" "-e" "RUSTFLAGS=--cap-lints=warn" "-e" "CARGO_HOME=/cargo-home" "-e" "RUSTUP_HOME=/rustup-home" "-m" "1536M" "--network" "none" "crater"`
Nov 01 19:05:41.203 INFO blam! 7013b3f843ac3f33cde6fc80b7023a32b04c14e300aec017f24006b2cece29a5
Nov 01 19:05:41.205 INFO running `"docker" "start" "-a" "7013b3f843ac3f33cde6fc80b7023a32b04c14e300aec017f24006b2cece29a5"`
Nov 01 19:05:43.319 INFO kablam! usermod: no changes
Nov 01 19:05:43.387 INFO kablam!    Compiling rust_ack v0.1.0 (/source)
Nov 01 19:05:44.023 INFO kablam! warning: unused import: `std::time::Instant`
Nov 01 19:05:44.024 INFO kablam!  --> src/main.rs:1:5
Nov 01 19:05:44.024 INFO kablam!   |
Nov 01 19:05:44.024 INFO kablam! 1 | use std::time::Instant;
Nov 01 19:05:44.025 INFO kablam!   |     ^^^^^^^^^^^^^^^^^^
Nov 01 19:05:44.025 INFO kablam!   |
Nov 01 19:05:44.025 INFO kablam!   = note: #[warn(unused_imports)] on by default
Nov 01 19:05:44.026 INFO kablam! 
Nov 01 19:05:44.026 INFO kablam! warning: unused import: `std::collections::HashMap`
Nov 01 19:05:44.026 INFO kablam!  --> src/main.rs:2:5
Nov 01 19:05:44.026 INFO kablam!   |
Nov 01 19:05:44.026 INFO kablam! 2 | use std::collections::HashMap;
Nov 01 19:05:44.026 INFO kablam!   |     ^^^^^^^^^^^^^^^^^^^^^^^^^
Nov 01 19:05:44.026 INFO kablam! 
Nov 01 19:05:44.067 INFO kablam! warning: unused variable: `i`
Nov 01 19:05:44.067 INFO kablam!  --> src/ackermann_implementations/hyper_ack.rs:9:17
Nov 01 19:05:44.067 INFO kablam!   |
Nov 01 19:05:44.067 INFO kablam! 9 |             for i in 1..b {
Nov 01 19:05:44.067 INFO kablam!   |                 ^ help: consider using `_i` instead
Nov 01 19:05:44.067 INFO kablam!   |
Nov 01 19:05:44.067 INFO kablam!   = note: #[warn(unused_variables)] on by default
Nov 01 19:05:44.067 INFO kablam! 
Nov 01 19:05:44.067 INFO kablam! warning: unused variable: `sample_size`
Nov 01 19:05:44.067 INFO kablam!  --> src/main.rs:8:9
Nov 01 19:05:44.067 INFO kablam!   |
Nov 01 19:05:44.067 INFO kablam! 8 |     let sample_size = 1000;
Nov 01 19:05:44.067 INFO kablam!   |         ^^^^^^^^^^^ help: consider using `_sample_size` instead
Nov 01 19:05:44.067 INFO kablam! 
Nov 01 19:05:44.067 INFO kablam! warning: unused variable: `m`
Nov 01 19:05:44.067 INFO kablam!  --> src/main.rs:9:9
Nov 01 19:05:44.067 INFO kablam!   |
Nov 01 19:05:44.067 INFO kablam! 9 |     let m = 3;
Nov 01 19:05:44.067 INFO kablam!   |         ^ help: consider using `_m` instead
Nov 01 19:05:44.067 INFO kablam! 
Nov 01 19:05:44.067 INFO kablam! warning: unused variable: `n`
Nov 01 19:05:44.067 INFO kablam!   --> src/main.rs:10:9
Nov 01 19:05:44.067 INFO kablam!    |
Nov 01 19:05:44.067 INFO kablam! 10 |     let n = 8;
Nov 01 19:05:44.067 INFO kablam!    |         ^ help: consider using `_n` instead
Nov 01 19:05:44.067 INFO kablam! 
Nov 01 19:05:44.067 INFO kablam! warning: unused variable: `printing`
Nov 01 19:05:44.067 INFO kablam!   --> src/main.rs:11:9
Nov 01 19:05:44.067 INFO kablam!    |
Nov 01 19:05:44.067 INFO kablam! 11 |     let printing = false;
Nov 01 19:05:44.067 INFO kablam!    |         ^^^^^^^^ help: consider using `_printing` instead
Nov 01 19:05:44.067 INFO kablam! 
Nov 01 19:05:44.079 INFO kablam! warning: function is never used: `benchmark_ack`
Nov 01 19:05:44.079 INFO kablam!   --> src/benchmarking/mod.rs:3:1
Nov 01 19:05:44.079 INFO kablam!    |
Nov 01 19:05:44.079 INFO kablam! 3  | / pub fn benchmark_ack(fun: fn(u64, u64) -> u64, name: &str, sample_size: u64, m: u64, n: u64,
Nov 01 19:05:44.079 INFO kablam! 4  | |                  printing: bool) {
Nov 01 19:05:44.079 INFO kablam! 5  | |     let mut total: f64 = 0.0;
Nov 01 19:05:44.079 INFO kablam! 6  | |     for i in 0..sample_size {
Nov 01 19:05:44.079 INFO kablam! ...  |
Nov 01 19:05:44.079 INFO kablam! 29 | |     println!("{}({}, {}):\nSample Size:\t{}\nAverage Time:\t{}", name, m, n, sample_size, average);
Nov 01 19:05:44.079 INFO kablam! 30 | | }
Nov 01 19:05:44.079 INFO kablam!    | |_^
Nov 01 19:05:44.079 INFO kablam!    |
Nov 01 19:05:44.079 INFO kablam!    = note: #[warn(dead_code)] on by default
Nov 01 19:05:44.079 INFO kablam! 
Nov 01 19:05:44.079 INFO kablam! warning: function is never used: `basic_ack`
Nov 01 19:05:44.079 INFO kablam!  --> src/ackermann_implementations/basic_ack.rs:1:1
Nov 01 19:05:44.079 INFO kablam!   |
Nov 01 19:05:44.079 INFO kablam! 1 | pub fn basic_ack(m: u64, n: u64) -> u64 {
Nov 01 19:05:44.079 INFO kablam!   | ^^^^^^^^^^^^^^^^^^^^^^^^^^^^^^^^^^^^^^^
Nov 01 19:05:44.079 INFO kablam! 
Nov 01 19:05:44.659 INFO kablam!     Finished dev [unoptimized + debuginfo] target(s) in 1.29s
Nov 01 19:05:44.659 INFO kablam! su: No module specific data is present
Nov 01 19:05:45.445 INFO running `"docker" "rm" "-f" "7013b3f843ac3f33cde6fc80b7023a32b04c14e300aec017f24006b2cece29a5"`
Nov 01 19:05:45.839 INFO blam! 7013b3f843ac3f33cde6fc80b7023a32b04c14e300aec017f24006b2cece29a5
Nov 01 19:05:45.848 INFO running `"docker" "create" "-v" "/mnt/big/crater/work/local/target-dirs/beta-1.31-1/worker-6/1.30.0:/target:rw,Z" "-v" "/mnt/big/crater/work/local/test-source/worker-6/beta-1.31-1/1.30.0:/source:ro,Z" "-v" "/mnt/big/crater/work/local/cargo-home:/cargo-home:ro,Z" "-v" "/mnt/big/crater/work/local/rustup-home:/rustup-home:ro,Z" "-e" "USER_ID=1000" "-e" "SOURCE_DIR=/source" "-e" "USER_ID=1000" "-e" "CMD=cargo +1.30.0 test --frozen --no-run" "-e" "CARGO_TARGET_DIR=/target" "-e" "CARGO_INCREMENTAL=0" "-e" "RUST_BACKTRACE=full" "-e" "RUSTFLAGS=--cap-lints=warn" "-e" "CARGO_HOME=/cargo-home" "-e" "RUSTUP_HOME=/rustup-home" "-m" "1536M" "--network" "none" "crater"`
Nov 01 19:05:46.223 INFO blam! f2f7413994c740e692d567b1c0bdb7fa5d791dd42ac985301c301c2b93a3ae20
Nov 01 19:05:46.227 INFO running `"docker" "start" "-a" "f2f7413994c740e692d567b1c0bdb7fa5d791dd42ac985301c301c2b93a3ae20"`
Nov 01 19:05:47.965 INFO kablam! usermod: no changes
Nov 01 19:05:48.023 INFO kablam!    Compiling rust_ack v0.1.0 (/source)
Nov 01 19:05:48.635 INFO kablam! warning: unused import: `std::time::Instant`
Nov 01 19:05:48.635 INFO kablam!  --> src/main.rs:1:5
Nov 01 19:05:48.635 INFO kablam!   |
Nov 01 19:05:48.635 INFO kablam! 1 | use std::time::Instant;
Nov 01 19:05:48.635 INFO kablam!   |     ^^^^^^^^^^^^^^^^^^
Nov 01 19:05:48.635 INFO kablam!   |
Nov 01 19:05:48.635 INFO kablam!   = note: #[warn(unused_imports)] on by default
Nov 01 19:05:48.635 INFO kablam! 
Nov 01 19:05:48.635 INFO kablam! warning: unused import: `std::collections::HashMap`
Nov 01 19:05:48.635 INFO kablam!  --> src/main.rs:2:5
Nov 01 19:05:48.635 INFO kablam!   |
Nov 01 19:05:48.635 INFO kablam! 2 | use std::collections::HashMap;
Nov 01 19:05:48.635 INFO kablam!   |     ^^^^^^^^^^^^^^^^^^^^^^^^^
Nov 01 19:05:48.635 INFO kablam! 
Nov 01 19:05:48.767 INFO kablam! warning: unused variable: `i`
Nov 01 19:05:48.767 INFO kablam!  --> src/ackermann_implementations/hyper_ack.rs:9:17
Nov 01 19:05:48.767 INFO kablam!   |
Nov 01 19:05:48.767 INFO kablam! 9 |             for i in 1..b {
Nov 01 19:05:48.767 INFO kablam!   |                 ^ help: consider using `_i` instead
Nov 01 19:05:48.767 INFO kablam!   |
Nov 01 19:05:48.767 INFO kablam!   = note: #[warn(unused_variables)] on by default
Nov 01 19:05:48.767 INFO kablam! 
Nov 01 19:05:48.767 INFO kablam! warning: unused variable: `sample_size`
Nov 01 19:05:48.767 INFO kablam!  --> src/main.rs:8:9
Nov 01 19:05:48.767 INFO kablam!   |
Nov 01 19:05:48.767 INFO kablam! 8 |     let sample_size = 1000;
Nov 01 19:05:48.767 INFO kablam!   |         ^^^^^^^^^^^ help: consider using `_sample_size` instead
Nov 01 19:05:48.767 INFO kablam! 
Nov 01 19:05:48.767 INFO kablam! warning: unused variable: `m`
Nov 01 19:05:48.767 INFO kablam!  --> src/main.rs:9:9
Nov 01 19:05:48.767 INFO kablam!   |
Nov 01 19:05:48.767 INFO kablam! 9 |     let m = 3;
Nov 01 19:05:48.767 INFO kablam!   |         ^ help: consider using `_m` instead
Nov 01 19:05:48.767 INFO kablam! 
Nov 01 19:05:48.767 INFO kablam! warning: unused variable: `n`
Nov 01 19:05:48.767 INFO kablam!   --> src/main.rs:10:9
Nov 01 19:05:48.767 INFO kablam!    |
Nov 01 19:05:48.767 INFO kablam! 10 |     let n = 8;
Nov 01 19:05:48.767 INFO kablam!    |         ^ help: consider using `_n` instead
Nov 01 19:05:48.767 INFO kablam! 
Nov 01 19:05:48.767 INFO kablam! warning: unused variable: `printing`
Nov 01 19:05:48.767 INFO kablam!   --> src/main.rs:11:9
Nov 01 19:05:48.767 INFO kablam!    |
Nov 01 19:05:48.767 INFO kablam! 11 |     let printing = false;
Nov 01 19:05:48.767 INFO kablam!    |         ^^^^^^^^ help: consider using `_printing` instead
Nov 01 19:05:48.767 INFO kablam! 
Nov 01 19:05:48.807 INFO kablam! warning: function is never used: `benchmark_ack`
Nov 01 19:05:48.807 INFO kablam!   --> src/benchmarking/mod.rs:3:1
Nov 01 19:05:48.807 INFO kablam!    |
Nov 01 19:05:48.807 INFO kablam! 3  | / pub fn benchmark_ack(fun: fn(u64, u64) -> u64, name: &str, sample_size: u64, m: u64, n: u64,
Nov 01 19:05:48.807 INFO kablam! 4  | |                  printing: bool) {
Nov 01 19:05:48.807 INFO kablam! 5  | |     let mut total: f64 = 0.0;
Nov 01 19:05:48.807 INFO kablam! 6  | |     for i in 0..sample_size {
Nov 01 19:05:48.807 INFO kablam! ...  |
Nov 01 19:05:48.807 INFO kablam! 29 | |     println!("{}({}, {}):\nSample Size:\t{}\nAverage Time:\t{}", name, m, n, sample_size, average);
Nov 01 19:05:48.807 INFO kablam! 30 | | }
Nov 01 19:05:48.807 INFO kablam!    | |_^
Nov 01 19:05:48.807 INFO kablam!    |
Nov 01 19:05:48.807 INFO kablam!    = note: #[warn(dead_code)] on by default
Nov 01 19:05:48.807 INFO kablam! 
Nov 01 19:05:48.807 INFO kablam! warning: function is never used: `basic_ack`
Nov 01 19:05:48.807 INFO kablam!  --> src/ackermann_implementations/basic_ack.rs:1:1
Nov 01 19:05:48.807 INFO kablam!   |
Nov 01 19:05:48.807 INFO kablam! 1 | pub fn basic_ack(m: u64, n: u64) -> u64 {
Nov 01 19:05:48.807 INFO kablam!   | ^^^^^^^^^^^^^^^^^^^^^^^^^^^^^^^^^^^^^^^
Nov 01 19:05:48.807 INFO kablam! 
Nov 01 19:05:49.495 INFO kablam!     Finished dev [unoptimized + debuginfo] target(s) in 1.49s
Nov 01 19:05:49.496 INFO kablam! su: No module specific data is present
Nov 01 19:05:50.675 INFO running `"docker" "rm" "-f" "f2f7413994c740e692d567b1c0bdb7fa5d791dd42ac985301c301c2b93a3ae20"`
Nov 01 19:05:50.991 INFO blam! f2f7413994c740e692d567b1c0bdb7fa5d791dd42ac985301c301c2b93a3ae20
Nov 01 19:05:50.999 INFO running `"docker" "create" "-v" "/mnt/big/crater/work/local/target-dirs/beta-1.31-1/worker-6/1.30.0:/target:rw,Z" "-v" "/mnt/big/crater/work/local/test-source/worker-6/beta-1.31-1/1.30.0:/source:ro,Z" "-v" "/mnt/big/crater/work/local/cargo-home:/cargo-home:ro,Z" "-v" "/mnt/big/crater/work/local/rustup-home:/rustup-home:ro,Z" "-e" "USER_ID=1000" "-e" "SOURCE_DIR=/source" "-e" "USER_ID=1000" "-e" "CMD=cargo +1.30.0 test --frozen" "-e" "CARGO_TARGET_DIR=/target" "-e" "CARGO_INCREMENTAL=0" "-e" "RUST_BACKTRACE=full" "-e" "RUSTFLAGS=--cap-lints=warn" "-e" "CARGO_HOME=/cargo-home" "-e" "RUSTUP_HOME=/rustup-home" "-m" "1536M" "--network" "none" "crater"`
Nov 01 19:05:51.475 INFO blam! e0e6aa1a52e60155672fba916d2e09d56babab39415f8a619cd7345d5b1accf0
Nov 01 19:05:51.478 INFO running `"docker" "start" "-a" "e0e6aa1a52e60155672fba916d2e09d56babab39415f8a619cd7345d5b1accf0"`
Nov 01 19:05:52.872 INFO kablam! usermod: no changes
Nov 01 19:05:52.971 INFO kablam!     Finished dev [unoptimized + debuginfo] target(s) in 0.04s
Nov 01 19:05:52.971 INFO kablam!      Running /target/debug/deps/rust_ack-0295090609a1d6c9
Nov 01 19:05:52.979 INFO blam! 
Nov 01 19:05:52.979 INFO blam! running 10 tests
Nov 01 19:05:52.979 INFO blam! test ackermann_implementations::hyper_ack::hyper_ack_tests::test_m1 ... ok
Nov 01 19:05:52.979 INFO blam! test ackermann_implementations::hyper_ack::hyper_ack_tests::test_m0 ... ok
Nov 01 19:05:52.979 INFO blam! test ackermann_implementations::hyper_ack::hyperoperator_tests::test_incrementation ... ok
Nov 01 19:05:52.991 INFO blam! test ackermann_implementations::hyper_ack::hyper_ack_tests::test_m2 ... ok
Nov 01 19:05:52.991 INFO blam! test ackermann_implementations::hyper_ack::hyperoperator_tests::test_addition ... ok
Nov 01 19:05:52.991 INFO blam! test ackermann_implementations::hyper_ack::hyperoperator_tests::test_multiplication ... ok
Nov 01 19:05:52.991 INFO blam! test ackermann_implementations::hyper_ack::hyper_ack_tests::test_m3 ... ok
Nov 01 19:05:53.005 INFO blam! test ackermann_implementations::hyper_ack::hyperoperator_tests::test_tetration ... FAILED
Nov 01 19:05:53.005 INFO blam! test ackermann_implementations::hyper_ack::hyper_ack_tests::test_m4 ... FAILED
Nov 01 19:05:53.005 INFO blam! test ackermann_implementations::hyper_ack::hyperoperator_tests::test_exponentiation ... FAILED
Nov 01 19:05:53.005 INFO blam! 
Nov 01 19:05:53.005 INFO blam! failures:
Nov 01 19:05:53.005 INFO blam! 
Nov 01 19:05:53.005 INFO blam! ---- ackermann_implementations::hyper_ack::hyperoperator_tests::test_tetration stdout ----
Nov 01 19:05:53.005 INFO blam! thread 'ackermann_implementations::hyper_ack::hyperoperator_tests::test_tetration' panicked at 'assertion failed: `(left == right)`
Nov 01 19:05:53.005 INFO blam!   left: `1`,
Nov 01 19:05:53.005 INFO blam!  right: `2`', src/ackermann_implementations/hyper_ack.rs:77:9
Nov 01 19:05:53.005 INFO blam! stack backtrace:
Nov 01 19:05:53.005 INFO blam!    0:     0x557910e22d9e - std::sys::unix::backtrace::tracing::imp::unwind_backtrace::hf5316c67202e23c8
Nov 01 19:05:53.005 INFO blam!                                at libstd/sys/unix/backtrace/tracing/gcc_s.rs:49
Nov 01 19:05:53.005 INFO blam!    1:     0x557910e16176 - std::sys_common::backtrace::print::h3068ed2a6dc7ac86
Nov 01 19:05:53.005 INFO blam!                                at libstd/sys_common/backtrace.rs:71
Nov 01 19:05:53.005 INFO blam!                                at libstd/sys_common/backtrace.rs:59
Nov 01 19:05:53.005 INFO blam!    2:     0x557910e1454d - std::panicking::default_hook::{{closure}}::h1b9d29cc09d41897
Nov 01 19:05:53.005 INFO blam!                                at libstd/panicking.rs:211
Nov 01 19:05:53.005 INFO blam!    3:     0x557910e1425b - std::panicking::default_hook::h3a27b204a313406b
Nov 01 19:05:53.005 INFO blam!                                at libstd/panicking.rs:221
Nov 01 19:05:53.005 INFO blam!    4:     0x557910e14bfc - std::panicking::rust_panic_with_hook::h0e12cb2fc86d00fa
Nov 01 19:05:53.005 INFO blam!                                at libstd/panicking.rs:477
Nov 01 19:05:53.005 INFO blam!    5:     0x557910e147b9 - std::panicking::continue_panic_fmt::h141671b29fe0e27d
Nov 01 19:05:53.005 INFO blam!                                at libstd/panicking.rs:391
Nov 01 19:05:53.005 INFO blam!    6:     0x557910e1471d - std::panicking::begin_panic_fmt::h598547fc766c278a
Nov 01 19:05:53.005 INFO blam!                                at libstd/panicking.rs:346
Nov 01 19:05:53.005 INFO blam!    7:     0x557910dd02cd - rust_ack::ackermann_implementations::hyper_ack::hyperoperator_tests::test_tetration::hbbe145549bd0aa9c
Nov 01 19:05:53.005 INFO blam!                                at src/ackermann_implementations/hyper_ack.rs:77
Nov 01 19:05:53.005 INFO blam!    8:     0x557910dd00d9 - rust_ack::ackermann_implementations::hyper_ack::hyperoperator_tests::test_tetration::{{closure}}::h39769538d2baf81c
Nov 01 19:05:53.005 INFO blam!                                at src/ackermann_implementations/hyper_ack.rs:76
Nov 01 19:05:53.005 INFO blam!    9:     0x557910dd21ad - core::ops::function::FnOnce::call_once::hc4a89f0ea5a66b86
Nov 01 19:05:53.005 INFO blam!                                at libcore/ops/function.rs:238
Nov 01 19:05:53.005 INFO blam!   10:     0x557910dd517e - <F as alloc::boxed::FnBox<A>>::call_box::ha9910eac2d17ff23
Nov 01 19:05:53.005 INFO blam!                                at libtest/lib.rs:1461
Nov 01 19:05:53.006 INFO blam!                                at libcore/ops/function.rs:238
Nov 01 19:05:53.006 INFO blam!                                at liballoc/boxed.rs:646
Nov 01 19:05:53.006 INFO blam!   11:     0x557910e31c19 - __rust_maybe_catch_panic
Nov 01 19:05:53.006 INFO blam!                                at libpanic_unwind/lib.rs:103
Nov 01 19:05:53.006 INFO blam!   12:     0x557910de0a8d - std::sys_common::backtrace::__rust_begin_short_backtrace::h470b05235fe5e5ad
Nov 01 19:05:53.006 INFO blam!                                at libstd/panicking.rs:289
Nov 01 19:05:53.006 INFO blam!                                at libstd/panic.rs:392
Nov 01 19:05:53.006 INFO blam!                                at libtest/lib.rs:1416
Nov 01 19:05:53.006 INFO blam!                                at libstd/sys_common/backtrace.rs:136
Nov 01 19:05:53.006 INFO blam!   13:     0x557910df90c4 - std::panicking::try::do_call::h1f0578498122cc00
Nov 01 19:05:53.006 INFO blam!                                at libstd/thread/mod.rs:409
Nov 01 19:05:53.006 INFO blam!                                at libstd/panic.rs:313
Nov 01 19:05:53.006 INFO blam!                                at libstd/panicking.rs:310
Nov 01 19:05:53.006 INFO blam!   14:     0x557910e31c19 - __rust_maybe_catch_panic
Nov 01 19:05:53.006 INFO blam!                                at libpanic_unwind/lib.rs:103
Nov 01 19:05:53.006 INFO blam!   15:     0x557910de9996 - <F as alloc::boxed::FnBox<A>>::call_box::h7b129f9f235ab460
Nov 01 19:05:53.006 INFO blam!                                at libstd/panicking.rs:289
Nov 01 19:05:53.006 INFO blam!                                at libstd/panic.rs:392
Nov 01 19:05:53.006 INFO blam!                                at libstd/thread/mod.rs:408
Nov 01 19:05:53.006 INFO blam!                                at liballoc/boxed.rs:646
Nov 01 19:05:53.006 INFO blam!   16:     0x557910e246ba - std::sys_common::thread::start_thread::hb77935aee02382da
Nov 01 19:05:53.006 INFO blam!                                at liballoc/boxed.rs:656
Nov 01 19:05:53.006 INFO blam!                                at libstd/sys_common/thread.rs:24
Nov 01 19:05:53.006 INFO blam!   17:     0x557910e153b5 - std::sys::unix::thread::Thread::new::thread_start::hd61f7429b3de1d75
Nov 01 19:05:53.006 INFO blam!                                at libstd/sys/unix/thread.rs:90
Nov 01 19:05:53.006 INFO blam!   18:     0x7f48b49d66b9 - start_thread
Nov 01 19:05:53.006 INFO blam!   19:     0x7f48b44f641c - clone
Nov 01 19:05:53.006 INFO blam!   20:                0x0 - <unknown>
Nov 01 19:05:53.006 INFO blam! 
Nov 01 19:05:53.006 INFO blam! ---- ackermann_implementations::hyper_ack::hyper_ack_tests::test_m4 stdout ----
Nov 01 19:05:53.006 INFO blam! thread 'ackermann_implementations::hyper_ack::hyper_ack_tests::test_m4' panicked at 'assertion failed: `(left == right)`
Nov 01 19:05:53.006 INFO blam!   left: `65533`,
Nov 01 19:05:53.006 INFO blam!  right: `253`', src/ackermann_implementations/hyper_ack.rs:119:9
Nov 01 19:05:53.006 INFO blam! stack backtrace:
Nov 01 19:05:53.006 INFO blam!    0:     0x557910e22d9e - std::sys::unix::backtrace::tracing::imp::unwind_backtrace::hf5316c67202e23c8
Nov 01 19:05:53.006 INFO blam!                                at libstd/sys/unix/backtrace/tracing/gcc_s.rs:49
Nov 01 19:05:53.006 INFO blam!    1:     0x557910e16176 - std::sys_common::backtrace::print::h3068ed2a6dc7ac86
Nov 01 19:05:53.006 INFO blam!                                at libstd/sys_common/backtrace.rs:71
Nov 01 19:05:53.006 INFO blam!                                at libstd/sys_common/backtrace.rs:59
Nov 01 19:05:53.006 INFO blam!    2:     0x557910e1454d - std::panicking::default_hook::{{closure}}::h1b9d29cc09d41897
Nov 01 19:05:53.006 INFO blam!                                at libstd/panicking.rs:211
Nov 01 19:05:53.006 INFO blam!    3:     0x557910e1425b - std::panicking::default_hook::h3a27b204a313406b
Nov 01 19:05:53.006 INFO blam!                                at libstd/panicking.rs:221
Nov 01 19:05:53.006 INFO blam!    4:     0x557910e14bfc - std::panicking::rust_panic_with_hook::h0e12cb2fc86d00fa
Nov 01 19:05:53.006 INFO blam!                                at libstd/panicking.rs:477
Nov 01 19:05:53.006 INFO blam!    5:     0x557910e147b9 - std::panicking::continue_panic_fmt::h141671b29fe0e27d
Nov 01 19:05:53.006 INFO blam!                                at libstd/panicking.rs:391
Nov 01 19:05:53.006 INFO blam!    6:     0x557910e1471d - std::panicking::begin_panic_fmt::h598547fc766c278a
Nov 01 19:05:53.006 INFO blam!                                at libstd/panicking.rs:346
Nov 01 19:05:53.006 INFO blam!    7:     0x557910dd1e83 - rust_ack::ackermann_implementations::hyper_ack::hyper_ack_tests::test_m4::h2b3f7b7cd2cc8d28
Nov 01 19:05:53.006 INFO blam!                                at src/ackermann_implementations/hyper_ack.rs:119
Nov 01 19:05:53.006 INFO blam!    8:     0x557910dd1b59 - rust_ack::ackermann_implementations::hyper_ack::hyper_ack_tests::test_m4::{{closure}}::h24d474af2c828757
Nov 01 19:05:53.006 INFO blam!                                at src/ackermann_implementations/hyper_ack.rs:117
Nov 01 19:05:53.006 INFO blam!    9:     0x557910dd206d - core::ops::function::FnOnce::call_once::h43a4bbf27d4e9c61
Nov 01 19:05:53.006 INFO blam!                                at libcore/ops/function.rs:238
Nov 01 19:05:53.006 INFO blam!   10:     0x557910dd517e - <F as alloc::boxed::FnBox<A>>::call_box::ha9910eac2d17ff23
Nov 01 19:05:53.006 INFO blam!                                at libtest/lib.rs:1461
Nov 01 19:05:53.006 INFO blam!                                at libcore/ops/function.rs:238
Nov 01 19:05:53.006 INFO blam!                                at liballoc/boxed.rs:646
Nov 01 19:05:53.006 INFO blam!   11:     0x557910e31c19 - __rust_maybe_catch_panic
Nov 01 19:05:53.006 INFO blam!                                at libpanic_unwind/lib.rs:103
Nov 01 19:05:53.006 INFO blam!   12:     0x557910de0a8d - std::sys_common::backtrace::__rust_begin_short_backtrace::h470b05235fe5e5ad
Nov 01 19:05:53.006 INFO blam!                                at libstd/panicking.rs:289
Nov 01 19:05:53.006 INFO blam!                                at libstd/panic.rs:392
Nov 01 19:05:53.006 INFO blam!                                at libtest/lib.rs:1416
Nov 01 19:05:53.006 INFO blam!                                at libstd/sys_common/backtrace.rs:136
Nov 01 19:05:53.006 INFO blam!   13:     0x557910df90c4 - std::panicking::try::do_call::h1f0578498122cc00
Nov 01 19:05:53.006 INFO blam!                                at libstd/thread/mod.rs:409
Nov 01 19:05:53.006 INFO blam!                                at libstd/panic.rs:313
Nov 01 19:05:53.006 INFO blam!                                at libstd/panicking.rs:310
Nov 01 19:05:53.006 INFO blam!   14:     0x557910e31c19 - __rust_maybe_catch_panic
Nov 01 19:05:53.006 INFO blam!                                at libpanic_unwind/lib.rs:103
Nov 01 19:05:53.006 INFO blam!   15:     0x557910de9996 - <F as alloc::boxed::FnBox<A>>::call_box::h7b129f9f235ab460
Nov 01 19:05:53.006 INFO blam!                                at libstd/panicking.rs:289
Nov 01 19:05:53.006 INFO blam!                                at libstd/panic.rs:392
Nov 01 19:05:53.006 INFO blam!                                at libstd/thread/mod.rs:408
Nov 01 19:05:53.006 INFO blam!                                at liballoc/boxed.rs:646
Nov 01 19:05:53.006 INFO blam!   16:     0x557910e246ba - std::sys_common::thread::start_thread::hb77935aee02382da
Nov 01 19:05:53.006 INFO blam!                                at liballoc/boxed.rs:656
Nov 01 19:05:53.006 INFO blam!                                at libstd/sys_common/thread.rs:24
Nov 01 19:05:53.006 INFO blam!   17:     0x557910e153b5 - std::sys::unix::thread::Thread::new::thread_start::hd61f7429b3de1d75
Nov 01 19:05:53.007 INFO blam!                                at libstd/sys/unix/thread.rs:90
Nov 01 19:05:53.007 INFO blam!   18:     0x7f48b49d66b9 - start_thread
Nov 01 19:05:53.007 INFO blam!   19:     0x7f48b44f641c - clone
Nov 01 19:05:53.007 INFO blam!   20:                0x0 - <unknown>
Nov 01 19:05:53.007 INFO blam! 
Nov 01 19:05:53.007 INFO blam! ---- ackermann_implementations::hyper_ack::hyperoperator_tests::test_exponentiation stdout ----
Nov 01 19:05:53.007 INFO blam! thread 'ackermann_implementations::hyper_ack::hyperoperator_tests::test_exponentiation' panicked at 'assertion failed: `(left == right)`
Nov 01 19:05:53.007 INFO blam!   left: `1`,
Nov 01 19:05:53.007 INFO blam!  right: `4`', src/ackermann_implementations/hyper_ack.rs:65:9
Nov 01 19:05:53.007 INFO blam! stack backtrace:
Nov 01 19:05:53.007 INFO blam!    0:     0x557910e22d9e - std::sys::unix::backtrace::tracing::imp::unwind_backtrace::hf5316c67202e23c8
Nov 01 19:05:53.007 INFO blam!                                at libstd/sys/unix/backtrace/tracing/gcc_s.rs:49
Nov 01 19:05:53.007 INFO blam!    1:     0x557910e16176 - std::sys_common::backtrace::print::h3068ed2a6dc7ac86
Nov 01 19:05:53.007 INFO blam!                                at libstd/sys_common/backtrace.rs:71
Nov 01 19:05:53.007 INFO blam!                                at libstd/sys_common/backtrace.rs:59
Nov 01 19:05:53.007 INFO blam!    2:     0x557910e1454d - std::panicking::default_hook::{{closure}}::h1b9d29cc09d41897
Nov 01 19:05:53.007 INFO blam!                                at libstd/panicking.rs:211
Nov 01 19:05:53.007 INFO blam!    3:     0x557910e1425b - std::panicking::default_hook::h3a27b204a313406b
Nov 01 19:05:53.007 INFO blam!                                at libstd/panicking.rs:221
Nov 01 19:05:53.007 INFO blam!    4:     0x557910e14bfc - std::panicking::rust_panic_with_hook::h0e12cb2fc86d00fa
Nov 01 19:05:53.007 INFO blam!                                at libstd/panicking.rs:477
Nov 01 19:05:53.007 INFO blam!    5:     0x557910e147b9 - std::panicking::continue_panic_fmt::h141671b29fe0e27d
Nov 01 19:05:53.007 INFO blam!                                at libstd/panicking.rs:391
Nov 01 19:05:53.007 INFO blam!    6:     0x557910e1471d - std::panicking::begin_panic_fmt::h598547fc766c278a
Nov 01 19:05:53.007 INFO blam!                                at libstd/panicking.rs:346
Nov 01 19:05:53.007 INFO blam!    7:     0x557910dcf89a - rust_ack::ackermann_implementations::hyper_ack::hyperoperator_tests::test_exponentiation::h4fd2416fc8466f6d
Nov 01 19:05:53.007 INFO blam!                                at src/ackermann_implementations/hyper_ack.rs:65
Nov 01 19:05:53.007 INFO blam!    8:     0x557910dcf6a9 - rust_ack::ackermann_implementations::hyper_ack::hyperoperator_tests::test_exponentiation::{{closure}}::h8585ffa3470b2bb5
Nov 01 19:05:53.007 INFO blam!                                at src/ackermann_implementations/hyper_ack.rs:64
Nov 01 19:05:53.007 INFO blam!    9:     0x557910dd202d - core::ops::function::FnOnce::call_once::h2a46e364cdfd1574
Nov 01 19:05:53.007 INFO blam!                                at libcore/ops/function.rs:238
Nov 01 19:05:53.007 INFO blam!   10:     0x557910dd517e - <F as alloc::boxed::FnBox<A>>::call_box::ha9910eac2d17ff23
Nov 01 19:05:53.007 INFO blam!                                at libtest/lib.rs:1461
Nov 01 19:05:53.007 INFO blam!                                at libcore/ops/function.rs:238
Nov 01 19:05:53.007 INFO blam!                                at liballoc/boxed.rs:646
Nov 01 19:05:53.007 INFO blam!   11:     0x557910e31c19 - __rust_maybe_catch_panic
Nov 01 19:05:53.007 INFO blam!                                at libpanic_unwind/lib.rs:103
Nov 01 19:05:53.007 INFO blam!   12:     0x557910de0a8d - std::sys_common::backtrace::__rust_begin_short_backtrace::h470b05235fe5e5ad
Nov 01 19:05:53.007 INFO blam!                                at libstd/panicking.rs:289
Nov 01 19:05:53.007 INFO blam!                                at libstd/panic.rs:392
Nov 01 19:05:53.007 INFO blam!                                at libtest/lib.rs:1416
Nov 01 19:05:53.007 INFO blam!                                at libstd/sys_common/backtrace.rs:136
Nov 01 19:05:53.007 INFO blam!   13:     0x557910df90c4 - std::panicking::try::do_call::h1f0578498122cc00
Nov 01 19:05:53.007 INFO blam!                                at libstd/thread/mod.rs:409
Nov 01 19:05:53.007 INFO blam!                                at libstd/panic.rs:313
Nov 01 19:05:53.007 INFO blam!                                at libstd/panicking.rs:310
Nov 01 19:05:53.007 INFO blam!   14:     0x557910e31c19 - __rust_maybe_catch_panic
Nov 01 19:05:53.007 INFO blam!                                at libpanic_unwind/lib.rs:103
Nov 01 19:05:53.007 INFO blam!   15:     0x557910de9996 - <F as alloc::boxed::FnBox<A>>::call_box::h7b129f9f235ab460
Nov 01 19:05:53.007 INFO blam!                                at libstd/panicking.rs:289
Nov 01 19:05:53.007 INFO blam!                                at libstd/panic.rs:392
Nov 01 19:05:53.007 INFO blam!                                at libstd/thread/mod.rs:408
Nov 01 19:05:53.007 INFO blam!                                at liballoc/boxed.rs:646
Nov 01 19:05:53.007 INFO blam!   16:     0x557910e246ba - std::sys_common::thread::start_thread::hb77935aee02382da
Nov 01 19:05:53.007 INFO blam!                                at liballoc/boxed.rs:656
Nov 01 19:05:53.007 INFO blam!                                at libstd/sys_common/thread.rs:24
Nov 01 19:05:53.007 INFO blam!   17:     0x557910e153b5 - std::sys::unix::thread::Thread::new::thread_start::hd61f7429b3de1d75
Nov 01 19:05:53.007 INFO blam!                                at libstd/sys/unix/thread.rs:90
Nov 01 19:05:53.007 INFO blam!   18:     0x7f48b49d66b9 - start_thread
Nov 01 19:05:53.007 INFO blam!   19:     0x7f48b44f641c - clone
Nov 01 19:05:53.007 INFO blam!   20:                0x0 - <unknown>
Nov 01 19:05:53.007 INFO blam! 
Nov 01 19:05:53.007 INFO blam! 
Nov 01 19:05:53.007 INFO blam! failures:
Nov 01 19:05:53.007 INFO blam!     ackermann_implementations::hyper_ack::hyper_ack_tests::test_m4
Nov 01 19:05:53.007 INFO blam!     ackermann_implementations::hyper_ack::hyperoperator_tests::test_exponentiation
Nov 01 19:05:53.007 INFO blam!     ackermann_implementations::hyper_ack::hyperoperator_tests::test_tetration
Nov 01 19:05:53.007 INFO blam! 
Nov 01 19:05:53.007 INFO blam! test result: FAILED. 7 passed; 3 failed; 0 ignored; 0 measured; 0 filtered out
Nov 01 19:05:53.007 INFO blam! 
Nov 01 19:05:53.034 INFO kablam! error: test failed, to rerun pass '--bin rust_ack'
Nov 01 19:05:53.034 INFO kablam! su: No module specific data is present
Nov 01 19:05:53.775 INFO running `"docker" "rm" "-f" "e0e6aa1a52e60155672fba916d2e09d56babab39415f8a619cd7345d5b1accf0"`
Nov 01 19:05:54.147 INFO blam! e0e6aa1a52e60155672fba916d2e09d56babab39415f8a619cd7345d5b1accf0
