Nov 01 19:11:39.764 INFO testing NattapongSiri/permutator against 1.30.0 for beta-1.31-1
Nov 01 19:11:39.764 INFO running `"docker" "create" "-v" "/mnt/big/crater/work/local/target-dirs/beta-1.31-1/worker-4/1.30.0:/target:rw,Z" "-v" "/mnt/big/crater/work/local/test-source/worker-4/beta-1.31-1/1.30.0:/source:ro,Z" "-v" "/mnt/big/crater/work/local/cargo-home:/cargo-home:ro,Z" "-v" "/mnt/big/crater/work/local/rustup-home:/rustup-home:ro,Z" "-e" "USER_ID=1000" "-e" "SOURCE_DIR=/source" "-e" "USER_ID=1000" "-e" "CMD=cargo +1.30.0 build --frozen" "-e" "CARGO_TARGET_DIR=/target" "-e" "CARGO_INCREMENTAL=0" "-e" "RUST_BACKTRACE=full" "-e" "RUSTFLAGS=--cap-lints=warn" "-e" "CARGO_HOME=/cargo-home" "-e" "RUSTUP_HOME=/rustup-home" "-m" "1536M" "--network" "none" "crater"`
Nov 01 19:11:40.247 INFO blam! 1e37ce4875e71d04db30bc5bad78b3383092940e7eba6df0bc930bd05cc8d2e5
Nov 01 19:11:40.249 INFO running `"docker" "start" "-a" "1e37ce4875e71d04db30bc5bad78b3383092940e7eba6df0bc930bd05cc8d2e5"`
Nov 01 19:11:41.575 INFO kablam! usermod: no changes
Nov 01 19:11:41.711 INFO kablam!    Compiling num-traits v0.2.6
Nov 01 19:11:41.711 INFO kablam!    Compiling num-complex v0.2.1
Nov 01 19:11:45.989 INFO kablam!    Compiling num-integer v0.1.39
Nov 01 19:11:47.435 INFO kablam!    Compiling num-bigint v0.2.0
Nov 01 19:11:47.436 INFO kablam!    Compiling num-iter v0.1.37
Nov 01 19:11:50.867 INFO kablam!    Compiling num-rational v0.2.1
Nov 01 19:11:52.811 INFO kablam!    Compiling num v0.2.0
Nov 01 19:11:53.390 INFO kablam!    Compiling permutator v0.2.1 (/source)
Nov 01 19:11:54.958 INFO kablam!     Finished dev [unoptimized + debuginfo] target(s) in 13.34s
Nov 01 19:11:54.959 INFO kablam! su: No module specific data is present
Nov 01 19:11:55.683 INFO running `"docker" "rm" "-f" "1e37ce4875e71d04db30bc5bad78b3383092940e7eba6df0bc930bd05cc8d2e5"`
Nov 01 19:11:55.975 INFO blam! 1e37ce4875e71d04db30bc5bad78b3383092940e7eba6df0bc930bd05cc8d2e5
Nov 01 19:11:55.979 INFO running `"docker" "create" "-v" "/mnt/big/crater/work/local/target-dirs/beta-1.31-1/worker-4/1.30.0:/target:rw,Z" "-v" "/mnt/big/crater/work/local/test-source/worker-4/beta-1.31-1/1.30.0:/source:ro,Z" "-v" "/mnt/big/crater/work/local/cargo-home:/cargo-home:ro,Z" "-v" "/mnt/big/crater/work/local/rustup-home:/rustup-home:ro,Z" "-e" "USER_ID=1000" "-e" "SOURCE_DIR=/source" "-e" "USER_ID=1000" "-e" "CMD=cargo +1.30.0 test --frozen --no-run" "-e" "CARGO_TARGET_DIR=/target" "-e" "CARGO_INCREMENTAL=0" "-e" "RUST_BACKTRACE=full" "-e" "RUSTFLAGS=--cap-lints=warn" "-e" "CARGO_HOME=/cargo-home" "-e" "RUSTUP_HOME=/rustup-home" "-m" "1536M" "--network" "none" "crater"`
Nov 01 19:11:56.317 INFO blam! 7ae008f46098c772ea6a424d4aaace9c1193a21779d5226767967eb00cbaa90f
Nov 01 19:11:56.325 INFO running `"docker" "start" "-a" "7ae008f46098c772ea6a424d4aaace9c1193a21779d5226767967eb00cbaa90f"`
Nov 01 19:11:57.631 INFO kablam! usermod: no changes
Nov 01 19:11:57.715 INFO kablam!    Compiling permutator v0.2.1 (/source)
Nov 01 19:12:03.986 INFO kablam!     Finished dev [unoptimized + debuginfo] target(s) in 6.32s
Nov 01 19:12:03.988 INFO kablam! su: No module specific data is present
Nov 01 19:12:04.713 INFO running `"docker" "rm" "-f" "7ae008f46098c772ea6a424d4aaace9c1193a21779d5226767967eb00cbaa90f"`
Nov 01 19:12:04.956 INFO blam! 7ae008f46098c772ea6a424d4aaace9c1193a21779d5226767967eb00cbaa90f
Nov 01 19:12:04.958 INFO running `"docker" "create" "-v" "/mnt/big/crater/work/local/target-dirs/beta-1.31-1/worker-4/1.30.0:/target:rw,Z" "-v" "/mnt/big/crater/work/local/test-source/worker-4/beta-1.31-1/1.30.0:/source:ro,Z" "-v" "/mnt/big/crater/work/local/cargo-home:/cargo-home:ro,Z" "-v" "/mnt/big/crater/work/local/rustup-home:/rustup-home:ro,Z" "-e" "USER_ID=1000" "-e" "SOURCE_DIR=/source" "-e" "USER_ID=1000" "-e" "CMD=cargo +1.30.0 test --frozen" "-e" "CARGO_TARGET_DIR=/target" "-e" "CARGO_INCREMENTAL=0" "-e" "RUST_BACKTRACE=full" "-e" "RUSTFLAGS=--cap-lints=warn" "-e" "CARGO_HOME=/cargo-home" "-e" "RUSTUP_HOME=/rustup-home" "-m" "1536M" "--network" "none" "crater"`
Nov 01 19:12:05.361 INFO blam! 1fe759d3abcd5fa4a6a556dbeac2e2922c47f510d8bb585d6124d3a0924feb58
Nov 01 19:12:05.363 INFO running `"docker" "start" "-a" "1fe759d3abcd5fa4a6a556dbeac2e2922c47f510d8bb585d6124d3a0924feb58"`
Nov 01 19:12:06.498 INFO kablam! usermod: no changes
Nov 01 19:12:06.582 INFO kablam!     Finished dev [unoptimized + debuginfo] target(s) in 0.03s
Nov 01 19:12:06.602 INFO kablam!      Running /target/debug/deps/permutator-52273cc9d05a227e
Nov 01 19:12:06.606 INFO blam! 
Nov 01 19:12:06.607 INFO blam! running 64 tests
Nov 01 19:12:06.607 INFO blam! test test::test_CartesianProduct_trait ... ok
Nov 01 19:12:06.607 INFO blam! test test::test_CartesianProduct_reset ... ok
Nov 01 19:12:06.607 INFO blam! test test::test_CartesianProduct_mimic_iterator ... ok
Nov 01 19:12:06.607 INFO blam! test test::test_CartesianProduct_ptr_trait ... ok
Nov 01 19:12:06.607 INFO blam! test test::test_GosperCombinationCellIter ... ok
Nov 01 19:12:06.607 INFO blam! test test::test_CartesianProduct_mimic_iterator_2 ... ok
Nov 01 19:12:06.607 INFO blam! test test::test_CartesianProduct_shared_trait ... ok
Nov 01 19:12:06.607 INFO blam! test test::test_CartesianProduct_iterator_alike_shared_result ... ok
Nov 01 19:12:06.608 INFO blam! test test::test_CartesianProduct ... ok
Nov 01 19:12:06.608 INFO blam! test test::test_GosperCombinationIterator ... ok
Nov 01 19:12:06.608 INFO blam! test test::test_HeapPermutationCellIterIterator ... ok
Nov 01 19:12:06.608 INFO blam! test test::test_HeapPermutationIntoIterator ... ok
Nov 01 19:12:06.608 INFO blam! test test::test_GosperCombinationIteratorAlike_reset ... ok
Nov 01 19:12:06.608 INFO blam! test test::test_GosperCombinationIteratorUnsafe ... ok
Nov 01 19:12:06.608 INFO blam! test test::test_HeapPermutation ... ok
Nov 01 19:12:06.619 INFO blam! test test::test_HeapPermutationIterator ... ok
Nov 01 19:12:06.619 INFO blam! test test::test_KPermutation ... ok
Nov 01 19:12:06.619 INFO blam! test test::test_KPermutationIterator ... ok
Nov 01 19:12:06.638 INFO blam! test test::test_HeapPermutation_reset ... ok
Nov 01 19:12:06.639 INFO blam! test test::test_HeapPermutationRefIterator ... ok
Nov 01 19:12:06.679 INFO blam! test test::test_KPermutation_trait ... ok
Nov 01 19:12:06.679 INFO blam! test test::test_KPermutation_into_Ref_trait ... ok
Nov 01 19:12:06.679 INFO blam! test test::test_SelfCartesianProduct_ref ... ok
Nov 01 19:12:06.683 INFO blam! test test::test_combination_cell_fn ... ok
Nov 01 19:12:06.683 INFO blam! test test::test_cartesian_product_shared_result_fn ... ok
Nov 01 19:12:06.683 INFO blam! test test::test_SelfCartesianProduct ... ok
Nov 01 19:12:06.683 INFO blam! test test::test_SelfCartesianProduct_cell ... ok
Nov 01 19:12:06.704 INFO blam! test test::test_combination_trait_ptr ... ok
Nov 01 19:12:06.704 INFO blam! test test::test_combination_trait_share ... ok
Nov 01 19:12:06.704 INFO blam! test test::test_combination_trait ... ok
Nov 01 19:12:06.730 INFO blam! test test::test_combination_fn ... ok
Nov 01 19:12:06.731 INFO blam! test test::test_get_permutation_for ... ok
Nov 01 19:12:06.731 INFO blam! test test::test_get_cartesian_for ... ok
Nov 01 19:12:06.759 INFO blam! test test::test_heap_permutation_6 ... ok
Nov 01 19:12:06.759 INFO blam! test test::test_k_permutation_primitive ... ok
Nov 01 19:12:06.759 INFO blam! test test::test_permutation_trait ... ok
Nov 01 19:12:06.759 INFO blam! test test::test_permutation_trait_cell ... ok
Nov 01 19:12:06.772 INFO blam! test test::test_self_cartesian_product ... ok
Nov 01 19:12:06.772 INFO blam! test test::test_self_cartesian_product_shared_result_fn ... ok
Nov 01 19:12:06.772 INFO blam! test test::test_permutation_trait_ref ... ok
Nov 01 19:12:06.847 INFO blam! Thread1 is done
Nov 01 19:12:06.847 INFO blam! Thread2 is done
Nov 01 19:12:06.847 INFO blam! Done 1716 combinations in 78.728679ms
Nov 01 19:12:06.847 INFO blam! test test::test_share_result_CombinationIterator_with_thread_fn ... ok
Nov 01 19:12:06.851 INFO blam! Done 180 products in 4.006813ms
Nov 01 19:12:06.855 INFO blam! test test::test_shared_CartesianProduct_result_sync_fn ... ok
Nov 01 19:12:06.855 INFO blam! Thread2 is done
Nov 01 19:12:06.855 INFO blam! Thread1 is done
Nov 01 19:12:06.867 INFO blam! test test::test_shared_KPermutation_result ... ok
Nov 01 19:12:06.879 INFO blam! Done 180 combinations with 2 workers in 12.128257ms
Nov 01 19:12:06.883 INFO blam! test test::test_shared_cartesian_product_result_sync_fn ... ok
Nov 01 19:12:06.884 INFO blam! Thread2 is done
Nov 01 19:12:06.885 INFO blam! Thread1 is done
Nov 01 19:12:06.899 INFO blam! test test::test_shared_combination_result_fn ... ok
Nov 01 19:12:06.907 INFO blam! test test::test_shared_combination_result_iterator_alike ... ok
Nov 01 19:12:07.131 INFO blam! Thread1 is done
Nov 01 19:12:07.131 INFO blam! Thread2 is done
Nov 01 19:12:07.131 INFO blam! Done 1716 combinations with 2 workers in 213.832572ms
Nov 01 19:12:07.131 INFO blam! test test::test_shared_combination_result_sync_fn ... ok
Nov 01 19:12:07.131 INFO blam! test test::test_shared_k_permutation_result_fn ... ok
Nov 01 19:12:09.932 INFO blam! test test::test_heap_permutation_10 ... ok
Nov 01 19:12:09.964 INFO blam! test test::test_tldr_case ... ok
Nov 01 19:12:10.820 INFO blam! Thread1 is done
Nov 01 19:12:10.820 INFO blam! Thread2 is done
Nov 01 19:12:10.820 INFO blam! Done 30240 combinations in 4.017666191s
Nov 01 19:12:10.829 INFO blam! test test::test_share_result_KPermutation_iterator_sync ... ok
Nov 01 19:12:10.831 INFO blam! test test::test_unsafe_cartesian_product_shared_result ... ok
Nov 01 19:12:10.847 INFO blam! test test::test_unsafe_combination_fn ... ok
Nov 01 19:12:14.803 INFO blam! Thread1 is done
Nov 01 19:12:14.803 INFO blam! Done 30240 combinations with 2 workers in 7.657549474s
Nov 01 19:12:14.803 INFO blam! Thread2 is done
Nov 01 19:12:14.803 INFO blam! test test::test_shared_k_permutation_sync_fn ... ok
Nov 01 19:12:14.810 INFO blam! test test::test_unsafe_self_cartesian_product_shared_result ... ok
Nov 01 19:12:14.815 INFO blam! test test::test_unsafe_shared_combination_result_fn ... ok
Nov 01 19:12:14.815 INFO blam! test test::test_unsafe_shared_k_permutation_result_fn ... ok
Nov 01 19:12:35.879 INFO blam! test test::test_KPermutation_into_Ref ... ok
Nov 01 19:12:41.468 INFO blam! test test::test_unsafe_cartesian_product ... ok
Nov 01 19:12:42.137 INFO blam! test test::test_KPermutation_into_cell_trait ... ok
Nov 01 19:12:43.799 INFO blam! test test::test_KPermutation_into_Cell ... ok
Nov 01 19:12:44.543 INFO blam! test test::test_cartesian_product ... ok
Nov 01 19:12:48.281 INFO blam! test test::test_unsafe_k_permutation ... ok
Nov 01 19:12:48.295 INFO blam! test test::test_k_permutation ... ok
Nov 01 19:12:48.295 INFO kablam!    Doc-tests permutator
Nov 01 19:12:48.295 INFO blam! 
Nov 01 19:12:48.295 INFO blam! test result: ok. 64 passed; 0 failed; 0 ignored; 0 measured; 0 filtered out
Nov 01 19:12:48.295 INFO blam! 
Nov 01 19:12:49.846 INFO blam! 
Nov 01 19:12:49.846 INFO blam! running 48 tests
Nov 01 19:12:56.215 INFO blam! test src/lib.rs - CartesianProductCellIter (line 2161) ... ok
Nov 01 19:12:56.835 INFO blam! test src/lib.rs -  (line 40) ... ok
Nov 01 19:12:57.111 INFO blam! test src/lib.rs -  (line 54) ... ok
Nov 01 19:12:57.189 INFO blam! test src/lib.rs -  (line 28) ... ok
Nov 01 19:12:57.629 INFO blam! test src/lib.rs - CartesianProductIterator (line 2035) ... ok
Nov 01 19:12:57.974 INFO blam! test src/lib.rs - CartesianProduct (line 4125) ... ok
Nov 01 19:12:58.019 INFO blam! test src/lib.rs - CartesianProduct (line 4143) ... ok
Nov 01 19:12:58.072 INFO blam! test src/lib.rs -  (line 77) ... ok
Nov 01 19:13:02.187 INFO blam! test src/lib.rs - Combination (line 4244) ... ok
Nov 01 19:13:02.219 INFO blam! test src/lib.rs - GosperCombinationRefIter (line 2763) ... ok
Nov 01 19:13:03.399 INFO blam! test src/lib.rs - GosperCombinationIterator (line 2461) ... ok
Nov 01 19:13:03.519 INFO blam! test src/lib.rs - GosperCombinationCellIter (line 2600) ... ok
Nov 01 19:13:03.887 INFO blam! test src/lib.rs - CartesianProductRefIter (line 2310) ... ok
Nov 01 19:13:04.035 INFO blam! test src/lib.rs - HeapPermutationCellIter (line 3110) ... ok
Nov 01 19:13:04.035 INFO blam! test src/lib.rs - HeapPermutationRefIter (line 2992) ... ok
Nov 01 19:13:07.587 INFO blam! test src/lib.rs - HeapPermutationIterator (line 2898) ... ok
Nov 01 19:13:07.843 INFO blam! test src/lib.rs - KPermutationIterator (line 3214) ... ok
Nov 01 19:13:08.147 INFO blam! test src/lib.rs - Permutation (line 4373) ... ok
Nov 01 19:13:08.791 INFO blam! test src/lib.rs - KPermutationRefIter (line 3564) ... ok
Nov 01 19:13:09.895 INFO blam! test src/lib.rs - SelfCartesianProductIterator (line 3718) ... ok
Nov 01 19:13:09.967 INFO blam! test src/lib.rs - KPermutationCellIter (line 3378) ... ok
Nov 01 19:13:09.978 INFO blam! test src/lib.rs - Permutation (line 4383) ... ok
Nov 01 19:13:11.055 INFO blam! test src/lib.rs - SelfCartesianProductCellIter (line 3849) ... ok
Nov 01 19:13:13.531 INFO blam! test src/lib.rs - SelfCartesianProductRefIter (line 3985) ... ok
Nov 01 19:13:13.691 INFO blam! test src/lib.rs - cartesian_product_cell (line 500) ... ok
Nov 01 19:13:13.695 INFO blam! test src/lib.rs - cartesian_product (line 315) ... ok
Nov 01 19:13:14.299 INFO blam! test src/lib.rs - combination (line 1143) ... ok
Nov 01 19:13:14.379 INFO blam! test src/lib.rs - cartesian_product_sync (line 614) ... ok
Nov 01 19:13:14.563 INFO blam! test src/lib.rs - divide_factorial (line 4605) ... ok
Nov 01 19:13:15.131 INFO blam! test src/lib.rs - combination_cell (line 1291) ... ok
Nov 01 19:13:15.141 INFO blam! test src/lib.rs - combination_sync (line 1392) ... ok
Nov 01 19:13:17.267 INFO blam! test src/lib.rs - get_cartesian_for (line 143) ... ok
Nov 01 19:13:17.581 INFO blam! test src/lib.rs - get_cartesian_size (line 120) ... ok
Nov 01 19:13:17.634 INFO blam! test src/lib.rs - get_permutation_size (line 183) ... ok
Nov 01 19:13:18.573 INFO blam! test src/lib.rs - heap_permutation (line 1479) ... ok
Nov 01 19:13:18.818 INFO blam! test src/lib.rs - heap_permutation_cell (line 1528) ... ok
Nov 01 19:13:18.823 INFO blam! test src/lib.rs - get_permutation_for (line 208) ... ok
Nov 01 19:13:20.893 INFO blam! test src/lib.rs - k_permutation (line 1624) ... ok
Nov 01 19:13:22.299 INFO blam! test src/lib.rs - k_permutation_cell (line 1821) ... ok
Nov 01 19:13:25.919 INFO blam! test src/lib.rs - self_cartesian_product (line 726) ... FAILED
Nov 01 19:13:26.195 INFO blam! test src/lib.rs - multiply_factorial (line 4630) ... ok
Nov 01 19:13:26.720 INFO blam! test src/lib.rs - self_cartesian_product_cell (line 914) ... FAILED
Nov 01 19:13:27.735 INFO blam! test src/lib.rs - k_permutation_sync (line 1931) ... ok
Nov 01 19:13:28.083 INFO blam! test src/lib.rs - unsafe_cartesian_product (line 386) ... ok
Nov 01 19:13:29.280 INFO blam! test src/lib.rs - self_cartesian_product_sync (line 1030) ... ok
Nov 01 19:13:29.291 INFO blam! test src/lib.rs - unsafe_k_permutation (line 1710) ... ok
Nov 01 19:13:29.492 INFO blam! test src/lib.rs - unsafe_self_cartesian_product (line 798) ... FAILED
Nov 01 19:13:29.674 INFO blam! test src/lib.rs - unsafe_combination (line 1198) ... ok
Nov 01 19:13:29.674 INFO blam! 
Nov 01 19:13:29.674 INFO blam! failures:
Nov 01 19:13:29.674 INFO blam! 
Nov 01 19:13:29.674 INFO blam! ---- src/lib.rs - self_cartesian_product (line 726) stdout ----
Nov 01 19:13:29.674 INFO blam! error[E0425]: cannot find function `self_cartesian_product` in this scope
Nov 01 19:13:29.674 INFO blam!  --> src/lib.rs:729:4
Nov 01 19:13:29.674 INFO blam!   |
Nov 01 19:13:29.674 INFO blam! 6 |    self_cartesian_product(&[1, 2, 3], 3, |product| {
Nov 01 19:13:29.674 INFO blam!   |    ^^^^^^^^^^^^^^^^^^^^^^ did you mean `cartesian_product`?
Nov 01 19:13:29.674 INFO blam! help: possible candidate is found in another module, you can import it into scope
Nov 01 19:13:29.674 INFO blam!   |
Nov 01 19:13:29.674 INFO blam! 3 | use permutator::self_cartesian_product;
Nov 01 19:13:29.674 INFO blam!   |
Nov 01 19:13:29.674 INFO blam! 
Nov 01 19:13:29.674 INFO blam! thread 'src/lib.rs - self_cartesian_product (line 726)' panicked at 'couldn't compile the test', librustdoc/test.rs:332:13
Nov 01 19:13:29.674 INFO blam! stack backtrace:
Nov 01 19:13:29.674 INFO blam!    0:     0x7fb61c4cf75e - std::sys::unix::backtrace::tracing::imp::unwind_backtrace::hf5316c67202e23c8
Nov 01 19:13:29.674 INFO blam!                                at libstd/sys/unix/backtrace/tracing/gcc_s.rs:49
Nov 01 19:13:29.674 INFO blam!    1:     0x7fb61c4a8946 - std::sys_common::backtrace::print::h3068ed2a6dc7ac86
Nov 01 19:13:29.674 INFO blam!                                at libstd/sys_common/backtrace.rs:71
Nov 01 19:13:29.674 INFO blam!                                at libstd/sys_common/backtrace.rs:59
Nov 01 19:13:29.674 INFO blam!    2:     0x7fb61c4a654d - std::panicking::default_hook::{{closure}}::h1b9d29cc09d41897
Nov 01 19:13:29.674 INFO blam!                                at libstd/panicking.rs:211
Nov 01 19:13:29.674 INFO blam!    3:     0x7fb61c4a625b - std::panicking::default_hook::h3a27b204a313406b
Nov 01 19:13:29.674 INFO blam!                                at libstd/panicking.rs:221
Nov 01 19:13:29.674 INFO blam!    4:     0x7fb61e60f9f1 - rustc::util::common::panic_hook::hf9d72254884e6e21
Nov 01 19:13:29.674 INFO blam!    5:     0x7fb61c4a6c53 - std::panicking::rust_panic_with_hook::h0e12cb2fc86d00fa
Nov 01 19:13:29.674 INFO blam!                                at libstd/panicking.rs:481
Nov 01 19:13:29.674 INFO blam!    6:     0x5602d75baf56 - std::panicking::begin_panic::h21f1ead623a7b507
Nov 01 19:13:29.674 INFO blam!                                at libstd/panicking.rs:411
Nov 01 19:13:29.674 INFO blam!    7:     0x5602d77882c7 - rustdoc::test::Collector::add_test::{{closure}}::{{closure}}::{{closure}}::hed130f7399558a0a
Nov 01 19:13:29.674 INFO blam!                                at librustdoc/test.rs:332
Nov 01 19:13:29.674 INFO blam!                                at librustdoc/test.rs:564
Nov 01 19:13:29.674 INFO blam!    8:     0x5602d7741b40 - <scoped_tls::ScopedKey<T>>::set::h8f0919d2f77ba016
Nov 01 19:13:29.674 INFO blam!                                at /cargo/registry/src/github.com-1ecc6299db9ec823/scoped-tls-0.1.2/src/lib.rs:155
Nov 01 19:13:29.674 INFO blam!                                at libsyntax/lib.rs:108
Nov 01 19:13:29.674 INFO blam!                                at /cargo/registry/src/github.com-1ecc6299db9ec823/scoped-tls-0.1.2/src/lib.rs:155
Nov 01 19:13:29.674 INFO blam!    9:     0x5602d756ac8d - syntax::with_globals::hd11e81a0116456bb
Nov 01 19:13:29.674 INFO blam!                                at libsyntax/lib.rs:107
Nov 01 19:13:29.674 INFO blam!   10:     0x5602d75bb1a4 - std::panicking::try::do_call::hece5c13d7a24e473
Nov 01 19:13:29.674 INFO blam!                                at librustdoc/test.rs:561
Nov 01 19:13:29.674 INFO blam!                                at libstd/panic.rs:313
Nov 01 19:13:29.674 INFO blam!                                at libstd/panicking.rs:310
Nov 01 19:13:29.674 INFO blam!   11:     0x7fb61c4e6469 - __rust_maybe_catch_panic
Nov 01 19:13:29.674 INFO blam!                                at libpanic_unwind/lib.rs:103
Nov 01 19:13:29.674 INFO blam!   12:     0x5602d7632d43 - rustc_driver::in_named_rustc_thread::h2eb14efcd2031db9
Nov 01 19:13:29.674 INFO blam!                                at libstd/panicking.rs:289
Nov 01 19:13:29.674 INFO blam!                                at libstd/panic.rs:392
Nov 01 19:13:29.674 INFO blam!                                at librustc_driver/lib.rs:1574
Nov 01 19:13:29.674 INFO blam!   13:     0x5602d7760e4c - <F as alloc::boxed::FnBox<A>>::call_box::h1a3519e0a4ef9ca4
Nov 01 19:13:29.674 INFO blam!                                at librustdoc/test.rs:561
Nov 01 19:13:29.674 INFO blam!                                at liballoc/boxed.rs:646
Nov 01 19:13:29.674 INFO blam!   14:     0x7fb61db2adc2 - <F as alloc::boxed::FnBox<A>>::call_box::h79a77abfa30ef4cc
Nov 01 19:13:29.674 INFO blam!                                at libtest/lib.rs:1454
Nov 01 19:13:29.674 INFO blam!                                at liballoc/boxed.rs:646
Nov 01 19:13:29.674 INFO blam!   15:     0x7fb61c4e6469 - __rust_maybe_catch_panic
Nov 01 19:13:29.674 INFO blam!                                at libpanic_unwind/lib.rs:103
Nov 01 19:13:29.674 INFO blam!   16:     0x7fb61db381fd - std::sys_common::backtrace::__rust_begin_short_backtrace::h470b05235fe5e5ad
Nov 01 19:13:29.674 INFO blam!                                at libstd/panicking.rs:289
Nov 01 19:13:29.674 INFO blam!                                at libstd/panic.rs:392
Nov 01 19:13:29.674 INFO blam!                                at libtest/lib.rs:1416
Nov 01 19:13:29.674 INFO blam!                                at libstd/sys_common/backtrace.rs:136
Nov 01 19:13:29.674 INFO blam!   17:     0x7fb61db56004 - std::panicking::try::do_call::h1f0578498122cc00
Nov 01 19:13:29.675 INFO blam!                                at libstd/thread/mod.rs:409
Nov 01 19:13:29.675 INFO blam!                                at libstd/panic.rs:313
Nov 01 19:13:29.675 INFO blam!                                at libstd/panicking.rs:310
Nov 01 19:13:29.675 INFO blam!   18:     0x7fb61c4e6469 - __rust_maybe_catch_panic
Nov 01 19:13:29.675 INFO blam!                                at libpanic_unwind/lib.rs:103
Nov 01 19:13:29.675 INFO blam!   19:     0x7fb61db42be6 - <F as alloc::boxed::FnBox<A>>::call_box::h7b129f9f235ab460
Nov 01 19:13:29.675 INFO blam!                                at libstd/panicking.rs:289
Nov 01 19:13:29.675 INFO blam!                                at libstd/panic.rs:392
Nov 01 19:13:29.675 INFO blam!                                at libstd/thread/mod.rs:408
Nov 01 19:13:29.675 INFO blam!                                at liballoc/boxed.rs:646
Nov 01 19:13:29.675 INFO blam!   20:     0x7fb61c4d3c5a - std::sys_common::thread::start_thread::hb77935aee02382da
Nov 01 19:13:29.675 INFO blam!                                at liballoc/boxed.rs:656
Nov 01 19:13:29.675 INFO blam!                                at libstd/sys_common/thread.rs:24
Nov 01 19:13:29.675 INFO blam!   21:     0x7fb61c4a78d5 - std::sys::unix::thread::Thread::new::thread_start::hd61f7429b3de1d75
Nov 01 19:13:29.675 INFO blam!                                at libstd/sys/unix/thread.rs:90
Nov 01 19:13:29.675 INFO blam!   22:     0x7fb61c23c6b9 - start_thread
Nov 01 19:13:29.675 INFO blam!   23:     0x7fb61bd5c41c - clone
Nov 01 19:13:29.675 INFO blam!   24:                0x0 - <unknown>
Nov 01 19:13:29.675 INFO blam! query stack during panic:
Nov 01 19:13:29.675 INFO blam! end of query stack
Nov 01 19:13:29.675 INFO blam! 
Nov 01 19:13:29.675 INFO blam! ---- src/lib.rs - self_cartesian_product_cell (line 914) stdout ----
Nov 01 19:13:29.675 INFO blam! error[E0608]: cannot index into a value of type `i32`
Nov 01 19:13:29.675 INFO blam!   --> src/lib.rs:957:27
Nov 01 19:13:29.675 INFO blam!    |
Nov 01 19:13:29.675 INFO blam! 46 |    let mut result = vec![&data[0][0]; data.len()];
Nov 01 19:13:29.675 INFO blam!    |                           ^^^^^^^^^^
Nov 01 19:13:29.675 INFO blam! 
Nov 01 19:13:29.675 INFO blam! thread 'src/lib.rs - self_cartesian_product_cell (line 914)' panicked at 'couldn't compile the test', librustdoc/test.rs:332:13
Nov 01 19:13:29.675 INFO blam! stack backtrace:
Nov 01 19:13:29.675 INFO blam!    0:     0x7fb61c4cf75e - std::sys::unix::backtrace::tracing::imp::unwind_backtrace::hf5316c67202e23c8
Nov 01 19:13:29.675 INFO blam!                                at libstd/sys/unix/backtrace/tracing/gcc_s.rs:49
Nov 01 19:13:29.675 INFO blam!    1:     0x7fb61c4a8946 - std::sys_common::backtrace::print::h3068ed2a6dc7ac86
Nov 01 19:13:29.675 INFO blam!                                at libstd/sys_common/backtrace.rs:71
Nov 01 19:13:29.675 INFO blam!                                at libstd/sys_common/backtrace.rs:59
Nov 01 19:13:29.675 INFO blam!    2:     0x7fb61c4a654d - std::panicking::default_hook::{{closure}}::h1b9d29cc09d41897
Nov 01 19:13:29.675 INFO blam!                                at libstd/panicking.rs:211
Nov 01 19:13:29.675 INFO blam!    3:     0x7fb61c4a625b - std::panicking::default_hook::h3a27b204a313406b
Nov 01 19:13:29.675 INFO blam!                                at libstd/panicking.rs:221
Nov 01 19:13:29.675 INFO blam!    4:     0x7fb61e60f9f1 - rustc::util::common::panic_hook::hf9d72254884e6e21
Nov 01 19:13:29.675 INFO blam!    5:     0x7fb61c4a6c53 - std::panicking::rust_panic_with_hook::h0e12cb2fc86d00fa
Nov 01 19:13:29.675 INFO blam!                                at libstd/panicking.rs:481
Nov 01 19:13:29.675 INFO blam!    6:     0x5602d75baf56 - std::panicking::begin_panic::h21f1ead623a7b507
Nov 01 19:13:29.675 INFO blam!                                at libstd/panicking.rs:411
Nov 01 19:13:29.675 INFO blam!    7:     0x5602d77882c7 - rustdoc::test::Collector::add_test::{{closure}}::{{closure}}::{{closure}}::hed130f7399558a0a
Nov 01 19:13:29.675 INFO blam!                                at librustdoc/test.rs:332
Nov 01 19:13:29.675 INFO blam!                                at librustdoc/test.rs:564
Nov 01 19:13:29.675 INFO blam!    8:     0x5602d7741b40 - <scoped_tls::ScopedKey<T>>::set::h8f0919d2f77ba016
Nov 01 19:13:29.675 INFO blam!                                at /cargo/registry/src/github.com-1ecc6299db9ec823/scoped-tls-0.1.2/src/lib.rs:155
Nov 01 19:13:29.675 INFO blam!                                at libsyntax/lib.rs:108
Nov 01 19:13:29.675 INFO blam!                                at /cargo/registry/src/github.com-1ecc6299db9ec823/scoped-tls-0.1.2/src/lib.rs:155
Nov 01 19:13:29.675 INFO blam!    9:     0x5602d756ac8d - syntax::with_globals::hd11e81a0116456bb
Nov 01 19:13:29.675 INFO blam!                                at libsyntax/lib.rs:107
Nov 01 19:13:29.675 INFO blam!   10:     0x5602d75bb1a4 - std::panicking::try::do_call::hece5c13d7a24e473
Nov 01 19:13:29.675 INFO blam!                                at librustdoc/test.rs:561
Nov 01 19:13:29.675 INFO blam!                                at libstd/panic.rs:313
Nov 01 19:13:29.675 INFO blam!                                at libstd/panicking.rs:310
Nov 01 19:13:29.675 INFO blam!   11:     0x7fb61c4e6469 - __rust_maybe_catch_panic
Nov 01 19:13:29.675 INFO blam!                                at libpanic_unwind/lib.rs:103
Nov 01 19:13:29.675 INFO blam!   12:     0x5602d7632d43 - rustc_driver::in_named_rustc_thread::h2eb14efcd2031db9
Nov 01 19:13:29.675 INFO blam!                                at libstd/panicking.rs:289
Nov 01 19:13:29.675 INFO blam!                                at libstd/panic.rs:392
Nov 01 19:13:29.675 INFO blam!                                at librustc_driver/lib.rs:1574
Nov 01 19:13:29.675 INFO blam!   13:     0x5602d7760e4c - <F as alloc::boxed::FnBox<A>>::call_box::h1a3519e0a4ef9ca4
Nov 01 19:13:29.675 INFO blam!                                at librustdoc/test.rs:561
Nov 01 19:13:29.675 INFO blam!                                at liballoc/boxed.rs:646
Nov 01 19:13:29.675 INFO blam!   14:     0x7fb61db2adc2 - <F as alloc::boxed::FnBox<A>>::call_box::h79a77abfa30ef4cc
Nov 01 19:13:29.675 INFO blam!                                at libtest/lib.rs:1454
Nov 01 19:13:29.675 INFO blam!                                at liballoc/boxed.rs:646
Nov 01 19:13:29.675 INFO blam!   15:     0x7fb61c4e6469 - __rust_maybe_catch_panic
Nov 01 19:13:29.675 INFO blam!                                at libpanic_unwind/lib.rs:103
Nov 01 19:13:29.675 INFO blam!   16:     0x7fb61db381fd - std::sys_common::backtrace::__rust_begin_short_backtrace::h470b05235fe5e5ad
Nov 01 19:13:29.675 INFO blam!                                at libstd/panicking.rs:289
Nov 01 19:13:29.675 INFO blam!                                at libstd/panic.rs:392
Nov 01 19:13:29.675 INFO blam!                                at libtest/lib.rs:1416
Nov 01 19:13:29.675 INFO blam!                                at libstd/sys_common/backtrace.rs:136
Nov 01 19:13:29.675 INFO blam!   17:     0x7fb61db56004 - std::panicking::try::do_call::h1f0578498122cc00
Nov 01 19:13:29.675 INFO blam!                                at libstd/thread/mod.rs:409
Nov 01 19:13:29.675 INFO blam!                                at libstd/panic.rs:313
Nov 01 19:13:29.675 INFO blam!                                at libstd/panicking.rs:310
Nov 01 19:13:29.675 INFO blam!   18:     0x7fb61c4e6469 - __rust_maybe_catch_panic
Nov 01 19:13:29.675 INFO blam!                                at libpanic_unwind/lib.rs:103
Nov 01 19:13:29.676 INFO blam!   19:     0x7fb61db42be6 - <F as alloc::boxed::FnBox<A>>::call_box::h7b129f9f235ab460
Nov 01 19:13:29.676 INFO blam!                                at libstd/panicking.rs:289
Nov 01 19:13:29.676 INFO blam!                                at libstd/panic.rs:392
Nov 01 19:13:29.676 INFO blam!                                at libstd/thread/mod.rs:408
Nov 01 19:13:29.676 INFO blam!                                at liballoc/boxed.rs:646
Nov 01 19:13:29.676 INFO blam!   20:     0x7fb61c4d3c5a - std::sys_common::thread::start_thread::hb77935aee02382da
Nov 01 19:13:29.676 INFO blam!                                at liballoc/boxed.rs:656
Nov 01 19:13:29.676 INFO blam!                                at libstd/sys_common/thread.rs:24
Nov 01 19:13:29.676 INFO blam!   21:     0x7fb61c4a78d5 - std::sys::unix::thread::Thread::new::thread_start::hd61f7429b3de1d75
Nov 01 19:13:29.676 INFO blam!                                at libstd/sys/unix/thread.rs:90
Nov 01 19:13:29.676 INFO blam!   22:     0x7fb61c23c6b9 - start_thread
Nov 01 19:13:29.676 INFO blam!   23:     0x7fb61bd5c41c - clone
Nov 01 19:13:29.676 INFO blam!   24:                0x0 - <unknown>
Nov 01 19:13:29.676 INFO blam! query stack during panic:
Nov 01 19:13:29.676 INFO blam! end of query stack
Nov 01 19:13:29.676 INFO blam! 
Nov 01 19:13:29.676 INFO blam! ---- src/lib.rs - unsafe_self_cartesian_product (line 798) stdout ----
Nov 01 19:13:29.676 INFO blam! error[E0608]: cannot index into a value of type `i32`
Nov 01 19:13:29.676 INFO blam!   --> src/lib.rs:838:27
Nov 01 19:13:29.676 INFO blam!    |
Nov 01 19:13:29.676 INFO blam! 43 |    let mut result = vec![&data[0][0]; data.len()];
Nov 01 19:13:29.676 INFO blam!    |                           ^^^^^^^^^^
Nov 01 19:13:29.676 INFO blam! 
Nov 01 19:13:29.676 INFO blam! error[E0061]: this function takes 4 parameters but 3 parameters were supplied
Nov 01 19:13:29.676 INFO blam!   --> src/lib.rs:829:8
Nov 01 19:13:29.676 INFO blam!    |
Nov 01 19:13:29.676 INFO blam! 34 | /        unsafe_self_cartesian_product(data, cur_result, || {
Nov 01 19:13:29.676 INFO blam! 35 | |            consumers.iter().for_each(|c| {
Nov 01 19:13:29.676 INFO blam! 36 | |                c.consume();
Nov 01 19:13:29.676 INFO blam! 37 | |            })
Nov 01 19:13:29.676 INFO blam! 38 | |        });
Nov 01 19:13:29.676 INFO blam!    | |_________^ expected 4 parameters
Nov 01 19:13:29.676 INFO blam! 
Nov 01 19:13:29.676 INFO blam! thread 'src/lib.rs - unsafe_self_cartesian_product (line 798)' panicked at 'couldn't compile the test', librustdoc/test.rs:332:13
Nov 01 19:13:29.676 INFO blam! stack backtrace:
Nov 01 19:13:29.676 INFO blam!    0:     0x7fb61c4cf75e - std::sys::unix::backtrace::tracing::imp::unwind_backtrace::hf5316c67202e23c8
Nov 01 19:13:29.676 INFO blam!                                at libstd/sys/unix/backtrace/tracing/gcc_s.rs:49
Nov 01 19:13:29.676 INFO blam!    1:     0x7fb61c4a8946 - std::sys_common::backtrace::print::h3068ed2a6dc7ac86
Nov 01 19:13:29.676 INFO blam!                                at libstd/sys_common/backtrace.rs:71
Nov 01 19:13:29.676 INFO blam!                                at libstd/sys_common/backtrace.rs:59
Nov 01 19:13:29.676 INFO blam!    2:     0x7fb61c4a654d - std::panicking::default_hook::{{closure}}::h1b9d29cc09d41897
Nov 01 19:13:29.676 INFO blam!                                at libstd/panicking.rs:211
Nov 01 19:13:29.676 INFO blam!    3:     0x7fb61c4a625b - std::panicking::default_hook::h3a27b204a313406b
Nov 01 19:13:29.676 INFO blam!                                at libstd/panicking.rs:221
Nov 01 19:13:29.676 INFO blam!    4:     0x7fb61e60f9f1 - rustc::util::common::panic_hook::hf9d72254884e6e21
Nov 01 19:13:29.676 INFO blam!    5:     0x7fb61c4a6c53 - std::panicking::rust_panic_with_hook::h0e12cb2fc86d00fa
Nov 01 19:13:29.676 INFO blam!                                at libstd/panicking.rs:481
Nov 01 19:13:29.676 INFO blam!    6:     0x5602d75baf56 - std::panicking::begin_panic::h21f1ead623a7b507
Nov 01 19:13:29.676 INFO blam!                                at libstd/panicking.rs:411
Nov 01 19:13:29.676 INFO blam!    7:     0x5602d77882c7 - rustdoc::test::Collector::add_test::{{closure}}::{{closure}}::{{closure}}::hed130f7399558a0a
Nov 01 19:13:29.676 INFO blam!                                at librustdoc/test.rs:332
Nov 01 19:13:29.676 INFO blam!                                at librustdoc/test.rs:564
Nov 01 19:13:29.676 INFO blam!    8:     0x5602d7741b40 - <scoped_tls::ScopedKey<T>>::set::h8f0919d2f77ba016
Nov 01 19:13:29.676 INFO blam!                                at /cargo/registry/src/github.com-1ecc6299db9ec823/scoped-tls-0.1.2/src/lib.rs:155
Nov 01 19:13:29.676 INFO blam!                                at libsyntax/lib.rs:108
Nov 01 19:13:29.676 INFO blam!                                at /cargo/registry/src/github.com-1ecc6299db9ec823/scoped-tls-0.1.2/src/lib.rs:155
Nov 01 19:13:29.676 INFO blam!    9:     0x5602d756ac8d - syntax::with_globals::hd11e81a0116456bb
Nov 01 19:13:29.676 INFO blam!                                at libsyntax/lib.rs:107
Nov 01 19:13:29.676 INFO blam!   10:     0x5602d75bb1a4 - std::panicking::try::do_call::hece5c13d7a24e473
Nov 01 19:13:29.676 INFO blam!                                at librustdoc/test.rs:561
Nov 01 19:13:29.676 INFO blam!                                at libstd/panic.rs:313
Nov 01 19:13:29.676 INFO blam!                                at libstd/panicking.rs:310
Nov 01 19:13:29.676 INFO blam!   11:     0x7fb61c4e6469 - __rust_maybe_catch_panic
Nov 01 19:13:29.676 INFO blam!                                at libpanic_unwind/lib.rs:103
Nov 01 19:13:29.676 INFO blam!   12:     0x5602d7632d43 - rustc_driver::in_named_rustc_thread::h2eb14efcd2031db9
Nov 01 19:13:29.676 INFO blam!                                at libstd/panicking.rs:289
Nov 01 19:13:29.676 INFO blam!                                at libstd/panic.rs:392
Nov 01 19:13:29.676 INFO blam!                                at librustc_driver/lib.rs:1574
Nov 01 19:13:29.676 INFO blam!   13:     0x5602d7760e4c - <F as alloc::boxed::FnBox<A>>::call_box::h1a3519e0a4ef9ca4
Nov 01 19:13:29.676 INFO blam!                                at librustdoc/test.rs:561
Nov 01 19:13:29.676 INFO blam!                                at liballoc/boxed.rs:646
Nov 01 19:13:29.676 INFO blam!   14:     0x7fb61db2adc2 - <F as alloc::boxed::FnBox<A>>::call_box::h79a77abfa30ef4cc
Nov 01 19:13:29.676 INFO blam!                                at libtest/lib.rs:1454
Nov 01 19:13:29.676 INFO blam!                                at liballoc/boxed.rs:646
Nov 01 19:13:29.676 INFO blam!   15:     0x7fb61c4e6469 - __rust_maybe_catch_panic
Nov 01 19:13:29.676 INFO blam!                                at libpanic_unwind/lib.rs:103
Nov 01 19:13:29.676 INFO blam!   16:     0x7fb61db381fd - std::sys_common::backtrace::__rust_begin_short_backtrace::h470b05235fe5e5ad
Nov 01 19:13:29.676 INFO blam!                                at libstd/panicking.rs:289
Nov 01 19:13:29.676 INFO blam!                                at libstd/panic.rs:392
Nov 01 19:13:29.676 INFO blam!                                at libtest/lib.rs:1416
Nov 01 19:13:29.676 INFO blam!                                at libstd/sys_common/backtrace.rs:136
Nov 01 19:13:29.676 INFO blam!   17:     0x7fb61db56004 - std::panicking::try::do_call::h1f0578498122cc00
Nov 01 19:13:29.677 INFO blam!                                at libstd/thread/mod.rs:409
Nov 01 19:13:29.677 INFO blam!                                at libstd/panic.rs:313
Nov 01 19:13:29.677 INFO blam!                                at libstd/panicking.rs:310
Nov 01 19:13:29.677 INFO blam!   18:     0x7fb61c4e6469 - __rust_maybe_catch_panic
Nov 01 19:13:29.677 INFO blam!                                at libpanic_unwind/lib.rs:103
Nov 01 19:13:29.677 INFO blam!   19:     0x7fb61db42be6 - <F as alloc::boxed::FnBox<A>>::call_box::h7b129f9f235ab460
Nov 01 19:13:29.677 INFO blam!                                at libstd/panicking.rs:289
Nov 01 19:13:29.677 INFO blam!                                at libstd/panic.rs:392
Nov 01 19:13:29.677 INFO blam!                                at libstd/thread/mod.rs:408
Nov 01 19:13:29.677 INFO blam!                                at liballoc/boxed.rs:646
Nov 01 19:13:29.677 INFO blam!   20:     0x7fb61c4d3c5a - std::sys_common::thread::start_thread::hb77935aee02382da
Nov 01 19:13:29.677 INFO blam!                                at liballoc/boxed.rs:656
Nov 01 19:13:29.677 INFO blam!                                at libstd/sys_common/thread.rs:24
Nov 01 19:13:29.677 INFO blam!   21:     0x7fb61c4a78d5 - std::sys::unix::thread::Thread::new::thread_start::hd61f7429b3de1d75
Nov 01 19:13:29.677 INFO blam!                                at libstd/sys/unix/thread.rs:90
Nov 01 19:13:29.677 INFO blam!   22:     0x7fb61c23c6b9 - start_thread
Nov 01 19:13:29.677 INFO blam!   23:     0x7fb61bd5c41c - clone
Nov 01 19:13:29.677 INFO blam!   24:                0x0 - <unknown>
Nov 01 19:13:29.677 INFO blam! query stack during panic:
Nov 01 19:13:29.677 INFO blam! end of query stack
Nov 01 19:13:29.677 INFO blam! 
Nov 01 19:13:29.677 INFO blam! 
Nov 01 19:13:29.677 INFO blam! failures:
Nov 01 19:13:29.677 INFO blam!     src/lib.rs - self_cartesian_product (line 726)
Nov 01 19:13:29.677 INFO blam!     src/lib.rs - self_cartesian_product_cell (line 914)
Nov 01 19:13:29.677 INFO blam!     src/lib.rs - unsafe_self_cartesian_product (line 798)
Nov 01 19:13:29.677 INFO blam! 
Nov 01 19:13:29.677 INFO blam! test result: FAILED. 45 passed; 3 failed; 0 ignored; 0 measured; 0 filtered out
Nov 01 19:13:29.677 INFO blam! 
Nov 01 19:13:29.720 INFO kablam! error: test failed, to rerun pass '--doc'
Nov 01 19:13:29.728 INFO kablam! su: No module specific data is present
Nov 01 19:13:30.407 INFO running `"docker" "rm" "-f" "1fe759d3abcd5fa4a6a556dbeac2e2922c47f510d8bb585d6124d3a0924feb58"`
Nov 01 19:13:30.707 INFO blam! 1fe759d3abcd5fa4a6a556dbeac2e2922c47f510d8bb585d6124d3a0924feb58
