Nov 01 20:05:57.431 INFO testing KonishchevDmitry/investment-analyzer against beta-2018-10-30 for beta-1.31-1
Nov 01 20:05:57.433 INFO running `"docker" "create" "-v" "/mnt/big/crater/work/local/target-dirs/beta-1.31-1/worker-5/beta-2018-10-30:/target:rw,Z" "-v" "/mnt/big/crater/work/local/test-source/worker-5/beta-1.31-1/beta-2018-10-30:/source:ro,Z" "-v" "/mnt/big/crater/work/local/cargo-home:/cargo-home:ro,Z" "-v" "/mnt/big/crater/work/local/rustup-home:/rustup-home:ro,Z" "-e" "USER_ID=1000" "-e" "SOURCE_DIR=/source" "-e" "USER_ID=1000" "-e" "CMD=cargo +beta-2018-10-30 build --frozen" "-e" "CARGO_TARGET_DIR=/target" "-e" "CARGO_INCREMENTAL=0" "-e" "RUST_BACKTRACE=full" "-e" "RUSTFLAGS=--cap-lints=warn" "-e" "CARGO_HOME=/cargo-home" "-e" "RUSTUP_HOME=/rustup-home" "-m" "1536M" "--network" "none" "crater"`
Nov 01 20:05:58.046 INFO blam! 971398ea9ea4dd314ebe154b8c999a7bf98be9c776e2fc58eaca3bcf1fd3ba01
Nov 01 20:05:58.048 INFO running `"docker" "start" "-a" "971398ea9ea4dd314ebe154b8c999a7bf98be9c776e2fc58eaca3bcf1fd3ba01"`
Nov 01 20:06:00.167 INFO kablam! usermod: no changes
Nov 01 20:06:00.786 INFO kablam!    Compiling http-muncher v0.3.2
Nov 01 20:06:00.819 INFO kablam!    Compiling fern v0.5.6
Nov 01 20:06:00.820 INFO kablam!    Compiling libsqlite3-sys v0.9.3
Nov 01 20:06:00.828 INFO kablam!    Compiling tokio-io v0.1.10
Nov 01 20:06:00.835 INFO kablam!    Compiling serde_yaml v0.8.6
Nov 01 20:06:00.836 INFO kablam!    Compiling serde-xml-rs v0.2.1
Nov 01 20:06:00.836 INFO kablam!    Compiling csv-core v0.1.4
Nov 01 20:06:00.837 INFO kablam!    Compiling chrono v0.4.6
Nov 01 20:06:00.913 INFO kablam!    Compiling syn v0.15.14
Nov 01 20:06:15.013 INFO kablam!    Compiling parse-zoneinfo v0.2.0
Nov 01 20:06:15.018 INFO kablam!    Compiling num v0.2.0
Nov 01 20:06:15.020 INFO kablam!    Compiling csv v1.0.2
Nov 01 20:06:15.057 INFO kablam!    Compiling tokio-codec v0.1.1
Nov 01 20:06:15.172 INFO kablam!    Compiling tokio-reactor v0.1.6
Nov 01 20:06:17.163 INFO kablam!    Compiling h2 v0.1.13
Nov 01 20:06:19.252 INFO kablam!    Compiling tokio-fs v0.1.4
Nov 01 20:06:23.433 INFO kablam!    Compiling rust_decimal v0.10.1
Nov 01 20:06:23.521 INFO kablam!    Compiling mockito v0.13.0
Nov 01 20:06:34.554 INFO kablam!    Compiling diesel v1.3.3
Nov 01 20:06:35.356 INFO kablam!    Compiling easy-logging v0.1.0
Nov 01 20:06:35.380 INFO kablam!    Compiling prettytable-rs v0.8.0
Nov 01 20:06:36.703 INFO kablam!    Compiling tokio-tcp v0.1.2
Nov 01 20:06:37.003 INFO kablam!    Compiling tokio-udp v0.1.2
Nov 01 20:06:37.111 INFO kablam!    Compiling tokio-uds v0.2.3
Nov 01 20:06:53.283 INFO kablam!    Compiling chrono-tz v0.5.0
Nov 01 20:06:53.383 INFO kablam!    Compiling tokio v0.1.11
Nov 01 20:06:54.003 INFO kablam!    Compiling indoc-impl v0.2.8
Nov 01 20:06:54.003 INFO kablam!    Compiling serde_derive v1.0.80
Nov 01 20:07:00.755 INFO kablam!    Compiling hyper v0.12.13
Nov 01 20:07:05.063 INFO kablam!    Compiling indoc v0.2.8
Nov 01 20:07:17.514 INFO kablam!    Compiling hyper-tls v0.3.1
Nov 01 20:07:24.611 INFO kablam!    Compiling reqwest v0.9.3
Nov 01 20:07:45.691 INFO kablam!    Compiling migrations_internals v1.3.0
Nov 01 20:07:47.704 INFO kablam!    Compiling migrations_macros v1.3.0
Nov 01 20:07:52.903 INFO kablam!    Compiling diesel_migrations v1.3.0
Nov 01 20:07:53.863 INFO kablam!    Compiling investments v0.1.0 (/source)
Nov 01 20:07:59.518 INFO kablam! warning: unused import: `NaiveDate`
Nov 01 20:07:59.519 INFO kablam!  --> src/quotes/alphavantage.rs:4:24
Nov 01 20:07:59.519 INFO kablam!   |
Nov 01 20:07:59.519 INFO kablam! 4 | use chrono::{DateTime, NaiveDate, TimeZone};
Nov 01 20:07:59.519 INFO kablam!   |                        ^^^^^^^^^
Nov 01 20:07:59.519 INFO kablam! 
Nov 01 20:08:01.197 INFO kablam! warning: struct is never constructed: `AlphaVantage`
Nov 01 20:08:01.197 INFO kablam!   --> src/quotes/alphavantage.rs:22:1
Nov 01 20:08:01.197 INFO kablam!    |
Nov 01 20:08:01.198 INFO kablam! 22 | pub struct AlphaVantage {
Nov 01 20:08:01.198 INFO kablam!    | ^^^^^^^^^^^^^^^^^^^^^^^
Nov 01 20:08:01.198 INFO kablam!    |
Nov 01 20:08:01.199 INFO kablam!    = note: #[warn(dead_code)] on by default
Nov 01 20:08:01.199 INFO kablam! 
Nov 01 20:08:01.199 INFO kablam! warning: method is never used: `new`
Nov 01 20:08:01.199 INFO kablam!   --> src/quotes/alphavantage.rs:27:5
Nov 01 20:08:01.200 INFO kablam!    |
Nov 01 20:08:01.200 INFO kablam! 27 |     pub fn new(token: &str) -> AlphaVantage {
Nov 01 20:08:01.200 INFO kablam!    |     ^^^^^^^^^^^^^^^^^^^^^^^^^^^^^^^^^^^^^^^
Nov 01 20:08:01.200 INFO kablam! 
Nov 01 20:08:01.201 INFO kablam! warning: struct is never constructed: `Quotes`
Nov 01 20:08:01.201 INFO kablam!   --> src/quotes/mod.rs:11:1
Nov 01 20:08:01.201 INFO kablam!    |
Nov 01 20:08:01.201 INFO kablam! 11 | pub struct Quotes {
Nov 01 20:08:01.202 INFO kablam!    | ^^^^^^^^^^^^^^^^^
Nov 01 20:08:01.202 INFO kablam! 
Nov 01 20:08:01.202 INFO kablam! warning: method is never used: `new`
Nov 01 20:08:01.202 INFO kablam!   --> src/quotes/mod.rs:17:5
Nov 01 20:08:01.203 INFO kablam!    |
Nov 01 20:08:01.203 INFO kablam! 17 |     pub fn new(config: &Config) -> Quotes {
Nov 01 20:08:01.203 INFO kablam!    |     ^^^^^^^^^^^^^^^^^^^^^^^^^^^^^^^^^^^^^
Nov 01 20:08:01.204 INFO kablam! 
Nov 01 20:08:01.204 INFO kablam! warning: method is never used: `batch`
Nov 01 20:08:01.204 INFO kablam!   --> src/quotes/mod.rs:26:5
Nov 01 20:08:01.204 INFO kablam!    |
Nov 01 20:08:01.205 INFO kablam! 26 |     pub fn batch(&mut self, symbol: &str) {
Nov 01 20:08:01.205 INFO kablam!    |     ^^^^^^^^^^^^^^^^^^^^^^^^^^^^^^^^^^^^^
Nov 01 20:08:01.205 INFO kablam! 
Nov 01 20:08:01.205 INFO kablam! warning: method is never used: `get`
Nov 01 20:08:01.206 INFO kablam!   --> src/quotes/mod.rs:30:5
Nov 01 20:08:01.206 INFO kablam!    |
Nov 01 20:08:01.206 INFO kablam! 30 |     pub fn get(&mut self, symbol: &str) -> GenericResult<Cash> {
Nov 01 20:08:01.206 INFO kablam!    |     ^^^^^^^^^^^^^^^^^^^^^^^^^^^^^^^^^^^^^^^^^^^^^^^^^^^^^^^^^^
Nov 01 20:08:01.207 INFO kablam! 
Nov 01 20:08:11.687 INFO kablam!     Finished dev [unoptimized + debuginfo] target(s) in 2m 11s
Nov 01 20:08:11.714 INFO kablam! su: No module specific data is present
Nov 01 20:08:12.089 INFO running `"docker" "rm" "-f" "971398ea9ea4dd314ebe154b8c999a7bf98be9c776e2fc58eaca3bcf1fd3ba01"`
Nov 01 20:08:12.199 INFO blam! 971398ea9ea4dd314ebe154b8c999a7bf98be9c776e2fc58eaca3bcf1fd3ba01
Nov 01 20:08:12.201 INFO running `"docker" "create" "-v" "/mnt/big/crater/work/local/target-dirs/beta-1.31-1/worker-5/beta-2018-10-30:/target:rw,Z" "-v" "/mnt/big/crater/work/local/test-source/worker-5/beta-1.31-1/beta-2018-10-30:/source:ro,Z" "-v" "/mnt/big/crater/work/local/cargo-home:/cargo-home:ro,Z" "-v" "/mnt/big/crater/work/local/rustup-home:/rustup-home:ro,Z" "-e" "USER_ID=1000" "-e" "SOURCE_DIR=/source" "-e" "USER_ID=1000" "-e" "CMD=cargo +beta-2018-10-30 test --frozen --no-run" "-e" "CARGO_TARGET_DIR=/target" "-e" "CARGO_INCREMENTAL=0" "-e" "RUST_BACKTRACE=full" "-e" "RUSTFLAGS=--cap-lints=warn" "-e" "CARGO_HOME=/cargo-home" "-e" "RUSTUP_HOME=/rustup-home" "-m" "1536M" "--network" "none" "crater"`
Nov 01 20:08:12.394 INFO blam! e0778a06804ca8af54a89c866637f964faf8f5b7952f0d0a0462ba91482b56bb
Nov 01 20:08:12.408 INFO running `"docker" "start" "-a" "e0778a06804ca8af54a89c866637f964faf8f5b7952f0d0a0462ba91482b56bb"`
Nov 01 20:08:12.911 INFO kablam! usermod: no changes
Nov 01 20:08:13.229 INFO kablam!    Compiling investments v0.1.0 (/source)
Nov 01 20:08:20.965 INFO kablam! warning: struct is never constructed: `Quotes`
Nov 01 20:08:20.965 INFO kablam!   --> src/quotes/mod.rs:11:1
Nov 01 20:08:20.965 INFO kablam!    |
Nov 01 20:08:20.965 INFO kablam! 11 | pub struct Quotes {
Nov 01 20:08:20.965 INFO kablam!    | ^^^^^^^^^^^^^^^^^
Nov 01 20:08:20.965 INFO kablam!    |
Nov 01 20:08:20.965 INFO kablam!    = note: #[warn(dead_code)] on by default
Nov 01 20:08:20.965 INFO kablam! 
Nov 01 20:08:20.965 INFO kablam! warning: method is never used: `new`
Nov 01 20:08:20.965 INFO kablam!   --> src/quotes/mod.rs:17:5
Nov 01 20:08:20.965 INFO kablam!    |
Nov 01 20:08:20.965 INFO kablam! 17 |     pub fn new(config: &Config) -> Quotes {
Nov 01 20:08:20.965 INFO kablam!    |     ^^^^^^^^^^^^^^^^^^^^^^^^^^^^^^^^^^^^^
Nov 01 20:08:20.965 INFO kablam! 
Nov 01 20:08:20.965 INFO kablam! warning: method is never used: `batch`
Nov 01 20:08:20.965 INFO kablam!   --> src/quotes/mod.rs:26:5
Nov 01 20:08:20.965 INFO kablam!    |
Nov 01 20:08:20.965 INFO kablam! 26 |     pub fn batch(&mut self, symbol: &str) {
Nov 01 20:08:20.965 INFO kablam!    |     ^^^^^^^^^^^^^^^^^^^^^^^^^^^^^^^^^^^^^
Nov 01 20:08:20.965 INFO kablam! 
Nov 01 20:08:20.965 INFO kablam! warning: method is never used: `get`
Nov 01 20:08:20.965 INFO kablam!   --> src/quotes/mod.rs:30:5
Nov 01 20:08:20.965 INFO kablam!    |
Nov 01 20:08:20.965 INFO kablam! 30 |     pub fn get(&mut self, symbol: &str) -> GenericResult<Cash> {
Nov 01 20:08:20.965 INFO kablam!    |     ^^^^^^^^^^^^^^^^^^^^^^^^^^^^^^^^^^^^^^^^^^^^^^^^^^^^^^^^^^
Nov 01 20:08:20.965 INFO kablam! 
Nov 01 20:08:32.415 INFO kablam!     Finished dev [unoptimized + debuginfo] target(s) in 19.45s
Nov 01 20:08:32.435 INFO kablam! su: No module specific data is present
Nov 01 20:08:33.692 INFO running `"docker" "rm" "-f" "e0778a06804ca8af54a89c866637f964faf8f5b7952f0d0a0462ba91482b56bb"`
Nov 01 20:08:33.942 INFO blam! e0778a06804ca8af54a89c866637f964faf8f5b7952f0d0a0462ba91482b56bb
Nov 01 20:08:33.944 INFO running `"docker" "create" "-v" "/mnt/big/crater/work/local/target-dirs/beta-1.31-1/worker-5/beta-2018-10-30:/target:rw,Z" "-v" "/mnt/big/crater/work/local/test-source/worker-5/beta-1.31-1/beta-2018-10-30:/source:ro,Z" "-v" "/mnt/big/crater/work/local/cargo-home:/cargo-home:ro,Z" "-v" "/mnt/big/crater/work/local/rustup-home:/rustup-home:ro,Z" "-e" "USER_ID=1000" "-e" "SOURCE_DIR=/source" "-e" "USER_ID=1000" "-e" "CMD=cargo +beta-2018-10-30 test --frozen" "-e" "CARGO_TARGET_DIR=/target" "-e" "CARGO_INCREMENTAL=0" "-e" "RUST_BACKTRACE=full" "-e" "RUSTFLAGS=--cap-lints=warn" "-e" "CARGO_HOME=/cargo-home" "-e" "RUSTUP_HOME=/rustup-home" "-m" "1536M" "--network" "none" "crater"`
Nov 01 20:08:34.277 INFO blam! c71045ef28fba8f1de8d746362a5797c8633bb04208f3607b1d1a8a01646af0a
Nov 01 20:08:34.279 INFO running `"docker" "start" "-a" "c71045ef28fba8f1de8d746362a5797c8633bb04208f3607b1d1a8a01646af0a"`
Nov 01 20:08:35.049 INFO kablam! usermod: no changes
Nov 01 20:08:35.345 INFO kablam!     Finished dev [unoptimized + debuginfo] target(s) in 0.27s
Nov 01 20:08:35.371 INFO kablam!      Running /target/debug/deps/investments-bda96a2c6b12e6fd
Nov 01 20:08:35.385 INFO blam! 
Nov 01 20:08:35.385 INFO blam! running 18 tests
Nov 01 20:08:35.393 INFO blam! test analyse::deposit_emulator::tests::next_capitalization_date ... ok
Nov 01 20:08:35.394 INFO blam! test broker_statement::ib::common::tests::date_parsing ... ok
Nov 01 20:08:35.394 INFO blam! test analyse::deposit_emulator::tests::deposit_emulator ... ok
Nov 01 20:08:35.411 INFO blam! test broker_statement::ib::parsers::tests::period_parsing ... ok
Nov 01 20:08:35.411 INFO blam! test currency::name_cache::tests::name_cache ... ok
Nov 01 20:08:35.416 INFO blam! test currency::tests::rounding ... ok
Nov 01 20:08:35.423 INFO blam! test broker_statement::ib::dividends::tests::dividend_description_parsing ... ok
Nov 01 20:08:35.423 INFO blam! test broker_statement::ib::common::tests::time_parsing ... ok
Nov 01 20:08:35.453 INFO blam! test tax_statement::statement::parser::tests::parse_empty ... ok
Nov 01 20:08:35.471 INFO blam! test tax_statement::statement::parser::tests::parse_filled ... ok
Nov 01 20:08:35.491 INFO blam! test currency::rate_cache::tests::rate_cache ... ok
Nov 01 20:08:35.500 INFO blam! test currency::cbr::tests::empty_rates ... ok
Nov 01 20:08:35.523 INFO blam! test currency::converter::tests::convert ... ok
Nov 01 20:08:35.544 INFO blam! test quotes::alphavantage::tests::quotes ... ok
Nov 01 20:08:35.571 INFO blam! test quotes::alphavantage::tests::no_quotes ... ok
Nov 01 20:08:35.601 INFO blam! test currency::cbr::tests::rates ... ok
Nov 01 20:08:35.609 INFO blam! test tax_statement::statement::parser::tests::parse_real ... FAILED
Nov 01 20:08:35.610 INFO blam! test broker_statement::ib::tests::parsing ... FAILED
Nov 01 20:08:35.610 INFO blam! 
Nov 01 20:08:35.610 INFO blam! failures:
Nov 01 20:08:35.610 INFO blam! 
Nov 01 20:08:35.610 INFO blam! ---- tax_statement::statement::parser::tests::parse_real stdout ----
Nov 01 20:08:35.610 INFO blam! thread 'tax_statement::statement::parser::tests::parse_real' panicked at 'called `Result::unwrap()` on an `Err` value: Os { code: 2, kind: NotFound, message: "No such file or directory" }', libcore/result.rs:1009:5
Nov 01 20:08:35.610 INFO blam! stack backtrace:
Nov 01 20:08:35.610 INFO blam!    0:     0x55932d79f2cf - std::sys::unix::backtrace::tracing::imp::unwind_backtrace::h3c55afa80a996a32
Nov 01 20:08:35.610 INFO blam!                                at libstd/sys/unix/backtrace/tracing/gcc_s.rs:49
Nov 01 20:08:35.610 INFO blam!    1:     0x55932d7a94c7 - std::sys_common::backtrace::print::hcef907ea7a07cd40
Nov 01 20:08:35.610 INFO blam!                                at libstd/sys_common/backtrace.rs:71
Nov 01 20:08:35.610 INFO blam!                                at libstd/sys_common/backtrace.rs:59
Nov 01 20:08:35.610 INFO blam!    2:     0x55932d7a3caf - std::panicking::default_hook::{{closure}}::hf541876c65f36ea7
Nov 01 20:08:35.610 INFO blam!                                at libstd/panicking.rs:211
Nov 01 20:08:35.610 INFO blam!    3:     0x55932d7a39ae - std::panicking::default_hook::h4ecc06b30ae4459d
Nov 01 20:08:35.610 INFO blam!                                at libstd/panicking.rs:221
Nov 01 20:08:35.610 INFO blam!    4:     0x55932d7a438e - std::panicking::rust_panic_with_hook::h0cc6d9cc9f34a947
Nov 01 20:08:35.610 INFO blam!                                at libstd/panicking.rs:476
Nov 01 20:08:35.610 INFO blam!    5:     0x55932d7a3f31 - std::panicking::continue_panic_fmt::hc71ad5f01496e320
Nov 01 20:08:35.610 INFO blam!                                at libstd/panicking.rs:390
Nov 01 20:08:35.610 INFO blam!    6:     0x55932d7a3e15 - rust_begin_unwind
Nov 01 20:08:35.610 INFO blam!                                at libstd/panicking.rs:325
Nov 01 20:08:35.610 INFO blam!    7:     0x55932d7e9c7c - core::panicking::panic_fmt::ha71638b7d4f53c35
Nov 01 20:08:35.610 INFO blam!                                at libcore/panicking.rs:77
Nov 01 20:08:35.610 INFO blam!    8:     0x55932d662d90 - core::result::unwrap_failed::h7a3e01a4a6021e74
Nov 01 20:08:35.610 INFO blam!                                at libcore/macros.rs:26
Nov 01 20:08:35.610 INFO blam!    9:     0x55932d47bd3f - <core::result::Result<T, E>>::unwrap::h7e13885052040c15
Nov 01 20:08:35.610 INFO blam!                                at libcore/result.rs:808
Nov 01 20:08:35.610 INFO blam!   10:     0x55932cc0fba5 - investments::tax_statement::statement::parser::tests::get_contents::hcdc22be31b909819
Nov 01 20:08:35.610 INFO blam!                                at src/tax_statement/statement/parser.rs:278
Nov 01 20:08:35.610 INFO blam!   11:     0x55932cc0f544 - investments::tax_statement::statement::parser::tests::test_parsing::hae90bbeacac8c851
Nov 01 20:08:35.610 INFO blam!                                at src/tax_statement/statement/parser.rs:258
Nov 01 20:08:35.610 INFO blam!   12:     0x55932cc1260c - investments::tax_statement::statement::parser::tests::parse_real::hb93f6b9168c759aa
Nov 01 20:08:35.610 INFO blam!                                at src/tax_statement/statement/parser.rs:254
Nov 01 20:08:35.610 INFO blam!   13:     0x55932cc125d9 - investments::tax_statement::statement::parser::tests::parse_real::{{closure}}::h19c013ebef20037d
Nov 01 20:08:35.610 INFO blam!                                at src/tax_statement/statement/parser.rs:253
Nov 01 20:08:35.611 INFO blam!   14:     0x55932cc85fdd - core::ops::function::FnOnce::call_once::h7b25411a8e3cd87f
Nov 01 20:08:35.611 INFO blam!                                at libcore/ops/function.rs:238
Nov 01 20:08:35.611 INFO blam!   15:     0x55932ccf2c3e - <F as alloc::boxed::FnBox<A>>::call_box::hf32558bd83684b60
Nov 01 20:08:35.611 INFO blam!                                at libtest/lib.rs:1468
Nov 01 20:08:35.611 INFO blam!                                at libcore/ops/function.rs:238
Nov 01 20:08:35.611 INFO blam!                                at liballoc/boxed.rs:672
Nov 01 20:08:35.611 INFO blam!   16:     0x55932d7b46f9 - __rust_maybe_catch_panic
Nov 01 20:08:35.611 INFO blam!                                at libpanic_unwind/lib.rs:102
Nov 01 20:08:35.611 INFO blam!   17:     0x55932cd148a2 - std::sys_common::backtrace::__rust_begin_short_backtrace::h1bb71a7386fd3269
Nov 01 20:08:35.611 INFO blam!                                at libstd/panicking.rs:289
Nov 01 20:08:35.611 INFO blam!                                at libstd/panic.rs:392
Nov 01 20:08:35.611 INFO blam!                                at libtest/lib.rs:1423
Nov 01 20:08:35.611 INFO blam!                                at libstd/sys_common/backtrace.rs:136
Nov 01 20:08:35.611 INFO blam!   18:     0x55932cd15354 - std::panicking::try::do_call::h9b94719c3074bb5c
Nov 01 20:08:35.611 INFO blam!                                at libstd/thread/mod.rs:409
Nov 01 20:08:35.611 INFO blam!                                at libstd/panic.rs:313
Nov 01 20:08:35.611 INFO blam!                                at libstd/panicking.rs:310
Nov 01 20:08:35.611 INFO blam!   19:     0x55932d7b46f9 - __rust_maybe_catch_panic
Nov 01 20:08:35.611 INFO blam!                                at libpanic_unwind/lib.rs:102
Nov 01 20:08:35.611 INFO blam!   20:     0x55932cd0257c - <F as alloc::boxed::FnBox<A>>::call_box::hb3bcd66d16fd3e84
Nov 01 20:08:35.611 INFO blam!                                at libstd/panicking.rs:289
Nov 01 20:08:35.611 INFO blam!                                at libstd/panic.rs:392
Nov 01 20:08:35.611 INFO blam!                                at libstd/thread/mod.rs:408
Nov 01 20:08:35.611 INFO blam!                                at liballoc/boxed.rs:672
Nov 01 20:08:35.611 INFO blam!   21:     0x55932d7a196d - std::sys_common::thread::start_thread::had0c80d121669d29
Nov 01 20:08:35.611 INFO blam!                                at liballoc/boxed.rs:682
Nov 01 20:08:35.611 INFO blam!                                at libstd/sys_common/thread.rs:24
Nov 01 20:08:35.611 INFO blam!   22:     0x55932d7924a5 - std::sys::unix::thread::Thread::new::thread_start::h4a5b66a70d76f47f
Nov 01 20:08:35.611 INFO blam!                                at libstd/sys/unix/thread.rs:90
Nov 01 20:08:35.611 INFO blam!   23:     0x7f1f6398d6b9 - start_thread
Nov 01 20:08:35.611 INFO blam!   24:     0x7f1f634ad41c - clone
Nov 01 20:08:35.611 INFO blam!   25:                0x0 - <unknown>
Nov 01 20:08:35.611 INFO blam! 
Nov 01 20:08:35.611 INFO blam! ---- broker_statement::ib::tests::parsing stdout ----
Nov 01 20:08:35.611 INFO blam! thread 'broker_statement::ib::tests::parsing' panicked at 'called `Result::unwrap()` on an `Err` value: StringError("Error while reading \"testdata/statement.csv\" broker statement: No such file or directory (os error 2)")', libcore/result.rs:1009:5
Nov 01 20:08:35.611 INFO blam! stack backtrace:
Nov 01 20:08:35.611 INFO blam!    0:     0x55932d79f2cf - std::sys::unix::backtrace::tracing::imp::unwind_backtrace::h3c55afa80a996a32
Nov 01 20:08:35.611 INFO blam!                                at libstd/sys/unix/backtrace/tracing/gcc_s.rs:49
Nov 01 20:08:35.611 INFO blam!    1:     0x55932d7a94c7 - std::sys_common::backtrace::print::hcef907ea7a07cd40
Nov 01 20:08:35.611 INFO blam!                                at libstd/sys_common/backtrace.rs:71
Nov 01 20:08:35.611 INFO blam!                                at libstd/sys_common/backtrace.rs:59
Nov 01 20:08:35.611 INFO blam!    2:     0x55932d7a3caf - std::panicking::default_hook::{{closure}}::hf541876c65f36ea7
Nov 01 20:08:35.611 INFO blam!                                at libstd/panicking.rs:211
Nov 01 20:08:35.611 INFO blam!    3:     0x55932d7a39ae - std::panicking::default_hook::h4ecc06b30ae4459d
Nov 01 20:08:35.611 INFO blam!                                at libstd/panicking.rs:221
Nov 01 20:08:35.611 INFO blam!    4:     0x55932d7a438e - std::panicking::rust_panic_with_hook::h0cc6d9cc9f34a947
Nov 01 20:08:35.611 INFO blam!                                at libstd/panicking.rs:476
Nov 01 20:08:35.611 INFO blam!    5:     0x55932d7a3f31 - std::panicking::continue_panic_fmt::hc71ad5f01496e320
Nov 01 20:08:35.611 INFO blam!                                at libstd/panicking.rs:390
Nov 01 20:08:35.611 INFO blam!    6:     0x55932d7a3e15 - rust_begin_unwind
Nov 01 20:08:35.611 INFO blam!                                at libstd/panicking.rs:325
Nov 01 20:08:35.611 INFO blam!    7:     0x55932d7e9c7c - core::panicking::panic_fmt::ha71638b7d4f53c35
Nov 01 20:08:35.611 INFO blam!                                at libcore/panicking.rs:77
Nov 01 20:08:35.611 INFO blam!    8:     0x55932cceef05 - core::result::unwrap_failed::h3eaff09b348d5b09
Nov 01 20:08:35.611 INFO blam!                                at libcore/macros.rs:26
Nov 01 20:08:35.611 INFO blam!    9:     0x55932cce791c - <core::result::Result<T, E>>::unwrap::hd7e2e75c094a377d
Nov 01 20:08:35.611 INFO blam!                                at libcore/result.rs:808
Nov 01 20:08:35.611 INFO blam!   10:     0x55932cc10326 - investments::broker_statement::ib::tests::parsing::h6a5b1cb8755730ad
Nov 01 20:08:35.611 INFO blam!                                at src/broker_statement/ib/mod.rs:159
Nov 01 20:08:35.611 INFO blam!   11:     0x55932cc102b9 - investments::broker_statement::ib::tests::parsing::{{closure}}::h7e47d54336de6aa3
Nov 01 20:08:35.611 INFO blam!                                at src/broker_statement/ib/mod.rs:157
Nov 01 20:08:35.611 INFO blam!   12:     0x55932cc863ed - core::ops::function::FnOnce::call_once::hebca743c123552db
Nov 01 20:08:35.611 INFO blam!                                at libcore/ops/function.rs:238
Nov 01 20:08:35.611 INFO blam!   13:     0x55932ccf2c3e - <F as alloc::boxed::FnBox<A>>::call_box::hf32558bd83684b60
Nov 01 20:08:35.611 INFO blam!                                at libtest/lib.rs:1468
Nov 01 20:08:35.611 INFO blam!                                at libcore/ops/function.rs:238
Nov 01 20:08:35.611 INFO blam!                                at liballoc/boxed.rs:672
Nov 01 20:08:35.611 INFO blam!   14:     0x55932d7b46f9 - __rust_maybe_catch_panic
Nov 01 20:08:35.611 INFO blam!                                at libpanic_unwind/lib.rs:102
Nov 01 20:08:35.611 INFO blam!   15:     0x55932cd148a2 - std::sys_common::backtrace::__rust_begin_short_backtrace::h1bb71a7386fd3269
Nov 01 20:08:35.611 INFO blam!                                at libstd/panicking.rs:289
Nov 01 20:08:35.611 INFO blam!                                at libstd/panic.rs:392
Nov 01 20:08:35.611 INFO blam!                                at libtest/lib.rs:1423
Nov 01 20:08:35.611 INFO blam!                                at libstd/sys_common/backtrace.rs:136
Nov 01 20:08:35.611 INFO blam!   16:     0x55932cd15354 - std::panicking::try::do_call::h9b94719c3074bb5c
Nov 01 20:08:35.611 INFO blam!                                at libstd/thread/mod.rs:409
Nov 01 20:08:35.611 INFO blam!                                at libstd/panic.rs:313
Nov 01 20:08:35.611 INFO blam!                                at libstd/panicking.rs:310
Nov 01 20:08:35.611 INFO blam!   17:     0x55932d7b46f9 - __rust_maybe_catch_panic
Nov 01 20:08:35.612 INFO blam!                                at libpanic_unwind/lib.rs:102
Nov 01 20:08:35.612 INFO blam!   18:     0x55932cd0257c - <F as alloc::boxed::FnBox<A>>::call_box::hb3bcd66d16fd3e84
Nov 01 20:08:35.612 INFO blam!                                at libstd/panicking.rs:289
Nov 01 20:08:35.612 INFO blam!                                at libstd/panic.rs:392
Nov 01 20:08:35.612 INFO blam!                                at libstd/thread/mod.rs:408
Nov 01 20:08:35.612 INFO blam!                                at liballoc/boxed.rs:672
Nov 01 20:08:35.612 INFO blam!   19:     0x55932d7a196d - std::sys_common::thread::start_thread::had0c80d121669d29
Nov 01 20:08:35.612 INFO blam!                                at liballoc/boxed.rs:682
Nov 01 20:08:35.612 INFO blam!                                at libstd/sys_common/thread.rs:24
Nov 01 20:08:35.612 INFO blam!   20:     0x55932d7924a5 - std::sys::unix::thread::Thread::new::thread_start::h4a5b66a70d76f47f
Nov 01 20:08:35.612 INFO blam!                                at libstd/sys/unix/thread.rs:90
Nov 01 20:08:35.612 INFO blam!   21:     0x7f1f6398d6b9 - start_thread
Nov 01 20:08:35.612 INFO blam!   22:     0x7f1f634ad41c - clone
Nov 01 20:08:35.612 INFO blam!   23:                0x0 - <unknown>
Nov 01 20:08:35.612 INFO blam! 
Nov 01 20:08:35.612 INFO blam! 
Nov 01 20:08:35.612 INFO blam! failures:
Nov 01 20:08:35.612 INFO blam!     broker_statement::ib::tests::parsing
Nov 01 20:08:35.612 INFO blam!     tax_statement::statement::parser::tests::parse_real
Nov 01 20:08:35.612 INFO blam! 
Nov 01 20:08:35.612 INFO blam! test result: FAILED. 16 passed; 2 failed; 0 ignored; 0 measured; 0 filtered out
Nov 01 20:08:35.612 INFO blam! 
Nov 01 20:08:35.622 INFO kablam! error: test failed, to rerun pass '--bin investments'
Nov 01 20:08:35.630 INFO kablam! su: No module specific data is present
Nov 01 20:08:35.906 INFO running `"docker" "rm" "-f" "c71045ef28fba8f1de8d746362a5797c8633bb04208f3607b1d1a8a01646af0a"`
Nov 01 20:08:35.998 INFO blam! c71045ef28fba8f1de8d746362a5797c8633bb04208f3607b1d1a8a01646af0a
