Nov 01 21:28:20.597 INFO testing ErickHdez96/RiscVMachine against beta-2018-10-30 for beta-1.31-1
Nov 01 21:28:20.597 INFO running `"docker" "create" "-v" "/mnt/big/crater/work/local/target-dirs/beta-1.31-1/worker-2/beta-2018-10-30:/target:rw,Z" "-v" "/mnt/big/crater/work/local/test-source/worker-2/beta-1.31-1/beta-2018-10-30:/source:ro,Z" "-v" "/mnt/big/crater/work/local/cargo-home:/cargo-home:ro,Z" "-v" "/mnt/big/crater/work/local/rustup-home:/rustup-home:ro,Z" "-e" "USER_ID=1000" "-e" "SOURCE_DIR=/source" "-e" "USER_ID=1000" "-e" "CMD=cargo +beta-2018-10-30 build --frozen" "-e" "CARGO_TARGET_DIR=/target" "-e" "CARGO_INCREMENTAL=0" "-e" "RUST_BACKTRACE=full" "-e" "RUSTFLAGS=--cap-lints=warn" "-e" "CARGO_HOME=/cargo-home" "-e" "RUSTUP_HOME=/rustup-home" "-m" "1536M" "--network" "none" "crater"`
Nov 01 21:28:20.777 INFO blam! f64993ef8b7c322e547df98d74264cd59e551160ef1d89dd213249c93eeddd15
Nov 01 21:28:20.781 INFO running `"docker" "start" "-a" "f64993ef8b7c322e547df98d74264cd59e551160ef1d89dd213249c93eeddd15"`
Nov 01 21:28:21.293 INFO kablam! usermod: no changes
Nov 01 21:28:21.318 INFO kablam!    Compiling risc_v_machine v0.1.0 (/source)
Nov 01 21:28:22.533 INFO kablam!     Finished dev [unoptimized + debuginfo] target(s) in 1.22s
Nov 01 21:28:22.536 INFO kablam! su: No module specific data is present
Nov 01 21:28:22.905 INFO running `"docker" "rm" "-f" "f64993ef8b7c322e547df98d74264cd59e551160ef1d89dd213249c93eeddd15"`
Nov 01 21:28:23.027 INFO blam! f64993ef8b7c322e547df98d74264cd59e551160ef1d89dd213249c93eeddd15
Nov 01 21:28:23.031 INFO running `"docker" "create" "-v" "/mnt/big/crater/work/local/target-dirs/beta-1.31-1/worker-2/beta-2018-10-30:/target:rw,Z" "-v" "/mnt/big/crater/work/local/test-source/worker-2/beta-1.31-1/beta-2018-10-30:/source:ro,Z" "-v" "/mnt/big/crater/work/local/cargo-home:/cargo-home:ro,Z" "-v" "/mnt/big/crater/work/local/rustup-home:/rustup-home:ro,Z" "-e" "USER_ID=1000" "-e" "SOURCE_DIR=/source" "-e" "USER_ID=1000" "-e" "CMD=cargo +beta-2018-10-30 test --frozen --no-run" "-e" "CARGO_TARGET_DIR=/target" "-e" "CARGO_INCREMENTAL=0" "-e" "RUST_BACKTRACE=full" "-e" "RUSTFLAGS=--cap-lints=warn" "-e" "CARGO_HOME=/cargo-home" "-e" "RUSTUP_HOME=/rustup-home" "-m" "1536M" "--network" "none" "crater"`
Nov 01 21:28:23.349 INFO blam! 1f2aeeef69c346e736f1741f28e336ec772f57f382155e6b8170bb4fa6c5cc9f
Nov 01 21:28:23.355 INFO running `"docker" "start" "-a" "1f2aeeef69c346e736f1741f28e336ec772f57f382155e6b8170bb4fa6c5cc9f"`
Nov 01 21:28:23.927 INFO kablam! usermod: no changes
Nov 01 21:28:23.958 INFO kablam!    Compiling risc_v_machine v0.1.0 (/source)
Nov 01 21:28:25.379 INFO kablam!     Finished dev [unoptimized + debuginfo] target(s) in 1.43s
Nov 01 21:28:25.383 INFO kablam! su: No module specific data is present
Nov 01 21:28:25.761 INFO running `"docker" "rm" "-f" "1f2aeeef69c346e736f1741f28e336ec772f57f382155e6b8170bb4fa6c5cc9f"`
Nov 01 21:28:25.915 INFO blam! 1f2aeeef69c346e736f1741f28e336ec772f57f382155e6b8170bb4fa6c5cc9f
Nov 01 21:28:25.918 INFO running `"docker" "create" "-v" "/mnt/big/crater/work/local/target-dirs/beta-1.31-1/worker-2/beta-2018-10-30:/target:rw,Z" "-v" "/mnt/big/crater/work/local/test-source/worker-2/beta-1.31-1/beta-2018-10-30:/source:ro,Z" "-v" "/mnt/big/crater/work/local/cargo-home:/cargo-home:ro,Z" "-v" "/mnt/big/crater/work/local/rustup-home:/rustup-home:ro,Z" "-e" "USER_ID=1000" "-e" "SOURCE_DIR=/source" "-e" "USER_ID=1000" "-e" "CMD=cargo +beta-2018-10-30 test --frozen" "-e" "CARGO_TARGET_DIR=/target" "-e" "CARGO_INCREMENTAL=0" "-e" "RUST_BACKTRACE=full" "-e" "RUSTFLAGS=--cap-lints=warn" "-e" "CARGO_HOME=/cargo-home" "-e" "RUSTUP_HOME=/rustup-home" "-m" "1536M" "--network" "none" "crater"`
Nov 01 21:28:26.148 INFO blam! 94cea3976a5171dd845325da80c435b577ab1b8c2dc2a7f4248b22f53a41f96b
Nov 01 21:28:26.152 INFO running `"docker" "start" "-a" "94cea3976a5171dd845325da80c435b577ab1b8c2dc2a7f4248b22f53a41f96b"`
Nov 01 21:28:26.736 INFO kablam! usermod: no changes
Nov 01 21:28:26.795 INFO kablam!     Finished dev [unoptimized + debuginfo] target(s) in 0.03s
Nov 01 21:28:26.795 INFO kablam!      Running /target/debug/deps/risc_v_machine-6a3f3b8b8c9d195f
Nov 01 21:28:26.799 INFO blam! 
Nov 01 21:28:26.799 INFO blam! running 19 tests
Nov 01 21:28:26.806 INFO blam! test into_instruction::tests::test_into_j ... ok
Nov 01 21:28:26.806 INFO blam! test into_instruction::tests::test_into_s ... ok
Nov 01 21:28:26.806 INFO blam! test into_instruction::tests::test_into_i ... ok
Nov 01 21:28:26.811 INFO blam! test into_instruction::tests::test_into_b ... ok
Nov 01 21:28:26.811 INFO blam! test machine::tests::test_beq ... ok
Nov 01 21:28:26.815 INFO blam! test into_instruction::tests::test_into_r ... ok
Nov 01 21:28:26.815 INFO blam! test into_instruction::tests::test_into_u ... ok
Nov 01 21:28:26.815 INFO blam! test machine::tests::test_bne ... ok
Nov 01 21:28:26.817 INFO blam! test machine::tests::test_blt ... ok
Nov 01 21:28:26.817 INFO blam! test machine::tests::test_jalr ... ok
Nov 01 21:28:26.817 INFO blam! test machine::tests::test_bltu ... ok
Nov 01 21:28:26.831 INFO blam! test machine::tests::test_jal ... ok
Nov 01 21:28:26.835 INFO blam! test machine::tests::test_bgeu ... ok
Nov 01 21:28:26.835 INFO blam! test machine::tests::test_bge ... ok
Nov 01 21:28:26.836 INFO blam! test machine::tests::test_auipc ... ok
Nov 01 21:28:26.847 INFO blam! test machine::tests::test_lh ... ok
Nov 01 21:28:26.851 INFO blam! test machine::tests::test_lb ... ok
Nov 01 21:28:26.851 INFO blam! test machine::tests::test_lui ... ok
Nov 01 21:28:26.870 INFO blam! test machine::tests::test_from_file ... FAILED
Nov 01 21:28:26.870 INFO blam! 
Nov 01 21:28:26.870 INFO blam! failures:
Nov 01 21:28:26.870 INFO blam! 
Nov 01 21:28:26.870 INFO blam! ---- machine::tests::test_from_file stdout ----
Nov 01 21:28:26.870 INFO blam! thread 'machine::tests::test_from_file' panicked at 'Couldn't create file: Os { code: 30, kind: Other, message: "Read-only file system" }', libcore/result.rs:1009:5
Nov 01 21:28:26.870 INFO blam! stack backtrace:
Nov 01 21:28:26.870 INFO blam!    0:     0x564cd3daa30f - std::sys::unix::backtrace::tracing::imp::unwind_backtrace::h3c55afa80a996a32
Nov 01 21:28:26.870 INFO blam!                                at libstd/sys/unix/backtrace/tracing/gcc_s.rs:49
Nov 01 21:28:26.870 INFO blam!    1:     0x564cd3db3337 - std::sys_common::backtrace::print::hcef907ea7a07cd40
Nov 01 21:28:26.870 INFO blam!                                at libstd/sys_common/backtrace.rs:71
Nov 01 21:28:26.870 INFO blam!                                at libstd/sys_common/backtrace.rs:59
Nov 01 21:28:26.870 INFO blam!    2:     0x564cd3dae01f - std::panicking::default_hook::{{closure}}::hf541876c65f36ea7
Nov 01 21:28:26.870 INFO blam!                                at libstd/panicking.rs:211
Nov 01 21:28:26.870 INFO blam!    3:     0x564cd3dadd1e - std::panicking::default_hook::h4ecc06b30ae4459d
Nov 01 21:28:26.870 INFO blam!                                at libstd/panicking.rs:221
Nov 01 21:28:26.870 INFO blam!    4:     0x564cd3dae6fe - std::panicking::rust_panic_with_hook::h0cc6d9cc9f34a947
Nov 01 21:28:26.870 INFO blam!                                at libstd/panicking.rs:476
Nov 01 21:28:26.870 INFO blam!    5:     0x564cd3dae2a1 - std::panicking::continue_panic_fmt::hc71ad5f01496e320
Nov 01 21:28:26.870 INFO blam!                                at libstd/panicking.rs:390
Nov 01 21:28:26.870 INFO blam!    6:     0x564cd3dae185 - rust_begin_unwind
Nov 01 21:28:26.870 INFO blam!                                at libstd/panicking.rs:325
Nov 01 21:28:26.870 INFO blam!    7:     0x564cd3dee27c - core::panicking::panic_fmt::ha71638b7d4f53c35
Nov 01 21:28:26.870 INFO blam!                                at libcore/panicking.rs:77
Nov 01 21:28:26.870 INFO blam!    8:     0x564cd3d53797 - core::result::unwrap_failed::hfa2d0a1cf9451c40
Nov 01 21:28:26.870 INFO blam!                                at libcore/macros.rs:26
Nov 01 21:28:26.870 INFO blam!    9:     0x564cd3d53603 - <core::result::Result<T, E>>::expect::hd1fd4a81691804dd
Nov 01 21:28:26.870 INFO blam!                                at libcore/result.rs:835
Nov 01 21:28:26.870 INFO blam!   10:     0x564cd3d4e9c8 - risc_v_machine::machine::tests::test_from_file::haff648a099b641ee
Nov 01 21:28:26.870 INFO blam!                                at src/machine.rs:674
Nov 01 21:28:26.870 INFO blam!   11:     0x564cd3d4e8b9 - risc_v_machine::machine::tests::test_from_file::{{closure}}::hba0f468492f2861a
Nov 01 21:28:26.870 INFO blam!                                at src/machine.rs:667
Nov 01 21:28:26.870 INFO blam!   12:     0x564cd3d52a9d - core::ops::function::FnOnce::call_once::h06a9472d187da3b7
Nov 01 21:28:26.870 INFO blam!                                at libcore/ops/function.rs:238
Nov 01 21:28:26.870 INFO blam!   13:     0x564cd3d5e00e - <F as alloc::boxed::FnBox<A>>::call_box::hf32558bd83684b60
Nov 01 21:28:26.870 INFO blam!                                at libtest/lib.rs:1468
Nov 01 21:28:26.870 INFO blam!                                at libcore/ops/function.rs:238
Nov 01 21:28:26.870 INFO blam!                                at liballoc/boxed.rs:672
Nov 01 21:28:26.870 INFO blam!   14:     0x564cd3dbe569 - __rust_maybe_catch_panic
Nov 01 21:28:26.870 INFO blam!                                at libpanic_unwind/lib.rs:102
Nov 01 21:28:26.870 INFO blam!   15:     0x564cd3d7fc72 - std::sys_common::backtrace::__rust_begin_short_backtrace::h1bb71a7386fd3269
Nov 01 21:28:26.870 INFO blam!                                at libstd/panicking.rs:289
Nov 01 21:28:26.870 INFO blam!                                at libstd/panic.rs:392
Nov 01 21:28:26.870 INFO blam!                                at libtest/lib.rs:1423
Nov 01 21:28:26.870 INFO blam!                                at libstd/sys_common/backtrace.rs:136
Nov 01 21:28:26.870 INFO blam!   16:     0x564cd3d80724 - std::panicking::try::do_call::h9b94719c3074bb5c
Nov 01 21:28:26.871 INFO blam!                                at libstd/thread/mod.rs:409
Nov 01 21:28:26.871 INFO blam!                                at libstd/panic.rs:313
Nov 01 21:28:26.871 INFO blam!                                at libstd/panicking.rs:310
Nov 01 21:28:26.871 INFO blam!   17:     0x564cd3dbe569 - __rust_maybe_catch_panic
Nov 01 21:28:26.871 INFO blam!                                at libpanic_unwind/lib.rs:102
Nov 01 21:28:26.871 INFO blam!   18:     0x564cd3d6d94c - <F as alloc::boxed::FnBox<A>>::call_box::hb3bcd66d16fd3e84
Nov 01 21:28:26.871 INFO blam!                                at libstd/panicking.rs:289
Nov 01 21:28:26.871 INFO blam!                                at libstd/panic.rs:392
Nov 01 21:28:26.871 INFO blam!                                at libstd/thread/mod.rs:408
Nov 01 21:28:26.871 INFO blam!                                at liballoc/boxed.rs:672
Nov 01 21:28:26.871 INFO blam!   19:     0x564cd3dabf1d - std::sys_common::thread::start_thread::had0c80d121669d29
Nov 01 21:28:26.871 INFO blam!                                at liballoc/boxed.rs:682
Nov 01 21:28:26.871 INFO blam!                                at libstd/sys_common/thread.rs:24
Nov 01 21:28:26.871 INFO blam!   20:     0x564cd3da1715 - std::sys::unix::thread::Thread::new::thread_start::h4a5b66a70d76f47f
Nov 01 21:28:26.871 INFO blam!                                at libstd/sys/unix/thread.rs:90
Nov 01 21:28:26.871 INFO blam!   21:     0x7f49c62ee6b9 - start_thread
Nov 01 21:28:26.871 INFO blam!   22:     0x7f49c5e0e41c - clone
Nov 01 21:28:26.871 INFO blam!   23:                0x0 - <unknown>
Nov 01 21:28:26.871 INFO blam! 
Nov 01 21:28:26.871 INFO blam! 
Nov 01 21:28:26.871 INFO blam! failures:
Nov 01 21:28:26.871 INFO blam!     machine::tests::test_from_file
Nov 01 21:28:26.871 INFO blam! 
Nov 01 21:28:26.871 INFO blam! test result: FAILED. 18 passed; 1 failed; 0 ignored; 0 measured; 0 filtered out
Nov 01 21:28:26.871 INFO blam! 
Nov 01 21:28:26.880 INFO kablam! error: test failed, to rerun pass '--lib'
Nov 01 21:28:26.881 INFO kablam! su: No module specific data is present
Nov 01 21:28:27.744 INFO running `"docker" "rm" "-f" "94cea3976a5171dd845325da80c435b577ab1b8c2dc2a7f4248b22f53a41f96b"`
Nov 01 21:28:28.019 INFO blam! 94cea3976a5171dd845325da80c435b577ab1b8c2dc2a7f4248b22f53a41f96b
