Nov 01 21:28:21.344 INFO testing ErickHdez96/RiscVMachine against 1.30.0 for beta-1.31-1
Nov 01 21:28:21.344 INFO running `"docker" "create" "-v" "/mnt/big/crater/work/local/target-dirs/beta-1.31-1/worker-5/1.30.0:/target:rw,Z" "-v" "/mnt/big/crater/work/local/test-source/worker-5/beta-1.31-1/1.30.0:/source:ro,Z" "-v" "/mnt/big/crater/work/local/cargo-home:/cargo-home:ro,Z" "-v" "/mnt/big/crater/work/local/rustup-home:/rustup-home:ro,Z" "-e" "USER_ID=1000" "-e" "SOURCE_DIR=/source" "-e" "USER_ID=1000" "-e" "CMD=cargo +1.30.0 build --frozen" "-e" "CARGO_TARGET_DIR=/target" "-e" "CARGO_INCREMENTAL=0" "-e" "RUST_BACKTRACE=full" "-e" "RUSTFLAGS=--cap-lints=warn" "-e" "CARGO_HOME=/cargo-home" "-e" "RUSTUP_HOME=/rustup-home" "-m" "1536M" "--network" "none" "crater"`
Nov 01 21:28:21.610 INFO blam! 8b3a2dd03e3800cba3a667c445354efde137c0bb27598109fd8d2dbfc415dfeb
Nov 01 21:28:21.610 INFO running `"docker" "start" "-a" "8b3a2dd03e3800cba3a667c445354efde137c0bb27598109fd8d2dbfc415dfeb"`
Nov 01 21:28:22.068 INFO kablam! usermod: no changes
Nov 01 21:28:22.101 INFO kablam!    Compiling risc_v_machine v0.1.0 (/source)
Nov 01 21:28:23.607 INFO kablam!     Finished dev [unoptimized + debuginfo] target(s) in 1.51s
Nov 01 21:28:23.607 INFO kablam! su: No module specific data is present
Nov 01 21:28:24.013 INFO running `"docker" "rm" "-f" "8b3a2dd03e3800cba3a667c445354efde137c0bb27598109fd8d2dbfc415dfeb"`
Nov 01 21:28:24.154 INFO blam! 8b3a2dd03e3800cba3a667c445354efde137c0bb27598109fd8d2dbfc415dfeb
Nov 01 21:28:24.159 INFO running `"docker" "create" "-v" "/mnt/big/crater/work/local/target-dirs/beta-1.31-1/worker-5/1.30.0:/target:rw,Z" "-v" "/mnt/big/crater/work/local/test-source/worker-5/beta-1.31-1/1.30.0:/source:ro,Z" "-v" "/mnt/big/crater/work/local/cargo-home:/cargo-home:ro,Z" "-v" "/mnt/big/crater/work/local/rustup-home:/rustup-home:ro,Z" "-e" "USER_ID=1000" "-e" "SOURCE_DIR=/source" "-e" "USER_ID=1000" "-e" "CMD=cargo +1.30.0 test --frozen --no-run" "-e" "CARGO_TARGET_DIR=/target" "-e" "CARGO_INCREMENTAL=0" "-e" "RUST_BACKTRACE=full" "-e" "RUSTFLAGS=--cap-lints=warn" "-e" "CARGO_HOME=/cargo-home" "-e" "RUSTUP_HOME=/rustup-home" "-m" "1536M" "--network" "none" "crater"`
Nov 01 21:28:24.375 INFO blam! c384e8001a1865cb86e7ad3372ba09d1515161616f0ed93a38978da631c421cb
Nov 01 21:28:24.380 INFO running `"docker" "start" "-a" "c384e8001a1865cb86e7ad3372ba09d1515161616f0ed93a38978da631c421cb"`
Nov 01 21:28:24.855 INFO kablam! usermod: no changes
Nov 01 21:28:24.874 INFO kablam!    Compiling risc_v_machine v0.1.0 (/source)
Nov 01 21:28:26.339 INFO kablam!     Finished dev [unoptimized + debuginfo] target(s) in 1.47s
Nov 01 21:28:26.339 INFO kablam! su: No module specific data is present
Nov 01 21:28:26.878 INFO running `"docker" "rm" "-f" "c384e8001a1865cb86e7ad3372ba09d1515161616f0ed93a38978da631c421cb"`
Nov 01 21:28:27.135 INFO blam! c384e8001a1865cb86e7ad3372ba09d1515161616f0ed93a38978da631c421cb
Nov 01 21:28:27.147 INFO running `"docker" "create" "-v" "/mnt/big/crater/work/local/target-dirs/beta-1.31-1/worker-5/1.30.0:/target:rw,Z" "-v" "/mnt/big/crater/work/local/test-source/worker-5/beta-1.31-1/1.30.0:/source:ro,Z" "-v" "/mnt/big/crater/work/local/cargo-home:/cargo-home:ro,Z" "-v" "/mnt/big/crater/work/local/rustup-home:/rustup-home:ro,Z" "-e" "USER_ID=1000" "-e" "SOURCE_DIR=/source" "-e" "USER_ID=1000" "-e" "CMD=cargo +1.30.0 test --frozen" "-e" "CARGO_TARGET_DIR=/target" "-e" "CARGO_INCREMENTAL=0" "-e" "RUST_BACKTRACE=full" "-e" "RUSTFLAGS=--cap-lints=warn" "-e" "CARGO_HOME=/cargo-home" "-e" "RUSTUP_HOME=/rustup-home" "-m" "1536M" "--network" "none" "crater"`
Nov 01 21:28:27.513 INFO blam! f845c91b0752731d6ce9f0d70c16866c91672dc7a9c11a2e87c41398a046ff0d
Nov 01 21:28:27.513 INFO running `"docker" "start" "-a" "f845c91b0752731d6ce9f0d70c16866c91672dc7a9c11a2e87c41398a046ff0d"`
Nov 01 21:28:28.738 INFO kablam! usermod: no changes
Nov 01 21:28:28.795 INFO kablam!     Finished dev [unoptimized + debuginfo] target(s) in 0.01s
Nov 01 21:28:28.795 INFO blam! 
Nov 01 21:28:28.795 INFO kablam!      Running /target/debug/deps/risc_v_machine-e83ae5031172eff5
Nov 01 21:28:28.795 INFO blam! running 19 tests
Nov 01 21:28:28.795 INFO blam! test into_instruction::tests::test_into_r ... ok
Nov 01 21:28:28.795 INFO blam! test into_instruction::tests::test_into_i ... ok
Nov 01 21:28:28.795 INFO blam! test into_instruction::tests::test_into_j ... ok
Nov 01 21:28:28.795 INFO blam! test machine::tests::test_blt ... ok
Nov 01 21:28:28.795 INFO blam! test machine::tests::test_bgeu ... ok
Nov 01 21:28:28.795 INFO blam! test machine::tests::test_bge ... ok
Nov 01 21:28:28.795 INFO blam! test into_instruction::tests::test_into_u ... ok
Nov 01 21:28:28.795 INFO blam! test machine::tests::test_bltu ... ok
Nov 01 21:28:28.795 INFO blam! test machine::tests::test_bne ... ok
Nov 01 21:28:28.795 INFO blam! test machine::tests::test_jal ... ok
Nov 01 21:28:28.799 INFO blam! test machine::tests::test_jalr ... ok
Nov 01 21:28:28.803 INFO blam! test machine::tests::test_lh ... ok
Nov 01 21:28:28.804 INFO blam! test machine::tests::test_lb ... ok
Nov 01 21:28:28.804 INFO blam! test machine::tests::test_beq ... ok
Nov 01 21:28:28.804 INFO blam! test into_instruction::tests::test_into_b ... ok
Nov 01 21:28:28.805 INFO blam! test machine::tests::test_auipc ... ok
Nov 01 21:28:28.805 INFO blam! test into_instruction::tests::test_into_s ... ok
Nov 01 21:28:28.806 INFO blam! test machine::tests::test_lui ... ok
Nov 01 21:28:28.875 INFO kablam! error: test failed, to rerun pass '--lib'
Nov 01 21:28:28.875 INFO blam! test machine::tests::test_from_file ... FAILED
Nov 01 21:28:28.875 INFO kablam! su: No module specific data is present
Nov 01 21:28:28.875 INFO blam! 
Nov 01 21:28:28.875 INFO blam! failures:
Nov 01 21:28:28.875 INFO blam! 
Nov 01 21:28:28.875 INFO blam! ---- machine::tests::test_from_file stdout ----
Nov 01 21:28:28.875 INFO blam! thread 'machine::tests::test_from_file' panicked at 'Couldn't create file: Os { code: 30, kind: Other, message: "Read-only file system" }', libcore/result.rs:1009:5
Nov 01 21:28:28.875 INFO blam! stack backtrace:
Nov 01 21:28:28.875 INFO blam!    0:     0x5598f3a1a89e - std::sys::unix::backtrace::tracing::imp::unwind_backtrace::hf5316c67202e23c8
Nov 01 21:28:28.875 INFO blam!                                at libstd/sys/unix/backtrace/tracing/gcc_s.rs:49
Nov 01 21:28:28.875 INFO blam!    1:     0x5598f3a0dc76 - std::sys_common::backtrace::print::h3068ed2a6dc7ac86
Nov 01 21:28:28.875 INFO blam!                                at libstd/sys_common/backtrace.rs:71
Nov 01 21:28:28.875 INFO blam!                                at libstd/sys_common/backtrace.rs:59
Nov 01 21:28:28.875 INFO blam!    2:     0x5598f3a0c04d - std::panicking::default_hook::{{closure}}::h1b9d29cc09d41897
Nov 01 21:28:28.875 INFO blam!                                at libstd/panicking.rs:211
Nov 01 21:28:28.876 INFO blam!    3:     0x5598f3a0bd5b - std::panicking::default_hook::h3a27b204a313406b
Nov 01 21:28:28.876 INFO blam!                                at libstd/panicking.rs:221
Nov 01 21:28:28.876 INFO blam!    4:     0x5598f3a0c6fc - std::panicking::rust_panic_with_hook::h0e12cb2fc86d00fa
Nov 01 21:28:28.876 INFO blam!                                at libstd/panicking.rs:477
Nov 01 21:28:28.876 INFO blam!    5:     0x5598f3a0c2b9 - std::panicking::continue_panic_fmt::h141671b29fe0e27d
Nov 01 21:28:28.876 INFO blam!                                at libstd/panicking.rs:391
Nov 01 21:28:28.876 INFO blam!    6:     0x5598f3a0c1b5 - rust_begin_unwind
Nov 01 21:28:28.876 INFO blam!                                at libstd/panicking.rs:326
Nov 01 21:28:28.876 INFO blam!    7:     0x5598f3a54acb - core::panicking::panic_fmt::h429a06507aba9228
Nov 01 21:28:28.876 INFO blam!                                at libcore/panicking.rs:77
Nov 01 21:28:28.876 INFO blam!    8:     0x5598f39c24a3 - core::result::unwrap_failed::h37596aa8a5460795
Nov 01 21:28:28.876 INFO blam!                                at libcore/macros.rs:26
Nov 01 21:28:28.876 INFO blam!    9:     0x5598f39c1756 - <core::result::Result<T, E>>::expect::h5117279b88987f2f
Nov 01 21:28:28.876 INFO blam!                                at libcore/result.rs:835
Nov 01 21:28:28.876 INFO blam!   10:     0x5598f39bd5e8 - risc_v_machine::machine::tests::test_from_file::h0748ca74b968c9bb
Nov 01 21:28:28.876 INFO blam!                                at src/machine.rs:674
Nov 01 21:28:28.876 INFO blam!   11:     0x5598f39bd4d9 - risc_v_machine::machine::tests::test_from_file::{{closure}}::he4aec10fc8550250
Nov 01 21:28:28.876 INFO blam!                                at src/machine.rs:667
Nov 01 21:28:28.876 INFO blam!   12:     0x5598f39c1b7d - core::ops::function::FnOnce::call_once::h3acc00746822ca62
Nov 01 21:28:28.876 INFO blam!                                at libcore/ops/function.rs:238
Nov 01 21:28:28.876 INFO blam!   13:     0x5598f39ccc7e - <F as alloc::boxed::FnBox<A>>::call_box::ha9910eac2d17ff23
Nov 01 21:28:28.876 INFO blam!                                at libtest/lib.rs:1461
Nov 01 21:28:28.876 INFO blam!                                at libcore/ops/function.rs:238
Nov 01 21:28:28.876 INFO blam!                                at liballoc/boxed.rs:646
Nov 01 21:28:28.876 INFO blam!   14:     0x5598f3a29829 - __rust_maybe_catch_panic
Nov 01 21:28:28.877 INFO blam!                                at libpanic_unwind/lib.rs:103
Nov 01 21:28:28.877 INFO blam!   15:     0x5598f39d858d - std::sys_common::backtrace::__rust_begin_short_backtrace::h470b05235fe5e5ad
Nov 01 21:28:28.877 INFO blam!                                at libstd/panicking.rs:289
Nov 01 21:28:28.877 INFO blam!                                at libstd/panic.rs:392
Nov 01 21:28:28.877 INFO blam!                                at libtest/lib.rs:1416
Nov 01 21:28:28.877 INFO blam!                                at libstd/sys_common/backtrace.rs:136
Nov 01 21:28:28.877 INFO blam!   16:     0x5598f39f0bc4 - std::panicking::try::do_call::h1f0578498122cc00
Nov 01 21:28:28.877 INFO blam!                                at libstd/thread/mod.rs:409
Nov 01 21:28:28.877 INFO blam!                                at libstd/panic.rs:313
Nov 01 21:28:28.877 INFO blam!                                at libstd/panicking.rs:310
Nov 01 21:28:28.877 INFO blam!   17:     0x5598f3a29829 - __rust_maybe_catch_panic
Nov 01 21:28:28.877 INFO blam!                                at libpanic_unwind/lib.rs:103
Nov 01 21:28:28.877 INFO blam!   18:     0x5598f39e1496 - <F as alloc::boxed::FnBox<A>>::call_box::h7b129f9f235ab460
Nov 01 21:28:28.877 INFO blam!                                at libstd/panicking.rs:289
Nov 01 21:28:28.877 INFO blam!                                at libstd/panic.rs:392
Nov 01 21:28:28.877 INFO blam!                                at libstd/thread/mod.rs:408
Nov 01 21:28:28.877 INFO blam!                                at liballoc/boxed.rs:646
Nov 01 21:28:28.877 INFO blam!   19:     0x5598f3a1c1ba - std::sys_common::thread::start_thread::hb77935aee02382da
Nov 01 21:28:28.877 INFO blam!                                at liballoc/boxed.rs:656
Nov 01 21:28:28.877 INFO blam!                                at libstd/sys_common/thread.rs:24
Nov 01 21:28:28.877 INFO blam!   20:     0x5598f3a0ceb5 - std::sys::unix::thread::Thread::new::thread_start::hd61f7429b3de1d75
Nov 01 21:28:28.877 INFO blam!                                at libstd/sys/unix/thread.rs:90
Nov 01 21:28:28.877 INFO blam!   21:     0x7fc3677406b9 - start_thread
Nov 01 21:28:28.877 INFO blam!   22:     0x7fc36726041c - clone
Nov 01 21:28:28.877 INFO blam!   23:                0x0 - <unknown>
Nov 01 21:28:28.878 INFO blam! 
Nov 01 21:28:28.878 INFO blam! 
Nov 01 21:28:28.878 INFO blam! failures:
Nov 01 21:28:28.878 INFO blam!     machine::tests::test_from_file
Nov 01 21:28:28.878 INFO blam! 
Nov 01 21:28:28.878 INFO blam! test result: FAILED. 18 passed; 1 failed; 0 ignored; 0 measured; 0 filtered out
Nov 01 21:28:28.878 INFO blam! 
Nov 01 21:28:29.655 INFO running `"docker" "rm" "-f" "f845c91b0752731d6ce9f0d70c16866c91672dc7a9c11a2e87c41398a046ff0d"`
Nov 01 21:28:29.935 INFO blam! f845c91b0752731d6ce9f0d70c16866c91672dc7a9c11a2e87c41398a046ff0d
