Nov 01 22:08:19.197 INFO testing ChrisDavison/mdlc against beta-2018-10-30 for beta-1.31-1
Nov 01 22:08:19.199 INFO running `"docker" "create" "-v" "/mnt/big/crater/work/local/target-dirs/beta-1.31-1/worker-5/beta-2018-10-30:/target:rw,Z" "-v" "/mnt/big/crater/work/local/test-source/worker-5/beta-1.31-1/beta-2018-10-30:/source:ro,Z" "-v" "/mnt/big/crater/work/local/cargo-home:/cargo-home:ro,Z" "-v" "/mnt/big/crater/work/local/rustup-home:/rustup-home:ro,Z" "-e" "USER_ID=1000" "-e" "SOURCE_DIR=/source" "-e" "USER_ID=1000" "-e" "CMD=cargo +beta-2018-10-30 build --frozen" "-e" "CARGO_TARGET_DIR=/target" "-e" "CARGO_INCREMENTAL=0" "-e" "RUST_BACKTRACE=full" "-e" "RUSTFLAGS=--cap-lints=warn" "-e" "CARGO_HOME=/cargo-home" "-e" "RUSTUP_HOME=/rustup-home" "-m" "1536M" "--network" "none" "crater"`
Nov 01 22:08:19.565 INFO blam! 13322b47e689c3f0e952cbb397f73d1c45d65d7fc40378d0a408f7dec8392a00
Nov 01 22:08:19.579 INFO running `"docker" "start" "-a" "13322b47e689c3f0e952cbb397f73d1c45d65d7fc40378d0a408f7dec8392a00"`
Nov 01 22:08:20.647 INFO kablam! usermod: no changes
Nov 01 22:08:21.003 INFO kablam!    Compiling tokio-tls v0.1.4
Nov 01 22:08:24.171 INFO kablam!    Compiling hyper-tls v0.1.3
Nov 01 22:08:28.302 INFO kablam!    Compiling reqwest v0.8.5
Nov 01 22:08:40.107 INFO kablam!    Compiling mdlc v0.1.0 (/source)
Nov 01 22:08:47.528 INFO kablam!     Finished dev [unoptimized + debuginfo] target(s) in 26.85s
Nov 01 22:08:47.547 INFO kablam! su: No module specific data is present
Nov 01 22:08:48.919 INFO running `"docker" "rm" "-f" "13322b47e689c3f0e952cbb397f73d1c45d65d7fc40378d0a408f7dec8392a00"`
Nov 01 22:08:49.236 INFO blam! 13322b47e689c3f0e952cbb397f73d1c45d65d7fc40378d0a408f7dec8392a00
Nov 01 22:08:49.255 INFO running `"docker" "create" "-v" "/mnt/big/crater/work/local/target-dirs/beta-1.31-1/worker-5/beta-2018-10-30:/target:rw,Z" "-v" "/mnt/big/crater/work/local/test-source/worker-5/beta-1.31-1/beta-2018-10-30:/source:ro,Z" "-v" "/mnt/big/crater/work/local/cargo-home:/cargo-home:ro,Z" "-v" "/mnt/big/crater/work/local/rustup-home:/rustup-home:ro,Z" "-e" "USER_ID=1000" "-e" "SOURCE_DIR=/source" "-e" "USER_ID=1000" "-e" "CMD=cargo +beta-2018-10-30 test --frozen --no-run" "-e" "CARGO_TARGET_DIR=/target" "-e" "CARGO_INCREMENTAL=0" "-e" "RUST_BACKTRACE=full" "-e" "RUSTFLAGS=--cap-lints=warn" "-e" "CARGO_HOME=/cargo-home" "-e" "RUSTUP_HOME=/rustup-home" "-m" "1536M" "--network" "none" "crater"`
Nov 01 22:08:49.663 INFO blam! 308fd724f54402181beeb469758beec2108103ca280b225b2d6f4759940961e9
Nov 01 22:08:49.666 INFO running `"docker" "start" "-a" "308fd724f54402181beeb469758beec2108103ca280b225b2d6f4759940961e9"`
Nov 01 22:08:51.182 INFO kablam! usermod: no changes
Nov 01 22:08:51.487 INFO kablam!    Compiling mdlc v0.1.0 (/source)
Nov 01 22:09:01.360 INFO kablam!     Finished dev [unoptimized + debuginfo] target(s) in 10.15s
Nov 01 22:09:01.376 INFO kablam! su: No module specific data is present
Nov 01 22:09:01.745 INFO running `"docker" "rm" "-f" "308fd724f54402181beeb469758beec2108103ca280b225b2d6f4759940961e9"`
Nov 01 22:09:01.858 INFO blam! 308fd724f54402181beeb469758beec2108103ca280b225b2d6f4759940961e9
Nov 01 22:09:01.872 INFO running `"docker" "create" "-v" "/mnt/big/crater/work/local/target-dirs/beta-1.31-1/worker-5/beta-2018-10-30:/target:rw,Z" "-v" "/mnt/big/crater/work/local/test-source/worker-5/beta-1.31-1/beta-2018-10-30:/source:ro,Z" "-v" "/mnt/big/crater/work/local/cargo-home:/cargo-home:ro,Z" "-v" "/mnt/big/crater/work/local/rustup-home:/rustup-home:ro,Z" "-e" "USER_ID=1000" "-e" "SOURCE_DIR=/source" "-e" "USER_ID=1000" "-e" "CMD=cargo +beta-2018-10-30 test --frozen" "-e" "CARGO_TARGET_DIR=/target" "-e" "CARGO_INCREMENTAL=0" "-e" "RUST_BACKTRACE=full" "-e" "RUSTFLAGS=--cap-lints=warn" "-e" "CARGO_HOME=/cargo-home" "-e" "RUSTUP_HOME=/rustup-home" "-m" "1536M" "--network" "none" "crater"`
Nov 01 22:09:02.112 INFO blam! fb4650c7af4143c70c151fd1810c708ee75dbd20775de9f67d17e512a3de9352
Nov 01 22:09:02.123 INFO running `"docker" "start" "-a" "fb4650c7af4143c70c151fd1810c708ee75dbd20775de9f67d17e512a3de9352"`
Nov 01 22:09:02.715 INFO kablam! usermod: no changes
Nov 01 22:09:02.897 INFO kablam!     Finished dev [unoptimized + debuginfo] target(s) in 0.16s
Nov 01 22:09:02.927 INFO kablam!      Running /target/debug/deps/mdlc-63f06b82c5e5c56b
Nov 01 22:09:02.931 INFO blam! 
Nov 01 22:09:02.931 INFO blam! running 8 tests
Nov 01 22:09:02.947 INFO blam! test link::tests::should_find_all_urls_in_file ... ok
Nov 01 22:09:02.947 INFO blam! test link::tests::should_find_all_urls_in_string ... ok
Nov 01 22:09:02.947 INFO blam! test link::tests::should_validate_good_local_links ... ok
Nov 01 22:09:02.959 INFO blam! test link::tests::should_remove_anchors_from_markdown_links ... ok
Nov 01 22:09:02.959 INFO blam! test link::tests::should_not_modify_links_without_anchors ... ok
Nov 01 22:09:02.978 INFO blam! test link::tests::should_fail_bad_local_links ... ok
Nov 01 22:09:03.087 INFO blam! test link::tests::should_not_return_ok_on_web_url_fail ... ok
Nov 01 22:09:03.122 INFO blam! test link::tests::should_return_valid_on_web_url_success ... FAILED
Nov 01 22:09:03.122 INFO blam! 
Nov 01 22:09:03.122 INFO blam! failures:
Nov 01 22:09:03.123 INFO blam! 
Nov 01 22:09:03.123 INFO blam! ---- link::tests::should_return_valid_on_web_url_success stdout ----
Nov 01 22:09:03.123 INFO blam! Got status: Problem
Nov 01 22:09:03.124 INFO blam! thread 'link::tests::should_return_valid_on_web_url_success' panicked at 'assertion failed: `(left == right)`
Nov 01 22:09:03.125 INFO kablam! error: test failed, to rerun pass '--bin mdlc'
Nov 01 22:09:03.125 INFO blam!   left: `Problem`,
Nov 01 22:09:03.125 INFO blam!  right: `Valid`', src/link.rs:248:13
Nov 01 22:09:03.126 INFO blam! stack backtrace:
Nov 01 22:09:03.126 INFO kablam! su: No module specific data is present
Nov 01 22:09:03.127 INFO blam!    0:     0x5588742db5af - std::sys::unix::backtrace::tracing::imp::unwind_backtrace::h3c55afa80a996a32
Nov 01 22:09:03.127 INFO blam!                                at libstd/sys/unix/backtrace/tracing/gcc_s.rs:49
Nov 01 22:09:03.127 INFO blam!    1:     0x5588742e4e37 - std::sys_common::backtrace::print::hcef907ea7a07cd40
Nov 01 22:09:03.128 INFO blam!                                at libstd/sys_common/backtrace.rs:71
Nov 01 22:09:03.128 INFO blam!                                at libstd/sys_common/backtrace.rs:59
Nov 01 22:09:03.128 INFO blam!    2:     0x5588742df90f - std::panicking::default_hook::{{closure}}::hf541876c65f36ea7
Nov 01 22:09:03.129 INFO blam!                                at libstd/panicking.rs:211
Nov 01 22:09:03.129 INFO blam!    3:     0x5588742df60e - std::panicking::default_hook::h4ecc06b30ae4459d
Nov 01 22:09:03.129 INFO blam!                                at libstd/panicking.rs:221
Nov 01 22:09:03.130 INFO blam!    4:     0x5588742dffee - std::panicking::rust_panic_with_hook::h0cc6d9cc9f34a947
Nov 01 22:09:03.130 INFO blam!                                at libstd/panicking.rs:476
Nov 01 22:09:03.130 INFO blam!    5:     0x5588742dfb91 - std::panicking::continue_panic_fmt::hc71ad5f01496e320
Nov 01 22:09:03.130 INFO blam!                                at libstd/panicking.rs:390
Nov 01 22:09:03.131 INFO blam!    6:     0x5588742dfade - std::panicking::begin_panic_fmt::hdb958223ae20ca60
Nov 01 22:09:03.131 INFO blam!                                at libstd/panicking.rs:345
Nov 01 22:09:03.131 INFO blam!    7:     0x558873de163c - mdlc::link::tests::should_return_valid_on_web_url_success::h2053d9af65297f7b
Nov 01 22:09:03.132 INFO blam!                                at src/link.rs:248
Nov 01 22:09:03.132 INFO blam!    8:     0x558873de11e9 - mdlc::link::tests::should_return_valid_on_web_url_success::{{closure}}::h7ebfd867a27ecc49
Nov 01 22:09:03.132 INFO blam!                                at src/link.rs:239
Nov 01 22:09:03.133 INFO blam!    9:     0x558873de69bd - core::ops::function::FnOnce::call_once::h7864b0465d2da86f
Nov 01 22:09:03.133 INFO blam!                                at libcore/ops/function.rs:238
Nov 01 22:09:03.133 INFO blam!   10:     0x558873df8c5e - <F as alloc::boxed::FnBox<A>>::call_box::hf32558bd83684b60
Nov 01 22:09:03.133 INFO blam!                                at libtest/lib.rs:1468
Nov 01 22:09:03.134 INFO blam!                                at libcore/ops/function.rs:238
Nov 01 22:09:03.134 INFO blam!                                at liballoc/boxed.rs:672
Nov 01 22:09:03.134 INFO blam!   11:     0x5588742f0069 - __rust_maybe_catch_panic
Nov 01 22:09:03.135 INFO blam!                                at libpanic_unwind/lib.rs:102
Nov 01 22:09:03.135 INFO blam!   12:     0x558873e1a8c2 - std::sys_common::backtrace::__rust_begin_short_backtrace::h1bb71a7386fd3269
Nov 01 22:09:03.135 INFO blam!                                at libstd/panicking.rs:289
Nov 01 22:09:03.136 INFO blam!                                at libstd/panic.rs:392
Nov 01 22:09:03.136 INFO blam!                                at libtest/lib.rs:1423
Nov 01 22:09:03.136 INFO blam!                                at libstd/sys_common/backtrace.rs:136
Nov 01 22:09:03.136 INFO blam!   13:     0x558873e1b374 - std::panicking::try::do_call::h9b94719c3074bb5c
Nov 01 22:09:03.137 INFO blam!                                at libstd/thread/mod.rs:409
Nov 01 22:09:03.137 INFO blam!                                at libstd/panic.rs:313
Nov 01 22:09:03.137 INFO blam!                                at libstd/panicking.rs:310
Nov 01 22:09:03.138 INFO blam!   14:     0x5588742f0069 - __rust_maybe_catch_panic
Nov 01 22:09:03.138 INFO blam!                                at libpanic_unwind/lib.rs:102
Nov 01 22:09:03.138 INFO blam!   15:     0x558873e0859c - <F as alloc::boxed::FnBox<A>>::call_box::hb3bcd66d16fd3e84
Nov 01 22:09:03.140 INFO blam!                                at libstd/panicking.rs:289
Nov 01 22:09:03.140 INFO blam!                                at libstd/panic.rs:392
Nov 01 22:09:03.140 INFO blam!                                at libstd/thread/mod.rs:408
Nov 01 22:09:03.141 INFO blam!                                at liballoc/boxed.rs:672
Nov 01 22:09:03.141 INFO blam!   16:     0x5588742dd60d - std::sys_common::thread::start_thread::had0c80d121669d29
Nov 01 22:09:03.141 INFO blam!                                at liballoc/boxed.rs:682
Nov 01 22:09:03.142 INFO blam!                                at libstd/sys_common/thread.rs:24
Nov 01 22:09:03.142 INFO blam!   17:     0x5588742d0185 - std::sys::unix::thread::Thread::new::thread_start::h4a5b66a70d76f47f
Nov 01 22:09:03.142 INFO blam!                                at libstd/sys/unix/thread.rs:90
Nov 01 22:09:03.143 INFO blam!   18:     0x7f619bfc36b9 - start_thread
Nov 01 22:09:03.143 INFO blam!   19:     0x7f619bae341c - clone
Nov 01 22:09:03.143 INFO blam!   20:                0x0 - <unknown>
Nov 01 22:09:03.144 INFO blam! 
Nov 01 22:09:03.144 INFO blam! 
Nov 01 22:09:03.144 INFO blam! failures:
Nov 01 22:09:03.144 INFO blam!     link::tests::should_return_valid_on_web_url_success
Nov 01 22:09:03.145 INFO blam! 
Nov 01 22:09:03.145 INFO blam! test result: FAILED. 7 passed; 1 failed; 0 ignored; 0 measured; 0 filtered out
Nov 01 22:09:03.145 INFO blam! 
Nov 01 22:09:03.543 INFO running `"docker" "rm" "-f" "fb4650c7af4143c70c151fd1810c708ee75dbd20775de9f67d17e512a3de9352"`
Nov 01 22:09:03.739 INFO blam! fb4650c7af4143c70c151fd1810c708ee75dbd20775de9f67d17e512a3de9352
