Nov 03 02:59:04.835 INFO testing apint-0.2.0 against beta-2018-10-30 for beta-1.31-1
Nov 03 02:59:04.836 INFO running `"docker" "create" "-v" "/mnt/big/crater/work/local/target-dirs/beta-1.31-1/worker-5/beta-2018-10-30:/target:rw,Z" "-v" "/mnt/big/crater/work/local/test-source/worker-5/beta-1.31-1/beta-2018-10-30:/source:ro,Z" "-v" "/mnt/big/crater/work/local/cargo-home:/cargo-home:ro,Z" "-v" "/mnt/big/crater/work/local/rustup-home:/rustup-home:ro,Z" "-e" "USER_ID=1000" "-e" "SOURCE_DIR=/source" "-e" "USER_ID=1000" "-e" "CMD=cargo +beta-2018-10-30 build --frozen" "-e" "CARGO_TARGET_DIR=/target" "-e" "CARGO_INCREMENTAL=0" "-e" "RUST_BACKTRACE=full" "-e" "RUSTFLAGS=--cap-lints=warn" "-e" "CARGO_HOME=/cargo-home" "-e" "RUSTUP_HOME=/rustup-home" "-m" "1536M" "--network" "none" "crater"`
Nov 03 02:59:05.141 INFO blam! 748ceff4e75c99e7dcae2fe432afcbb439c42c68dc56b4c58b59e819ff087912
Nov 03 02:59:05.143 INFO running `"docker" "start" "-a" "748ceff4e75c99e7dcae2fe432afcbb439c42c68dc56b4c58b59e819ff087912"`
Nov 03 02:59:05.538 INFO kablam! usermod: no changes
Nov 03 02:59:05.613 INFO kablam!    Compiling apint v0.2.0 (/source)
Nov 03 02:59:07.935 INFO kablam! warning: method is never used: `from_hi_lo`
Nov 03 02:59:07.935 INFO kablam!    --> src/digit.rs:194:2
Nov 03 02:59:07.935 INFO kablam!     |
Nov 03 02:59:07.935 INFO kablam! 194 |     pub(crate) fn from_hi_lo(hi: Digit, lo: Digit) -> DoubleDigit {
Nov 03 02:59:07.935 INFO kablam!     |     ^^^^^^^^^^^^^^^^^^^^^^^^^^^^^^^^^^^^^^^^^^^^^^^^^^^^^^^^^^^^^
Nov 03 02:59:07.935 INFO kablam!     |
Nov 03 02:59:07.935 INFO kablam!     = note: #[warn(dead_code)] on by default
Nov 03 02:59:07.935 INFO kablam! 
Nov 03 02:59:09.021 INFO kablam!     Finished dev [unoptimized + debuginfo] target(s) in 3.46s
Nov 03 02:59:09.023 INFO kablam! su: No module specific data is present
Nov 03 02:59:09.302 INFO running `"docker" "rm" "-f" "748ceff4e75c99e7dcae2fe432afcbb439c42c68dc56b4c58b59e819ff087912"`
Nov 03 02:59:09.379 INFO blam! 748ceff4e75c99e7dcae2fe432afcbb439c42c68dc56b4c58b59e819ff087912
Nov 03 02:59:09.381 INFO running `"docker" "create" "-v" "/mnt/big/crater/work/local/target-dirs/beta-1.31-1/worker-5/beta-2018-10-30:/target:rw,Z" "-v" "/mnt/big/crater/work/local/test-source/worker-5/beta-1.31-1/beta-2018-10-30:/source:ro,Z" "-v" "/mnt/big/crater/work/local/cargo-home:/cargo-home:ro,Z" "-v" "/mnt/big/crater/work/local/rustup-home:/rustup-home:ro,Z" "-e" "USER_ID=1000" "-e" "SOURCE_DIR=/source" "-e" "USER_ID=1000" "-e" "CMD=cargo +beta-2018-10-30 test --frozen --no-run" "-e" "CARGO_TARGET_DIR=/target" "-e" "CARGO_INCREMENTAL=0" "-e" "RUST_BACKTRACE=full" "-e" "RUSTFLAGS=--cap-lints=warn" "-e" "CARGO_HOME=/cargo-home" "-e" "RUSTUP_HOME=/rustup-home" "-m" "1536M" "--network" "none" "crater"`
Nov 03 02:59:09.547 INFO blam! a8f6c4fa825aa5a9e2bd1ea6992631e6b19e41dbdb25ae69de29dec1719d8639
Nov 03 02:59:09.552 INFO running `"docker" "start" "-a" "a8f6c4fa825aa5a9e2bd1ea6992631e6b19e41dbdb25ae69de29dec1719d8639"`
Nov 03 02:59:10.120 INFO kablam! usermod: no changes
Nov 03 02:59:10.198 INFO kablam!    Compiling apint v0.2.0 (/source)
Nov 03 02:59:13.651 INFO kablam! error[E0597]: borrowed value does not live long enough
Nov 03 02:59:13.651 INFO kablam!    --> src/apint/constructors.rs:429:11
Nov 03 02:59:13.651 INFO kablam!     |
Nov 03 02:59:13.651 INFO kablam! 429 |               .chain([
Nov 03 02:59:13.651 INFO kablam!     |  ____________________^
Nov 03 02:59:13.651 INFO kablam! 430 | |                 u8::max_value(),
Nov 03 02:59:13.651 INFO kablam! 431 | |                 10,
Nov 03 02:59:13.651 INFO kablam! 432 | |                 42,
Nov 03 02:59:13.651 INFO kablam! 433 | |                 99,
Nov 03 02:59:13.651 INFO kablam! 434 | |                 123
Nov 03 02:59:13.651 INFO kablam! 435 | |             ].into_iter()
Nov 03 02:59:13.651 INFO kablam!     | |_____________^ temporary value does not live long enough
Nov 03 02:59:13.651 INFO kablam! 436 |                .map(|v| *v))
Nov 03 02:59:13.651 INFO kablam! 437 |       }
Nov 03 02:59:13.651 INFO kablam!     |       - temporary value only lives until here
Nov 03 02:59:13.651 INFO kablam!     |
Nov 03 02:59:13.651 INFO kablam!     = note: borrowed value must be valid for the static lifetime...
Nov 03 02:59:13.651 INFO kablam! 
Nov 03 02:59:13.657 INFO kablam! error[E0597]: borrowed value does not live long enough
Nov 03 02:59:13.657 INFO kablam!    --> src/apint/constructors.rs:480:11
Nov 03 02:59:13.657 INFO kablam!     |
Nov 03 02:59:13.657 INFO kablam! 480 |               .chain([
Nov 03 02:59:13.657 INFO kablam!     |  ____________________^
Nov 03 02:59:13.657 INFO kablam! 481 | |                 u16::max_value(),
Nov 03 02:59:13.657 INFO kablam! 482 | |                 500,
Nov 03 02:59:13.657 INFO kablam! 483 | |                 1000,
Nov 03 02:59:13.657 INFO kablam! ...   |
Nov 03 02:59:13.657 INFO kablam! 486 | |                 42_000
Nov 03 02:59:13.657 INFO kablam! 487 | |             ].into_iter().map(|v| *v))
Nov 03 02:59:13.657 INFO kablam!     | |_____________^ temporary value does not live long enough
Nov 03 02:59:13.657 INFO kablam! 488 |       }
Nov 03 02:59:13.657 INFO kablam!     |       - temporary value only lives until here
Nov 03 02:59:13.657 INFO kablam!     |
Nov 03 02:59:13.657 INFO kablam!     = note: borrowed value must be valid for the static lifetime...
Nov 03 02:59:13.657 INFO kablam! 
Nov 03 02:59:13.658 INFO kablam! error[E0597]: borrowed value does not live long enough
Nov 03 02:59:13.658 INFO kablam!    --> src/apint/constructors.rs:513:11
Nov 03 02:59:13.658 INFO kablam!     |
Nov 03 02:59:13.658 INFO kablam! 513 |               .chain([
Nov 03 02:59:13.658 INFO kablam!     |  ____________________^
Nov 03 02:59:13.658 INFO kablam! 514 | |                 u32::max_value(),
Nov 03 02:59:13.658 INFO kablam! 515 | |                 1_000_000,
Nov 03 02:59:13.658 INFO kablam! 516 | |                 999_999_999,
Nov 03 02:59:13.658 INFO kablam! 517 | |                 1_234_567_890
Nov 03 02:59:13.658 INFO kablam! 518 | |             ].into_iter().map(|v| *v))
Nov 03 02:59:13.658 INFO kablam!     | |_____________^ temporary value does not live long enough
Nov 03 02:59:13.658 INFO kablam! 519 |       }
Nov 03 02:59:13.658 INFO kablam!     |       - temporary value only lives until here
Nov 03 02:59:13.659 INFO kablam!     |
Nov 03 02:59:13.659 INFO kablam!     = note: borrowed value must be valid for the static lifetime...
Nov 03 02:59:13.659 INFO kablam! 
Nov 03 02:59:13.663 INFO kablam! error[E0597]: borrowed value does not live long enough
Nov 03 02:59:13.663 INFO kablam!    --> src/apint/constructors.rs:544:11
Nov 03 02:59:13.663 INFO kablam!     |
Nov 03 02:59:13.663 INFO kablam! 544 |               .chain([
Nov 03 02:59:13.663 INFO kablam!     |  ____________________^
Nov 03 02:59:13.663 INFO kablam! 545 | |                 u64::max_value(),
Nov 03 02:59:13.663 INFO kablam! 546 | |                 1_000_000_000_000,
Nov 03 02:59:13.663 INFO kablam! 547 | |                 999_999_999_999_999_999,
Nov 03 02:59:13.663 INFO kablam! 548 | |                 0x0123_4567_89AB_CDEF
Nov 03 02:59:13.663 INFO kablam! 549 | |             ].into_iter().map(|v| *v))
Nov 03 02:59:13.663 INFO kablam!     | |_____________^ temporary value does not live long enough
Nov 03 02:59:13.663 INFO kablam! 550 |       }
Nov 03 02:59:13.664 INFO kablam!     |       - temporary value only lives until here
Nov 03 02:59:13.664 INFO kablam!     |
Nov 03 02:59:13.664 INFO kablam!     = note: borrowed value must be valid for the static lifetime...
Nov 03 02:59:13.664 INFO kablam! 
Nov 03 02:59:13.671 INFO kablam! error[E0597]: borrowed value does not live long enough
Nov 03 02:59:13.671 INFO kablam!    --> src/apint/constructors.rs:575:11
Nov 03 02:59:13.671 INFO kablam!     |
Nov 03 02:59:13.671 INFO kablam! 575 |               .chain([
Nov 03 02:59:13.671 INFO kablam!     |  ____________________^
Nov 03 02:59:13.671 INFO kablam! 576 | |                 u128::max_value(),
Nov 03 02:59:13.671 INFO kablam! 577 | |                 1_000_000_000_000_000_000_000_000,
Nov 03 02:59:13.671 INFO kablam! 578 | |                 999_999_999_999_999_999_999_999_999,
Nov 03 02:59:13.671 INFO kablam! 579 | |                 0x0123_4567_89AB_CDEF_FEDC_BA98_7654_3210
Nov 03 02:59:13.671 INFO kablam! 580 | |             ].into_iter().map(|v| *v))
Nov 03 02:59:13.671 INFO kablam!     | |_____________^ temporary value does not live long enough
Nov 03 02:59:13.672 INFO kablam! 581 |       }
Nov 03 02:59:13.672 INFO kablam!     |       - temporary value only lives until here
Nov 03 02:59:13.672 INFO kablam!     |
Nov 03 02:59:13.672 INFO kablam!     = note: borrowed value must be valid for the static lifetime...
Nov 03 02:59:13.672 INFO kablam! 
Nov 03 02:59:14.105 INFO kablam! error: aborting due to 5 previous errors
Nov 03 02:59:14.105 INFO kablam! 
Nov 03 02:59:14.105 INFO kablam! For more information about this error, try `rustc --explain E0597`.
Nov 03 02:59:14.113 INFO kablam! error: Could not compile `apint`.
Nov 03 02:59:14.113 INFO kablam! 
Nov 03 02:59:14.113 INFO kablam! To learn more, run the command again with --verbose.
Nov 03 02:59:14.114 INFO kablam! su: No module specific data is present
Nov 03 02:59:14.613 INFO running `"docker" "rm" "-f" "a8f6c4fa825aa5a9e2bd1ea6992631e6b19e41dbdb25ae69de29dec1719d8639"`
Nov 03 02:59:14.847 INFO blam! a8f6c4fa825aa5a9e2bd1ea6992631e6b19e41dbdb25ae69de29dec1719d8639
