Nov 01 07:07:42.062 INFO testing jchristgit/rusday against beta-2018-10-30 for beta-1.31-1
Nov 01 07:07:42.063 INFO running `"docker" "create" "-v" "/mnt/big/crater/work/local/target-dirs/beta-1.31-1/worker-4/beta-2018-10-30:/target:rw,Z" "-v" "/mnt/big/crater/work/local/test-source/worker-4/beta-1.31-1/beta-2018-10-30:/source:ro,Z" "-v" "/mnt/big/crater/work/local/cargo-home:/cargo-home:ro,Z" "-v" "/mnt/big/crater/work/local/rustup-home:/rustup-home:ro,Z" "-e" "USER_ID=1000" "-e" "SOURCE_DIR=/source" "-e" "USER_ID=1000" "-e" "CMD=cargo +beta-2018-10-30 build --frozen" "-e" "CARGO_TARGET_DIR=/target" "-e" "CARGO_INCREMENTAL=0" "-e" "RUST_BACKTRACE=full" "-e" "RUSTFLAGS=--cap-lints=warn" "-e" "CARGO_HOME=/cargo-home" "-e" "RUSTUP_HOME=/rustup-home" "-m" "1536M" "--network" "none" "crater"`
Nov 01 07:07:42.567 INFO blam! 56179e264aabeaff441dbb7085b2369129ccf428a3dfa7736ba719b89a01dcf6
Nov 01 07:07:42.571 INFO running `"docker" "start" "-a" "56179e264aabeaff441dbb7085b2369129ccf428a3dfa7736ba719b89a01dcf6"`
Nov 01 07:07:43.501 INFO kablam! usermod: no changes
Nov 01 07:07:43.615 INFO kablam!    Compiling isatty v0.1.6
Nov 01 07:07:43.615 INFO kablam!    Compiling clap v2.29.4
Nov 01 07:07:43.623 INFO kablam!    Compiling num v0.1.42
Nov 01 07:07:44.235 INFO kablam!    Compiling chrono v0.4.0
Nov 01 07:07:47.791 INFO kablam!    Compiling rusqlite v0.13.0
Nov 01 07:08:01.817 INFO kablam!    Compiling rusday v0.5.1 (/source)
Nov 01 07:08:02.591 INFO kablam! warning: use of deprecated item 'std::env::home_dir': This function's behavior is unexpected and probably not what you want. Consider using the home_dir function from https://crates.io/crates/dirs instead.
Nov 01 07:08:02.591 INFO kablam!   --> src/common.rs:35:39
Nov 01 07:08:02.591 INFO kablam!    |
Nov 01 07:08:02.591 INFO kablam! 35 |                 let mut db_path_buf = env::home_dir().unwrap();
Nov 01 07:08:02.591 INFO kablam!    |                                       ^^^^^^^^^^^^^
Nov 01 07:08:02.591 INFO kablam!    |
Nov 01 07:08:02.591 INFO kablam!    = note: #[warn(deprecated)] on by default
Nov 01 07:08:02.591 INFO kablam! 
Nov 01 07:08:05.809 INFO kablam!     Finished dev [unoptimized + debuginfo] target(s) in 22.27s
Nov 01 07:08:05.816 INFO kablam! su: No module specific data is present
Nov 01 07:08:06.741 INFO running `"docker" "rm" "-f" "56179e264aabeaff441dbb7085b2369129ccf428a3dfa7736ba719b89a01dcf6"`
Nov 01 07:08:07.104 INFO blam! 56179e264aabeaff441dbb7085b2369129ccf428a3dfa7736ba719b89a01dcf6
Nov 01 07:08:07.107 INFO running `"docker" "create" "-v" "/mnt/big/crater/work/local/target-dirs/beta-1.31-1/worker-4/beta-2018-10-30:/target:rw,Z" "-v" "/mnt/big/crater/work/local/test-source/worker-4/beta-1.31-1/beta-2018-10-30:/source:ro,Z" "-v" "/mnt/big/crater/work/local/cargo-home:/cargo-home:ro,Z" "-v" "/mnt/big/crater/work/local/rustup-home:/rustup-home:ro,Z" "-e" "USER_ID=1000" "-e" "SOURCE_DIR=/source" "-e" "USER_ID=1000" "-e" "CMD=cargo +beta-2018-10-30 test --frozen --no-run" "-e" "CARGO_TARGET_DIR=/target" "-e" "CARGO_INCREMENTAL=0" "-e" "RUST_BACKTRACE=full" "-e" "RUSTFLAGS=--cap-lints=warn" "-e" "CARGO_HOME=/cargo-home" "-e" "RUSTUP_HOME=/rustup-home" "-m" "1536M" "--network" "none" "crater"`
Nov 01 07:08:07.583 INFO blam! f1c44710302b5d94142c0dc09c03f28cfa460474227ba3b5049263342d577d02
Nov 01 07:08:07.585 INFO running `"docker" "start" "-a" "f1c44710302b5d94142c0dc09c03f28cfa460474227ba3b5049263342d577d02"`
Nov 01 07:08:09.043 INFO kablam! usermod: no changes
Nov 01 07:08:09.167 INFO kablam!    Compiling rusday v0.5.1 (/source)
Nov 01 07:08:10.862 INFO kablam! warning: use of deprecated item 'std::env::home_dir': This function's behavior is unexpected and probably not what you want. Consider using the home_dir function from https://crates.io/crates/dirs instead.
Nov 01 07:08:10.862 INFO kablam!   --> src/common.rs:35:39
Nov 01 07:08:10.862 INFO kablam!    |
Nov 01 07:08:10.862 INFO kablam! 35 |                 let mut db_path_buf = env::home_dir().unwrap();
Nov 01 07:08:10.862 INFO kablam!    |                                       ^^^^^^^^^^^^^
Nov 01 07:08:10.862 INFO kablam!    |
Nov 01 07:08:10.862 INFO kablam!    = note: #[warn(deprecated)] on by default
Nov 01 07:08:10.862 INFO kablam! 
Nov 01 07:08:13.003 INFO kablam!     Finished dev [unoptimized + debuginfo] target(s) in 3.91s
Nov 01 07:08:13.003 INFO kablam! su: No module specific data is present
Nov 01 07:08:13.845 INFO running `"docker" "rm" "-f" "f1c44710302b5d94142c0dc09c03f28cfa460474227ba3b5049263342d577d02"`
Nov 01 07:08:14.143 INFO blam! f1c44710302b5d94142c0dc09c03f28cfa460474227ba3b5049263342d577d02
Nov 01 07:08:14.152 INFO running `"docker" "create" "-v" "/mnt/big/crater/work/local/target-dirs/beta-1.31-1/worker-4/beta-2018-10-30:/target:rw,Z" "-v" "/mnt/big/crater/work/local/test-source/worker-4/beta-1.31-1/beta-2018-10-30:/source:ro,Z" "-v" "/mnt/big/crater/work/local/cargo-home:/cargo-home:ro,Z" "-v" "/mnt/big/crater/work/local/rustup-home:/rustup-home:ro,Z" "-e" "USER_ID=1000" "-e" "SOURCE_DIR=/source" "-e" "USER_ID=1000" "-e" "CMD=cargo +beta-2018-10-30 test --frozen" "-e" "CARGO_TARGET_DIR=/target" "-e" "CARGO_INCREMENTAL=0" "-e" "RUST_BACKTRACE=full" "-e" "RUSTFLAGS=--cap-lints=warn" "-e" "CARGO_HOME=/cargo-home" "-e" "RUSTUP_HOME=/rustup-home" "-m" "1536M" "--network" "none" "crater"`
Nov 01 07:08:14.613 INFO blam! 6f17adf3de278399a3dd5a06b75ec1e89ba0a2d3a205eb08f412e9c36a5a6a8e
Nov 01 07:08:14.615 INFO running `"docker" "start" "-a" "6f17adf3de278399a3dd5a06b75ec1e89ba0a2d3a205eb08f412e9c36a5a6a8e"`
Nov 01 07:08:16.090 INFO kablam! usermod: no changes
Nov 01 07:08:16.227 INFO kablam!     Finished dev [unoptimized + debuginfo] target(s) in 0.10s
Nov 01 07:08:16.238 INFO kablam!      Running /target/debug/deps/rusday-2184bde017790174
Nov 01 07:08:16.247 INFO blam! 
Nov 01 07:08:16.247 INFO blam! running 10 tests
Nov 01 07:08:16.255 INFO blam! test add::tests::person_from_args_as_expected ... ok
Nov 01 07:08:16.255 INFO blam! test common::tests::get_db_path_with_set_rusday_db_path ... ok
Nov 01 07:08:16.267 INFO blam! test add::tests::invalid_date_returns_err ... ok
Nov 01 07:08:16.267 INFO blam! test remove::tests::returns_err_with_no_matching_entry ... ok
Nov 01 07:08:16.267 INFO blam! test remove::tests::returns_ok_with_matching_entry ... ok
Nov 01 07:08:16.291 INFO blam! test dashboard::tests::returns_ok_with_no_records ... ok
Nov 01 07:08:16.291 INFO blam! test add::tests::valid_insert_returns_ok ... ok
Nov 01 07:08:16.291 INFO blam! test list::tests::returns_ok_with_no_records ... ok
Nov 01 07:08:16.291 INFO blam! test remove::tests::returns_err_with_no_entries ... ok
Nov 01 07:08:16.347 INFO blam! test common::tests::get_db_path_with_set_xdg_data_home ... FAILED
Nov 01 07:08:16.347 INFO blam! 
Nov 01 07:08:16.347 INFO blam! failures:
Nov 01 07:08:16.347 INFO blam! 
Nov 01 07:08:16.347 INFO blam! ---- common::tests::get_db_path_with_set_xdg_data_home stdout ----
Nov 01 07:08:16.347 INFO blam! thread 'common::tests::get_db_path_with_set_xdg_data_home' panicked at 'assertion failed: `(left == right)`
Nov 01 07:08:16.347 INFO blam!   left: `":memory:"`,
Nov 01 07:08:16.347 INFO blam!  right: `"/home/user/data/rusday.db"`', src/common.rs:82:9
Nov 01 07:08:16.347 INFO blam! stack backtrace:
Nov 01 07:08:16.347 INFO blam!    0:     0x55b315b1022f - std::sys::unix::backtrace::tracing::imp::unwind_backtrace::h3c55afa80a996a32
Nov 01 07:08:16.347 INFO blam!                                at libstd/sys/unix/backtrace/tracing/gcc_s.rs:49
Nov 01 07:08:16.347 INFO blam!    1:     0x55b315b196d7 - std::sys_common::backtrace::print::hcef907ea7a07cd40
Nov 01 07:08:16.347 INFO blam!                                at libstd/sys_common/backtrace.rs:71
Nov 01 07:08:16.347 INFO blam!                                at libstd/sys_common/backtrace.rs:59
Nov 01 07:08:16.347 INFO blam!    2:     0x55b315b1407f - std::panicking::default_hook::{{closure}}::hf541876c65f36ea7
Nov 01 07:08:16.347 INFO blam!                                at libstd/panicking.rs:211
Nov 01 07:08:16.347 INFO blam!    3:     0x55b315b13d7e - std::panicking::default_hook::h4ecc06b30ae4459d
Nov 01 07:08:16.347 INFO blam!                                at libstd/panicking.rs:221
Nov 01 07:08:16.347 INFO blam!    4:     0x55b315b1475e - std::panicking::rust_panic_with_hook::h0cc6d9cc9f34a947
Nov 01 07:08:16.347 INFO blam!                                at libstd/panicking.rs:476
Nov 01 07:08:16.347 INFO blam!    5:     0x55b315b14301 - std::panicking::continue_panic_fmt::hc71ad5f01496e320
Nov 01 07:08:16.347 INFO blam!                                at libstd/panicking.rs:390
Nov 01 07:08:16.347 INFO blam!    6:     0x55b315b1424e - std::panicking::begin_panic_fmt::hdb958223ae20ca60
Nov 01 07:08:16.347 INFO blam!                                at libstd/panicking.rs:345
Nov 01 07:08:16.347 INFO blam!    7:     0x55b315a6d578 - rusday::common::tests::get_db_path_with_set_xdg_data_home::h4592d5aca7e15738
Nov 01 07:08:16.347 INFO blam!                                at src/common.rs:82
Nov 01 07:08:16.347 INFO blam!    8:     0x55b315a6d369 - rusday::common::tests::get_db_path_with_set_xdg_data_home::{{closure}}::h62854ada4ab047ec
Nov 01 07:08:16.347 INFO blam!                                at src/common.rs:80
Nov 01 07:08:16.347 INFO blam!    9:     0x55b315a6fafd - core::ops::function::FnOnce::call_once::h7bc7e421f8b7e53c
Nov 01 07:08:16.347 INFO blam!                                at libcore/ops/function.rs:238
Nov 01 07:08:16.347 INFO blam!   10:     0x55b315a73b5e - <F as alloc::boxed::FnBox<A>>::call_box::hf32558bd83684b60
Nov 01 07:08:16.347 INFO blam!                                at libtest/lib.rs:1468
Nov 01 07:08:16.347 INFO blam!                                at libcore/ops/function.rs:238
Nov 01 07:08:16.348 INFO blam!                                at liballoc/boxed.rs:672
Nov 01 07:08:16.348 INFO blam!   11:     0x55b315b24909 - __rust_maybe_catch_panic
Nov 01 07:08:16.348 INFO blam!                                at libpanic_unwind/lib.rs:102
Nov 01 07:08:16.348 INFO blam!   12:     0x55b315a957c2 - std::sys_common::backtrace::__rust_begin_short_backtrace::h1bb71a7386fd3269
Nov 01 07:08:16.348 INFO blam!                                at libstd/panicking.rs:289
Nov 01 07:08:16.348 INFO blam!                                at libstd/panic.rs:392
Nov 01 07:08:16.348 INFO blam!                                at libtest/lib.rs:1423
Nov 01 07:08:16.348 INFO blam!                                at libstd/sys_common/backtrace.rs:136
Nov 01 07:08:16.348 INFO blam!   13:     0x55b315a96274 - std::panicking::try::do_call::h9b94719c3074bb5c
Nov 01 07:08:16.348 INFO blam!                                at libstd/thread/mod.rs:409
Nov 01 07:08:16.348 INFO blam!                                at libstd/panic.rs:313
Nov 01 07:08:16.348 INFO blam!                                at libstd/panicking.rs:310
Nov 01 07:08:16.348 INFO blam!   14:     0x55b315b24909 - __rust_maybe_catch_panic
Nov 01 07:08:16.348 INFO blam!                                at libpanic_unwind/lib.rs:102
Nov 01 07:08:16.348 INFO blam!   15:     0x55b315a8349c - <F as alloc::boxed::FnBox<A>>::call_box::hb3bcd66d16fd3e84
Nov 01 07:08:16.348 INFO blam!                                at libstd/panicking.rs:289
Nov 01 07:08:16.348 INFO blam!                                at libstd/panic.rs:392
Nov 01 07:08:16.348 INFO blam!                                at libstd/thread/mod.rs:408
Nov 01 07:08:16.348 INFO blam!                                at liballoc/boxed.rs:672
Nov 01 07:08:16.348 INFO blam!   16:     0x55b315b11f7d - std::sys_common::thread::start_thread::had0c80d121669d29
Nov 01 07:08:16.348 INFO blam!                                at liballoc/boxed.rs:682
Nov 01 07:08:16.348 INFO blam!                                at libstd/sys_common/thread.rs:24
Nov 01 07:08:16.348 INFO blam!   17:     0x55b315b07335 - std::sys::unix::thread::Thread::new::thread_start::h4a5b66a70d76f47f
Nov 01 07:08:16.348 INFO blam!                                at libstd/sys/unix/thread.rs:90
Nov 01 07:08:16.348 INFO blam!   18:     0x7f267a3066b9 - start_thread
Nov 01 07:08:16.348 INFO blam!   19:     0x7f2679e2641c - clone
Nov 01 07:08:16.348 INFO blam!   20:                0x0 - <unknown>
Nov 01 07:08:16.348 INFO blam! 
Nov 01 07:08:16.348 INFO blam! 
Nov 01 07:08:16.348 INFO blam! failures:
Nov 01 07:08:16.348 INFO blam!     common::tests::get_db_path_with_set_xdg_data_home
Nov 01 07:08:16.348 INFO blam! 
Nov 01 07:08:16.348 INFO blam! test result: FAILED. 9 passed; 1 failed; 0 ignored; 0 measured; 0 filtered out
Nov 01 07:08:16.348 INFO blam! 
Nov 01 07:08:16.367 INFO kablam! error: test failed, to rerun pass '--lib'
Nov 01 07:08:16.367 INFO kablam! su: No module specific data is present
Nov 01 07:08:17.265 INFO running `"docker" "rm" "-f" "6f17adf3de278399a3dd5a06b75ec1e89ba0a2d3a205eb08f412e9c36a5a6a8e"`
Nov 01 07:08:17.563 INFO blam! 6f17adf3de278399a3dd5a06b75ec1e89ba0a2d3a205eb08f412e9c36a5a6a8e
