Nov 01 17:28:41.021 INFO testing TheWaWaR/cita-create-genesis against beta-2018-10-30 for beta-1.31-1
Nov 01 17:28:41.023 INFO running `"docker" "create" "-v" "/mnt/big/crater/work/local/target-dirs/beta-1.31-1/worker-2/beta-2018-10-30:/target:rw,Z" "-v" "/mnt/big/crater/work/local/test-source/worker-2/beta-1.31-1/beta-2018-10-30:/source:ro,Z" "-v" "/mnt/big/crater/work/local/cargo-home:/cargo-home:ro,Z" "-v" "/mnt/big/crater/work/local/rustup-home:/rustup-home:ro,Z" "-e" "USER_ID=1000" "-e" "SOURCE_DIR=/source" "-e" "USER_ID=1000" "-e" "CMD=cargo +beta-2018-10-30 build --frozen" "-e" "CARGO_TARGET_DIR=/target" "-e" "CARGO_INCREMENTAL=0" "-e" "RUST_BACKTRACE=full" "-e" "RUSTFLAGS=--cap-lints=warn" "-e" "CARGO_HOME=/cargo-home" "-e" "RUSTUP_HOME=/rustup-home" "-m" "1536M" "--network" "none" "crater"`
Nov 01 17:28:41.324 INFO blam! 8cc5e2cba7778ad603e6e98d7024ea623290c1e6f01f43800a455066750a13ce
Nov 01 17:28:41.325 INFO running `"docker" "start" "-a" "8cc5e2cba7778ad603e6e98d7024ea623290c1e6f01f43800a455066750a13ce"`
Nov 01 17:28:42.084 INFO kablam! usermod: no changes
Nov 01 17:28:42.364 INFO kablam!    Compiling nodrop v0.1.12
Nov 01 17:28:42.364 INFO kablam!    Compiling byteorder v1.2.4
Nov 01 17:28:42.364 INFO kablam!    Compiling etcommon-hexutil v0.2.3
Nov 01 17:28:42.364 INFO kablam!    Compiling elastic-array-plus v0.9.1
Nov 01 17:28:42.364 INFO kablam!    Compiling odds v0.2.26
Nov 01 17:28:42.364 INFO kablam!    Compiling blockchain v0.2.0
Nov 01 17:28:42.364 INFO kablam!    Compiling rustc-hex v2.0.0
Nov 01 17:28:42.364 INFO kablam!    Compiling secp256k1-plus v0.5.7
Nov 01 17:28:45.435 INFO kablam!    Compiling uint v0.2.1
Nov 01 17:28:45.759 INFO kablam!    Compiling ethereum-types v0.3.2
Nov 01 17:28:46.791 INFO kablam!    Compiling ethereum-types-serialize v0.2.1
Nov 01 17:28:47.447 INFO kablam!    Compiling fixed-hash v0.2.1
Nov 01 17:28:47.531 INFO kablam!    Compiling syn v0.14.7
Nov 01 17:28:49.907 INFO kablam!    Compiling generic-array v0.8.3
Nov 01 17:28:51.709 INFO kablam!    Compiling etcommon-rlp v0.2.3
Nov 01 17:28:51.816 INFO kablam!    Compiling arrayvec v0.3.25
Nov 01 17:28:52.075 INFO kablam!    Compiling ethbloom v0.5.0
Nov 01 17:28:53.643 INFO kablam!    Compiling digest v0.6.2
Nov 01 17:28:53.643 INFO kablam!    Compiling block-buffer v0.2.0
Nov 01 17:28:56.531 INFO kablam!    Compiling sha3 v0.6.0
Nov 01 17:28:57.323 INFO kablam!    Compiling ripemd160 v0.6.0
Nov 01 17:28:57.383 INFO kablam!    Compiling sha2 v0.6.0
Nov 01 17:28:57.784 INFO kablam!    Compiling etcommon-bigint v0.2.9
Nov 01 17:29:07.707 INFO kablam!    Compiling etcommon-trie v0.3.11
Nov 01 17:29:07.707 INFO kablam!    Compiling etcommon-bloom v0.2.1
Nov 01 17:29:07.707 INFO kablam!    Compiling etcommon-block-core v0.1.0
Nov 01 17:29:13.603 INFO kablam!    Compiling serde_derive v1.0.70
Nov 01 17:29:14.432 INFO kablam!    Compiling etcommon-block v0.3.4
Nov 01 17:29:17.839 INFO kablam!    Compiling sputnikvm v0.10.1
Nov 01 17:29:23.775 INFO kablam!    Compiling sputnikvm-stateful v0.10.0
Nov 01 17:29:23.775 INFO kablam!    Compiling sputnikvm-network-classic v0.10.0
Nov 01 17:29:27.175 INFO kablam! error[E0311]: the associated type `<D as trie::Database<'_>>::Guard` may not live long enough
Nov 01 17:29:27.175 INFO kablam!    --> /cargo-home/registry/src/github.com-1ecc6299db9ec823/sputnikvm-stateful-0.10.0/src/lib.rs:471:13
Nov 01 17:29:27.175 INFO kablam!     |
Nov 01 17:29:27.175 INFO kablam! 471 |         let state = self.state();
Nov 01 17:29:27.175 INFO kablam!     |             ^^^^^
Nov 01 17:29:27.175 INFO kablam!     |
Nov 01 17:29:27.175 INFO kablam!     = help: consider adding an explicit lifetime bound for `<D as trie::Database<'_>>::Guard`
Nov 01 17:29:27.176 INFO kablam! note: the associated type `<D as trie::Database<'_>>::Guard` must be valid for the block suffix following statement 0 at 471:9...
Nov 01 17:29:27.176 INFO kablam!    --> /cargo-home/registry/src/github.com-1ecc6299db9ec823/sputnikvm-stateful-0.10.0/src/lib.rs:471:9
Nov 01 17:29:27.176 INFO kablam!     |
Nov 01 17:29:27.176 INFO kablam! 471 | /         let state = self.state();
Nov 01 17:29:27.176 INFO kablam! 472 | |         let account = state.get(&address);
Nov 01 17:29:27.176 INFO kablam! 473 | |
Nov 01 17:29:27.176 INFO kablam! 474 | |         match account {
Nov 01 17:29:27.176 INFO kablam! ...   |
Nov 01 17:29:27.176 INFO kablam! 479 | |         }
Nov 01 17:29:27.176 INFO kablam! 480 | |     }
Nov 01 17:29:27.176 INFO kablam!     | |_____^
Nov 01 17:29:27.176 INFO kablam! note: ...so that variable is valid at time of its declaration
Nov 01 17:29:27.176 INFO kablam!    --> /cargo-home/registry/src/github.com-1ecc6299db9ec823/sputnikvm-stateful-0.10.0/src/lib.rs:471:13
Nov 01 17:29:27.176 INFO kablam!     |
Nov 01 17:29:27.176 INFO kablam! 471 |         let state = self.state();
Nov 01 17:29:27.176 INFO kablam!     |             ^^^^^
Nov 01 17:29:27.176 INFO kablam! 
Nov 01 17:29:27.176 INFO kablam! error[E0311]: the associated type `<D as trie::Database<'_>>::Guard` may not live long enough
Nov 01 17:29:27.176 INFO kablam!    --> /cargo-home/registry/src/github.com-1ecc6299db9ec823/sputnikvm-stateful-0.10.0/src/lib.rs:471:13
Nov 01 17:29:27.176 INFO kablam!     |
Nov 01 17:29:27.176 INFO kablam! 471 |         let state = self.state();
Nov 01 17:29:27.176 INFO kablam!     |             ^^^^^
Nov 01 17:29:27.176 INFO kablam!     |
Nov 01 17:29:27.176 INFO kablam!     = help: consider adding an explicit lifetime bound for `<D as trie::Database<'_>>::Guard`
Nov 01 17:29:27.176 INFO kablam! note: the associated type `<D as trie::Database<'_>>::Guard` must be valid for the block at 470:125...
Nov 01 17:29:27.176 INFO kablam!    --> /cargo-home/registry/src/github.com-1ecc6299db9ec823/sputnikvm-stateful-0.10.0/src/lib.rs:470:125
Nov 01 17:29:27.176 INFO kablam!     |
Nov 01 17:29:27.176 INFO kablam! 470 |       pub fn storage_state<'a>(&'a self, address: Address) -> Option<FixedSecureTrie<<D as Database<'a>>::Guard, H256, M256>> {
Nov 01 17:29:27.176 INFO kablam!     |  _____________________________________________________________________________________________________________________________^
Nov 01 17:29:27.176 INFO kablam! 471 | |         let state = self.state();
Nov 01 17:29:27.176 INFO kablam! 472 | |         let account = state.get(&address);
Nov 01 17:29:27.176 INFO kablam! 473 | |
Nov 01 17:29:27.176 INFO kablam! ...   |
Nov 01 17:29:27.177 INFO kablam! 479 | |         }
Nov 01 17:29:27.177 INFO kablam! 480 | |     }
Nov 01 17:29:27.177 INFO kablam!     | |_____^
Nov 01 17:29:27.178 INFO kablam! note: ...so that references are valid when the destructor runs
Nov 01 17:29:27.178 INFO kablam!    --> /cargo-home/registry/src/github.com-1ecc6299db9ec823/sputnikvm-stateful-0.10.0/src/lib.rs:471:13
Nov 01 17:29:27.178 INFO kablam!     |
Nov 01 17:29:27.178 INFO kablam! 471 |         let state = self.state();
Nov 01 17:29:27.178 INFO kablam!     |             ^^^^^
Nov 01 17:29:27.178 INFO kablam! 
Nov 01 17:29:27.178 INFO kablam! error[E0311]: the associated type `<D as trie::Database<'_>>::Guard` may not live long enough
Nov 01 17:29:27.178 INFO kablam!    --> /cargo-home/registry/src/github.com-1ecc6299db9ec823/sputnikvm-stateful-0.10.0/src/lib.rs:471:21
Nov 01 17:29:27.178 INFO kablam!     |
Nov 01 17:29:27.178 INFO kablam! 471 |         let state = self.state();
Nov 01 17:29:27.178 INFO kablam!     |                     ^^^^^^^^^^^^
Nov 01 17:29:27.178 INFO kablam!     |
Nov 01 17:29:27.178 INFO kablam!     = help: consider adding an explicit lifetime bound for `<D as trie::Database<'_>>::Guard`
Nov 01 17:29:27.178 INFO kablam! note: the associated type `<D as trie::Database<'_>>::Guard` must be valid for the method call at 471:21...
Nov 01 17:29:27.178 INFO kablam!    --> /cargo-home/registry/src/github.com-1ecc6299db9ec823/sputnikvm-stateful-0.10.0/src/lib.rs:471:21
Nov 01 17:29:27.178 INFO kablam!     |
Nov 01 17:29:27.178 INFO kablam! 471 |         let state = self.state();
Nov 01 17:29:27.178 INFO kablam!     |                     ^^^^^^^^^^^^
Nov 01 17:29:27.178 INFO kablam! note: ...so type `trie::FixedSecureTrie<<D as trie::Database<'_>>::Guard, bigint::H160, block::Account>` of expression is valid during the expression
Nov 01 17:29:27.178 INFO kablam!    --> /cargo-home/registry/src/github.com-1ecc6299db9ec823/sputnikvm-stateful-0.10.0/src/lib.rs:471:21
Nov 01 17:29:27.178 INFO kablam!     |
Nov 01 17:29:27.178 INFO kablam! 471 |         let state = self.state();
Nov 01 17:29:27.178 INFO kablam!     |                     ^^^^^^^^^^^^
Nov 01 17:29:27.178 INFO kablam! 
Nov 01 17:29:27.178 INFO kablam! error[E0311]: the associated type `<D as trie::Database<'_>>::Guard` may not live long enough
Nov 01 17:29:27.178 INFO kablam!    --> /cargo-home/registry/src/github.com-1ecc6299db9ec823/sputnikvm-stateful-0.10.0/src/lib.rs:471:21
Nov 01 17:29:27.178 INFO kablam!     |
Nov 01 17:29:27.178 INFO kablam! 471 |         let state = self.state();
Nov 01 17:29:27.178 INFO kablam!     |                     ^^^^^^^^^^^^
Nov 01 17:29:27.180 INFO kablam!     |
Nov 01 17:29:27.180 INFO kablam!     = help: consider adding an explicit lifetime bound for `<D as trie::Database<'_>>::Guard`
Nov 01 17:29:27.180 INFO kablam! note: the associated type `<D as trie::Database<'_>>::Guard` must be valid for the destruction scope surrounding statement at 471:9...
Nov 01 17:29:27.180 INFO kablam!    --> /cargo-home/registry/src/github.com-1ecc6299db9ec823/sputnikvm-stateful-0.10.0/src/lib.rs:471:9
Nov 01 17:29:27.180 INFO kablam!     |
Nov 01 17:29:27.180 INFO kablam! 471 |         let state = self.state();
Nov 01 17:29:27.180 INFO kablam!     |         ^^^^^^^^^^^^^^^^^^^^^^^^^
Nov 01 17:29:27.180 INFO kablam! note: ...so that references are valid when the destructor runs
Nov 01 17:29:27.180 INFO kablam!    --> /cargo-home/registry/src/github.com-1ecc6299db9ec823/sputnikvm-stateful-0.10.0/src/lib.rs:471:21
Nov 01 17:29:27.180 INFO kablam!     |
Nov 01 17:29:27.180 INFO kablam! 471 |         let state = self.state();
Nov 01 17:29:27.180 INFO kablam!     |                     ^^^^^^^^^^^^
Nov 01 17:29:27.180 INFO kablam! 
Nov 01 17:29:27.180 INFO kablam! error[E0311]: the associated type `<D as trie::Database<'_>>::Guard` may not live long enough
Nov 01 17:29:27.180 INFO kablam!    --> /cargo-home/registry/src/github.com-1ecc6299db9ec823/sputnikvm-stateful-0.10.0/src/lib.rs:472:23
Nov 01 17:29:27.180 INFO kablam!     |
Nov 01 17:29:27.180 INFO kablam! 472 |         let account = state.get(&address);
Nov 01 17:29:27.180 INFO kablam!     |                       ^^^^^
Nov 01 17:29:27.180 INFO kablam!     |
Nov 01 17:29:27.180 INFO kablam!     = help: consider adding an explicit lifetime bound for `<D as trie::Database<'_>>::Guard`
Nov 01 17:29:27.180 INFO kablam! note: the associated type `<D as trie::Database<'_>>::Guard` must be valid for the method call at 472:23...
Nov 01 17:29:27.180 INFO kablam!    --> /cargo-home/registry/src/github.com-1ecc6299db9ec823/sputnikvm-stateful-0.10.0/src/lib.rs:472:23
Nov 01 17:29:27.180 INFO kablam!     |
Nov 01 17:29:27.180 INFO kablam! 472 |         let account = state.get(&address);
Nov 01 17:29:27.180 INFO kablam!     |                       ^^^^^^^^^^^^^^^^^^^
Nov 01 17:29:27.181 INFO kablam! note: ...so that method receiver is valid for the method call
Nov 01 17:29:27.181 INFO kablam!    --> /cargo-home/registry/src/github.com-1ecc6299db9ec823/sputnikvm-stateful-0.10.0/src/lib.rs:472:23
Nov 01 17:29:27.181 INFO kablam!     |
Nov 01 17:29:27.181 INFO kablam! 472 |         let account = state.get(&address);
Nov 01 17:29:27.181 INFO kablam!     |                       ^^^^^
Nov 01 17:29:27.181 INFO kablam! 
Nov 01 17:29:27.181 INFO kablam! error[E0311]: the associated type `<D as trie::Database<'_>>::Guard` may not live long enough
Nov 01 17:29:27.181 INFO kablam!    --> /cargo-home/registry/src/github.com-1ecc6299db9ec823/sputnikvm-stateful-0.10.0/src/lib.rs:472:23
Nov 01 17:29:27.181 INFO kablam!     |
Nov 01 17:29:27.181 INFO kablam! 472 |         let account = state.get(&address);
Nov 01 17:29:27.181 INFO kablam!     |                       ^^^^^
Nov 01 17:29:27.181 INFO kablam!     |
Nov 01 17:29:27.181 INFO kablam!     = help: consider adding an explicit lifetime bound for `<D as trie::Database<'_>>::Guard`
Nov 01 17:29:27.181 INFO kablam! note: the associated type `<D as trie::Database<'_>>::Guard` must be valid for the expression at 472:23...
Nov 01 17:29:27.181 INFO kablam!    --> /cargo-home/registry/src/github.com-1ecc6299db9ec823/sputnikvm-stateful-0.10.0/src/lib.rs:472:23
Nov 01 17:29:27.181 INFO kablam!     |
Nov 01 17:29:27.181 INFO kablam! 472 |         let account = state.get(&address);
Nov 01 17:29:27.181 INFO kablam!     |                       ^^^^^
Nov 01 17:29:27.181 INFO kablam! note: ...so type `trie::FixedSecureTrie<<D as trie::Database<'_>>::Guard, bigint::H160, block::Account>` of expression is valid during the expression
Nov 01 17:29:27.181 INFO kablam!    --> /cargo-home/registry/src/github.com-1ecc6299db9ec823/sputnikvm-stateful-0.10.0/src/lib.rs:472:23
Nov 01 17:29:27.181 INFO kablam!     |
Nov 01 17:29:27.181 INFO kablam! 472 |         let account = state.get(&address);
Nov 01 17:29:27.181 INFO kablam!     |                       ^^^^^
Nov 01 17:29:27.181 INFO kablam! 
Nov 01 17:29:27.181 INFO kablam! error[E0311]: the associated type `<D as trie::Database<'_>>::Guard` may not live long enough
Nov 01 17:29:27.181 INFO kablam!    --> /cargo-home/registry/src/github.com-1ecc6299db9ec823/sputnikvm-stateful-0.10.0/src/lib.rs:472:23
Nov 01 17:29:27.181 INFO kablam!     |
Nov 01 17:29:27.181 INFO kablam! 472 |         let account = state.get(&address);
Nov 01 17:29:27.181 INFO kablam!     |                       ^^^^^
Nov 01 17:29:27.183 INFO kablam!     |
Nov 01 17:29:27.183 INFO kablam!     = help: consider adding an explicit lifetime bound for `<D as trie::Database<'_>>::Guard`
Nov 01 17:29:27.183 INFO kablam! note: the associated type `<D as trie::Database<'_>>::Guard` must be valid for the method call at 472:23...
Nov 01 17:29:27.183 INFO kablam!    --> /cargo-home/registry/src/github.com-1ecc6299db9ec823/sputnikvm-stateful-0.10.0/src/lib.rs:472:23
Nov 01 17:29:27.183 INFO kablam!     |
Nov 01 17:29:27.183 INFO kablam! 472 |         let account = state.get(&address);
Nov 01 17:29:27.183 INFO kablam!     |                       ^^^^^^^^^^^^^^^^^^^
Nov 01 17:29:27.183 INFO kablam! note: ...so that the type `trie::FixedSecureTrie<<D as trie::Database<'_>>::Guard, bigint::H160, block::Account>` is not borrowed for too long
Nov 01 17:29:27.183 INFO kablam!    --> /cargo-home/registry/src/github.com-1ecc6299db9ec823/sputnikvm-stateful-0.10.0/src/lib.rs:472:23
Nov 01 17:29:27.183 INFO kablam!     |
Nov 01 17:29:27.183 INFO kablam! 472 |         let account = state.get(&address);
Nov 01 17:29:27.183 INFO kablam!     |                       ^^^^^
Nov 01 17:29:27.183 INFO kablam! 
Nov 01 17:29:27.184 INFO kablam! error[E0311]: the associated type `<D as trie::Database<'_>>::Guard` may not live long enough
Nov 01 17:29:27.184 INFO kablam!    --> /cargo-home/registry/src/github.com-1ecc6299db9ec823/sputnikvm-stateful-0.10.0/src/lib.rs:472:23
Nov 01 17:29:27.184 INFO kablam!     |
Nov 01 17:29:27.184 INFO kablam! 472 |         let account = state.get(&address);
Nov 01 17:29:27.184 INFO kablam!     |                       ^^^^^
Nov 01 17:29:27.184 INFO kablam!     |
Nov 01 17:29:27.184 INFO kablam!     = help: consider adding an explicit lifetime bound for `<D as trie::Database<'_>>::Guard`
Nov 01 17:29:27.184 INFO kablam! note: the associated type `<D as trie::Database<'_>>::Guard` must be valid for the expression at 472:23...
Nov 01 17:29:27.184 INFO kablam!    --> /cargo-home/registry/src/github.com-1ecc6299db9ec823/sputnikvm-stateful-0.10.0/src/lib.rs:472:23
Nov 01 17:29:27.184 INFO kablam!     |
Nov 01 17:29:27.184 INFO kablam! 472 |         let account = state.get(&address);
Nov 01 17:29:27.184 INFO kablam!     |                       ^^^^^
Nov 01 17:29:27.184 INFO kablam! note: ...so that auto-reference is valid at the time of borrow
Nov 01 17:29:27.184 INFO kablam!    --> /cargo-home/registry/src/github.com-1ecc6299db9ec823/sputnikvm-stateful-0.10.0/src/lib.rs:472:23
Nov 01 17:29:27.184 INFO kablam!     |
Nov 01 17:29:27.184 INFO kablam! 472 |         let account = state.get(&address);
Nov 01 17:29:27.184 INFO kablam!     |                       ^^^^^
Nov 01 17:29:27.184 INFO kablam! 
Nov 01 17:29:27.184 INFO kablam! error[E0311]: the associated type `<D as trie::Database<'_>>::Guard` may not live long enough
Nov 01 17:29:27.184 INFO kablam!    --> /cargo-home/registry/src/github.com-1ecc6299db9ec823/sputnikvm-stateful-0.10.0/src/lib.rs:472:23
Nov 01 17:29:27.184 INFO kablam!     |
Nov 01 17:29:27.184 INFO kablam! 472 |         let account = state.get(&address);
Nov 01 17:29:27.184 INFO kablam!     |                       ^^^^^^^^^^^^^^^^^^^
Nov 01 17:29:27.184 INFO kablam!     |
Nov 01 17:29:27.184 INFO kablam!     = help: consider adding an explicit lifetime bound for `<D as trie::Database<'_>>::Guard`
Nov 01 17:29:27.184 INFO kablam! note: the associated type `<D as trie::Database<'_>>::Guard` must be valid for the method call at 472:23...
Nov 01 17:29:27.184 INFO kablam!    --> /cargo-home/registry/src/github.com-1ecc6299db9ec823/sputnikvm-stateful-0.10.0/src/lib.rs:472:23
Nov 01 17:29:27.184 INFO kablam!     |
Nov 01 17:29:27.184 INFO kablam! 472 |         let account = state.get(&address);
Nov 01 17:29:27.184 INFO kablam!     |                       ^^^^^^^^^^^^^^^^^^^
Nov 01 17:29:27.190 INFO kablam! note: ...so that a type/lifetime parameter is in scope here
Nov 01 17:29:27.190 INFO kablam!    --> /cargo-home/registry/src/github.com-1ecc6299db9ec823/sputnikvm-stateful-0.10.0/src/lib.rs:472:23
Nov 01 17:29:27.190 INFO kablam!     |
Nov 01 17:29:27.190 INFO kablam! 472 |         let account = state.get(&address);
Nov 01 17:29:27.190 INFO kablam!     |                       ^^^^^^^^^^^^^^^^^^^
Nov 01 17:29:27.190 INFO kablam! 
Nov 01 17:29:27.195 INFO kablam! error: aborting due to 9 previous errors
Nov 01 17:29:27.195 INFO kablam! 
Nov 01 17:29:27.195 INFO kablam! For more information about this error, try `rustc --explain E0311`.
Nov 01 17:29:27.199 INFO kablam! error: Could not compile `sputnikvm-stateful`.
Nov 01 17:29:27.199 INFO kablam! warning: build failed, waiting for other jobs to finish...
Nov 01 17:29:51.631 INFO kablam! error: build failed
Nov 01 17:29:51.631 INFO kablam! su: No module specific data is present
Nov 01 17:29:51.998 INFO running `"docker" "rm" "-f" "8cc5e2cba7778ad603e6e98d7024ea623290c1e6f01f43800a455066750a13ce"`
Nov 01 17:29:52.223 INFO blam! 8cc5e2cba7778ad603e6e98d7024ea623290c1e6f01f43800a455066750a13ce
