Nov 02 02:23:46.912 INFO testing tobytcp-0.11.0 against 1.30.0 for beta-1.31-1
Nov 02 02:23:46.912 INFO running `"docker" "create" "-v" "/mnt/big/crater/work/local/target-dirs/beta-1.31-1/worker-6/1.30.0:/target:rw,Z" "-v" "/mnt/big/crater/work/local/test-source/worker-6/beta-1.31-1/1.30.0:/source:ro,Z" "-v" "/mnt/big/crater/work/local/cargo-home:/cargo-home:ro,Z" "-v" "/mnt/big/crater/work/local/rustup-home:/rustup-home:ro,Z" "-e" "USER_ID=1000" "-e" "SOURCE_DIR=/source" "-e" "USER_ID=1000" "-e" "CMD=cargo +1.30.0 build --frozen" "-e" "CARGO_TARGET_DIR=/target" "-e" "CARGO_INCREMENTAL=0" "-e" "RUST_BACKTRACE=full" "-e" "RUSTFLAGS=--cap-lints=warn" "-e" "CARGO_HOME=/cargo-home" "-e" "RUSTUP_HOME=/rustup-home" "-m" "1536M" "--network" "none" "crater"`
Nov 02 02:23:47.303 INFO blam! 78396ad956ba730dad5a2c9bb88a2a585266f9b1028e9f388535e548662c229e
Nov 02 02:23:47.311 INFO running `"docker" "start" "-a" "78396ad956ba730dad5a2c9bb88a2a585266f9b1028e9f388535e548662c229e"`
Nov 02 02:23:48.479 INFO kablam! usermod: no changes
Nov 02 02:23:48.547 INFO kablam!    Compiling uuid v0.6.5
Nov 02 02:23:49.999 INFO kablam!    Compiling tobytcp v0.11.0 (/source)
Nov 02 02:23:51.623 INFO kablam!     Finished dev [unoptimized + debuginfo] target(s) in 3.11s
Nov 02 02:23:51.623 INFO kablam! su: No module specific data is present
Nov 02 02:23:52.282 INFO running `"docker" "rm" "-f" "78396ad956ba730dad5a2c9bb88a2a585266f9b1028e9f388535e548662c229e"`
Nov 02 02:23:52.531 INFO blam! 78396ad956ba730dad5a2c9bb88a2a585266f9b1028e9f388535e548662c229e
Nov 02 02:23:52.535 INFO running `"docker" "create" "-v" "/mnt/big/crater/work/local/target-dirs/beta-1.31-1/worker-6/1.30.0:/target:rw,Z" "-v" "/mnt/big/crater/work/local/test-source/worker-6/beta-1.31-1/1.30.0:/source:ro,Z" "-v" "/mnt/big/crater/work/local/cargo-home:/cargo-home:ro,Z" "-v" "/mnt/big/crater/work/local/rustup-home:/rustup-home:ro,Z" "-e" "USER_ID=1000" "-e" "SOURCE_DIR=/source" "-e" "USER_ID=1000" "-e" "CMD=cargo +1.30.0 test --frozen --no-run" "-e" "CARGO_TARGET_DIR=/target" "-e" "CARGO_INCREMENTAL=0" "-e" "RUST_BACKTRACE=full" "-e" "RUSTFLAGS=--cap-lints=warn" "-e" "CARGO_HOME=/cargo-home" "-e" "RUSTUP_HOME=/rustup-home" "-m" "1536M" "--network" "none" "crater"`
Nov 02 02:23:52.899 INFO blam! b90c91777662ed50495e31d8f3132f2c5d252f506f7a5d0468a02fdf6beb7d63
Nov 02 02:23:52.907 INFO running `"docker" "start" "-a" "b90c91777662ed50495e31d8f3132f2c5d252f506f7a5d0468a02fdf6beb7d63"`
Nov 02 02:23:54.083 INFO kablam! usermod: no changes
Nov 02 02:23:54.167 INFO kablam!    Compiling tobytcp v0.11.0 (/source)
Nov 02 02:23:56.759 INFO kablam!     Finished dev [unoptimized + debuginfo] target(s) in 2.64s
Nov 02 02:23:56.763 INFO kablam! su: No module specific data is present
Nov 02 02:23:57.401 INFO running `"docker" "rm" "-f" "b90c91777662ed50495e31d8f3132f2c5d252f506f7a5d0468a02fdf6beb7d63"`
Nov 02 02:23:57.607 INFO blam! b90c91777662ed50495e31d8f3132f2c5d252f506f7a5d0468a02fdf6beb7d63
Nov 02 02:23:57.611 INFO running `"docker" "create" "-v" "/mnt/big/crater/work/local/target-dirs/beta-1.31-1/worker-6/1.30.0:/target:rw,Z" "-v" "/mnt/big/crater/work/local/test-source/worker-6/beta-1.31-1/1.30.0:/source:ro,Z" "-v" "/mnt/big/crater/work/local/cargo-home:/cargo-home:ro,Z" "-v" "/mnt/big/crater/work/local/rustup-home:/rustup-home:ro,Z" "-e" "USER_ID=1000" "-e" "SOURCE_DIR=/source" "-e" "USER_ID=1000" "-e" "CMD=cargo +1.30.0 test --frozen" "-e" "CARGO_TARGET_DIR=/target" "-e" "CARGO_INCREMENTAL=0" "-e" "RUST_BACKTRACE=full" "-e" "RUSTFLAGS=--cap-lints=warn" "-e" "CARGO_HOME=/cargo-home" "-e" "RUSTUP_HOME=/rustup-home" "-m" "1536M" "--network" "none" "crater"`
Nov 02 02:23:58.069 INFO blam! 2938c0cc54f016b2520b78106d52c3d63fc0eb56b58f709143da18effaf516a7
Nov 02 02:23:58.071 INFO running `"docker" "start" "-a" "2938c0cc54f016b2520b78106d52c3d63fc0eb56b58f709143da18effaf516a7"`
Nov 02 02:23:59.170 INFO kablam! usermod: no changes
Nov 02 02:23:59.228 INFO kablam!     Finished dev [unoptimized + debuginfo] target(s) in 0.03s
Nov 02 02:23:59.235 INFO kablam!      Running /target/debug/deps/tobytcp-9637cc6dae0cd825
Nov 02 02:23:59.242 INFO blam! 
Nov 02 02:23:59.242 INFO blam! running 8 tests
Nov 02 02:23:59.251 INFO blam! test protocol::tests::encode_bigger_message ... ok
Nov 02 02:23:59.254 INFO blam! test protocol::tests::encode_single_byte ... ok
Nov 02 02:23:59.355 INFO blam! test tests::test_send_data ... ok
Nov 02 02:23:59.485 INFO blam! test tests::test_echo_single ... ok
Nov 02 02:23:59.535 INFO blam! test tests::test_echo_loop ... ok
Nov 02 02:23:59.627 INFO blam! test tests::test_writes_no_recv ... FAILED
Nov 02 02:24:00.471 INFO blam! test tests::test_concurrent_conns_writes ... ok
Nov 02 02:24:01.471 INFO blam! test tests::test_concurrent_conns_writes_big_data ... ok
Nov 02 02:24:01.471 INFO blam! 
Nov 02 02:24:01.471 INFO blam! failures:
Nov 02 02:24:01.475 INFO blam! 
Nov 02 02:24:01.475 INFO blam! ---- tests::test_writes_no_recv stdout ----
Nov 02 02:24:01.476 INFO blam! thread 'tests::test_writes_no_recv' panicked at 'assertion failed: got_msg.load(Ordering::Relaxed)', src/lib.rs:491:9
Nov 02 02:24:01.476 INFO blam! stack backtrace:
Nov 02 02:24:01.476 INFO blam!    0:     0x556bad3e19be - std::sys::unix::backtrace::tracing::imp::unwind_backtrace::hf5316c67202e23c8
Nov 02 02:24:01.477 INFO blam!                                at libstd/sys/unix/backtrace/tracing/gcc_s.rs:49
Nov 02 02:24:01.477 INFO blam!    1:     0x556bad3d35e6 - std::sys_common::backtrace::print::h3068ed2a6dc7ac86
Nov 02 02:24:01.477 INFO blam!                                at libstd/sys_common/backtrace.rs:71
Nov 02 02:24:01.477 INFO blam!                                at libstd/sys_common/backtrace.rs:59
Nov 02 02:24:01.478 INFO blam!    2:     0x556bad3d188d - std::panicking::default_hook::{{closure}}::h1b9d29cc09d41897
Nov 02 02:24:01.478 INFO blam!                                at libstd/panicking.rs:211
Nov 02 02:24:01.478 INFO blam!    3:     0x556bad3d159b - std::panicking::default_hook::h3a27b204a313406b
Nov 02 02:24:01.478 INFO blam!                                at libstd/panicking.rs:221
Nov 02 02:24:01.479 INFO blam!    4:     0x556bad3d1f3c - std::panicking::rust_panic_with_hook::h0e12cb2fc86d00fa
Nov 02 02:24:01.479 INFO blam!                                at libstd/panicking.rs:477
Nov 02 02:24:01.479 INFO blam!    5:     0x556bad3c09cf - std::panicking::begin_panic::h8b69797051b52912
Nov 02 02:24:01.480 INFO blam!                                at libstd/panicking.rs:411
Nov 02 02:24:01.480 INFO blam!    6:     0x556bad34efc8 - tobytcp::tests::test_writes_no_recv::hf208cb2d14ade654
Nov 02 02:24:01.480 INFO blam!                                at src/lib.rs:491
Nov 02 02:24:01.480 INFO blam!    7:     0x556bad34ecb9 - tobytcp::tests::test_writes_no_recv::{{closure}}::hd19cb3c74ff64ed9
Nov 02 02:24:01.480 INFO blam!                                at src/lib.rs:464
Nov 02 02:24:01.481 INFO blam!    8:     0x556bad36ea0d - core::ops::function::FnOnce::call_once::hd45ff13ee38814f5
Nov 02 02:24:01.481 INFO blam!                                at libcore/ops/function.rs:238
Nov 02 02:24:01.481 INFO blam!    9:     0x556bad37c88e - <F as alloc::boxed::FnBox<A>>::call_box::ha9910eac2d17ff23
Nov 02 02:24:01.481 INFO blam!                                at libtest/lib.rs:1461
Nov 02 02:24:01.482 INFO blam!                                at libcore/ops/function.rs:238
Nov 02 02:24:01.482 INFO blam!                                at liballoc/boxed.rs:646
Nov 02 02:24:01.482 INFO blam!   10:     0x556bad3f2229 - __rust_maybe_catch_panic
Nov 02 02:24:01.483 INFO blam!                                at libpanic_unwind/lib.rs:103
Nov 02 02:24:01.483 INFO blam!   11:     0x556bad38819d - std::sys_common::backtrace::__rust_begin_short_backtrace::h470b05235fe5e5ad
Nov 02 02:24:01.483 INFO blam!                                at libstd/panicking.rs:289
Nov 02 02:24:01.483 INFO blam!                                at libstd/panic.rs:392
Nov 02 02:24:01.484 INFO blam!                                at libtest/lib.rs:1416
Nov 02 02:24:01.484 INFO blam!                                at libstd/sys_common/backtrace.rs:136
Nov 02 02:24:01.485 INFO blam!   12:     0x556bad3a07d4 - std::panicking::try::do_call::h1f0578498122cc00
Nov 02 02:24:01.485 INFO blam!                                at libstd/thread/mod.rs:409
Nov 02 02:24:01.485 INFO blam!                                at libstd/panic.rs:313
Nov 02 02:24:01.486 INFO blam!                                at libstd/panicking.rs:310
Nov 02 02:24:01.486 INFO blam!   13:     0x556bad3f2229 - __rust_maybe_catch_panic
Nov 02 02:24:01.486 INFO blam!                                at libpanic_unwind/lib.rs:103
Nov 02 02:24:01.486 INFO blam!   14:     0x556bad3910a6 - <F as alloc::boxed::FnBox<A>>::call_box::h7b129f9f235ab460
Nov 02 02:24:01.487 INFO blam!                                at libstd/panicking.rs:289
Nov 02 02:24:01.487 INFO blam!                                at libstd/panic.rs:392
Nov 02 02:24:01.487 INFO blam!                                at libstd/thread/mod.rs:408
Nov 02 02:24:01.487 INFO blam!                                at liballoc/boxed.rs:646
Nov 02 02:24:01.488 INFO blam!   15:     0x556bad3e366a - std::sys_common::thread::start_thread::hb77935aee02382da
Nov 02 02:24:01.488 INFO blam!                                at liballoc/boxed.rs:656
Nov 02 02:24:01.488 INFO blam!                                at libstd/sys_common/thread.rs:24
Nov 02 02:24:01.489 INFO blam!   16:     0x556bad3d26f5 - std::sys::unix::thread::Thread::new::thread_start::hd61f7429b3de1d75
Nov 02 02:24:01.489 INFO blam!                                at libstd/sys/unix/thread.rs:90
Nov 02 02:24:01.489 INFO blam!   17:     0x7f3605c196b9 - start_thread
Nov 02 02:24:01.489 INFO blam!   18:     0x7f360573941c - clone
Nov 02 02:24:01.490 INFO blam!   19:                0x0 - <unknown>
Nov 02 02:24:01.490 INFO blam! 
Nov 02 02:24:01.490 INFO blam! 
Nov 02 02:24:01.491 INFO blam! failures:
Nov 02 02:24:01.491 INFO kablam! error: test failed, to rerun pass '--lib'
Nov 02 02:24:01.491 INFO blam!     tests::test_writes_no_recv
Nov 02 02:24:01.491 INFO kablam! su: No module specific data is present
Nov 02 02:24:01.492 INFO blam! 
Nov 02 02:24:01.492 INFO blam! test result: FAILED. 7 passed; 1 failed; 0 ignored; 0 measured; 0 filtered out
Nov 02 02:24:01.492 INFO blam! 
Nov 02 02:24:02.053 INFO running `"docker" "rm" "-f" "2938c0cc54f016b2520b78106d52c3d63fc0eb56b58f709143da18effaf516a7"`
Nov 02 02:24:02.315 INFO blam! 2938c0cc54f016b2520b78106d52c3d63fc0eb56b58f709143da18effaf516a7
