Nov 03 00:13:42.323 INFO testing ci_info-0.1.19 against 1.30.0 for beta-1.31-1
Nov 03 00:13:42.323 INFO running `"docker" "create" "-v" "/mnt/big/crater/work/local/target-dirs/beta-1.31-1/worker-0/1.30.0:/target:rw,Z" "-v" "/mnt/big/crater/work/local/test-source/worker-0/beta-1.31-1/1.30.0:/source:ro,Z" "-v" "/mnt/big/crater/work/local/cargo-home:/cargo-home:ro,Z" "-v" "/mnt/big/crater/work/local/rustup-home:/rustup-home:ro,Z" "-e" "USER_ID=1000" "-e" "SOURCE_DIR=/source" "-e" "USER_ID=1000" "-e" "CMD=cargo +1.30.0 build --frozen" "-e" "CARGO_TARGET_DIR=/target" "-e" "CARGO_INCREMENTAL=0" "-e" "RUST_BACKTRACE=full" "-e" "RUSTFLAGS=--cap-lints=warn" "-e" "CARGO_HOME=/cargo-home" "-e" "RUSTUP_HOME=/rustup-home" "-m" "1536M" "--network" "none" "crater"`
Nov 03 00:13:42.897 INFO blam! f36b4ef2e3ea1bcb94b441c9b280d16996f483ff71384457bc14ea2c32572989
Nov 03 00:13:42.900 INFO running `"docker" "start" "-a" "f36b4ef2e3ea1bcb94b441c9b280d16996f483ff71384457bc14ea2c32572989"`
Nov 03 00:13:44.499 INFO kablam! usermod: no changes
Nov 03 00:13:44.596 INFO kablam!    Compiling ci_info v0.1.19 (/source)
Nov 03 00:13:44.754 INFO kablam! warning: lint `async_idents` has been renamed to `keyword_idents`
Nov 03 00:13:44.754 INFO kablam!  --> src/lib.rs:4:5
Nov 03 00:13:44.754 INFO kablam!   |
Nov 03 00:13:44.754 INFO kablam! 4 |     async_idents,
Nov 03 00:13:44.754 INFO kablam!   |     ^^^^^^^^^^^^ help: use the new name: `keyword_idents`
Nov 03 00:13:44.754 INFO kablam!   |
Nov 03 00:13:44.754 INFO kablam!   = note: #[warn(renamed_and_removed_lints)] on by default
Nov 03 00:13:44.754 INFO kablam! 
Nov 03 00:13:44.755 INFO kablam! warning: unknown lint: `unnameable_test_functions`
Nov 03 00:13:44.755 INFO kablam!   --> src/lib.rs:54:5
Nov 03 00:13:44.755 INFO kablam!    |
Nov 03 00:13:44.756 INFO kablam! 54 |     unnameable_test_functions,
Nov 03 00:13:44.756 INFO kablam!    |     ^^^^^^^^^^^^^^^^^^^^^^^^^
Nov 03 00:13:44.756 INFO kablam!    |
Nov 03 00:13:44.756 INFO kablam!    = note: #[warn(unknown_lints)] on by default
Nov 03 00:13:44.756 INFO kablam! 
Nov 03 00:13:45.307 INFO kablam! warning: absolute paths must start with `self`, `super`, `crate`, or an external crate name in the 2018 edition
Nov 03 00:13:45.308 INFO kablam!   --> src/ci.rs:11:5
Nov 03 00:13:45.308 INFO kablam!    |
Nov 03 00:13:45.308 INFO kablam! 11 | use types::{CiInfo, Vendor};
Nov 03 00:13:45.309 INFO kablam!    |     ^^^^^^^^^^^^^^^^^^^^^^^ help: use `crate`: `crate::types::{CiInfo, Vendor}`
Nov 03 00:13:45.309 INFO kablam!    |
Nov 03 00:13:45.309 INFO kablam! note: lint level defined here
Nov 03 00:13:45.310 INFO kablam!   --> src/lib.rs:2:5
Nov 03 00:13:45.310 INFO kablam!    |
Nov 03 00:13:45.310 INFO kablam! 2  |     absolute_paths_not_starting_with_crate,
Nov 03 00:13:45.310 INFO kablam!    |     ^^^^^^^^^^^^^^^^^^^^^^^^^^^^^^^^^^^^^^
Nov 03 00:13:45.311 INFO kablam!    = warning: this was previously accepted by the compiler but is being phased out; it will become a hard error in the 2018 edition!
Nov 03 00:13:45.311 INFO kablam!    = note: for more information, see issue #53130 <https://github.com/rust-lang/rust/issues/53130>
Nov 03 00:13:45.311 INFO kablam! 
Nov 03 00:13:45.312 INFO kablam! warning: absolute paths must start with `self`, `super`, `crate`, or an external crate name in the 2018 edition
Nov 03 00:13:45.312 INFO kablam!    --> src/lib.rs:155:5
Nov 03 00:13:45.312 INFO kablam!     |
Nov 03 00:13:45.313 INFO kablam! 155 | use types::CiInfo;
Nov 03 00:13:45.313 INFO kablam!     |     ^^^^^^^^^^^^^ help: use `crate`: `crate::types::CiInfo`
Nov 03 00:13:45.313 INFO kablam!     |
Nov 03 00:13:45.314 INFO kablam!     = warning: this was previously accepted by the compiler but is being phased out; it will become a hard error in the 2018 edition!
Nov 03 00:13:45.314 INFO kablam!     = note: for more information, see issue #53130 <https://github.com/rust-lang/rust/issues/53130>
Nov 03 00:13:45.314 INFO kablam! 
Nov 03 00:13:45.571 INFO kablam!     Finished dev [unoptimized + debuginfo] target(s) in 1.02s
Nov 03 00:13:45.571 INFO kablam! su: No module specific data is present
Nov 03 00:13:46.679 INFO running `"docker" "rm" "-f" "f36b4ef2e3ea1bcb94b441c9b280d16996f483ff71384457bc14ea2c32572989"`
Nov 03 00:13:47.042 INFO blam! f36b4ef2e3ea1bcb94b441c9b280d16996f483ff71384457bc14ea2c32572989
Nov 03 00:13:47.046 INFO running `"docker" "create" "-v" "/mnt/big/crater/work/local/target-dirs/beta-1.31-1/worker-0/1.30.0:/target:rw,Z" "-v" "/mnt/big/crater/work/local/test-source/worker-0/beta-1.31-1/1.30.0:/source:ro,Z" "-v" "/mnt/big/crater/work/local/cargo-home:/cargo-home:ro,Z" "-v" "/mnt/big/crater/work/local/rustup-home:/rustup-home:ro,Z" "-e" "USER_ID=1000" "-e" "SOURCE_DIR=/source" "-e" "USER_ID=1000" "-e" "CMD=cargo +1.30.0 test --frozen --no-run" "-e" "CARGO_TARGET_DIR=/target" "-e" "CARGO_INCREMENTAL=0" "-e" "RUST_BACKTRACE=full" "-e" "RUSTFLAGS=--cap-lints=warn" "-e" "CARGO_HOME=/cargo-home" "-e" "RUSTUP_HOME=/rustup-home" "-m" "1536M" "--network" "none" "crater"`
Nov 03 00:13:47.527 INFO blam! e01924a64c533dce9d8053767dabff4e4866f912dfab917264960250dae079e3
Nov 03 00:13:47.529 INFO running `"docker" "start" "-a" "e01924a64c533dce9d8053767dabff4e4866f912dfab917264960250dae079e3"`
Nov 03 00:13:49.486 INFO kablam! usermod: no changes
Nov 03 00:13:49.563 INFO kablam!    Compiling ci_info v0.1.19 (/source)
Nov 03 00:13:49.915 INFO kablam! warning: lint `async_idents` has been renamed to `keyword_idents`
Nov 03 00:13:49.915 INFO kablam!  --> src/lib.rs:4:5
Nov 03 00:13:49.915 INFO kablam!   |
Nov 03 00:13:49.915 INFO kablam! 4 |     async_idents,
Nov 03 00:13:49.915 INFO kablam!   |     ^^^^^^^^^^^^ help: use the new name: `keyword_idents`
Nov 03 00:13:49.915 INFO kablam!   |
Nov 03 00:13:49.915 INFO kablam!   = note: #[warn(renamed_and_removed_lints)] on by default
Nov 03 00:13:49.915 INFO kablam! 
Nov 03 00:13:49.915 INFO kablam! warning: unknown lint: `unnameable_test_functions`
Nov 03 00:13:49.915 INFO kablam!   --> src/lib.rs:54:5
Nov 03 00:13:49.915 INFO kablam!    |
Nov 03 00:13:49.915 INFO kablam! 54 |     unnameable_test_functions,
Nov 03 00:13:49.915 INFO kablam!    |     ^^^^^^^^^^^^^^^^^^^^^^^^^
Nov 03 00:13:49.915 INFO kablam!    |
Nov 03 00:13:49.915 INFO kablam!    = note: #[warn(unknown_lints)] on by default
Nov 03 00:13:49.915 INFO kablam! 
Nov 03 00:13:52.235 INFO kablam! warning: absolute paths must start with `self`, `super`, `crate`, or an external crate name in the 2018 edition
Nov 03 00:13:52.235 INFO kablam!   --> src/ci.rs:11:5
Nov 03 00:13:52.235 INFO kablam!    |
Nov 03 00:13:52.235 INFO kablam! 11 | use types::{CiInfo, Vendor};
Nov 03 00:13:52.235 INFO kablam!    |     ^^^^^^^^^^^^^^^^^^^^^^^ help: use `crate`: `crate::types::{CiInfo, Vendor}`
Nov 03 00:13:52.235 INFO kablam!    |
Nov 03 00:13:52.235 INFO kablam! note: lint level defined here
Nov 03 00:13:52.235 INFO kablam!   --> src/lib.rs:2:5
Nov 03 00:13:52.235 INFO kablam!    |
Nov 03 00:13:52.235 INFO kablam! 2  |     absolute_paths_not_starting_with_crate,
Nov 03 00:13:52.235 INFO kablam!    |     ^^^^^^^^^^^^^^^^^^^^^^^^^^^^^^^^^^^^^^
Nov 03 00:13:52.235 INFO kablam!    = warning: this was previously accepted by the compiler but is being phased out; it will become a hard error in the 2018 edition!
Nov 03 00:13:52.235 INFO kablam!    = note: for more information, see issue #53130 <https://github.com/rust-lang/rust/issues/53130>
Nov 03 00:13:52.235 INFO kablam! 
Nov 03 00:13:52.235 INFO kablam! warning: absolute paths must start with `self`, `super`, `crate`, or an external crate name in the 2018 edition
Nov 03 00:13:52.235 INFO kablam!    --> src/lib.rs:155:5
Nov 03 00:13:52.235 INFO kablam!     |
Nov 03 00:13:52.235 INFO kablam! 155 | use types::CiInfo;
Nov 03 00:13:52.235 INFO kablam!     |     ^^^^^^^^^^^^^ help: use `crate`: `crate::types::CiInfo`
Nov 03 00:13:52.235 INFO kablam!     |
Nov 03 00:13:52.235 INFO kablam!     = warning: this was previously accepted by the compiler but is being phased out; it will become a hard error in the 2018 edition!
Nov 03 00:13:52.235 INFO kablam!     = note: for more information, see issue #53130 <https://github.com/rust-lang/rust/issues/53130>
Nov 03 00:13:52.235 INFO kablam! 
Nov 03 00:13:54.209 INFO kablam!     Finished dev [unoptimized + debuginfo] target(s) in 4.70s
Nov 03 00:13:54.218 INFO kablam! su: No module specific data is present
Nov 03 00:13:55.092 INFO running `"docker" "rm" "-f" "e01924a64c533dce9d8053767dabff4e4866f912dfab917264960250dae079e3"`
Nov 03 00:13:55.375 INFO blam! e01924a64c533dce9d8053767dabff4e4866f912dfab917264960250dae079e3
Nov 03 00:13:55.379 INFO running `"docker" "create" "-v" "/mnt/big/crater/work/local/target-dirs/beta-1.31-1/worker-0/1.30.0:/target:rw,Z" "-v" "/mnt/big/crater/work/local/test-source/worker-0/beta-1.31-1/1.30.0:/source:ro,Z" "-v" "/mnt/big/crater/work/local/cargo-home:/cargo-home:ro,Z" "-v" "/mnt/big/crater/work/local/rustup-home:/rustup-home:ro,Z" "-e" "USER_ID=1000" "-e" "SOURCE_DIR=/source" "-e" "USER_ID=1000" "-e" "CMD=cargo +1.30.0 test --frozen" "-e" "CARGO_TARGET_DIR=/target" "-e" "CARGO_INCREMENTAL=0" "-e" "RUST_BACKTRACE=full" "-e" "RUSTFLAGS=--cap-lints=warn" "-e" "CARGO_HOME=/cargo-home" "-e" "RUSTUP_HOME=/rustup-home" "-m" "1536M" "--network" "none" "crater"`
Nov 03 00:13:55.763 INFO blam! 7a2bf3444611cb11a1fb533187cfe984fae3339ef3a527891929b6370d4bd5d9
Nov 03 00:13:55.765 INFO running `"docker" "start" "-a" "7a2bf3444611cb11a1fb533187cfe984fae3339ef3a527891929b6370d4bd5d9"`
Nov 03 00:13:57.384 INFO kablam! usermod: no changes
Nov 03 00:13:57.467 INFO kablam!     Finished dev [unoptimized + debuginfo] target(s) in 0.05s
Nov 03 00:13:57.467 INFO kablam!      Running /target/debug/deps/ci_info-04c7075318f573ef
Nov 03 00:13:57.475 INFO blam! 
Nov 03 00:13:57.475 INFO blam! running 35 tests
Nov 03 00:13:57.475 INFO blam! test ci::ci_test::get_appveyor ... ok
Nov 03 00:13:57.475 INFO blam! test ci::ci_test::get_buildkite ... ok
Nov 03 00:13:57.475 INFO blam! test ci::ci_test::get_bamboo ... ok
Nov 03 00:13:57.475 INFO blam! test ci::ci_test::get_circle ... ok
Nov 03 00:13:57.491 INFO blam! test ci::ci_test::get_codeship ... ok
Nov 03 00:13:57.491 INFO blam! test ci::ci_test::get_drone ... ok
Nov 03 00:13:57.491 INFO blam! test ci::ci_test::get_codebuild ... ok
Nov 03 00:13:57.491 INFO blam! test ci::ci_test::get_bitbucket ... ok
Nov 03 00:13:57.491 INFO blam! test ci::ci_test::get_codeship_wrong_value ... ok
Nov 03 00:13:57.491 INFO blam! test ci::ci_test::get_gocd ... ok
Nov 03 00:13:57.491 INFO blam! test ci::ci_test::get_gitlab ... ok
Nov 03 00:13:57.491 INFO blam! test ci::ci_test::get_none ... ok
Nov 03 00:13:57.491 INFO blam! test ci::ci_test::get_jenkins ... ok
Nov 03 00:13:57.499 INFO blam! test ci::ci_test::get_no_vendor_build_number ... ok
Nov 03 00:13:57.499 INFO blam! test ci::ci_test::get_no_vendor_ci ... ok
Nov 03 00:13:57.501 INFO blam! test ci::ci_test::get_no_vendor_continuous_integration ... ok
Nov 03 00:13:57.507 INFO blam! test ci::ci_test::get_magnum ... ok
Nov 03 00:13:57.507 INFO blam! test ci::ci_test::get_semaphore ... ok
Nov 03 00:13:57.507 INFO blam! test ci::ci_test::is_ci_test ... ok
Nov 03 00:13:57.507 INFO blam! test ci::ci_test::is_env_defined_empty ... ok
Nov 03 00:13:57.507 INFO blam! test ci::ci_test::get_taskcluster_runid ... ok
Nov 03 00:13:57.507 INFO blam! test ci::ci_test::get_tfs ... ok
Nov 03 00:13:57.507 INFO blam! test ci::ci_test::is_env_defined_not_found ... ok
Nov 03 00:13:57.507 INFO blam! test ci::ci_test::is_env_defined_found ... ok
Nov 03 00:13:57.507 INFO blam! test ci::ci_test::get_teamcity ... ok
Nov 03 00:13:57.507 INFO blam! test ci::ci_test::get_test ... ok
Nov 03 00:13:57.527 INFO blam! test ci::ci_test::get_travis ... ok
Nov 03 00:13:57.527 INFO blam! test ci::ci_test::is_env_equal_not_defined ... ok
Nov 03 00:13:57.527 INFO blam! test ci::ci_test::get_taskcluster_taskid ... ok
Nov 03 00:13:57.527 INFO blam! test ci::ci_test::is_env_equal_same ... ok
Nov 03 00:13:57.527 INFO blam! test ci::ci_test::is_env_equal_different ... ok
Nov 03 00:13:57.527 INFO blam! test lib_test::get_test ... ok
Nov 03 00:13:57.527 INFO blam! test lib_test::is_ci_test ... ok
Nov 03 00:13:57.528 INFO blam! test types::types_test::ci_info_new ... ok
Nov 03 00:13:57.531 INFO blam! test ci::ci_test::get_hudson ... FAILED
Nov 03 00:13:57.532 INFO blam! 
Nov 03 00:13:57.532 INFO blam! failures:
Nov 03 00:13:57.532 INFO blam! 
Nov 03 00:13:57.532 INFO blam! ---- ci::ci_test::get_hudson stdout ----
Nov 03 00:13:57.532 INFO blam! thread 'ci::ci_test::get_hudson' panicked at 'assertion failed: `(left == right)`
Nov 03 00:13:57.532 INFO blam!   left: `GITLAB`,
Nov 03 00:13:57.532 INFO blam!  right: `HUDSON`', src/./ci_test.rs:245:5
Nov 03 00:13:57.532 INFO blam! stack backtrace:
Nov 03 00:13:57.532 INFO blam!    0:     0x564d7d0872ee - std::sys::unix::backtrace::tracing::imp::unwind_backtrace::hf5316c67202e23c8
Nov 03 00:13:57.532 INFO blam!                                at libstd/sys/unix/backtrace/tracing/gcc_s.rs:49
Nov 03 00:13:57.532 INFO blam!    1:     0x564d7d07a6c6 - std::sys_common::backtrace::print::h3068ed2a6dc7ac86
Nov 03 00:13:57.532 INFO blam!                                at libstd/sys_common/backtrace.rs:71
Nov 03 00:13:57.532 INFO blam!                                at libstd/sys_common/backtrace.rs:59
Nov 03 00:13:57.532 INFO blam!    2:     0x564d7d078a9d - std::panicking::default_hook::{{closure}}::h1b9d29cc09d41897
Nov 03 00:13:57.532 INFO blam!                                at libstd/panicking.rs:211
Nov 03 00:13:57.532 INFO blam!    3:     0x564d7d0787ab - std::panicking::default_hook::h3a27b204a313406b
Nov 03 00:13:57.532 INFO blam!                                at libstd/panicking.rs:221
Nov 03 00:13:57.532 INFO blam!    4:     0x564d7d07914c - std::panicking::rust_panic_with_hook::h0e12cb2fc86d00fa
Nov 03 00:13:57.532 INFO blam!                                at libstd/panicking.rs:477
Nov 03 00:13:57.532 INFO blam!    5:     0x564d7d078d09 - std::panicking::continue_panic_fmt::h141671b29fe0e27d
Nov 03 00:13:57.532 INFO blam!                                at libstd/panicking.rs:391
Nov 03 00:13:57.532 INFO blam!    6:     0x564d7d078c6d - std::panicking::begin_panic_fmt::h598547fc766c278a
Nov 03 00:13:57.532 INFO blam!                                at libstd/panicking.rs:346
Nov 03 00:13:57.532 INFO blam!    7:     0x564d7d032c6d - ci_info::ci::ci_test::get_hudson::h7b3987e0fbb6e513
Nov 03 00:13:57.532 INFO blam!                                at src/./ci_test.rs:245
Nov 03 00:13:57.532 INFO blam!    8:     0x564d7d032a99 - ci_info::ci::ci_test::get_hudson::{{closure}}::h699648d5ce6939c6
Nov 03 00:13:57.532 INFO blam!                                at src/./ci_test.rs:239
Nov 03 00:13:57.532 INFO blam!    9:     0x564d7d0349ad - core::ops::function::FnOnce::call_once::hda0d0d1b47f96a6f
Nov 03 00:13:57.532 INFO blam!                                at libcore/ops/function.rs:238
Nov 03 00:13:57.532 INFO blam!   10:     0x564d7d0394de - <F as alloc::boxed::FnBox<A>>::call_box::ha9910eac2d17ff23
Nov 03 00:13:57.532 INFO blam!                                at libtest/lib.rs:1461
Nov 03 00:13:57.532 INFO blam!                                at libcore/ops/function.rs:238
Nov 03 00:13:57.532 INFO blam!                                at liballoc/boxed.rs:646
Nov 03 00:13:57.532 INFO blam!   11:     0x564d7d0964a9 - __rust_maybe_catch_panic
Nov 03 00:13:57.532 INFO blam!                                at libpanic_unwind/lib.rs:103
Nov 03 00:13:57.532 INFO blam!   12:     0x564d7d044ded - std::sys_common::backtrace::__rust_begin_short_backtrace::h470b05235fe5e5ad
Nov 03 00:13:57.532 INFO blam!                                at libstd/panicking.rs:289
Nov 03 00:13:57.532 INFO blam!                                at libstd/panic.rs:392
Nov 03 00:13:57.532 INFO blam!                                at libtest/lib.rs:1416
Nov 03 00:13:57.532 INFO blam!                                at libstd/sys_common/backtrace.rs:136
Nov 03 00:13:57.532 INFO blam!   13:     0x564d7d05d424 - std::panicking::try::do_call::h1f0578498122cc00
Nov 03 00:13:57.532 INFO blam!                                at libstd/thread/mod.rs:409
Nov 03 00:13:57.532 INFO blam!                                at libstd/panic.rs:313
Nov 03 00:13:57.532 INFO blam!                                at libstd/panicking.rs:310
Nov 03 00:13:57.532 INFO blam!   14:     0x564d7d0964a9 - __rust_maybe_catch_panic
Nov 03 00:13:57.532 INFO blam!                                at libpanic_unwind/lib.rs:103
Nov 03 00:13:57.532 INFO blam!   15:     0x564d7d04dcf6 - <F as alloc::boxed::FnBox<A>>::call_box::h7b129f9f235ab460
Nov 03 00:13:57.532 INFO blam!                                at libstd/panicking.rs:289
Nov 03 00:13:57.532 INFO blam!                                at libstd/panic.rs:392
Nov 03 00:13:57.532 INFO blam!                                at libstd/thread/mod.rs:408
Nov 03 00:13:57.532 INFO blam!                                at liballoc/boxed.rs:646
Nov 03 00:13:57.532 INFO blam!   16:     0x564d7d088c0a - std::sys_common::thread::start_thread::hb77935aee02382da
Nov 03 00:13:57.532 INFO blam!                                at liballoc/boxed.rs:656
Nov 03 00:13:57.532 INFO blam!                                at libstd/sys_common/thread.rs:24
Nov 03 00:13:57.532 INFO blam!   17:     0x564d7d079905 - std::sys::unix::thread::Thread::new::thread_start::hd61f7429b3de1d75
Nov 03 00:13:57.532 INFO blam!                                at libstd/sys/unix/thread.rs:90
Nov 03 00:13:57.532 INFO blam!   18:     0x7f10dc50a6b9 - start_thread
Nov 03 00:13:57.532 INFO blam!   19:     0x7f10dc02a41c - clone
Nov 03 00:13:57.532 INFO blam!   20:                0x0 - <unknown>
Nov 03 00:13:57.532 INFO blam! 
Nov 03 00:13:57.532 INFO blam! 
Nov 03 00:13:57.532 INFO blam! failures:
Nov 03 00:13:57.532 INFO blam!     ci::ci_test::get_hudson
Nov 03 00:13:57.532 INFO blam! 
Nov 03 00:13:57.532 INFO blam! test result: FAILED. 34 passed; 1 failed; 0 ignored; 0 measured; 0 filtered out
Nov 03 00:13:57.532 INFO blam! 
Nov 03 00:13:57.534 INFO kablam! error: test failed, to rerun pass '--lib'
Nov 03 00:13:57.539 INFO kablam! su: No module specific data is present
Nov 03 00:13:58.810 INFO running `"docker" "rm" "-f" "7a2bf3444611cb11a1fb533187cfe984fae3339ef3a527891929b6370d4bd5d9"`
Nov 03 00:13:59.107 INFO blam! 7a2bf3444611cb11a1fb533187cfe984fae3339ef3a527891929b6370d4bd5d9
