Nov 03 01:39:23.662 INFO testing bpf-sys-0.1.1 against beta-2018-10-30 for beta-1.31-1
Nov 03 01:39:23.662 INFO running `"docker" "create" "-v" "/mnt/big/crater/work/local/target-dirs/beta-1.31-1/worker-2/beta-2018-10-30:/target:rw,Z" "-v" "/mnt/big/crater/work/local/test-source/worker-2/beta-1.31-1/beta-2018-10-30:/source:ro,Z" "-v" "/mnt/big/crater/work/local/cargo-home:/cargo-home:ro,Z" "-v" "/mnt/big/crater/work/local/rustup-home:/rustup-home:ro,Z" "-e" "USER_ID=1000" "-e" "SOURCE_DIR=/source" "-e" "USER_ID=1000" "-e" "CMD=cargo +beta-2018-10-30 build --frozen" "-e" "CARGO_TARGET_DIR=/target" "-e" "CARGO_INCREMENTAL=0" "-e" "RUST_BACKTRACE=full" "-e" "RUSTFLAGS=--cap-lints=warn" "-e" "CARGO_HOME=/cargo-home" "-e" "RUSTUP_HOME=/rustup-home" "-m" "1536M" "--network" "none" "crater"`
Nov 03 01:39:24.196 INFO blam! 22bf16c4aa39d5fe8cde868948daebc54d44ca892ea3ae060445d3393721452d
Nov 03 01:39:24.199 INFO running `"docker" "start" "-a" "22bf16c4aa39d5fe8cde868948daebc54d44ca892ea3ae060445d3393721452d"`
Nov 03 01:39:25.403 INFO kablam! usermod: no changes
Nov 03 01:39:25.475 INFO kablam!    Compiling bpf-sys v0.1.1 (/source)
Nov 03 01:39:27.856 INFO kablam!     Finished dev [unoptimized + debuginfo] target(s) in 2.42s
Nov 03 01:39:27.858 INFO kablam! su: No module specific data is present
Nov 03 01:39:28.519 INFO running `"docker" "rm" "-f" "22bf16c4aa39d5fe8cde868948daebc54d44ca892ea3ae060445d3393721452d"`
Nov 03 01:39:28.743 INFO blam! 22bf16c4aa39d5fe8cde868948daebc54d44ca892ea3ae060445d3393721452d
Nov 03 01:39:28.751 INFO running `"docker" "create" "-v" "/mnt/big/crater/work/local/target-dirs/beta-1.31-1/worker-2/beta-2018-10-30:/target:rw,Z" "-v" "/mnt/big/crater/work/local/test-source/worker-2/beta-1.31-1/beta-2018-10-30:/source:ro,Z" "-v" "/mnt/big/crater/work/local/cargo-home:/cargo-home:ro,Z" "-v" "/mnt/big/crater/work/local/rustup-home:/rustup-home:ro,Z" "-e" "USER_ID=1000" "-e" "SOURCE_DIR=/source" "-e" "USER_ID=1000" "-e" "CMD=cargo +beta-2018-10-30 test --frozen --no-run" "-e" "CARGO_TARGET_DIR=/target" "-e" "CARGO_INCREMENTAL=0" "-e" "RUST_BACKTRACE=full" "-e" "RUSTFLAGS=--cap-lints=warn" "-e" "CARGO_HOME=/cargo-home" "-e" "RUSTUP_HOME=/rustup-home" "-m" "1536M" "--network" "none" "crater"`
Nov 03 01:39:29.221 INFO blam! 4add2aa4558e1894f5c35093f36756e679cbe82b77ba54046d31a8d2f7014f91
Nov 03 01:39:29.239 INFO running `"docker" "start" "-a" "4add2aa4558e1894f5c35093f36756e679cbe82b77ba54046d31a8d2f7014f91"`
Nov 03 01:39:30.259 INFO kablam! usermod: no changes
Nov 03 01:39:30.351 INFO kablam!    Compiling bpf-sys v0.1.1 (/source)
Nov 03 01:39:34.315 INFO kablam!     Finished dev [unoptimized + debuginfo] target(s) in 3.98s
Nov 03 01:39:34.315 INFO kablam! su: No module specific data is present
Nov 03 01:39:34.980 INFO running `"docker" "rm" "-f" "4add2aa4558e1894f5c35093f36756e679cbe82b77ba54046d31a8d2f7014f91"`
Nov 03 01:39:35.231 INFO blam! 4add2aa4558e1894f5c35093f36756e679cbe82b77ba54046d31a8d2f7014f91
Nov 03 01:39:35.235 INFO running `"docker" "create" "-v" "/mnt/big/crater/work/local/target-dirs/beta-1.31-1/worker-2/beta-2018-10-30:/target:rw,Z" "-v" "/mnt/big/crater/work/local/test-source/worker-2/beta-1.31-1/beta-2018-10-30:/source:ro,Z" "-v" "/mnt/big/crater/work/local/cargo-home:/cargo-home:ro,Z" "-v" "/mnt/big/crater/work/local/rustup-home:/rustup-home:ro,Z" "-e" "USER_ID=1000" "-e" "SOURCE_DIR=/source" "-e" "USER_ID=1000" "-e" "CMD=cargo +beta-2018-10-30 test --frozen" "-e" "CARGO_TARGET_DIR=/target" "-e" "CARGO_INCREMENTAL=0" "-e" "RUST_BACKTRACE=full" "-e" "RUSTFLAGS=--cap-lints=warn" "-e" "CARGO_HOME=/cargo-home" "-e" "RUSTUP_HOME=/rustup-home" "-m" "1536M" "--network" "none" "crater"`
Nov 03 01:39:35.758 INFO blam! 8281c4e8f13d23442da3666969a2a7ae473ae0507d7497555d30fd6192257980
Nov 03 01:39:35.759 INFO running `"docker" "start" "-a" "8281c4e8f13d23442da3666969a2a7ae473ae0507d7497555d30fd6192257980"`
Nov 03 01:39:36.992 INFO kablam! usermod: no changes
Nov 03 01:39:37.122 INFO kablam!     Finished dev [unoptimized + debuginfo] target(s) in 0.07s
Nov 03 01:39:37.131 INFO kablam!      Running /target/debug/deps/bpf_sys-c3a1cec503e44c28
Nov 03 01:39:37.136 INFO blam! 
Nov 03 01:39:37.136 INFO blam! running 37 tests
Nov 03 01:39:37.147 INFO blam! test bindgen_test_layout_bpf_attr ... ok
Nov 03 01:39:37.148 INFO blam! test bindgen_test_layout_bpf_attr__bindgen_ty_1 ... ok
Nov 03 01:39:37.149 INFO blam! test bindgen_test_layout_bpf_attr__bindgen_ty_2 ... ok
Nov 03 01:39:37.150 INFO blam! test bindgen_test_layout_bpf_attr__bindgen_ty_2__bindgen_ty_1 ... ok
Nov 03 01:39:37.150 INFO blam! test bindgen_test_layout_bpf_attr__bindgen_ty_11 ... ok
Nov 03 01:39:37.150 INFO blam! test bindgen_test_layout_bpf_attr__bindgen_ty_12 ... ok
Nov 03 01:39:37.150 INFO blam! test bindgen_test_layout_bpf_attr__bindgen_ty_10 ... ok
Nov 03 01:39:37.151 INFO blam! test bindgen_test_layout_bpf_attr__bindgen_ty_3 ... ok
Nov 03 01:39:37.151 INFO blam! test bindgen_test_layout_bpf_btf_info ... ok
Nov 03 01:39:37.151 INFO blam! test bindgen_test_layout_bpf_attr__bindgen_ty_7 ... ok
Nov 03 01:39:37.151 INFO blam! test bindgen_test_layout_bpf_attr__bindgen_ty_7__bindgen_ty_1 ... ok
Nov 03 01:39:37.151 INFO blam! test bindgen_test_layout_bpf_attr__bindgen_ty_9 ... ok
Nov 03 01:39:37.151 INFO blam! test bindgen_test_layout_bpf_attr__bindgen_ty_8 ... ok
Nov 03 01:39:37.152 INFO blam! test bindgen_test_layout_bpf_cgroup_dev_ctx ... ok
Nov 03 01:39:37.152 INFO blam! test bindgen_test_layout_bpf_fib_lookup__bindgen_ty_1 ... ok
Nov 03 01:39:37.152 INFO blam! test bindgen_test_layout_bpf_fib_lookup__bindgen_ty_2 ... ok
Nov 03 01:39:37.152 INFO blam! test bindgen_test_layout_bpf_insn ... ok
Nov 03 01:39:37.152 INFO blam! test bindgen_test_layout_bpf_fib_lookup ... ok
Nov 03 01:39:37.152 INFO blam! test bindgen_test_layout_bpf_fib_lookup__bindgen_ty_3 ... ok
Nov 03 01:39:37.155 INFO blam! test bindgen_test_layout_bpf_attr__bindgen_ty_4 ... ok
Nov 03 01:39:37.155 INFO blam! test bindgen_test_layout_bpf_attr__bindgen_ty_6 ... ok
Nov 03 01:39:37.163 INFO blam! test bindgen_test_layout_bpf_sock ... ok
Nov 03 01:39:37.164 INFO blam! test bindgen_test_layout_bpf_attr__bindgen_ty_5 ... ok
Nov 03 01:39:37.165 INFO blam! test bindgen_test_layout_bpf_perf_event_value ... ok
Nov 03 01:39:37.165 INFO blam! test bindgen_test_layout_bpf_map_info ... ok
Nov 03 01:39:37.166 INFO blam! test bindgen_test_layout_bpf_prog_info ... ok
Nov 03 01:39:37.166 INFO blam! test bindgen_test_layout_bpf_sock_addr ... ok
Nov 03 01:39:37.167 INFO blam! test bindgen_test_layout_bpf_lpm_trie_key ... ok
Nov 03 01:39:37.191 INFO blam! test bindgen_test_layout_bpf_sock_ops__bindgen_ty_1 ... ok
Nov 03 01:39:37.192 INFO blam! test bindgen_test_layout_bpf_tunnel_key__bindgen_ty_1 ... ok
Nov 03 01:39:37.192 INFO blam! test bindgen_test_layout_bpf_xfrm_state ... ok
Nov 03 01:39:37.195 INFO blam! test bindgen_test_layout_bpf_sock_ops ... ok
Nov 03 01:39:37.195 INFO blam! test bindgen_test_layout_bpf_stack_build_id ... ok
Nov 03 01:39:37.196 INFO blam! test bindgen_test_layout_bpf_stack_build_id__bindgen_ty_1 ... ok
Nov 03 01:39:37.196 INFO blam! test bindgen_test_layout_bpf_tunnel_key ... ok
Nov 03 01:39:37.199 INFO blam! test bindgen_test_layout_bpf_xfrm_state__bindgen_ty_1 ... ok
Nov 03 01:39:37.211 INFO blam! test bindgen_test_layout_bpf_raw_tracepoint_args ... FAILED
Nov 03 01:39:37.211 INFO kablam! error: test failed, to rerun pass '--lib'
Nov 03 01:39:37.211 INFO blam! 
Nov 03 01:39:37.211 INFO blam! failures:
Nov 03 01:39:37.211 INFO blam! 
Nov 03 01:39:37.211 INFO blam! ---- bindgen_test_layout_bpf_raw_tracepoint_args stdout ----
Nov 03 01:39:37.211 INFO blam! thread 'bindgen_test_layout_bpf_raw_tracepoint_args' panicked at 'assertion failed: `(left == right)`
Nov 03 01:39:37.211 INFO blam!   left: `1`,
Nov 03 01:39:37.211 INFO blam!  right: `8`: Alignment of bpf_raw_tracepoint_args', src/lib.rs:3402:5
Nov 03 01:39:37.211 INFO blam! stack backtrace:
Nov 03 01:39:37.211 INFO blam!    0:     0x55d53a37fbff - std::sys::unix::backtrace::tracing::imp::unwind_backtrace::h3c55afa80a996a32
Nov 03 01:39:37.211 INFO blam!                                at libstd/sys/unix/backtrace/tracing/gcc_s.rs:49
Nov 03 01:39:37.211 INFO blam!    1:     0x55d53a388c27 - std::sys_common::backtrace::print::hcef907ea7a07cd40
Nov 03 01:39:37.211 INFO blam!                                at libstd/sys_common/backtrace.rs:71
Nov 03 01:39:37.211 INFO blam!                                at libstd/sys_common/backtrace.rs:59
Nov 03 01:39:37.211 INFO blam!    2:     0x55d53a38390f - std::panicking::default_hook::{{closure}}::hf541876c65f36ea7
Nov 03 01:39:37.211 INFO blam!                                at libstd/panicking.rs:211
Nov 03 01:39:37.211 INFO blam!    3:     0x55d53a38360e - std::panicking::default_hook::h4ecc06b30ae4459d
Nov 03 01:39:37.211 INFO blam!                                at libstd/panicking.rs:221
Nov 03 01:39:37.211 INFO blam!    4:     0x55d53a383fee - std::panicking::rust_panic_with_hook::h0cc6d9cc9f34a947
Nov 03 01:39:37.211 INFO blam!                                at libstd/panicking.rs:476
Nov 03 01:39:37.211 INFO blam!    5:     0x55d53a383b91 - std::panicking::continue_panic_fmt::hc71ad5f01496e320
Nov 03 01:39:37.211 INFO blam!                                at libstd/panicking.rs:390
Nov 03 01:39:37.211 INFO blam!    6:     0x55d53a383ade - std::panicking::begin_panic_fmt::hdb958223ae20ca60
Nov 03 01:39:37.211 INFO blam!                                at libstd/panicking.rs:345
Nov 03 01:39:37.211 INFO blam!    7:     0x55d53a32cee1 - bpf_sys::bindgen_test_layout_bpf_raw_tracepoint_args::h9fcdbd3883c72edd
Nov 03 01:39:37.211 INFO blam!                                at src/lib.rs:3402
Nov 03 01:39:37.211 INFO blam!    8:     0x55d53a32ca59 - bpf_sys::bindgen_test_layout_bpf_raw_tracepoint_args::{{closure}}::h37f43f9d177e8cb6
Nov 03 01:39:37.211 INFO blam!                                at src/lib.rs:3396
Nov 03 01:39:37.211 INFO blam!    9:     0x55d53a33124d - core::ops::function::FnOnce::call_once::h128d87b1020484ec
Nov 03 01:39:37.211 INFO blam!                                at libcore/ops/function.rs:238
Nov 03 01:39:37.211 INFO blam!   10:     0x55d53a333a0e - <F as alloc::boxed::FnBox<A>>::call_box::hf32558bd83684b60
Nov 03 01:39:37.211 INFO blam!                                at libtest/lib.rs:1468
Nov 03 01:39:37.211 INFO blam!                                at libcore/ops/function.rs:238
Nov 03 01:39:37.211 INFO blam!                                at liballoc/boxed.rs:672
Nov 03 01:39:37.211 INFO blam!   11:     0x55d53a393e59 - __rust_maybe_catch_panic
Nov 03 01:39:37.211 INFO blam!                                at libpanic_unwind/lib.rs:102
Nov 03 01:39:37.211 INFO blam!   12:     0x55d53a355672 - std::sys_common::backtrace::__rust_begin_short_backtrace::h1bb71a7386fd3269
Nov 03 01:39:37.211 INFO blam!                                at libstd/panicking.rs:289
Nov 03 01:39:37.211 INFO blam!                                at libstd/panic.rs:392
Nov 03 01:39:37.211 INFO blam!                                at libtest/lib.rs:1423
Nov 03 01:39:37.211 INFO blam!                                at libstd/sys_common/backtrace.rs:136
Nov 03 01:39:37.211 INFO blam!   13:     0x55d53a356124 - std::panicking::try::do_call::h9b94719c3074bb5c
Nov 03 01:39:37.211 INFO blam!                                at libstd/thread/mod.rs:409
Nov 03 01:39:37.211 INFO blam!                                at libstd/panic.rs:313
Nov 03 01:39:37.212 INFO blam!                                at libstd/panicking.rs:310
Nov 03 01:39:37.212 INFO blam!   14:     0x55d53a393e59 - __rust_maybe_catch_panic
Nov 03 01:39:37.212 INFO blam!                                at libpanic_unwind/lib.rs:102
Nov 03 01:39:37.212 INFO blam!   15:     0x55d53a34334c - <F as alloc::boxed::FnBox<A>>::call_box::hb3bcd66d16fd3e84
Nov 03 01:39:37.212 INFO blam!                                at libstd/panicking.rs:289
Nov 03 01:39:37.212 INFO blam!                                at libstd/panic.rs:392
Nov 03 01:39:37.212 INFO blam!                                at libstd/thread/mod.rs:408
Nov 03 01:39:37.212 INFO blam!                                at liballoc/boxed.rs:672
Nov 03 01:39:37.212 INFO blam!   16:     0x55d53a38180d - std::sys_common::thread::start_thread::had0c80d121669d29
Nov 03 01:39:37.212 INFO blam!                                at liballoc/boxed.rs:682
Nov 03 01:39:37.212 INFO blam!                                at libstd/sys_common/thread.rs:24
Nov 03 01:39:37.212 INFO blam!   17:     0x55d53a377005 - std::sys::unix::thread::Thread::new::thread_start::h4a5b66a70d76f47f
Nov 03 01:39:37.212 INFO blam!                                at libstd/sys/unix/thread.rs:90
Nov 03 01:39:37.212 INFO blam!   18:     0x7f9033e9c6b9 - start_thread
Nov 03 01:39:37.212 INFO blam!   19:     0x7f90339bc41c - clone
Nov 03 01:39:37.212 INFO blam!   20:                0x0 - <unknown>
Nov 03 01:39:37.212 INFO blam! 
Nov 03 01:39:37.212 INFO blam! 
Nov 03 01:39:37.212 INFO blam! failures:
Nov 03 01:39:37.212 INFO blam!     bindgen_test_layout_bpf_raw_tracepoint_args
Nov 03 01:39:37.212 INFO blam! 
Nov 03 01:39:37.212 INFO blam! test result: FAILED. 36 passed; 1 failed; 0 ignored; 0 measured; 0 filtered out
Nov 03 01:39:37.212 INFO blam! 
Nov 03 01:39:37.231 INFO kablam! su: No module specific data is present
Nov 03 01:39:37.871 INFO running `"docker" "rm" "-f" "8281c4e8f13d23442da3666969a2a7ae473ae0507d7497555d30fd6192257980"`
Nov 03 01:39:38.135 INFO blam! 8281c4e8f13d23442da3666969a2a7ae473ae0507d7497555d30fd6192257980
