Nov 03 02:17:45.210 INFO testing basiccountminsketch-0.1.2 against 1.30.0 for beta-1.31-1
Nov 03 02:17:45.211 INFO running `"docker" "create" "-v" "/mnt/big/crater/work/local/target-dirs/beta-1.31-1/worker-5/1.30.0:/target:rw,Z" "-v" "/mnt/big/crater/work/local/test-source/worker-5/beta-1.31-1/1.30.0:/source:ro,Z" "-v" "/mnt/big/crater/work/local/cargo-home:/cargo-home:ro,Z" "-v" "/mnt/big/crater/work/local/rustup-home:/rustup-home:ro,Z" "-e" "USER_ID=1000" "-e" "SOURCE_DIR=/source" "-e" "USER_ID=1000" "-e" "CMD=cargo +1.30.0 build --frozen" "-e" "CARGO_TARGET_DIR=/target" "-e" "CARGO_INCREMENTAL=0" "-e" "RUST_BACKTRACE=full" "-e" "RUSTFLAGS=--cap-lints=warn" "-e" "CARGO_HOME=/cargo-home" "-e" "RUSTUP_HOME=/rustup-home" "-m" "1536M" "--network" "none" "crater"`
Nov 03 02:17:45.747 INFO blam! 1363c8d4faba340f5fbdeef68eae3a888bb0179e49e2f08624817f847346af35
Nov 03 02:17:45.749 INFO running `"docker" "start" "-a" "1363c8d4faba340f5fbdeef68eae3a888bb0179e49e2f08624817f847346af35"`
Nov 03 02:17:46.931 INFO kablam! usermod: no changes
Nov 03 02:17:47.020 INFO kablam!    Compiling basiccountminsketch v0.1.2 (/source)
Nov 03 02:17:48.309 INFO kablam!     Finished dev [unoptimized + debuginfo] target(s) in 1.36s
Nov 03 02:17:48.311 INFO kablam! su: No module specific data is present
Nov 03 02:17:48.911 INFO running `"docker" "rm" "-f" "1363c8d4faba340f5fbdeef68eae3a888bb0179e49e2f08624817f847346af35"`
Nov 03 02:17:49.212 INFO blam! 1363c8d4faba340f5fbdeef68eae3a888bb0179e49e2f08624817f847346af35
Nov 03 02:17:49.218 INFO running `"docker" "create" "-v" "/mnt/big/crater/work/local/target-dirs/beta-1.31-1/worker-5/1.30.0:/target:rw,Z" "-v" "/mnt/big/crater/work/local/test-source/worker-5/beta-1.31-1/1.30.0:/source:ro,Z" "-v" "/mnt/big/crater/work/local/cargo-home:/cargo-home:ro,Z" "-v" "/mnt/big/crater/work/local/rustup-home:/rustup-home:ro,Z" "-e" "USER_ID=1000" "-e" "SOURCE_DIR=/source" "-e" "USER_ID=1000" "-e" "CMD=cargo +1.30.0 test --frozen --no-run" "-e" "CARGO_TARGET_DIR=/target" "-e" "CARGO_INCREMENTAL=0" "-e" "RUST_BACKTRACE=full" "-e" "RUSTFLAGS=--cap-lints=warn" "-e" "CARGO_HOME=/cargo-home" "-e" "RUSTUP_HOME=/rustup-home" "-m" "1536M" "--network" "none" "crater"`
Nov 03 02:17:49.719 INFO blam! 1c4fd955b7053c87c22682e86719dd6a2907df1ce97930cdbe1ab575224ee62f
Nov 03 02:17:49.723 INFO running `"docker" "start" "-a" "1c4fd955b7053c87c22682e86719dd6a2907df1ce97930cdbe1ab575224ee62f"`
Nov 03 02:17:51.160 INFO kablam! usermod: no changes
Nov 03 02:17:51.211 INFO kablam!    Compiling basiccountminsketch v0.1.2 (/source)
Nov 03 02:17:56.314 INFO kablam!     Finished dev [unoptimized + debuginfo] target(s) in 5.13s
Nov 03 02:17:56.318 INFO kablam! su: No module specific data is present
Nov 03 02:17:58.063 INFO running `"docker" "rm" "-f" "1c4fd955b7053c87c22682e86719dd6a2907df1ce97930cdbe1ab575224ee62f"`
Nov 03 02:17:58.355 INFO blam! 1c4fd955b7053c87c22682e86719dd6a2907df1ce97930cdbe1ab575224ee62f
Nov 03 02:17:58.363 INFO running `"docker" "create" "-v" "/mnt/big/crater/work/local/target-dirs/beta-1.31-1/worker-5/1.30.0:/target:rw,Z" "-v" "/mnt/big/crater/work/local/test-source/worker-5/beta-1.31-1/1.30.0:/source:ro,Z" "-v" "/mnt/big/crater/work/local/cargo-home:/cargo-home:ro,Z" "-v" "/mnt/big/crater/work/local/rustup-home:/rustup-home:ro,Z" "-e" "USER_ID=1000" "-e" "SOURCE_DIR=/source" "-e" "USER_ID=1000" "-e" "CMD=cargo +1.30.0 test --frozen" "-e" "CARGO_TARGET_DIR=/target" "-e" "CARGO_INCREMENTAL=0" "-e" "RUST_BACKTRACE=full" "-e" "RUSTFLAGS=--cap-lints=warn" "-e" "CARGO_HOME=/cargo-home" "-e" "RUSTUP_HOME=/rustup-home" "-m" "1536M" "--network" "none" "crater"`
Nov 03 02:17:58.787 INFO blam! 41b157cbac35fb53e71bb9b6a1f8b96dd39a02b88294752f804b9ee140dffa15
Nov 03 02:17:58.787 INFO running `"docker" "start" "-a" "41b157cbac35fb53e71bb9b6a1f8b96dd39a02b88294752f804b9ee140dffa15"`
Nov 03 02:18:00.508 INFO kablam! usermod: no changes
Nov 03 02:18:00.547 INFO kablam!     Finished dev [unoptimized + debuginfo] target(s) in 0.01s
Nov 03 02:18:00.551 INFO kablam!      Running /target/debug/deps/basiccms-58e169c33ef41f90
Nov 03 02:18:00.556 INFO blam! 
Nov 03 02:18:00.556 INFO blam! running 0 tests
Nov 03 02:18:00.556 INFO blam! 
Nov 03 02:18:00.556 INFO blam! test result: ok. 0 passed; 0 failed; 0 ignored; 0 measured; 0 filtered out
Nov 03 02:18:00.556 INFO blam! 
Nov 03 02:18:00.558 INFO kablam!      Running /target/debug/deps/addition-e7ea2c7242c875d6
Nov 03 02:18:00.565 INFO blam! 
Nov 03 02:18:00.565 INFO blam! running 2 tests
Nov 03 02:18:00.591 INFO blam! test tests::but_you_can_add_together_two_sketches_from_a_common_base ... ok
Nov 03 02:18:00.600 INFO blam! test tests::you_cannot_add_two_sketches_together_if_they_have_different_hashers ... ok
Nov 03 02:18:00.600 INFO blam! 
Nov 03 02:18:00.600 INFO blam! test result: ok. 2 passed; 0 failed; 0 ignored; 0 measured; 0 filtered out
Nov 03 02:18:00.600 INFO blam! 
Nov 03 02:18:00.607 INFO kablam!      Running /target/debug/deps/counting-3874f70ccee83710
Nov 03 02:18:00.609 INFO blam! 
Nov 03 02:18:00.609 INFO blam! running 5 tests
Nov 03 02:18:00.609 INFO blam! test tests::we_should_be_able_to_keep_track_of_an_addition ... ok
Nov 03 02:18:00.609 INFO blam! test tests::can_add_any_hashable_type ... ok
Nov 03 02:18:00.615 INFO blam! test tests::we_should_be_able_to_count_repetitions ... ok
Nov 03 02:18:00.615 INFO blam! test tests::we_should_be_able_to_add_heterogenuously ... ok
Nov 03 02:18:00.663 INFO blam! test tests::we_should_be_able_to_add_very_many_elements ... FAILED
Nov 03 02:18:00.663 INFO blam! 
Nov 03 02:18:00.663 INFO blam! failures:
Nov 03 02:18:00.663 INFO blam! 
Nov 03 02:18:00.663 INFO blam! ---- tests::we_should_be_able_to_add_very_many_elements stdout ----
Nov 03 02:18:00.663 INFO blam! thread 'tests::we_should_be_able_to_add_very_many_elements' panicked at 'assertion failed: `(left == right)`
Nov 03 02:18:00.663 INFO blam!   left: `0`,
Nov 03 02:18:00.663 INFO blam!  right: `1`', tests/counting.rs:47:9
Nov 03 02:18:00.663 INFO blam! stack backtrace:
Nov 03 02:18:00.663 INFO blam!    0:     0x5647430fc69e - std::sys::unix::backtrace::tracing::imp::unwind_backtrace::hf5316c67202e23c8
Nov 03 02:18:00.663 INFO blam!                                at libstd/sys/unix/backtrace/tracing/gcc_s.rs:49
Nov 03 02:18:00.663 INFO blam!    1:     0x5647430ef8a6 - std::sys_common::backtrace::print::h3068ed2a6dc7ac86
Nov 03 02:18:00.663 INFO blam!                                at libstd/sys_common/backtrace.rs:71
Nov 03 02:18:00.663 INFO blam!                                at libstd/sys_common/backtrace.rs:59
Nov 03 02:18:00.663 INFO blam!    2:     0x5647430edc7d - std::panicking::default_hook::{{closure}}::h1b9d29cc09d41897
Nov 03 02:18:00.663 INFO blam!                                at libstd/panicking.rs:211
Nov 03 02:18:00.663 INFO blam!    3:     0x5647430ed98b - std::panicking::default_hook::h3a27b204a313406b
Nov 03 02:18:00.663 INFO blam!                                at libstd/panicking.rs:221
Nov 03 02:18:00.663 INFO blam!    4:     0x5647430ee32c - std::panicking::rust_panic_with_hook::h0e12cb2fc86d00fa
Nov 03 02:18:00.663 INFO blam!                                at libstd/panicking.rs:477
Nov 03 02:18:00.663 INFO blam!    5:     0x5647430edee9 - std::panicking::continue_panic_fmt::h141671b29fe0e27d
Nov 03 02:18:00.663 INFO blam!                                at libstd/panicking.rs:391
Nov 03 02:18:00.663 INFO blam!    6:     0x5647430ede4d - std::panicking::begin_panic_fmt::h598547fc766c278a
Nov 03 02:18:00.663 INFO blam!                                at libstd/panicking.rs:346
Nov 03 02:18:00.663 INFO blam!    7:     0x56474308ffb5 - counting::tests::we_should_be_able_to_add_very_many_elements::h417176314c1de155
Nov 03 02:18:00.663 INFO blam!                                at tests/counting.rs:47
Nov 03 02:18:00.663 INFO blam!    8:     0x56474308fc39 - counting::tests::we_should_be_able_to_add_very_many_elements::{{closure}}::h777de02f50156a13
Nov 03 02:18:00.663 INFO blam!                                at tests/counting.rs:39
Nov 03 02:18:00.663 INFO blam!    9:     0x56474309093d - core::ops::function::FnOnce::call_once::hd9874bbebb7cf6bc
Nov 03 02:18:00.663 INFO blam!                                at libcore/ops/function.rs:238
Nov 03 02:18:00.663 INFO blam!   10:     0x564743093f0e - <F as alloc::boxed::FnBox<A>>::call_box::ha9910eac2d17ff23
Nov 03 02:18:00.663 INFO blam!                                at libtest/lib.rs:1461
Nov 03 02:18:00.663 INFO blam!                                at libcore/ops/function.rs:238
Nov 03 02:18:00.663 INFO blam!                                at liballoc/boxed.rs:646
Nov 03 02:18:00.663 INFO blam!   11:     0x56474310b519 - __rust_maybe_catch_panic
Nov 03 02:18:00.663 INFO blam!                                at libpanic_unwind/lib.rs:103
Nov 03 02:18:00.663 INFO blam!   12:     0x56474309f81d - std::sys_common::backtrace::__rust_begin_short_backtrace::h470b05235fe5e5ad
Nov 03 02:18:00.663 INFO blam!                                at libstd/panicking.rs:289
Nov 03 02:18:00.663 INFO blam!                                at libstd/panic.rs:392
Nov 03 02:18:00.663 INFO blam!                                at libtest/lib.rs:1416
Nov 03 02:18:00.664 INFO blam!                                at libstd/sys_common/backtrace.rs:136
Nov 03 02:18:00.664 INFO blam!   13:     0x5647430b7e54 - std::panicking::try::do_call::h1f0578498122cc00
Nov 03 02:18:00.664 INFO blam!                                at libstd/thread/mod.rs:409
Nov 03 02:18:00.664 INFO blam!                                at libstd/panic.rs:313
Nov 03 02:18:00.664 INFO blam!                                at libstd/panicking.rs:310
Nov 03 02:18:00.664 INFO blam!   14:     0x56474310b519 - __rust_maybe_catch_panic
Nov 03 02:18:00.664 INFO blam!                                at libpanic_unwind/lib.rs:103
Nov 03 02:18:00.664 INFO blam!   15:     0x5647430a8726 - <F as alloc::boxed::FnBox<A>>::call_box::h7b129f9f235ab460
Nov 03 02:18:00.664 INFO blam!                                at libstd/panicking.rs:289
Nov 03 02:18:00.664 INFO blam!                                at libstd/panic.rs:392
Nov 03 02:18:00.664 INFO blam!                                at libstd/thread/mod.rs:408
Nov 03 02:18:00.664 INFO blam!                                at liballoc/boxed.rs:646
Nov 03 02:18:00.664 INFO blam!   16:     0x5647430fdfba - std::sys_common::thread::start_thread::hb77935aee02382da
Nov 03 02:18:00.664 INFO blam!                                at liballoc/boxed.rs:656
Nov 03 02:18:00.664 INFO blam!                                at libstd/sys_common/thread.rs:24
Nov 03 02:18:00.664 INFO blam!   17:     0x5647430eeae5 - std::sys::unix::thread::Thread::new::thread_start::hd61f7429b3de1d75
Nov 03 02:18:00.664 INFO blam!                                at libstd/sys/unix/thread.rs:90
Nov 03 02:18:00.664 INFO blam!   18:     0x7fd66e12f6b9 - start_thread
Nov 03 02:18:00.664 INFO blam!   19:     0x7fd66dc4f41c - clone
Nov 03 02:18:00.664 INFO blam!   20:                0x0 - <unknown>
Nov 03 02:18:00.664 INFO blam! 
Nov 03 02:18:00.664 INFO blam! 
Nov 03 02:18:00.664 INFO blam! failures:
Nov 03 02:18:00.664 INFO blam!     tests::we_should_be_able_to_add_very_many_elements
Nov 03 02:18:00.664 INFO blam! 
Nov 03 02:18:00.664 INFO blam! test result: FAILED. 4 passed; 1 failed; 0 ignored; 0 measured; 0 filtered out
Nov 03 02:18:00.664 INFO blam! 
Nov 03 02:18:00.664 INFO kablam! error: test failed, to rerun pass '--test counting'
Nov 03 02:18:00.687 INFO kablam! su: No module specific data is present
Nov 03 02:18:01.243 INFO running `"docker" "rm" "-f" "41b157cbac35fb53e71bb9b6a1f8b96dd39a02b88294752f804b9ee140dffa15"`
Nov 03 02:18:01.394 INFO blam! 41b157cbac35fb53e71bb9b6a1f8b96dd39a02b88294752f804b9ee140dffa15
