Oct 31 21:03:29.008 INFO testing sinesc/itsy against beta-2018-10-30 for beta-1.31-1
Oct 31 21:03:29.008 INFO running `"docker" "create" "-v" "/mnt/big/crater/work/local/target-dirs/beta-1.31-1/worker-4/beta-2018-10-30:/target:rw,Z" "-v" "/mnt/big/crater/work/local/test-source/worker-4/beta-1.31-1/beta-2018-10-30:/source:ro,Z" "-v" "/mnt/big/crater/work/local/cargo-home:/cargo-home:ro,Z" "-v" "/mnt/big/crater/work/local/rustup-home:/rustup-home:ro,Z" "-e" "USER_ID=1000" "-e" "SOURCE_DIR=/source" "-e" "USER_ID=1000" "-e" "CMD=cargo +beta-2018-10-30 build --frozen" "-e" "CARGO_TARGET_DIR=/target" "-e" "CARGO_INCREMENTAL=0" "-e" "RUST_BACKTRACE=full" "-e" "RUSTFLAGS=--cap-lints=warn" "-e" "CARGO_HOME=/cargo-home" "-e" "RUSTUP_HOME=/rustup-home" "-m" "1536M" "--network" "none" "crater"`
Oct 31 21:03:29.479 INFO blam! 9cfec01d750cd8381614301a6c5fe454fe16c1191fff49df7b603d6221872423
Oct 31 21:03:29.481 INFO running `"docker" "start" "-a" "9cfec01d750cd8381614301a6c5fe454fe16c1191fff49df7b603d6221872423"`
Oct 31 21:03:30.911 INFO kablam! usermod: no changes
Oct 31 21:03:31.021 INFO kablam!    Compiling memchr v2.0.1
Oct 31 21:03:31.639 INFO kablam!    Compiling nom v4.0.0
Oct 31 21:03:34.611 INFO kablam!    Compiling itsy v0.1.0 (/source)
Oct 31 21:03:43.999 INFO kablam!     Finished dev [unoptimized + debuginfo] target(s) in 13.06s
Oct 31 21:03:44.002 INFO kablam! su: No module specific data is present
Oct 31 21:03:44.651 INFO running `"docker" "rm" "-f" "9cfec01d750cd8381614301a6c5fe454fe16c1191fff49df7b603d6221872423"`
Oct 31 21:03:45.013 INFO blam! 9cfec01d750cd8381614301a6c5fe454fe16c1191fff49df7b603d6221872423
Oct 31 21:03:45.024 INFO running `"docker" "create" "-v" "/mnt/big/crater/work/local/target-dirs/beta-1.31-1/worker-4/beta-2018-10-30:/target:rw,Z" "-v" "/mnt/big/crater/work/local/test-source/worker-4/beta-1.31-1/beta-2018-10-30:/source:ro,Z" "-v" "/mnt/big/crater/work/local/cargo-home:/cargo-home:ro,Z" "-v" "/mnt/big/crater/work/local/rustup-home:/rustup-home:ro,Z" "-e" "USER_ID=1000" "-e" "SOURCE_DIR=/source" "-e" "USER_ID=1000" "-e" "CMD=cargo +beta-2018-10-30 test --frozen --no-run" "-e" "CARGO_TARGET_DIR=/target" "-e" "CARGO_INCREMENTAL=0" "-e" "RUST_BACKTRACE=full" "-e" "RUSTFLAGS=--cap-lints=warn" "-e" "CARGO_HOME=/cargo-home" "-e" "RUSTUP_HOME=/rustup-home" "-m" "1536M" "--network" "none" "crater"`
Oct 31 21:03:45.555 INFO blam! 216769b15c72013d1651bae57b615f5905f9f99ee7d24de1aa6d9ca58ca4acd2
Oct 31 21:03:45.557 INFO running `"docker" "start" "-a" "216769b15c72013d1651bae57b615f5905f9f99ee7d24de1aa6d9ca58ca4acd2"`
Oct 31 21:03:47.106 INFO kablam! usermod: no changes
Oct 31 21:03:47.179 INFO kablam!    Compiling itsy v0.1.0 (/source)
Oct 31 21:03:51.972 INFO kablam!     Finished dev [unoptimized + debuginfo] target(s) in 4.84s
Oct 31 21:03:51.976 INFO kablam! su: No module specific data is present
Oct 31 21:03:52.531 INFO running `"docker" "rm" "-f" "216769b15c72013d1651bae57b615f5905f9f99ee7d24de1aa6d9ca58ca4acd2"`
Oct 31 21:03:52.979 INFO blam! 216769b15c72013d1651bae57b615f5905f9f99ee7d24de1aa6d9ca58ca4acd2
Oct 31 21:03:52.979 INFO running `"docker" "create" "-v" "/mnt/big/crater/work/local/target-dirs/beta-1.31-1/worker-4/beta-2018-10-30:/target:rw,Z" "-v" "/mnt/big/crater/work/local/test-source/worker-4/beta-1.31-1/beta-2018-10-30:/source:ro,Z" "-v" "/mnt/big/crater/work/local/cargo-home:/cargo-home:ro,Z" "-v" "/mnt/big/crater/work/local/rustup-home:/rustup-home:ro,Z" "-e" "USER_ID=1000" "-e" "SOURCE_DIR=/source" "-e" "USER_ID=1000" "-e" "CMD=cargo +beta-2018-10-30 test --frozen" "-e" "CARGO_TARGET_DIR=/target" "-e" "CARGO_INCREMENTAL=0" "-e" "RUST_BACKTRACE=full" "-e" "RUSTFLAGS=--cap-lints=warn" "-e" "CARGO_HOME=/cargo-home" "-e" "RUSTUP_HOME=/rustup-home" "-m" "1536M" "--network" "none" "crater"`
Oct 31 21:03:53.645 INFO blam! 1aa15866fadd451e67a9e973c338a2b3cf4db90473135bfb9f220e7616c93404
Oct 31 21:03:53.645 INFO running `"docker" "start" "-a" "1aa15866fadd451e67a9e973c338a2b3cf4db90473135bfb9f220e7616c93404"`
Oct 31 21:03:54.784 INFO kablam! usermod: no changes
Oct 31 21:03:54.861 INFO kablam!     Finished dev [unoptimized + debuginfo] target(s) in 0.03s
Oct 31 21:03:54.873 INFO kablam!      Running /target/debug/deps/itsy-f083aeb58833e1f0
Oct 31 21:03:54.875 INFO blam! 
Oct 31 21:03:54.875 INFO blam! running 0 tests
Oct 31 21:03:54.875 INFO blam! 
Oct 31 21:03:54.875 INFO blam! test result: ok. 0 passed; 0 failed; 0 ignored; 0 measured; 0 filtered out
Oct 31 21:03:54.875 INFO blam! 
Oct 31 21:03:54.875 INFO kablam!      Running /target/debug/deps/playground-1f03e87cdf6ac4b7
Oct 31 21:03:54.882 INFO blam! 
Oct 31 21:03:54.882 INFO blam! running 0 tests
Oct 31 21:03:54.882 INFO blam! 
Oct 31 21:03:54.882 INFO blam! test result: ok. 0 passed; 0 failed; 0 ignored; 0 measured; 0 filtered out
Oct 31 21:03:54.882 INFO blam! 
Oct 31 21:03:54.883 INFO kablam!    Doc-tests itsy
Oct 31 21:03:55.704 INFO blam! 
Oct 31 21:03:55.704 INFO blam! running 1 test
Oct 31 21:03:56.247 INFO blam! test src/bytecode/macros.rs - extern_rust (line 7) ... FAILED
Oct 31 21:03:56.247 INFO blam! 
Oct 31 21:03:56.247 INFO blam! failures:
Oct 31 21:03:56.247 INFO blam! 
Oct 31 21:03:56.247 INFO blam! ---- src/bytecode/macros.rs - extern_rust (line 7) stdout ----
Oct 31 21:03:56.247 INFO blam! error: cannot find macro `extern_rust!` in this scope
Oct 31 21:03:56.247 INFO blam!  --> src/bytecode/macros.rs:8:1
Oct 31 21:03:56.247 INFO blam!   |
Oct 31 21:03:56.247 INFO blam! 3 | extern_rust!(MyFns, {
Oct 31 21:03:56.247 INFO blam!   | ^^^^^^^^^^^
Oct 31 21:03:56.247 INFO blam! 
Oct 31 21:03:56.247 INFO blam! thread 'src/bytecode/macros.rs - extern_rust (line 7)' panicked at 'couldn't compile the test', librustdoc/test.rs:332:13
Oct 31 21:03:56.247 INFO blam! stack backtrace:
Oct 31 21:03:56.247 INFO blam!    0:     0x7fe9e451c6ff - std::sys::unix::backtrace::tracing::imp::unwind_backtrace::h3c55afa80a996a32
Oct 31 21:03:56.247 INFO blam!                                at libstd/sys/unix/backtrace/tracing/gcc_s.rs:49
Oct 31 21:03:56.247 INFO blam!    1:     0x7fe9e4501697 - std::sys_common::backtrace::print::hcef907ea7a07cd40
Oct 31 21:03:56.247 INFO blam!                                at libstd/sys_common/backtrace.rs:71
Oct 31 21:03:56.247 INFO blam!                                at libstd/sys_common/backtrace.rs:59
Oct 31 21:03:56.247 INFO blam!    2:     0x7fe9e4527acf - std::panicking::default_hook::{{closure}}::hf541876c65f36ea7
Oct 31 21:03:56.247 INFO blam!                                at libstd/panicking.rs:211
Oct 31 21:03:56.247 INFO blam!    3:     0x7fe9e45277ce - std::panicking::default_hook::h4ecc06b30ae4459d
Oct 31 21:03:56.247 INFO blam!                                at libstd/panicking.rs:221
Oct 31 21:03:56.247 INFO blam!    4:     0x7fe9e67c36d1 - rustc::util::common::panic_hook::hf4e6f5c3b281764b
Oct 31 21:03:56.247 INFO blam!    5:     0x7fe9e45282c6 - std::panicking::rust_panic_with_hook::h0cc6d9cc9f34a947
Oct 31 21:03:56.247 INFO blam!                                at libstd/panicking.rs:480
Oct 31 21:03:56.247 INFO blam!    6:     0x55ad918f9387 - std::panicking::begin_panic::he08470afd022350c
Oct 31 21:03:56.247 INFO blam!                                at libstd/panicking.rs:410
Oct 31 21:03:56.247 INFO blam!    7:     0x55ad91a8b707 - <rustdoc::test::Collector as rustdoc::test::Tester>::add_test::{{closure}}::{{closure}}::{{closure}}::h1097dd2aed0bc349
Oct 31 21:03:56.247 INFO blam!                                at librustdoc/test.rs:332
Oct 31 21:03:56.247 INFO blam!                                at librustdoc/test.rs:596
Oct 31 21:03:56.247 INFO blam!    8:     0x55ad91a40c78 - <scoped_tls::ScopedKey<T>>::set::h9bba31b35056dc07
Oct 31 21:03:56.247 INFO blam!                                at /cargo/registry/src/github.com-1ecc6299db9ec823/scoped-tls-0.1.2/src/lib.rs:155
Oct 31 21:03:56.247 INFO blam!                                at libsyntax/lib.rs:106
Oct 31 21:03:56.247 INFO blam!                                at /cargo/registry/src/github.com-1ecc6299db9ec823/scoped-tls-0.1.2/src/lib.rs:155
Oct 31 21:03:56.247 INFO blam!    9:     0x55ad91846481 - syntax::with_globals::h4fd10729776cd915
Oct 31 21:03:56.247 INFO blam!                                at libsyntax/lib.rs:105
Oct 31 21:03:56.247 INFO blam!   10:     0x55ad918f95cb - std::panicking::try::do_call::he572b5001749b5c7
Oct 31 21:03:56.247 INFO blam!                                at librustdoc/test.rs:593
Oct 31 21:03:56.247 INFO blam!                                at libstd/panic.rs:313
Oct 31 21:03:56.247 INFO blam!                                at libstd/panicking.rs:310
Oct 31 21:03:56.247 INFO blam!   11:     0x7fe9e4535de9 - __rust_maybe_catch_panic
Oct 31 21:03:56.247 INFO blam!                                at libpanic_unwind/lib.rs:102
Oct 31 21:03:56.247 INFO blam!   12:     0x55ad9191b079 - rustc_driver::in_named_rustc_thread::hc8aa36ae7168454b
Oct 31 21:03:56.247 INFO blam!                                at libstd/panicking.rs:289
Oct 31 21:03:56.247 INFO blam!                                at libstd/panic.rs:392
Oct 31 21:03:56.247 INFO blam!                                at librustc_driver/lib.rs:1546
Oct 31 21:03:56.247 INFO blam!   13:     0x55ad91a59960 - <F as alloc::boxed::FnBox<A>>::call_box::hf53e55f306710650
Oct 31 21:03:56.247 INFO blam!                                at librustdoc/test.rs:593
Oct 31 21:03:56.247 INFO blam!                                at liballoc/boxed.rs:672
Oct 31 21:03:56.247 INFO blam!   14:     0x7fe9e5b94142 - <F as alloc::boxed::FnBox<A>>::call_box::hecf56d722ce7bb71
Oct 31 21:03:56.247 INFO blam!                                at libtest/lib.rs:1461
Oct 31 21:03:56.247 INFO blam!                                at liballoc/boxed.rs:672
Oct 31 21:03:56.247 INFO blam!   15:     0x7fe9e4535de9 - __rust_maybe_catch_panic
Oct 31 21:03:56.247 INFO blam!                                at libpanic_unwind/lib.rs:102
Oct 31 21:03:56.247 INFO blam!   16:     0x7fe9e5bbc412 - std::sys_common::backtrace::__rust_begin_short_backtrace::h1bb71a7386fd3269
Oct 31 21:03:56.247 INFO blam!                                at libstd/panicking.rs:289
Oct 31 21:03:56.247 INFO blam!                                at libstd/panic.rs:392
Oct 31 21:03:56.247 INFO blam!                                at libtest/lib.rs:1423
Oct 31 21:03:56.247 INFO blam!                                at libstd/sys_common/backtrace.rs:136
Oct 31 21:03:56.247 INFO blam!   17:     0x7fe9e5bbd1b4 - std::panicking::try::do_call::h9b94719c3074bb5c
Oct 31 21:03:56.247 INFO blam!                                at libstd/thread/mod.rs:409
Oct 31 21:03:56.247 INFO blam!                                at libstd/panic.rs:313
Oct 31 21:03:56.247 INFO blam!                                at libstd/panicking.rs:310
Oct 31 21:03:56.247 INFO blam!   18:     0x7fe9e4535de9 - __rust_maybe_catch_panic
Oct 31 21:03:56.247 INFO blam!                                at libpanic_unwind/lib.rs:102
Oct 31 21:03:56.247 INFO blam!   19:     0x7fe9e5ba590c - <F as alloc::boxed::FnBox<A>>::call_box::hb3bcd66d16fd3e84
Oct 31 21:03:56.247 INFO blam!                                at libstd/panicking.rs:289
Oct 31 21:03:56.247 INFO blam!                                at libstd/panic.rs:392
Oct 31 21:03:56.247 INFO blam!                                at libstd/thread/mod.rs:408
Oct 31 21:03:56.247 INFO blam!                                at liballoc/boxed.rs:672
Oct 31 21:03:56.247 INFO blam!   20:     0x7fe9e4522a8d - std::sys_common::thread::start_thread::had0c80d121669d29
Oct 31 21:03:56.248 INFO blam!                                at liballoc/boxed.rs:682
Oct 31 21:03:56.248 INFO blam!                                at libstd/sys_common/thread.rs:24
Oct 31 21:03:56.248 INFO blam!   21:     0x7fe9e44f8435 - std::sys::unix::thread::Thread::new::thread_start::h4a5b66a70d76f47f
Oct 31 21:03:56.248 INFO blam!                                at libstd/sys/unix/thread.rs:90
Oct 31 21:03:56.248 INFO blam!   22:     0x7fe9e40846b9 - start_thread
Oct 31 21:03:56.248 INFO blam!   23:     0x7fe9e3ba441c - clone
Oct 31 21:03:56.248 INFO blam!   24:                0x0 - <unknown>
Oct 31 21:03:56.248 INFO blam! query stack during panic:
Oct 31 21:03:56.248 INFO blam! end of query stack
Oct 31 21:03:56.248 INFO blam! 
Oct 31 21:03:56.248 INFO blam! 
Oct 31 21:03:56.248 INFO blam! failures:
Oct 31 21:03:56.248 INFO blam!     src/bytecode/macros.rs - extern_rust (line 7)
Oct 31 21:03:56.248 INFO blam! 
Oct 31 21:03:56.248 INFO blam! test result: FAILED. 0 passed; 1 failed; 0 ignored; 0 measured; 0 filtered out
Oct 31 21:03:56.248 INFO blam! 
Oct 31 21:03:56.260 INFO kablam! error: test failed, to rerun pass '--doc'
Oct 31 21:03:56.262 INFO kablam! su: No module specific data is present
Oct 31 21:03:57.319 INFO running `"docker" "rm" "-f" "1aa15866fadd451e67a9e973c338a2b3cf4db90473135bfb9f220e7616c93404"`
Oct 31 21:03:57.591 INFO blam! 1aa15866fadd451e67a9e973c338a2b3cf4db90473135bfb9f220e7616c93404
