Nov 01 17:30:04.494 INFO testing TheNumerus/enigmap-renderer against beta-2018-10-30 for beta-1.31-1
Nov 01 17:30:04.496 INFO running `"docker" "create" "-v" "/mnt/big/crater/work/local/target-dirs/beta-1.31-1/worker-0/beta-2018-10-30:/target:rw,Z" "-v" "/mnt/big/crater/work/local/test-source/worker-0/beta-1.31-1/beta-2018-10-30:/source:ro,Z" "-v" "/mnt/big/crater/work/local/cargo-home:/cargo-home:ro,Z" "-v" "/mnt/big/crater/work/local/rustup-home:/rustup-home:ro,Z" "-e" "USER_ID=1000" "-e" "SOURCE_DIR=/source" "-e" "USER_ID=1000" "-e" "CMD=cargo +beta-2018-10-30 build --frozen" "-e" "CARGO_TARGET_DIR=/target" "-e" "CARGO_INCREMENTAL=0" "-e" "RUST_BACKTRACE=full" "-e" "RUSTFLAGS=--cap-lints=warn" "-e" "CARGO_HOME=/cargo-home" "-e" "RUSTUP_HOME=/rustup-home" "-m" "1536M" "--network" "none" "crater"`
Nov 01 17:30:05.205 INFO blam! b6c2d102c78e10f76e0e316c77516e1a89620795c41c40264c679839c1c94f5b
Nov 01 17:30:05.215 INFO running `"docker" "start" "-a" "b6c2d102c78e10f76e0e316c77516e1a89620795c41c40264c679839c1c94f5b"`
Nov 01 17:30:06.035 INFO kablam! usermod: no changes
Nov 01 17:30:06.446 INFO kablam!    Compiling num-rational v0.1.42
Nov 01 17:30:06.446 INFO kablam!    Compiling enum_primitive v0.1.1
Nov 01 17:30:06.446 INFO kablam!    Compiling osmesa-sys v0.1.2
Nov 01 17:30:06.469 INFO kablam!    Compiling num-derive v0.2.2
Nov 01 17:30:06.471 INFO kablam!    Compiling png v0.11.0
Nov 01 17:30:06.474 INFO kablam!    Compiling jpeg-decoder v0.1.15
Nov 01 17:30:06.474 INFO kablam!    Compiling smithay-client-toolkit v0.2.6
Nov 01 17:30:14.887 INFO kablam!    Compiling image v0.18.0
Nov 01 17:30:18.333 INFO kablam!    Compiling tiff v0.2.1
Nov 01 17:30:18.643 INFO kablam!    Compiling winit v0.16.2
Nov 01 17:30:20.411 INFO kablam!    Compiling image v0.20.0
Nov 01 17:30:32.555 INFO kablam!    Compiling glutin v0.17.0
Nov 01 17:30:33.687 INFO kablam!    Compiling noise v0.5.1
Nov 01 17:30:40.774 INFO kablam!    Compiling glium v0.22.0
Nov 01 17:31:09.065 INFO kablam!    Compiling enigmap v0.1.0 (/source)
Nov 01 17:31:12.609 INFO kablam! warning: unused import: `Seedable`
Nov 01 17:31:12.610 INFO kablam!  --> src/generators/geo.rs:3:27
Nov 01 17:31:12.611 INFO kablam!   |
Nov 01 17:31:12.611 INFO kablam! 3 | use noise::{Fbm, NoiseFn, Seedable};
Nov 01 17:31:12.612 INFO kablam!   |                           ^^^^^^^^
Nov 01 17:31:12.612 INFO kablam!   |
Nov 01 17:31:12.613 INFO kablam!   = note: #[warn(unused_imports)] on by default
Nov 01 17:31:12.613 INFO kablam! 
Nov 01 17:31:12.722 INFO kablam! warning: variant `DEBUG_2D` should have a camel case name such as `Debug2d`
Nov 01 17:31:12.723 INFO kablam!   --> src/hex.rs:96:5
Nov 01 17:31:12.724 INFO kablam!    |
Nov 01 17:31:12.724 INFO kablam! 96 |     DEBUG_2D((f32,f32)),
Nov 01 17:31:12.725 INFO kablam!    |     ^^^^^^^^^^^^^^^^^^^
Nov 01 17:31:12.726 INFO kablam!    |
Nov 01 17:31:12.726 INFO kablam!    = note: #[warn(non_camel_case_types)] on by default
Nov 01 17:31:12.727 INFO kablam! 
Nov 01 17:31:24.515 INFO kablam!     Finished dev [unoptimized + debuginfo] target(s) in 1m 18s
Nov 01 17:31:24.531 INFO kablam! su: No module specific data is present
Nov 01 17:31:25.794 INFO running `"docker" "rm" "-f" "b6c2d102c78e10f76e0e316c77516e1a89620795c41c40264c679839c1c94f5b"`
Nov 01 17:31:26.199 INFO blam! b6c2d102c78e10f76e0e316c77516e1a89620795c41c40264c679839c1c94f5b
Nov 01 17:31:26.215 INFO running `"docker" "create" "-v" "/mnt/big/crater/work/local/target-dirs/beta-1.31-1/worker-0/beta-2018-10-30:/target:rw,Z" "-v" "/mnt/big/crater/work/local/test-source/worker-0/beta-1.31-1/beta-2018-10-30:/source:ro,Z" "-v" "/mnt/big/crater/work/local/cargo-home:/cargo-home:ro,Z" "-v" "/mnt/big/crater/work/local/rustup-home:/rustup-home:ro,Z" "-e" "USER_ID=1000" "-e" "SOURCE_DIR=/source" "-e" "USER_ID=1000" "-e" "CMD=cargo +beta-2018-10-30 test --frozen --no-run" "-e" "CARGO_TARGET_DIR=/target" "-e" "CARGO_INCREMENTAL=0" "-e" "RUST_BACKTRACE=full" "-e" "RUSTFLAGS=--cap-lints=warn" "-e" "CARGO_HOME=/cargo-home" "-e" "RUSTUP_HOME=/rustup-home" "-m" "1536M" "--network" "none" "crater"`
Nov 01 17:31:26.774 INFO blam! 59241fd48aa1ff2215b765e0f4faf8375b69df926b0f4547458613b4557aaf0d
Nov 01 17:31:26.811 INFO running `"docker" "start" "-a" "59241fd48aa1ff2215b765e0f4faf8375b69df926b0f4547458613b4557aaf0d"`
Nov 01 17:31:28.517 INFO kablam! usermod: no changes
Nov 01 17:31:28.923 INFO kablam!    Compiling csv v1.0.2
Nov 01 17:31:28.923 INFO kablam!    Compiling simplelog v0.5.3
Nov 01 17:31:28.928 INFO kablam!    Compiling handlebars v0.32.4
Nov 01 17:31:39.879 INFO kablam!    Compiling criterion v0.2.5
Nov 01 17:31:49.988 INFO kablam!    Compiling enigmap v0.1.0 (/source)
Nov 01 17:31:54.508 INFO kablam! warning: unused import: `Seedable`
Nov 01 17:31:54.508 INFO kablam!  --> src/generators/geo.rs:3:27
Nov 01 17:31:54.508 INFO kablam!   |
Nov 01 17:31:54.508 INFO kablam! 3 | use noise::{Fbm, NoiseFn, Seedable};
Nov 01 17:31:54.508 INFO kablam!   |                           ^^^^^^^^
Nov 01 17:31:54.508 INFO kablam!   |
Nov 01 17:31:54.508 INFO kablam!   = note: #[warn(unused_imports)] on by default
Nov 01 17:31:54.508 INFO kablam! 
Nov 01 17:31:54.647 INFO kablam! warning: variant `DEBUG_2D` should have a camel case name such as `Debug2d`
Nov 01 17:31:54.647 INFO kablam!   --> src/hex.rs:96:5
Nov 01 17:31:54.647 INFO kablam!    |
Nov 01 17:31:54.647 INFO kablam! 96 |     DEBUG_2D((f32,f32)),
Nov 01 17:31:54.647 INFO kablam!    |     ^^^^^^^^^^^^^^^^^^^
Nov 01 17:31:54.647 INFO kablam!    |
Nov 01 17:31:54.647 INFO kablam!    = note: #[warn(non_camel_case_types)] on by default
Nov 01 17:31:54.647 INFO kablam! 
Nov 01 17:31:55.579 INFO kablam!     Finished dev [unoptimized + debuginfo] target(s) in 27.03s
Nov 01 17:31:55.611 INFO kablam! su: No module specific data is present
Nov 01 17:31:56.545 INFO running `"docker" "rm" "-f" "59241fd48aa1ff2215b765e0f4faf8375b69df926b0f4547458613b4557aaf0d"`
Nov 01 17:31:56.791 INFO blam! 59241fd48aa1ff2215b765e0f4faf8375b69df926b0f4547458613b4557aaf0d
Nov 01 17:31:56.804 INFO running `"docker" "create" "-v" "/mnt/big/crater/work/local/target-dirs/beta-1.31-1/worker-0/beta-2018-10-30:/target:rw,Z" "-v" "/mnt/big/crater/work/local/test-source/worker-0/beta-1.31-1/beta-2018-10-30:/source:ro,Z" "-v" "/mnt/big/crater/work/local/cargo-home:/cargo-home:ro,Z" "-v" "/mnt/big/crater/work/local/rustup-home:/rustup-home:ro,Z" "-e" "USER_ID=1000" "-e" "SOURCE_DIR=/source" "-e" "USER_ID=1000" "-e" "CMD=cargo +beta-2018-10-30 test --frozen" "-e" "CARGO_TARGET_DIR=/target" "-e" "CARGO_INCREMENTAL=0" "-e" "RUST_BACKTRACE=full" "-e" "RUSTFLAGS=--cap-lints=warn" "-e" "CARGO_HOME=/cargo-home" "-e" "RUSTUP_HOME=/rustup-home" "-m" "1536M" "--network" "none" "crater"`
Nov 01 17:31:57.247 INFO blam! 35abaaf88f7cea404f8a28129428cb487135f4c381dcb50d997d7ba6faab6a17
Nov 01 17:31:57.255 INFO running `"docker" "start" "-a" "35abaaf88f7cea404f8a28129428cb487135f4c381dcb50d997d7ba6faab6a17"`
Nov 01 17:31:58.647 INFO kablam! usermod: no changes
Nov 01 17:31:58.939 INFO kablam!     Finished dev [unoptimized + debuginfo] target(s) in 0.25s
Nov 01 17:31:58.963 INFO kablam!      Running /target/debug/deps/enigmap-de8053eae28261c4
Nov 01 17:31:58.964 INFO blam! 
Nov 01 17:31:58.964 INFO blam! running 0 tests
Nov 01 17:31:58.964 INFO blam! 
Nov 01 17:31:58.964 INFO blam! test result: ok. 0 passed; 0 failed; 0 ignored; 0 measured; 0 filtered out
Nov 01 17:31:58.965 INFO blam! 
Nov 01 17:31:58.967 INFO kablam!      Running /target/debug/deps/enigmap-54547e5f0da986d6
Nov 01 17:31:58.979 INFO blam! 
Nov 01 17:31:58.979 INFO blam! running 0 tests
Nov 01 17:31:58.979 INFO blam! 
Nov 01 17:31:58.980 INFO blam! test result: ok. 0 passed; 0 failed; 0 ignored; 0 measured; 0 filtered out
Nov 01 17:31:58.980 INFO blam! 
Nov 01 17:31:58.987 INFO kablam!    Doc-tests enigmap
Nov 01 17:32:05.059 INFO blam! 
Nov 01 17:32:05.059 INFO blam! running 1 test
Nov 01 17:32:17.283 INFO blam! test src/lib.rs -  (line 4) ... FAILED
Nov 01 17:32:17.283 INFO blam! 
Nov 01 17:32:17.283 INFO blam! failures:
Nov 01 17:32:17.283 INFO blam! 
Nov 01 17:32:17.283 INFO blam! ---- src/lib.rs -  (line 4) stdout ----
Nov 01 17:32:17.283 INFO blam! thread 'src/lib.rs -  (line 4)' panicked at 'test executable failed:
Nov 01 17:32:17.283 INFO blam! 
Nov 01 17:32:17.283 INFO blam! error: XDG_RUNTIME_DIR not set in the environment.
Nov 01 17:32:17.283 INFO blam! thread 'main' panicked at 'Failed to initialize any backend!
Nov 01 17:32:17.283 INFO blam!     Wayland status: NoCompositorListening
Nov 01 17:32:17.283 INFO blam!     X11 status: XOpenDisplayFailed
Nov 01 17:32:17.283 INFO blam! ', /cargo-home/registry/src/github.com-1ecc6299db9ec823/winit-0.16.2/src/platform/linux/mod.rs:439:9
Nov 01 17:32:17.283 INFO blam! stack backtrace:
Nov 01 17:32:17.283 INFO blam!    0:     0x55861d83e9bf - std::sys::unix::backtrace::tracing::imp::unwind_backtrace::h3c55afa80a996a32
Nov 01 17:32:17.283 INFO blam!                                at libstd/sys/unix/backtrace/tracing/gcc_s.rs:49
Nov 01 17:32:17.283 INFO blam!    1:     0x55861d8478a7 - std::sys_common::backtrace::print::hcef907ea7a07cd40
Nov 01 17:32:17.283 INFO blam!                                at libstd/sys_common/backtrace.rs:71
Nov 01 17:32:17.283 INFO blam!                                at libstd/sys_common/backtrace.rs:59
Nov 01 17:32:17.283 INFO blam!    2:     0x55861d84271f - std::panicking::default_hook::{{closure}}::hf541876c65f36ea7
Nov 01 17:32:17.283 INFO blam!                                at libstd/panicking.rs:211
Nov 01 17:32:17.284 INFO blam!    3:     0x55861d842484 - std::panicking::default_hook::h4ecc06b30ae4459d
Nov 01 17:32:17.284 INFO blam!                                at libstd/panicking.rs:227
Nov 01 17:32:17.284 INFO blam!    4:     0x55861d842dfe - std::panicking::rust_panic_with_hook::h0cc6d9cc9f34a947
Nov 01 17:32:17.284 INFO blam!                                at libstd/panicking.rs:476
Nov 01 17:32:17.284 INFO blam!    5:     0x55861d660525 - std::panicking::begin_panic::h3420c43d46ccb652
Nov 01 17:32:17.284 INFO blam!                                at libstd/panicking.rs:410
Nov 01 17:32:17.284 INFO blam!    6:     0x55861d690be1 - winit::platform::platform::EventsLoop::new::haa96eefe53955007
Nov 01 17:32:17.284 INFO blam!                                at /cargo-home/registry/src/github.com-1ecc6299db9ec823/winit-0.16.2/src/platform/linux/mod.rs:439
Nov 01 17:32:17.284 INFO blam!    7:     0x55861d66444f - winit::EventsLoop::new::h8a7be5c4310a1784
Nov 01 17:32:17.284 INFO blam!                                at /cargo-home/registry/src/github.com-1ecc6299db9ec823/winit-0.16.2/src/lib.rs:207
Nov 01 17:32:17.284 INFO blam!    8:     0x55861d41cc5c - <enigmap::renderers::ogl::OGL as enigmap::renderers::Renderer>::render::h5d009e597750dbaf
Nov 01 17:32:17.284 INFO blam!                                at src/renderers/ogl.rs:43
Nov 01 17:32:17.284 INFO blam!    9:     0x55861d3ea7e9 - rust_out::main::h944e552f3f67b4ba
Nov 01 17:32:17.284 INFO blam!   10:     0x55861d3ea5b2 - std::rt::lang_start::{{closure}}::h55d770898514aeb4
Nov 01 17:32:17.284 INFO blam!   11:     0x55861d842822 - std::panicking::try::do_call::h203c4989fde7f201
Nov 01 17:32:17.284 INFO blam!                                at libstd/rt.rs:59
Nov 01 17:32:17.284 INFO blam!                                at libstd/panicking.rs:310
Nov 01 17:32:17.284 INFO blam!   12:     0x55861d852ad9 - __rust_maybe_catch_panic
Nov 01 17:32:17.284 INFO blam!                                at libpanic_unwind/lib.rs:102
Nov 01 17:32:17.284 INFO blam!   13:     0x55861d8357fa - std::rt::lang_start_internal::h80fd76ad39d9c8d9
Nov 01 17:32:17.284 INFO blam!                                at libstd/panicking.rs:289
Nov 01 17:32:17.284 INFO blam!                                at libstd/panic.rs:392
Nov 01 17:32:17.284 INFO blam!                                at libstd/rt.rs:58
Nov 01 17:32:17.284 INFO blam!   14:     0x55861d3ea594 - std::rt::lang_start::h6dd5f188d9e0f86d
Nov 01 17:32:17.284 INFO blam!   15:     0x55861d3ea83a - main
Nov 01 17:32:17.284 INFO blam!   16:     0x7efc376b382f - __libc_start_main
Nov 01 17:32:17.284 INFO blam!   17:     0x55861d3ea448 - _start
Nov 01 17:32:17.284 INFO blam!   18:                0x0 - <unknown>
Nov 01 17:32:17.284 INFO blam! 
Nov 01 17:32:17.284 INFO blam! ', librustdoc/test.rs:367:17
Nov 01 17:32:17.284 INFO blam! stack backtrace:
Nov 01 17:32:17.284 INFO blam!    0:     0x7fcaa84e36ff - std::sys::unix::backtrace::tracing::imp::unwind_backtrace::h3c55afa80a996a32
Nov 01 17:32:17.284 INFO blam!                                at libstd/sys/unix/backtrace/tracing/gcc_s.rs:49
Nov 01 17:32:17.284 INFO blam!    1:     0x7fcaa84c8697 - std::sys_common::backtrace::print::hcef907ea7a07cd40
Nov 01 17:32:17.284 INFO blam!                                at libstd/sys_common/backtrace.rs:71
Nov 01 17:32:17.284 INFO blam!                                at libstd/sys_common/backtrace.rs:59
Nov 01 17:32:17.284 INFO blam!    2:     0x7fcaa84eeacf - std::panicking::default_hook::{{closure}}::hf541876c65f36ea7
Nov 01 17:32:17.284 INFO blam!                                at libstd/panicking.rs:211
Nov 01 17:32:17.284 INFO blam!    3:     0x7fcaa84ee7ce - std::panicking::default_hook::h4ecc06b30ae4459d
Nov 01 17:32:17.284 INFO blam!                                at libstd/panicking.rs:221
Nov 01 17:32:17.284 INFO blam!    4:     0x7fcaaa78a6d1 - rustc::util::common::panic_hook::hf4e6f5c3b281764b
Nov 01 17:32:17.284 INFO blam!    5:     0x7fcaa84ef2c6 - std::panicking::rust_panic_with_hook::h0cc6d9cc9f34a947
Nov 01 17:32:17.284 INFO blam!                                at libstd/panicking.rs:480
Nov 01 17:32:17.284 INFO blam!    6:     0x7fcaa84eee11 - std::panicking::continue_panic_fmt::hc71ad5f01496e320
Nov 01 17:32:17.284 INFO blam!                                at libstd/panicking.rs:390
Nov 01 17:32:17.284 INFO blam!    7:     0x7fcaa84eed5e - std::panicking::begin_panic_fmt::hdb958223ae20ca60
Nov 01 17:32:17.284 INFO blam!                                at libstd/panicking.rs:345
Nov 01 17:32:17.284 INFO blam!    8:     0x55700a21ea38 - <rustdoc::test::Collector as rustdoc::test::Tester>::add_test::{{closure}}::{{closure}}::{{closure}}::h1097dd2aed0bc349
Nov 01 17:32:17.284 INFO blam!                                at librustdoc/test.rs:367
Nov 01 17:32:17.284 INFO blam!                                at librustdoc/test.rs:596
Nov 01 17:32:17.284 INFO blam!    9:     0x55700a1d3c78 - <scoped_tls::ScopedKey<T>>::set::h9bba31b35056dc07
Nov 01 17:32:17.284 INFO blam!                                at /cargo/registry/src/github.com-1ecc6299db9ec823/scoped-tls-0.1.2/src/lib.rs:155
Nov 01 17:32:17.284 INFO blam!                                at libsyntax/lib.rs:106
Nov 01 17:32:17.284 INFO blam!                                at /cargo/registry/src/github.com-1ecc6299db9ec823/scoped-tls-0.1.2/src/lib.rs:155
Nov 01 17:32:17.284 INFO blam!   10:     0x557009fd9481 - syntax::with_globals::h4fd10729776cd915
Nov 01 17:32:17.284 INFO blam!                                at libsyntax/lib.rs:105
Nov 01 17:32:17.284 INFO blam!   11:     0x55700a08c5cb - std::panicking::try::do_call::he572b5001749b5c7
Nov 01 17:32:17.284 INFO blam!                                at librustdoc/test.rs:593
Nov 01 17:32:17.284 INFO blam!                                at libstd/panic.rs:313
Nov 01 17:32:17.284 INFO blam!                                at libstd/panicking.rs:310
Nov 01 17:32:17.284 INFO blam!   12:     0x7fcaa84fcde9 - __rust_maybe_catch_panic
Nov 01 17:32:17.284 INFO blam!                                at libpanic_unwind/lib.rs:102
Nov 01 17:32:17.284 INFO blam!   13:     0x55700a0ae079 - rustc_driver::in_named_rustc_thread::hc8aa36ae7168454b
Nov 01 17:32:17.284 INFO blam!                                at libstd/panicking.rs:289
Nov 01 17:32:17.284 INFO blam!                                at libstd/panic.rs:392
Nov 01 17:32:17.284 INFO blam!                                at librustc_driver/lib.rs:1546
Nov 01 17:32:17.284 INFO blam!   14:     0x55700a1ec960 - <F as alloc::boxed::FnBox<A>>::call_box::hf53e55f306710650
Nov 01 17:32:17.284 INFO blam!                                at librustdoc/test.rs:593
Nov 01 17:32:17.284 INFO blam!                                at liballoc/boxed.rs:672
Nov 01 17:32:17.284 INFO blam!   15:     0x7fcaa9b5b142 - <F as alloc::boxed::FnBox<A>>::call_box::hecf56d722ce7bb71
Nov 01 17:32:17.284 INFO blam!                                at libtest/lib.rs:1461
Nov 01 17:32:17.284 INFO blam!                                at liballoc/boxed.rs:672
Nov 01 17:32:17.284 INFO blam!   16:     0x7fcaa84fcde9 - __rust_maybe_catch_panic
Nov 01 17:32:17.284 INFO blam!                                at libpanic_unwind/lib.rs:102
Nov 01 17:32:17.284 INFO blam!   17:     0x7fcaa9b83412 - std::sys_common::backtrace::__rust_begin_short_backtrace::h1bb71a7386fd3269
Nov 01 17:32:17.284 INFO blam!                                at libstd/panicking.rs:289
Nov 01 17:32:17.284 INFO blam!                                at libstd/panic.rs:392
Nov 01 17:32:17.284 INFO blam!                                at libtest/lib.rs:1423
Nov 01 17:32:17.284 INFO blam!                                at libstd/sys_common/backtrace.rs:136
Nov 01 17:32:17.284 INFO blam!   18:     0x7fcaa9b841b4 - std::panicking::try::do_call::h9b94719c3074bb5c
Nov 01 17:32:17.284 INFO blam!                                at libstd/thread/mod.rs:409
Nov 01 17:32:17.284 INFO blam!                                at libstd/panic.rs:313
Nov 01 17:32:17.284 INFO blam!                                at libstd/panicking.rs:310
Nov 01 17:32:17.284 INFO blam!   19:     0x7fcaa84fcde9 - __rust_maybe_catch_panic
Nov 01 17:32:17.284 INFO blam!                                at libpanic_unwind/lib.rs:102
Nov 01 17:32:17.284 INFO blam!   20:     0x7fcaa9b6c90c - <F as alloc::boxed::FnBox<A>>::call_box::hb3bcd66d16fd3e84
Nov 01 17:32:17.285 INFO blam!                                at libstd/panicking.rs:289
Nov 01 17:32:17.285 INFO blam!                                at libstd/panic.rs:392
Nov 01 17:32:17.285 INFO blam!                                at libstd/thread/mod.rs:408
Nov 01 17:32:17.285 INFO blam!                                at liballoc/boxed.rs:672
Nov 01 17:32:17.285 INFO blam!   21:     0x7fcaa84e9a8d - std::sys_common::thread::start_thread::had0c80d121669d29
Nov 01 17:32:17.285 INFO blam!                                at liballoc/boxed.rs:682
Nov 01 17:32:17.285 INFO blam!                                at libstd/sys_common/thread.rs:24
Nov 01 17:32:17.285 INFO blam!   22:     0x7fcaa84bf435 - std::sys::unix::thread::Thread::new::thread_start::h4a5b66a70d76f47f
Nov 01 17:32:17.285 INFO blam!                                at libstd/sys/unix/thread.rs:90
Nov 01 17:32:17.285 INFO blam!   23:     0x7fcaa804b6b9 - start_thread
Nov 01 17:32:17.285 INFO blam!   24:     0x7fcaa7b6b41c - clone
Nov 01 17:32:17.285 INFO blam!   25:                0x0 - <unknown>
Nov 01 17:32:17.285 INFO blam! query stack during panic:
Nov 01 17:32:17.285 INFO blam! end of query stack
Nov 01 17:32:17.285 INFO blam! 
Nov 01 17:32:17.285 INFO blam! 
Nov 01 17:32:17.285 INFO blam! failures:
Nov 01 17:32:17.285 INFO blam!     src/lib.rs -  (line 4)
Nov 01 17:32:17.285 INFO blam! 
Nov 01 17:32:17.285 INFO blam! test result: FAILED. 0 passed; 1 failed; 0 ignored; 0 measured; 0 filtered out
Nov 01 17:32:17.285 INFO blam! 
Nov 01 17:32:17.303 INFO kablam! error: test failed, to rerun pass '--doc'
Nov 01 17:32:17.303 INFO kablam! su: No module specific data is present
Nov 01 17:32:18.548 INFO running `"docker" "rm" "-f" "35abaaf88f7cea404f8a28129428cb487135f4c381dcb50d997d7ba6faab6a17"`
Nov 01 17:32:18.815 INFO blam! 35abaaf88f7cea404f8a28129428cb487135f4c381dcb50d997d7ba6faab6a17
