Nov 02 03:39:31.052 INFO testing stm32f0x0-hal-0.1.8 against beta-2018-10-30 for beta-1.31-1
Nov 02 03:39:31.052 INFO running `"docker" "create" "-v" "/mnt/big/crater/work/local/target-dirs/beta-1.31-1/worker-3/beta-2018-10-30:/target:rw,Z" "-v" "/mnt/big/crater/work/local/test-source/worker-3/beta-1.31-1/beta-2018-10-30:/source:ro,Z" "-v" "/mnt/big/crater/work/local/cargo-home:/cargo-home:ro,Z" "-v" "/mnt/big/crater/work/local/rustup-home:/rustup-home:ro,Z" "-e" "USER_ID=1000" "-e" "SOURCE_DIR=/source" "-e" "USER_ID=1000" "-e" "CMD=cargo +beta-2018-10-30 build --frozen" "-e" "CARGO_TARGET_DIR=/target" "-e" "CARGO_INCREMENTAL=0" "-e" "RUST_BACKTRACE=full" "-e" "RUSTFLAGS=--cap-lints=warn" "-e" "CARGO_HOME=/cargo-home" "-e" "RUSTUP_HOME=/rustup-home" "-m" "1536M" "--network" "none" "crater"`
Nov 02 03:39:31.231 INFO blam! 8145a4f23f142c52d9bc0a65d0442bed0441fdae85fba4157c87de1ef31ba30d
Nov 02 03:39:31.233 INFO running `"docker" "start" "-a" "8145a4f23f142c52d9bc0a65d0442bed0441fdae85fba4157c87de1ef31ba30d"`
Nov 02 03:39:31.725 INFO kablam! usermod: no changes
Nov 02 03:39:31.790 INFO kablam!    Compiling bare-metal v0.1.3
Nov 02 03:39:31.791 INFO kablam!    Compiling aligned v0.1.2
Nov 02 03:39:31.791 INFO kablam!    Compiling untagged-option v0.1.1
Nov 02 03:39:31.791 INFO kablam!    Compiling embedded-hal v0.1.3
Nov 02 03:39:31.869 INFO kablam! error[E0554]: #![feature] may not be used on the beta release channel
Nov 02 03:39:31.869 INFO kablam!  --> /cargo-home/registry/src/github.com-1ecc6299db9ec823/untagged-option-0.1.1/src/lib.rs:5:1
Nov 02 03:39:31.869 INFO kablam!   |
Nov 02 03:39:31.869 INFO kablam! 5 | #![feature(untagged_unions, const_fn)]
Nov 02 03:39:31.869 INFO kablam!   | ^^^^^^^^^^^^^^^^^^^^^^^^^^^^^^^^^^^^^^
Nov 02 03:39:31.869 INFO kablam! 
Nov 02 03:39:31.869 INFO kablam! error: aborting due to previous error
Nov 02 03:39:31.869 INFO kablam! 
Nov 02 03:39:31.869 INFO kablam! For more information about this error, try `rustc --explain E0554`.
Nov 02 03:39:31.877 INFO kablam! error: Could not compile `untagged-option`.
Nov 02 03:39:31.877 INFO kablam! warning: build failed, waiting for other jobs to finish...
Nov 02 03:39:31.895 INFO kablam! error[E0554]: #![feature] may not be used on the beta release channel
Nov 02 03:39:31.895 INFO kablam!  --> /cargo-home/registry/src/github.com-1ecc6299db9ec823/bare-metal-0.1.3/src/lib.rs:5:35
Nov 02 03:39:31.895 INFO kablam!   |
Nov 02 03:39:31.895 INFO kablam! 5 | #![cfg_attr(feature = "const-fn", feature(const_fn))]
Nov 02 03:39:31.895 INFO kablam!   |                                   ^^^^^^^^^^^^^^^^^
Nov 02 03:39:31.895 INFO kablam! 
Nov 02 03:39:31.895 INFO kablam! error: aborting due to previous error
Nov 02 03:39:31.895 INFO kablam! 
Nov 02 03:39:31.895 INFO kablam! For more information about this error, try `rustc --explain E0554`.
Nov 02 03:39:31.899 INFO kablam! error: Could not compile `bare-metal`.
Nov 02 03:39:31.899 INFO kablam! warning: build failed, waiting for other jobs to finish...
Nov 02 03:39:31.909 INFO kablam! error[E0554]: #![feature] may not be used on the beta release channel
Nov 02 03:39:31.910 INFO kablam!   --> /cargo-home/registry/src/github.com-1ecc6299db9ec823/aligned-0.1.2/src/lib.rs:32:35
Nov 02 03:39:31.910 INFO kablam!    |
Nov 02 03:39:31.910 INFO kablam! 32 | #![cfg_attr(feature = "const-fn", feature(const_fn))]
Nov 02 03:39:31.910 INFO kablam!    |                                   ^^^^^^^^^^^^^^^^^
Nov 02 03:39:31.910 INFO kablam! 
Nov 02 03:39:31.910 INFO kablam! error: aborting due to previous error
Nov 02 03:39:31.910 INFO kablam! 
Nov 02 03:39:31.910 INFO kablam! For more information about this error, try `rustc --explain E0554`.
Nov 02 03:39:31.914 INFO kablam! error: Could not compile `aligned`.
Nov 02 03:39:31.914 INFO kablam! warning: build failed, waiting for other jobs to finish...
Nov 02 03:39:32.119 INFO kablam! error[E0554]: #![feature] may not be used on the beta release channel
Nov 02 03:39:32.120 INFO kablam!    --> /cargo-home/registry/src/github.com-1ecc6299db9ec823/embedded-hal-0.1.3/src/lib.rs:681:1
Nov 02 03:39:32.120 INFO kablam!     |
Nov 02 03:39:32.120 INFO kablam! 681 | #![feature(never_type)]
Nov 02 03:39:32.120 INFO kablam!     | ^^^^^^^^^^^^^^^^^^^^^^^
Nov 02 03:39:32.120 INFO kablam! 
Nov 02 03:39:32.121 INFO kablam! error: aborting due to previous error
Nov 02 03:39:32.121 INFO kablam! 
Nov 02 03:39:32.122 INFO kablam! For more information about this error, try `rustc --explain E0554`.
Nov 02 03:39:32.125 INFO kablam! error: Could not compile `embedded-hal`.
Nov 02 03:39:32.126 INFO kablam! 
Nov 02 03:39:32.126 INFO kablam! To learn more, run the command again with --verbose.
Nov 02 03:39:32.127 INFO kablam! su: No module specific data is present
Nov 02 03:39:32.592 INFO running `"docker" "rm" "-f" "8145a4f23f142c52d9bc0a65d0442bed0441fdae85fba4157c87de1ef31ba30d"`
Nov 02 03:39:32.707 INFO blam! 8145a4f23f142c52d9bc0a65d0442bed0441fdae85fba4157c87de1ef31ba30d
