Nov 02 03:45:45.768 INFO testing static-json-pointer-0.1.0 against beta-2018-10-30 for beta-1.31-1
Nov 02 03:45:45.768 INFO running `"docker" "create" "-v" "/mnt/big/crater/work/local/target-dirs/beta-1.31-1/worker-3/beta-2018-10-30:/target:rw,Z" "-v" "/mnt/big/crater/work/local/test-source/worker-3/beta-1.31-1/beta-2018-10-30:/source:ro,Z" "-v" "/mnt/big/crater/work/local/cargo-home:/cargo-home:ro,Z" "-v" "/mnt/big/crater/work/local/rustup-home:/rustup-home:ro,Z" "-e" "USER_ID=1000" "-e" "SOURCE_DIR=/source" "-e" "USER_ID=1000" "-e" "CMD=cargo +beta-2018-10-30 build --frozen" "-e" "CARGO_TARGET_DIR=/target" "-e" "CARGO_INCREMENTAL=0" "-e" "RUST_BACKTRACE=full" "-e" "RUSTFLAGS=--cap-lints=warn" "-e" "CARGO_HOME=/cargo-home" "-e" "RUSTUP_HOME=/rustup-home" "-m" "1536M" "--network" "none" "crater"`
Nov 02 03:45:46.152 INFO blam! 082c5763f6ddbaf2069c122512d5bf1d8241f14b322a23414fc5dd65da2bddc4
Nov 02 03:45:46.159 INFO running `"docker" "start" "-a" "082c5763f6ddbaf2069c122512d5bf1d8241f14b322a23414fc5dd65da2bddc4"`
Nov 02 03:45:47.643 INFO kablam! usermod: no changes
Nov 02 03:45:47.739 INFO kablam!    Compiling static-json-pointer v0.1.0 (/source)
Nov 02 03:45:50.759 INFO kablam! error[E0554]: #![feature] may not be used on the beta release channel
Nov 02 03:45:50.759 INFO kablam!  --> src/lib.rs:1:1
Nov 02 03:45:50.759 INFO kablam!   |
Nov 02 03:45:50.759 INFO kablam! 1 | #![feature(proc_macro)]
Nov 02 03:45:50.759 INFO kablam!   | ^^^^^^^^^^^^^^^^^^^^^^^
Nov 02 03:45:50.759 INFO kablam! 
Nov 02 03:45:50.759 INFO kablam! error[E0554]: #![feature] may not be used on the beta release channel
Nov 02 03:45:50.759 INFO kablam!  --> src/lib.rs:2:1
Nov 02 03:45:50.759 INFO kablam!   |
Nov 02 03:45:50.759 INFO kablam! 2 | #![feature(nll)]
Nov 02 03:45:50.759 INFO kablam!   | ^^^^^^^^^^^^^^^^
Nov 02 03:45:50.759 INFO kablam! 
Nov 02 03:45:50.759 INFO kablam! error[E0554]: #![feature] may not be used on the beta release channel
Nov 02 03:45:50.759 INFO kablam!  --> src/lib.rs:3:1
Nov 02 03:45:50.759 INFO kablam!   |
Nov 02 03:45:50.759 INFO kablam! 3 | #![feature(rustc_private)]
Nov 02 03:45:50.759 INFO kablam!   | ^^^^^^^^^^^^^^^^^^^^^^^^^^
Nov 02 03:45:50.759 INFO kablam! 
Nov 02 03:45:50.759 INFO kablam! error: aborting due to 3 previous errors
Nov 02 03:45:50.759 INFO kablam! 
Nov 02 03:45:50.759 INFO kablam! For more information about this error, try `rustc --explain E0554`.
Nov 02 03:45:50.771 INFO kablam! error: Could not compile `static-json-pointer`.
Nov 02 03:45:50.771 INFO kablam! 
Nov 02 03:45:50.771 INFO kablam! To learn more, run the command again with --verbose.
Nov 02 03:45:50.771 INFO kablam! su: No module specific data is present
Nov 02 03:45:51.851 INFO running `"docker" "rm" "-f" "082c5763f6ddbaf2069c122512d5bf1d8241f14b322a23414fc5dd65da2bddc4"`
Nov 02 03:45:52.155 INFO blam! 082c5763f6ddbaf2069c122512d5bf1d8241f14b322a23414fc5dd65da2bddc4
