Nov 02 05:17:39.064 INFO testing serde_json-1.0.32 against 1.30.0 for beta-1.31-1
Nov 02 05:17:39.064 INFO running `"docker" "create" "-v" "/mnt/big/crater/work/local/target-dirs/beta-1.31-1/worker-0/1.30.0:/target:rw,Z" "-v" "/mnt/big/crater/work/local/test-source/worker-0/beta-1.31-1/1.30.0:/source:ro,Z" "-v" "/mnt/big/crater/work/local/cargo-home:/cargo-home:ro,Z" "-v" "/mnt/big/crater/work/local/rustup-home:/rustup-home:ro,Z" "-e" "USER_ID=1000" "-e" "SOURCE_DIR=/source" "-e" "USER_ID=1000" "-e" "CMD=cargo +1.30.0 build --frozen" "-e" "CARGO_TARGET_DIR=/target" "-e" "CARGO_INCREMENTAL=0" "-e" "RUST_BACKTRACE=full" "-e" "RUSTFLAGS=--cap-lints=warn" "-e" "CARGO_HOME=/cargo-home" "-e" "RUSTUP_HOME=/rustup-home" "-m" "1536M" "--network" "none" "crater"`
Nov 02 05:17:39.411 INFO blam! acc850af950dc9b02359e2597b517a2bd1ab618e23d3352af50691bf6c5cd476
Nov 02 05:17:39.415 INFO running `"docker" "start" "-a" "acc850af950dc9b02359e2597b517a2bd1ab618e23d3352af50691bf6c5cd476"`
Nov 02 05:17:40.619 INFO kablam! usermod: no changes
Nov 02 05:17:40.731 INFO kablam!    Compiling serde_json v1.0.32 (/source)
Nov 02 05:17:44.784 INFO kablam!     Finished dev [unoptimized + debuginfo] target(s) in 4.14s
Nov 02 05:17:44.785 INFO kablam! su: No module specific data is present
Nov 02 05:17:45.471 INFO running `"docker" "rm" "-f" "acc850af950dc9b02359e2597b517a2bd1ab618e23d3352af50691bf6c5cd476"`
Nov 02 05:17:45.779 INFO blam! acc850af950dc9b02359e2597b517a2bd1ab618e23d3352af50691bf6c5cd476
Nov 02 05:17:45.787 INFO running `"docker" "create" "-v" "/mnt/big/crater/work/local/target-dirs/beta-1.31-1/worker-0/1.30.0:/target:rw,Z" "-v" "/mnt/big/crater/work/local/test-source/worker-0/beta-1.31-1/1.30.0:/source:ro,Z" "-v" "/mnt/big/crater/work/local/cargo-home:/cargo-home:ro,Z" "-v" "/mnt/big/crater/work/local/rustup-home:/rustup-home:ro,Z" "-e" "USER_ID=1000" "-e" "SOURCE_DIR=/source" "-e" "USER_ID=1000" "-e" "CMD=cargo +1.30.0 test --frozen --no-run" "-e" "CARGO_TARGET_DIR=/target" "-e" "CARGO_INCREMENTAL=0" "-e" "RUST_BACKTRACE=full" "-e" "RUSTFLAGS=--cap-lints=warn" "-e" "CARGO_HOME=/cargo-home" "-e" "RUSTUP_HOME=/rustup-home" "-m" "1536M" "--network" "none" "crater"`
Nov 02 05:17:46.183 INFO blam! 4cb9b2b3ce79be3f20cd254693a0a054213567e8c02eb96b19e3f4b66a658f14
Nov 02 05:17:46.199 INFO running `"docker" "start" "-a" "4cb9b2b3ce79be3f20cd254693a0a054213567e8c02eb96b19e3f4b66a658f14"`
Nov 02 05:17:47.055 INFO kablam! usermod: no changes
Nov 02 05:17:47.183 INFO kablam!    Compiling compiletest_rs v0.3.16
Nov 02 05:17:53.519 INFO kablam! error[E0433]: failed to resolve. Could not find `RunIgnored` in `test`
Nov 02 05:17:53.519 INFO kablam!    --> /cargo-home/registry/src/github.com-1ecc6299db9ec823/compiletest_rs-0.3.16/src/lib.rs:102:53
Nov 02 05:17:53.519 INFO kablam!     |
Nov 02 05:17:53.519 INFO kablam! 102 |     let run_ignored = if config.run_ignored { test::RunIgnored::Yes } else { test::RunIgnored::No };
Nov 02 05:17:53.519 INFO kablam!     |                                                     ^^^^^^^^^^ Could not find `RunIgnored` in `test`
Nov 02 05:17:53.519 INFO kablam! 
Nov 02 05:17:53.519 INFO kablam! error[E0433]: failed to resolve. Could not find `RunIgnored` in `test`
Nov 02 05:17:53.519 INFO kablam!    --> /cargo-home/registry/src/github.com-1ecc6299db9ec823/compiletest_rs-0.3.16/src/lib.rs:102:84
Nov 02 05:17:53.519 INFO kablam!     |
Nov 02 05:17:53.519 INFO kablam! 102 |     let run_ignored = if config.run_ignored { test::RunIgnored::Yes } else { test::RunIgnored::No };
Nov 02 05:17:53.519 INFO kablam!     |                                                                                    ^^^^^^^^^^ Could not find `RunIgnored` in `test`
Nov 02 05:17:53.519 INFO kablam! 
Nov 02 05:17:53.531 INFO kablam! error[E0554]: #![feature] may not be used on the stable release channel
Nov 02 05:17:53.531 INFO kablam!   --> /cargo-home/registry/src/github.com-1ecc6299db9ec823/compiletest_rs-0.3.16/src/lib.rs:13:39
Nov 02 05:17:53.531 INFO kablam!    |
Nov 02 05:17:53.531 INFO kablam! 13 | #![cfg_attr(not(feature = "norustc"), feature(rustc_private))]
Nov 02 05:17:53.531 INFO kablam!    |                                       ^^^^^^^^^^^^^^^^^^^^^^^
Nov 02 05:17:53.531 INFO kablam! 
Nov 02 05:17:53.531 INFO kablam! error[E0554]: #![feature] may not be used on the stable release channel
Nov 02 05:17:53.531 INFO kablam!   --> /cargo-home/registry/src/github.com-1ecc6299db9ec823/compiletest_rs-0.3.16/src/lib.rs:14:38
Nov 02 05:17:53.531 INFO kablam!    |
Nov 02 05:17:53.531 INFO kablam! 14 | #![cfg_attr(not(feature = "stable"), feature(test))]
Nov 02 05:17:53.531 INFO kablam!    |                                      ^^^^^^^^^^^^^^
Nov 02 05:17:53.531 INFO kablam! 
Nov 02 05:17:53.531 INFO kablam! error[E0554]: #![feature] may not be used on the stable release channel
Nov 02 05:17:53.531 INFO kablam!   --> /cargo-home/registry/src/github.com-1ecc6299db9ec823/compiletest_rs-0.3.16/src/lib.rs:15:38
Nov 02 05:17:53.531 INFO kablam!    |
Nov 02 05:17:53.531 INFO kablam! 15 | #![cfg_attr(not(feature = "stable"), feature(slice_rotate))]
Nov 02 05:17:53.531 INFO kablam!    |                                      ^^^^^^^^^^^^^^^^^^^^^^
Nov 02 05:17:53.531 INFO kablam! 
Nov 02 05:17:53.534 INFO kablam! error: aborting due to 5 previous errors
Nov 02 05:17:53.534 INFO kablam! 
Nov 02 05:17:53.534 INFO kablam! Some errors occurred: E0433, E0554.
Nov 02 05:17:53.534 INFO kablam! For more information about an error, try `rustc --explain E0433`.
Nov 02 05:17:53.555 INFO kablam! error: Could not compile `compiletest_rs`.
Nov 02 05:17:53.555 INFO kablam! 
Nov 02 05:17:53.555 INFO kablam! To learn more, run the command again with --verbose.
Nov 02 05:17:53.555 INFO kablam! su: No module specific data is present
Nov 02 05:17:54.379 INFO running `"docker" "rm" "-f" "4cb9b2b3ce79be3f20cd254693a0a054213567e8c02eb96b19e3f4b66a658f14"`
Nov 02 05:17:54.648 INFO blam! 4cb9b2b3ce79be3f20cd254693a0a054213567e8c02eb96b19e3f4b66a658f14
