Nov 02 07:36:45.784 INFO testing rna-ss-params-0.1.11 against beta-2018-10-30 for beta-1.31-1
Nov 02 07:36:45.785 INFO running `"docker" "create" "-v" "/mnt/big/crater/work/local/target-dirs/beta-1.31-1/worker-7/beta-2018-10-30:/target:rw,Z" "-v" "/mnt/big/crater/work/local/test-source/worker-7/beta-1.31-1/beta-2018-10-30:/source:ro,Z" "-v" "/mnt/big/crater/work/local/cargo-home:/cargo-home:ro,Z" "-v" "/mnt/big/crater/work/local/rustup-home:/rustup-home:ro,Z" "-e" "USER_ID=1000" "-e" "SOURCE_DIR=/source" "-e" "USER_ID=1000" "-e" "CMD=cargo +beta-2018-10-30 build --frozen" "-e" "CARGO_TARGET_DIR=/target" "-e" "CARGO_INCREMENTAL=0" "-e" "RUST_BACKTRACE=full" "-e" "RUSTFLAGS=--cap-lints=warn" "-e" "CARGO_HOME=/cargo-home" "-e" "RUSTUP_HOME=/rustup-home" "-m" "1536M" "--network" "none" "crater"`
Nov 02 07:36:46.205 INFO blam! 888c66ffa7face56866d9f26db4ae4a473a10a8b6b7ffd0ae65dc84794812822
Nov 02 07:36:46.216 INFO running `"docker" "start" "-a" "888c66ffa7face56866d9f26db4ae4a473a10a8b6b7ffd0ae65dc84794812822"`
Nov 02 07:36:47.183 INFO kablam! usermod: no changes
Nov 02 07:36:47.234 INFO kablam!    Compiling bio-seq-algos v0.1.11
Nov 02 07:36:48.155 INFO kablam!    Compiling rna-ss-params v0.1.11 (/source)
Nov 02 07:36:49.263 INFO kablam! error[E0425]: cannot find function `fast_ln` in this scope
Nov 02 07:36:49.263 INFO kablam!   --> src/bulge_loop_params.rs:14:108
Nov 02 07:36:49.263 INFO kablam!    |
Nov 02 07:36:49.263 INFO kablam! 14 |       init_bl_delta_fes.push(basic_init_bl_delta_fe + COEFFICENT_4_LOG_EXTRAPOLATION_OF_INIT_BL_DELTA_FE * fast_ln(i as FreeEnergy / (MIN_LOOP_LEN_4_LOG_EXTRAPOLATION_OF_INIT_BL_DELTA_FE - 1) as FreeEnergy));
Nov 02 07:36:49.263 INFO kablam!    |                                                                                                            ^^^^^^^ not found in this scope
Nov 02 07:36:49.263 INFO kablam! 
Nov 02 07:36:49.263 INFO kablam! error[E0425]: cannot find function `fast_ln` in this scope
Nov 02 07:36:49.263 INFO kablam!   --> src/hairpin_loop_params.rs:22:108
Nov 02 07:36:49.263 INFO kablam!    |
Nov 02 07:36:49.263 INFO kablam! 22 |       init_hl_delta_fes.push(basic_init_hl_delta_fe + COEFFICENT_4_LOG_EXTRAPOLATION_OF_INIT_HL_DELTA_FE * fast_ln(i as FreeEnergy / (MIN_LOOP_LEN_4_LOG_EXTRAPOLATION_OF_INIT_HL_DELTA_FE - 1) as FreeEnergy));
Nov 02 07:36:49.263 INFO kablam!    |                                                                                                            ^^^^^^^ not found in this scope
Nov 02 07:36:49.263 INFO kablam! 
Nov 02 07:36:49.263 INFO kablam! error[E0425]: cannot find function `fast_ln` in this scope
Nov 02 07:36:49.263 INFO kablam!   --> src/internal_loop_params.rs:27:108
Nov 02 07:36:49.263 INFO kablam!    |
Nov 02 07:36:49.263 INFO kablam! 27 |       init_il_delta_fes.push(basic_init_il_delta_fe + COEFFICENT_4_LOG_EXTRAPOLATION_OF_INIT_IL_DELTA_FE * fast_ln(i as FreeEnergy / (MIN_LOOP_LEN_4_LOG_EXTRAPOLATION_OF_INIT_IL_DELTA_FE - 1) as FreeEnergy));
Nov 02 07:36:49.263 INFO kablam!    |                                                                                                            ^^^^^^^ not found in this scope
Nov 02 07:36:49.263 INFO kablam! 
Nov 02 07:36:51.291 INFO kablam! error: aborting due to 3 previous errors
Nov 02 07:36:51.291 INFO kablam! 
Nov 02 07:36:51.291 INFO kablam! For more information about this error, try `rustc --explain E0425`.
Nov 02 07:36:51.303 INFO kablam! error: Could not compile `rna-ss-params`.
Nov 02 07:36:51.303 INFO kablam! 
Nov 02 07:36:51.303 INFO kablam! To learn more, run the command again with --verbose.
Nov 02 07:36:51.307 INFO kablam! su: No module specific data is present
Nov 02 07:36:51.913 INFO running `"docker" "rm" "-f" "888c66ffa7face56866d9f26db4ae4a473a10a8b6b7ffd0ae65dc84794812822"`
Nov 02 07:36:52.319 INFO blam! 888c66ffa7face56866d9f26db4ae4a473a10a8b6b7ffd0ae65dc84794812822
