Nov 02 09:53:17.334 INFO testing pin-cell-0.1.1 against 1.30.0 for beta-1.31-1
Nov 02 09:53:17.334 INFO running `"docker" "create" "-v" "/mnt/big/crater/work/local/target-dirs/beta-1.31-1/worker-7/1.30.0:/target:rw,Z" "-v" "/mnt/big/crater/work/local/test-source/worker-7/beta-1.31-1/1.30.0:/source:ro,Z" "-v" "/mnt/big/crater/work/local/cargo-home:/cargo-home:ro,Z" "-v" "/mnt/big/crater/work/local/rustup-home:/rustup-home:ro,Z" "-e" "USER_ID=1000" "-e" "SOURCE_DIR=/source" "-e" "USER_ID=1000" "-e" "CMD=cargo +1.30.0 build --frozen" "-e" "CARGO_TARGET_DIR=/target" "-e" "CARGO_INCREMENTAL=0" "-e" "RUST_BACKTRACE=full" "-e" "RUSTFLAGS=--cap-lints=warn" "-e" "CARGO_HOME=/cargo-home" "-e" "RUSTUP_HOME=/rustup-home" "-m" "1536M" "--network" "none" "crater"`
Nov 02 09:53:17.549 INFO blam! 0fb23aa80cfeab7ee6a01e64782579b3b93fb9abeefc25df22b07d29e1da990f
Nov 02 09:53:17.557 INFO running `"docker" "start" "-a" "0fb23aa80cfeab7ee6a01e64782579b3b93fb9abeefc25df22b07d29e1da990f"`
Nov 02 09:53:18.456 INFO kablam! usermod: no changes
Nov 02 09:53:18.510 INFO kablam!    Compiling pin-cell v0.1.1 (/source)
Nov 02 09:53:18.619 INFO kablam! error[E0432]: unresolved import `core::pin::Pin`
Nov 02 09:53:18.622 INFO kablam!  --> src/pin_ref.rs:4:5
Nov 02 09:53:18.622 INFO kablam!   |
Nov 02 09:53:18.623 INFO kablam! 4 | use core::pin::Pin;
Nov 02 09:53:18.623 INFO kablam!   |     ^^^^^^^^^^^^^^ no `Pin` in `pin`
Nov 02 09:53:18.623 INFO kablam! 
Nov 02 09:53:18.623 INFO kablam! error[E0432]: unresolved import `core::pin::Pin`
Nov 02 09:53:18.623 INFO kablam!  --> src/pin_mut.rs:4:5
Nov 02 09:53:18.623 INFO kablam!   |
Nov 02 09:53:18.623 INFO kablam! 4 | use core::pin::Pin;
Nov 02 09:53:18.623 INFO kablam!   |     ^^^^^^^^^^^^^^ no `Pin` in `pin`
Nov 02 09:53:18.623 INFO kablam! 
Nov 02 09:53:18.623 INFO kablam! error[E0432]: unresolved import `core::pin::Pin`
Nov 02 09:53:18.623 INFO kablam!   --> src/lib.rs:21:5
Nov 02 09:53:18.623 INFO kablam!    |
Nov 02 09:53:18.623 INFO kablam! 21 | use core::pin::Pin;
Nov 02 09:53:18.623 INFO kablam!    |     ^^^^^^^^^^^^^^ no `Pin` in `pin`
Nov 02 09:53:18.623 INFO kablam! 
Nov 02 09:53:18.623 INFO kablam! error[E0554]: #![feature] may not be used on the stable release channel
Nov 02 09:53:18.623 INFO kablam!  --> src/lib.rs:3:1
Nov 02 09:53:18.623 INFO kablam!   |
Nov 02 09:53:18.623 INFO kablam! 3 | #![feature(pin, arbitrary_self_types)]
Nov 02 09:53:18.623 INFO kablam!   | ^^^^^^^^^^^^^^^^^^^^^^^^^^^^^^^^^^^^^^
Nov 02 09:53:18.623 INFO kablam! 
Nov 02 09:53:18.623 INFO kablam! error[E0658]: const fn is unstable (see issue #53555)
Nov 02 09:53:18.623 INFO kablam!   --> src/lib.rs:39:5
Nov 02 09:53:18.623 INFO kablam!    |
Nov 02 09:53:18.623 INFO kablam! 39 | /     pub const fn new(value: T) -> PinCell<T> {
Nov 02 09:53:18.623 INFO kablam! 40 | |         PinCell { inner: RefCell::new(value) }
Nov 02 09:53:18.623 INFO kablam! 41 | |     }
Nov 02 09:53:18.623 INFO kablam!    | |_____^
Nov 02 09:53:18.623 INFO kablam! 
Nov 02 09:53:18.623 INFO kablam! error: aborting due to 5 previous errors
Nov 02 09:53:18.623 INFO kablam! 
Nov 02 09:53:18.623 INFO kablam! Some errors occurred: E0432, E0554, E0658.
Nov 02 09:53:18.623 INFO kablam! For more information about an error, try `rustc --explain E0432`.
Nov 02 09:53:18.633 INFO kablam! error: Could not compile `pin-cell`.
Nov 02 09:53:18.633 INFO kablam! 
Nov 02 09:53:18.633 INFO kablam! To learn more, run the command again with --verbose.
Nov 02 09:53:18.633 INFO kablam! su: No module specific data is present
Nov 02 09:53:19.043 INFO running `"docker" "rm" "-f" "0fb23aa80cfeab7ee6a01e64782579b3b93fb9abeefc25df22b07d29e1da990f"`
Nov 02 09:53:19.308 INFO blam! 0fb23aa80cfeab7ee6a01e64782579b3b93fb9abeefc25df22b07d29e1da990f
