Nov 02 11:49:39.770 INFO testing msp430-atomic-0.1.0 against beta-2018-10-30 for beta-1.31-1
Nov 02 11:49:39.771 INFO running `"docker" "create" "-v" "/mnt/big/crater/work/local/target-dirs/beta-1.31-1/worker-1/beta-2018-10-30:/target:rw,Z" "-v" "/mnt/big/crater/work/local/test-source/worker-1/beta-1.31-1/beta-2018-10-30:/source:ro,Z" "-v" "/mnt/big/crater/work/local/cargo-home:/cargo-home:ro,Z" "-v" "/mnt/big/crater/work/local/rustup-home:/rustup-home:ro,Z" "-e" "USER_ID=1000" "-e" "SOURCE_DIR=/source" "-e" "USER_ID=1000" "-e" "CMD=cargo +beta-2018-10-30 build --frozen" "-e" "CARGO_TARGET_DIR=/target" "-e" "CARGO_INCREMENTAL=0" "-e" "RUST_BACKTRACE=full" "-e" "RUSTFLAGS=--cap-lints=warn" "-e" "CARGO_HOME=/cargo-home" "-e" "RUSTUP_HOME=/rustup-home" "-m" "1536M" "--network" "none" "crater"`
Nov 02 11:49:40.224 INFO blam! a835997889658be6def2c69aaa53218a5601a16679ad7a9c3751acc7ad82dbf8
Nov 02 11:49:40.239 INFO running `"docker" "start" "-a" "a835997889658be6def2c69aaa53218a5601a16679ad7a9c3751acc7ad82dbf8"`
Nov 02 11:49:41.030 INFO kablam! usermod: no changes
Nov 02 11:49:41.095 INFO kablam!    Compiling msp430-atomic v0.1.0 (/source)
Nov 02 11:49:41.222 INFO kablam! error[E0554]: #![feature] may not be used on the beta release channel
Nov 02 11:49:41.223 INFO kablam!   --> src/lib.rs:71:1
Nov 02 11:49:41.223 INFO kablam!    |
Nov 02 11:49:41.223 INFO kablam! 71 | #![feature(asm)]
Nov 02 11:49:41.223 INFO kablam!    | ^^^^^^^^^^^^^^^^
Nov 02 11:49:41.224 INFO kablam! 
Nov 02 11:49:41.224 INFO kablam! error[E0554]: #![feature] may not be used on the beta release channel
Nov 02 11:49:41.224 INFO kablam!   --> src/lib.rs:72:1
Nov 02 11:49:41.224 INFO kablam!    |
Nov 02 11:49:41.224 INFO kablam! 72 | #![feature(const_fn)]
Nov 02 11:49:41.224 INFO kablam!    | ^^^^^^^^^^^^^^^^^^^^^
Nov 02 11:49:41.225 INFO kablam! 
Nov 02 11:49:41.225 INFO kablam! error[E0554]: #![feature] may not be used on the beta release channel
Nov 02 11:49:41.225 INFO kablam!   --> src/lib.rs:73:42
Nov 02 11:49:41.225 INFO kablam!    |
Nov 02 11:49:41.225 INFO kablam! 73 | #![cfg_attr(not(target_arch = "msp430"), feature(core_intrinsics))]
Nov 02 11:49:41.225 INFO kablam!    |                                          ^^^^^^^^^^^^^^^^^^^^^^^^
Nov 02 11:49:41.225 INFO kablam! 
Nov 02 11:49:41.225 INFO kablam! error: aborting due to 3 previous errors
Nov 02 11:49:41.226 INFO kablam! 
Nov 02 11:49:41.226 INFO kablam! For more information about this error, try `rustc --explain E0554`.
Nov 02 11:49:41.231 INFO kablam! error: Could not compile `msp430-atomic`.
Nov 02 11:49:41.231 INFO kablam! 
Nov 02 11:49:41.231 INFO kablam! To learn more, run the command again with --verbose.
Nov 02 11:49:41.231 INFO kablam! su: No module specific data is present
Nov 02 11:49:41.655 INFO running `"docker" "rm" "-f" "a835997889658be6def2c69aaa53218a5601a16679ad7a9c3751acc7ad82dbf8"`
Nov 02 11:49:41.795 INFO blam! a835997889658be6def2c69aaa53218a5601a16679ad7a9c3751acc7ad82dbf8
