Nov 02 14:03:34.688 INFO testing kg-tree-0.1.0 against beta-2018-10-30 for beta-1.31-1
Nov 02 14:03:34.688 INFO running `"docker" "create" "-v" "/mnt/big/crater/work/local/target-dirs/beta-1.31-1/worker-5/beta-2018-10-30:/target:rw,Z" "-v" "/mnt/big/crater/work/local/test-source/worker-5/beta-1.31-1/beta-2018-10-30:/source:ro,Z" "-v" "/mnt/big/crater/work/local/cargo-home:/cargo-home:ro,Z" "-v" "/mnt/big/crater/work/local/rustup-home:/rustup-home:ro,Z" "-e" "USER_ID=1000" "-e" "SOURCE_DIR=/source" "-e" "USER_ID=1000" "-e" "CMD=cargo +beta-2018-10-30 build --frozen" "-e" "CARGO_TARGET_DIR=/target" "-e" "CARGO_INCREMENTAL=0" "-e" "RUST_BACKTRACE=full" "-e" "RUSTFLAGS=--cap-lints=warn" "-e" "CARGO_HOME=/cargo-home" "-e" "RUSTUP_HOME=/rustup-home" "-m" "1536M" "--network" "none" "crater"`
Nov 02 14:03:35.300 INFO blam! 3d9b86fedde5601110708db6924b8037ac6e9236b070a40c05eb44f5ce232f35
Nov 02 14:03:35.303 INFO running `"docker" "start" "-a" "3d9b86fedde5601110708db6924b8037ac6e9236b070a40c05eb44f5ce232f35"`
Nov 02 14:03:36.519 INFO kablam! usermod: no changes
Nov 02 14:03:36.743 INFO kablam!    Compiling lock_api v0.1.4
Nov 02 14:03:36.747 INFO kablam!    Compiling kg-utils v0.2.3
Nov 02 14:03:36.763 INFO kablam!    Compiling syn v0.15.17
Nov 02 14:03:36.763 INFO kablam!    Compiling parking_lot_core v0.3.1
Nov 02 14:03:36.764 INFO kablam!    Compiling heapsize_derive v0.1.4
Nov 02 14:03:36.764 INFO kablam!    Compiling kg-display v0.1.1
Nov 02 14:03:39.653 INFO kablam! error[E0554]: #![feature] may not be used on the beta release channel
Nov 02 14:03:39.653 INFO kablam!  --> /cargo-home/registry/src/github.com-1ecc6299db9ec823/kg-utils-0.2.3/src/lib.rs:1:1
Nov 02 14:03:39.653 INFO kablam!   |
Nov 02 14:03:39.653 INFO kablam! 1 | #![feature(allocator_api, try_from, test)]
Nov 02 14:03:39.653 INFO kablam!   | ^^^^^^^^^^^^^^^^^^^^^^^^^^^^^^^^^^^^^^^^^^
Nov 02 14:03:39.653 INFO kablam! 
Nov 02 14:03:39.675 INFO kablam! error: aborting due to previous error
Nov 02 14:03:39.675 INFO kablam! 
Nov 02 14:03:39.675 INFO kablam! For more information about this error, try `rustc --explain E0554`.
Nov 02 14:03:39.723 INFO kablam! error: Could not compile `kg-utils`.
Nov 02 14:03:39.723 INFO kablam! warning: build failed, waiting for other jobs to finish...
Nov 02 14:03:39.999 INFO kablam! error[E0554]: #![feature] may not be used on the beta release channel
Nov 02 14:03:39.999 INFO kablam!   --> /cargo-home/registry/src/github.com-1ecc6299db9ec823/lock_api-0.1.4/src/lib.rs:88:34
Nov 02 14:03:40.000 INFO kablam!    |
Nov 02 14:03:40.000 INFO kablam! 88 | #![cfg_attr(feature = "nightly", feature(const_fn))]
Nov 02 14:03:40.000 INFO kablam!    |                                  ^^^^^^^^^^^^^^^^^
Nov 02 14:03:40.001 INFO kablam! 
Nov 02 14:03:40.031 INFO kablam! error: aborting due to previous error
Nov 02 14:03:40.031 INFO kablam! 
Nov 02 14:03:40.031 INFO kablam! For more information about this error, try `rustc --explain E0554`.
Nov 02 14:03:40.067 INFO kablam! error: Could not compile `lock_api`.
Nov 02 14:03:40.067 INFO kablam! warning: build failed, waiting for other jobs to finish...
Nov 02 14:03:40.939 INFO kablam! error[E0554]: #![feature] may not be used on the beta release channel
Nov 02 14:03:40.939 INFO kablam!  --> /cargo-home/registry/src/github.com-1ecc6299db9ec823/kg-display-0.1.1/src/lib.rs:1:1
Nov 02 14:03:40.939 INFO kablam!   |
Nov 02 14:03:40.939 INFO kablam! 1 | #![feature(try_from)]
Nov 02 14:03:40.939 INFO kablam!   | ^^^^^^^^^^^^^^^^^^^^^
Nov 02 14:03:40.939 INFO kablam! 
Nov 02 14:03:40.955 INFO kablam! error: aborting due to previous error
Nov 02 14:03:40.955 INFO kablam! 
Nov 02 14:03:40.955 INFO kablam! For more information about this error, try `rustc --explain E0554`.
Nov 02 14:03:40.979 INFO kablam! error: Could not compile `kg-display`.
Nov 02 14:03:40.979 INFO kablam! warning: build failed, waiting for other jobs to finish...
Nov 02 14:03:41.239 INFO kablam! error[E0554]: #![feature] may not be used on the beta release channel
Nov 02 14:03:41.239 INFO kablam!   --> /cargo-home/registry/src/github.com-1ecc6299db9ec823/parking_lot_core-0.3.1/src/lib.rs:43:5
Nov 02 14:03:41.239 INFO kablam!    |
Nov 02 14:03:41.239 INFO kablam! 43 |     feature(integer_atomics)
Nov 02 14:03:41.239 INFO kablam!    |     ^^^^^^^^^^^^^^^^^^^^^^^^
Nov 02 14:03:41.239 INFO kablam! 
Nov 02 14:03:41.247 INFO kablam! error: aborting due to previous error
Nov 02 14:03:41.247 INFO kablam! 
Nov 02 14:03:41.247 INFO kablam! For more information about this error, try `rustc --explain E0554`.
Nov 02 14:03:41.255 INFO kablam! error: Could not compile `parking_lot_core`.
Nov 02 14:03:41.255 INFO kablam! warning: build failed, waiting for other jobs to finish...
Nov 02 14:04:05.098 INFO kablam! error: build failed
Nov 02 14:04:05.101 INFO kablam! su: No module specific data is present
Nov 02 14:04:06.722 INFO running `"docker" "rm" "-f" "3d9b86fedde5601110708db6924b8037ac6e9236b070a40c05eb44f5ce232f35"`
Nov 02 14:04:07.075 INFO blam! 3d9b86fedde5601110708db6924b8037ac6e9236b070a40c05eb44f5ce232f35
