Nov 02 14:04:44.486 INFO testing keymatrix-0.1.2 against beta-2018-10-30 for beta-1.31-1
Nov 02 14:04:44.487 INFO running `"docker" "create" "-v" "/mnt/big/crater/work/local/target-dirs/beta-1.31-1/worker-1/beta-2018-10-30:/target:rw,Z" "-v" "/mnt/big/crater/work/local/test-source/worker-1/beta-1.31-1/beta-2018-10-30:/source:ro,Z" "-v" "/mnt/big/crater/work/local/cargo-home:/cargo-home:ro,Z" "-v" "/mnt/big/crater/work/local/rustup-home:/rustup-home:ro,Z" "-e" "USER_ID=1000" "-e" "SOURCE_DIR=/source" "-e" "USER_ID=1000" "-e" "CMD=cargo +beta-2018-10-30 build --frozen" "-e" "CARGO_TARGET_DIR=/target" "-e" "CARGO_INCREMENTAL=0" "-e" "RUST_BACKTRACE=full" "-e" "RUSTFLAGS=--cap-lints=warn" "-e" "CARGO_HOME=/cargo-home" "-e" "RUSTUP_HOME=/rustup-home" "-m" "1536M" "--network" "none" "crater"`
Nov 02 14:04:44.929 INFO blam! e348891178fcab6ef18ada9a6b3dc2f48329c85592cd6f4fa19413c8fcfddcbc
Nov 02 14:04:44.930 INFO running `"docker" "start" "-a" "e348891178fcab6ef18ada9a6b3dc2f48329c85592cd6f4fa19413c8fcfddcbc"`
Nov 02 14:04:45.519 INFO kablam! usermod: no changes
Nov 02 14:04:45.607 INFO kablam!    Compiling keymatrix v0.1.2 (/source)
Nov 02 14:04:46.115 INFO kablam!     Finished dev [unoptimized + debuginfo] target(s) in 0.57s
Nov 02 14:04:46.119 INFO kablam! su: No module specific data is present
Nov 02 14:04:46.474 INFO running `"docker" "rm" "-f" "e348891178fcab6ef18ada9a6b3dc2f48329c85592cd6f4fa19413c8fcfddcbc"`
Nov 02 14:04:46.621 INFO blam! e348891178fcab6ef18ada9a6b3dc2f48329c85592cd6f4fa19413c8fcfddcbc
Nov 02 14:04:46.624 INFO running `"docker" "create" "-v" "/mnt/big/crater/work/local/target-dirs/beta-1.31-1/worker-1/beta-2018-10-30:/target:rw,Z" "-v" "/mnt/big/crater/work/local/test-source/worker-1/beta-1.31-1/beta-2018-10-30:/source:ro,Z" "-v" "/mnt/big/crater/work/local/cargo-home:/cargo-home:ro,Z" "-v" "/mnt/big/crater/work/local/rustup-home:/rustup-home:ro,Z" "-e" "USER_ID=1000" "-e" "SOURCE_DIR=/source" "-e" "USER_ID=1000" "-e" "CMD=cargo +beta-2018-10-30 test --frozen --no-run" "-e" "CARGO_TARGET_DIR=/target" "-e" "CARGO_INCREMENTAL=0" "-e" "RUST_BACKTRACE=full" "-e" "RUSTFLAGS=--cap-lints=warn" "-e" "CARGO_HOME=/cargo-home" "-e" "RUSTUP_HOME=/rustup-home" "-m" "1536M" "--network" "none" "crater"`
Nov 02 14:04:47.037 INFO blam! 8f56d8d39d11b4706178e48e788d3694c07e6532544dc42a9e362ec2cf456d38
Nov 02 14:04:47.043 INFO running `"docker" "start" "-a" "8f56d8d39d11b4706178e48e788d3694c07e6532544dc42a9e362ec2cf456d38"`
Nov 02 14:04:47.685 INFO kablam! usermod: no changes
Nov 02 14:04:47.847 INFO kablam!    Compiling atsamd21g18a v0.3.1
Nov 02 14:04:47.847 INFO kablam!    Compiling cortex-m-rtfm v0.3.4
Nov 02 14:04:47.848 INFO kablam!    Compiling bare-metal v0.1.3
Nov 02 14:04:47.848 INFO kablam!    Compiling untagged-option v0.1.1
Nov 02 14:04:47.848 INFO kablam!    Compiling aligned v0.1.2
Nov 02 14:04:47.849 INFO kablam!    Compiling rtfm-core v0.2.0
Nov 02 14:04:47.849 INFO kablam!    Compiling panic-abort v0.2.0
Nov 02 14:04:47.849 INFO kablam!    Compiling cortex-m v0.3.1
Nov 02 14:04:47.928 INFO kablam!    Compiling mashup-impl v0.1.9
Nov 02 14:04:48.110 INFO kablam! error[E0554]: #![feature] may not be used on the beta release channel
Nov 02 14:04:48.110 INFO kablam!  --> /cargo-home/registry/src/github.com-1ecc6299db9ec823/untagged-option-0.1.1/src/lib.rs:5:1
Nov 02 14:04:48.111 INFO kablam!   |
Nov 02 14:04:48.111 INFO kablam! 5 | #![feature(untagged_unions, const_fn)]
Nov 02 14:04:48.112 INFO kablam!   | ^^^^^^^^^^^^^^^^^^^^^^^^^^^^^^^^^^^^^^
Nov 02 14:04:48.112 INFO kablam! 
Nov 02 14:04:48.115 INFO kablam! error: aborting due to previous error
Nov 02 14:04:48.117 INFO kablam! 
Nov 02 14:04:48.118 INFO kablam! For more information about this error, try `rustc --explain E0554`.
Nov 02 14:04:48.131 INFO kablam! error[E0554]: #![feature] may not be used on the beta release channel
Nov 02 14:04:48.131 INFO kablam!   --> /cargo-home/registry/src/github.com-1ecc6299db9ec823/panic-abort-0.2.0/src/lib.rs:21:1
Nov 02 14:04:48.131 INFO kablam!    |
Nov 02 14:04:48.131 INFO kablam! 21 | #![feature(core_intrinsics)]
Nov 02 14:04:48.131 INFO kablam!    | ^^^^^^^^^^^^^^^^^^^^^^^^^^^^
Nov 02 14:04:48.131 INFO kablam! 
Nov 02 14:04:48.131 INFO kablam! error[E0554]: #![feature] may not be used on the beta release channel
Nov 02 14:04:48.131 INFO kablam!   --> /cargo-home/registry/src/github.com-1ecc6299db9ec823/panic-abort-0.2.0/src/lib.rs:22:1
Nov 02 14:04:48.131 INFO kablam!    |
Nov 02 14:04:48.131 INFO kablam! 22 | #![feature(panic_implementation)]
Nov 02 14:04:48.131 INFO kablam!    | ^^^^^^^^^^^^^^^^^^^^^^^^^^^^^^^^^
Nov 02 14:04:48.131 INFO kablam! 
Nov 02 14:04:48.131 INFO kablam! error: aborting due to 2 previous errors
Nov 02 14:04:48.131 INFO kablam! 
Nov 02 14:04:48.131 INFO kablam! For more information about this error, try `rustc --explain E0554`.
Nov 02 14:04:48.147 INFO kablam! error[E0554]: #![feature] may not be used on the beta release channel
Nov 02 14:04:48.147 INFO kablam!   --> /cargo-home/registry/src/github.com-1ecc6299db9ec823/aligned-0.1.2/src/lib.rs:32:35
Nov 02 14:04:48.147 INFO kablam!    |
Nov 02 14:04:48.147 INFO kablam! 32 | #![cfg_attr(feature = "const-fn", feature(const_fn))]
Nov 02 14:04:48.147 INFO kablam!    |                                   ^^^^^^^^^^^^^^^^^
Nov 02 14:04:48.147 INFO kablam! 
Nov 02 14:04:48.147 INFO kablam! error: Could not compile `untagged-option`.
Nov 02 14:04:48.147 INFO kablam! warning: build failed, waiting for other jobs to finish...
Nov 02 14:04:48.147 INFO kablam! error: aborting due to previous error
Nov 02 14:04:48.147 INFO kablam! 
Nov 02 14:04:48.147 INFO kablam! For more information about this error, try `rustc --explain E0554`.
Nov 02 14:04:48.147 INFO kablam! error: Could not compile `panic-abort`.
Nov 02 14:04:48.147 INFO kablam! warning: build failed, waiting for other jobs to finish...
Nov 02 14:04:48.171 INFO kablam! error: Could not compile `aligned`.
Nov 02 14:04:48.171 INFO kablam! warning: build failed, waiting for other jobs to finish...
Nov 02 14:04:48.174 INFO kablam! error[E0554]: #![feature] may not be used on the beta release channel
Nov 02 14:04:48.174 INFO kablam!  --> /cargo-home/registry/src/github.com-1ecc6299db9ec823/bare-metal-0.1.3/src/lib.rs:5:35
Nov 02 14:04:48.174 INFO kablam!   |
Nov 02 14:04:48.174 INFO kablam! 5 | #![cfg_attr(feature = "const-fn", feature(const_fn))]
Nov 02 14:04:48.174 INFO kablam!   |                                   ^^^^^^^^^^^^^^^^^
Nov 02 14:04:48.174 INFO kablam! 
Nov 02 14:04:48.183 INFO kablam! error: aborting due to previous error
Nov 02 14:04:48.183 INFO kablam! 
Nov 02 14:04:48.183 INFO kablam! For more information about this error, try `rustc --explain E0554`.
Nov 02 14:04:48.184 INFO kablam! error: Could not compile `bare-metal`.
Nov 02 14:04:48.184 INFO kablam! warning: build failed, waiting for other jobs to finish...
Nov 02 14:04:52.535 INFO kablam! error: build failed
Nov 02 14:04:52.535 INFO kablam! su: No module specific data is present
Nov 02 14:04:53.081 INFO running `"docker" "rm" "-f" "8f56d8d39d11b4706178e48e788d3694c07e6532544dc42a9e362ec2cf456d38"`
Nov 02 14:04:53.324 INFO blam! 8f56d8d39d11b4706178e48e788d3694c07e6532544dc42a9e362ec2cf456d38
