Nov 02 17:24:49.456 INFO testing google-games1-cli-1.0.7+20171207 against 1.30.0 for beta-1.31-1
Nov 02 17:24:49.456 INFO running `"docker" "create" "-v" "/mnt/big/crater/work/local/target-dirs/beta-1.31-1/worker-4/1.30.0:/target:rw,Z" "-v" "/mnt/big/crater/work/local/test-source/worker-4/beta-1.31-1/1.30.0:/source:ro,Z" "-v" "/mnt/big/crater/work/local/cargo-home:/cargo-home:ro,Z" "-v" "/mnt/big/crater/work/local/rustup-home:/rustup-home:ro,Z" "-e" "USER_ID=1000" "-e" "SOURCE_DIR=/source" "-e" "USER_ID=1000" "-e" "CMD=cargo +1.30.0 build --frozen" "-e" "CARGO_TARGET_DIR=/target" "-e" "CARGO_INCREMENTAL=0" "-e" "RUST_BACKTRACE=full" "-e" "RUSTFLAGS=--cap-lints=warn" "-e" "CARGO_HOME=/cargo-home" "-e" "RUSTUP_HOME=/rustup-home" "-m" "1536M" "--network" "none" "crater"`
Nov 02 17:24:49.803 INFO blam! 1e766eefd844ee875640a326be78c9c496c19cf56469cf0ae5700b04d82adc58
Nov 02 17:24:49.811 INFO running `"docker" "start" "-a" "1e766eefd844ee875640a326be78c9c496c19cf56469cf0ae5700b04d82adc58"`
Nov 02 17:24:51.547 INFO kablam! usermod: no changes
Nov 02 17:24:51.587 INFO kablam! warning: An explicit [[bin]] section is specified in Cargo.toml which currently
Nov 02 17:24:51.587 INFO kablam! disables Cargo from automatically inferring other binary targets.
Nov 02 17:24:51.587 INFO kablam! This inference behavior will change in the Rust 2018 edition and the following
Nov 02 17:24:51.587 INFO kablam! files will be included as a binary target:
Nov 02 17:24:51.587 INFO kablam! 
Nov 02 17:24:51.587 INFO kablam! * /source/src/main.rs
Nov 02 17:24:51.587 INFO kablam! 
Nov 02 17:24:51.587 INFO kablam! This is likely to break cargo build or cargo test as these files may not be
Nov 02 17:24:51.587 INFO kablam! ready to be compiled as a binary target today. You can future-proof yourself
Nov 02 17:24:51.587 INFO kablam! and disable this warning by adding `autobins = false` to your [package]
Nov 02 17:24:51.587 INFO kablam! section. You may also move the files to a location where Cargo would not
Nov 02 17:24:51.587 INFO kablam! automatically infer them to be a target, such as in subfolders.
Nov 02 17:24:51.587 INFO kablam! 
Nov 02 17:24:51.587 INFO kablam! For more information on this warning you can consult
Nov 02 17:24:51.587 INFO kablam! https://github.com/rust-lang/cargo/issues/5330
Nov 02 17:24:51.587 INFO kablam! warning: path `/source/src/main.rs` was erroneously implicitly accepted for binary `games1`,
Nov 02 17:24:51.587 INFO kablam! please set bin.path in Cargo.toml
Nov 02 17:24:51.739 INFO kablam!    Compiling google-games1 v1.0.8+20181004
Nov 02 17:25:09.411 INFO kablam!    Compiling google-games1-cli v1.0.7+20171207 (/source)
Nov 02 17:25:15.115 INFO kablam! error[E0599]: no method named `consistency_token` found for type `api::AchievementDefinitionListCall<'_, hyper::Client, oauth2::Authenticator<oauth2::DefaultAuthenticatorDelegate, cmn::JsonTokenStorage, hyper::Client>>` in the current scope
Nov 02 17:25:15.116 INFO kablam!   --> src/main.rs:65:33
Nov 02 17:25:15.116 INFO kablam!    |
Nov 02 17:25:15.117 INFO kablam! 65 |                     call = call.consistency_token(value.unwrap_or(""));
Nov 02 17:25:15.117 INFO kablam!    |                                 ^^^^^^^^^^^^^^^^^
Nov 02 17:25:15.118 INFO kablam! 
Nov 02 17:25:15.143 INFO kablam! error[E0599]: no method named `consistency_token` found for type `api::AchievementIncrementCall<'_, hyper::Client, oauth2::Authenticator<oauth2::DefaultAuthenticatorDelegate, cmn::JsonTokenStorage, hyper::Client>>` in the current scope
Nov 02 17:25:15.143 INFO kablam!    --> src/main.rs:125:33
Nov 02 17:25:15.144 INFO kablam!     |
Nov 02 17:25:15.144 INFO kablam! 125 |                     call = call.consistency_token(value.unwrap_or(""));
Nov 02 17:25:15.145 INFO kablam!     |                                 ^^^^^^^^^^^^^^^^^
Nov 02 17:25:15.145 INFO kablam! 
Nov 02 17:25:15.163 INFO kablam! error[E0599]: no method named `consistency_token` found for type `api::AchievementListCall<'_, hyper::Client, oauth2::Authenticator<oauth2::DefaultAuthenticatorDelegate, cmn::JsonTokenStorage, hyper::Client>>` in the current scope
Nov 02 17:25:15.163 INFO kablam!    --> src/main.rs:193:33
Nov 02 17:25:15.164 INFO kablam!     |
Nov 02 17:25:15.164 INFO kablam! 193 |                     call = call.consistency_token(value.unwrap_or(""));
Nov 02 17:25:15.165 INFO kablam!     |                                 ^^^^^^^^^^^^^^^^^
Nov 02 17:25:15.165 INFO kablam! 
Nov 02 17:25:15.177 INFO kablam! error[E0599]: no method named `consistency_token` found for type `api::AchievementRevealCall<'_, hyper::Client, oauth2::Authenticator<oauth2::DefaultAuthenticatorDelegate, cmn::JsonTokenStorage, hyper::Client>>` in the current scope
Nov 02 17:25:15.178 INFO kablam!    --> src/main.rs:249:33
Nov 02 17:25:15.178 INFO kablam!     |
Nov 02 17:25:15.179 INFO kablam! 249 |                     call = call.consistency_token(value.unwrap_or(""));
Nov 02 17:25:15.179 INFO kablam!     |                                 ^^^^^^^^^^^^^^^^^
Nov 02 17:25:15.179 INFO kablam! 
Nov 02 17:25:15.191 INFO kablam! error[E0599]: no method named `consistency_token` found for type `api::AchievementSetStepsAtLeastCall<'_, hyper::Client, oauth2::Authenticator<oauth2::DefaultAuthenticatorDelegate, cmn::JsonTokenStorage, hyper::Client>>` in the current scope
Nov 02 17:25:15.192 INFO kablam!    --> src/main.rs:306:33
Nov 02 17:25:15.192 INFO kablam!     |
Nov 02 17:25:15.193 INFO kablam! 306 |                     call = call.consistency_token(value.unwrap_or(""));
Nov 02 17:25:15.193 INFO kablam!     |                                 ^^^^^^^^^^^^^^^^^
Nov 02 17:25:15.194 INFO kablam! 
Nov 02 17:25:15.205 INFO kablam! error[E0599]: no method named `consistency_token` found for type `api::AchievementUnlockCall<'_, hyper::Client, oauth2::Authenticator<oauth2::DefaultAuthenticatorDelegate, cmn::JsonTokenStorage, hyper::Client>>` in the current scope
Nov 02 17:25:15.206 INFO kablam!    --> src/main.rs:362:33
Nov 02 17:25:15.206 INFO kablam!     |
Nov 02 17:25:15.207 INFO kablam! 362 |                     call = call.consistency_token(value.unwrap_or(""));
Nov 02 17:25:15.207 INFO kablam!     |                                 ^^^^^^^^^^^^^^^^^
Nov 02 17:25:15.208 INFO kablam! 
Nov 02 17:25:15.227 INFO kablam! error[E0599]: no method named `consistency_token` found for type `api::AchievementUpdateMultipleCall<'_, hyper::Client, oauth2::Authenticator<oauth2::DefaultAuthenticatorDelegate, cmn::JsonTokenStorage, hyper::Client>>` in the current scope
Nov 02 17:25:15.228 INFO kablam!    --> src/main.rs:451:33
Nov 02 17:25:15.228 INFO kablam!     |
Nov 02 17:25:15.229 INFO kablam! 451 |                     call = call.consistency_token(value.unwrap_or(""));
Nov 02 17:25:15.229 INFO kablam!     |                                 ^^^^^^^^^^^^^^^^^
Nov 02 17:25:15.230 INFO kablam! 
Nov 02 17:25:15.242 INFO kablam! error[E0599]: no method named `consistency_token` found for type `api::ApplicationGetCall<'_, hyper::Client, oauth2::Authenticator<oauth2::DefaultAuthenticatorDelegate, cmn::JsonTokenStorage, hyper::Client>>` in the current scope
Nov 02 17:25:15.243 INFO kablam!    --> src/main.rs:513:33
Nov 02 17:25:15.243 INFO kablam!     |
Nov 02 17:25:15.244 INFO kablam! 513 |                     call = call.consistency_token(value.unwrap_or(""));
Nov 02 17:25:15.244 INFO kablam!     |                                 ^^^^^^^^^^^^^^^^^
Nov 02 17:25:15.245 INFO kablam! 
Nov 02 17:25:15.257 INFO kablam! error[E0599]: no method named `consistency_token` found for type `api::ApplicationPlayedCall<'_, hyper::Client, oauth2::Authenticator<oauth2::DefaultAuthenticatorDelegate, cmn::JsonTokenStorage, hyper::Client>>` in the current scope
Nov 02 17:25:15.257 INFO kablam!    --> src/main.rs:569:33
Nov 02 17:25:15.258 INFO kablam!     |
Nov 02 17:25:15.258 INFO kablam! 569 |                     call = call.consistency_token(value.unwrap_or(""));
Nov 02 17:25:15.259 INFO kablam!     |                                 ^^^^^^^^^^^^^^^^^
Nov 02 17:25:15.259 INFO kablam! 
Nov 02 17:25:15.269 INFO kablam! error[E0599]: no method named `consistency_token` found for type `api::ApplicationVerifyCall<'_, hyper::Client, oauth2::Authenticator<oauth2::DefaultAuthenticatorDelegate, cmn::JsonTokenStorage, hyper::Client>>` in the current scope
Nov 02 17:25:15.270 INFO kablam!    --> src/main.rs:617:33
Nov 02 17:25:15.270 INFO kablam!     |
Nov 02 17:25:15.271 INFO kablam! 617 |                     call = call.consistency_token(value.unwrap_or(""));
Nov 02 17:25:15.271 INFO kablam!     |                                 ^^^^^^^^^^^^^^^^^
Nov 02 17:25:15.272 INFO kablam! 
Nov 02 17:25:15.283 INFO kablam! error[E0599]: no method named `consistency_token` found for type `api::EventListByPlayerCall<'_, hyper::Client, oauth2::Authenticator<oauth2::DefaultAuthenticatorDelegate, cmn::JsonTokenStorage, hyper::Client>>` in the current scope
Nov 02 17:25:15.284 INFO kablam!    --> src/main.rs:682:33
Nov 02 17:25:15.284 INFO kablam!     |
Nov 02 17:25:15.285 INFO kablam! 682 |                     call = call.consistency_token(value.unwrap_or(""));
Nov 02 17:25:15.286 INFO kablam!     |                                 ^^^^^^^^^^^^^^^^^
Nov 02 17:25:15.286 INFO kablam! 
Nov 02 17:25:15.298 INFO kablam! error[E0599]: no method named `consistency_token` found for type `api::EventListDefinitionCall<'_, hyper::Client, oauth2::Authenticator<oauth2::DefaultAuthenticatorDelegate, cmn::JsonTokenStorage, hyper::Client>>` in the current scope
Nov 02 17:25:15.298 INFO kablam!    --> src/main.rs:747:33
Nov 02 17:25:15.299 INFO kablam!     |
Nov 02 17:25:15.299 INFO kablam! 747 |                     call = call.consistency_token(value.unwrap_or(""));
Nov 02 17:25:15.300 INFO kablam!     |                                 ^^^^^^^^^^^^^^^^^
Nov 02 17:25:15.300 INFO kablam! 
Nov 02 17:25:15.316 INFO kablam! error[E0599]: no method named `consistency_token` found for type `api::EventRecordCall<'_, hyper::Client, oauth2::Authenticator<oauth2::DefaultAuthenticatorDelegate, cmn::JsonTokenStorage, hyper::Client>>` in the current scope
Nov 02 17:25:15.316 INFO kablam!    --> src/main.rs:841:33
Nov 02 17:25:15.317 INFO kablam!     |
Nov 02 17:25:15.317 INFO kablam! 841 |                     call = call.consistency_token(value.unwrap_or(""));
Nov 02 17:25:15.318 INFO kablam!     |                                 ^^^^^^^^^^^^^^^^^
Nov 02 17:25:15.318 INFO kablam! 
Nov 02 17:25:15.330 INFO kablam! error[E0599]: no method named `consistency_token` found for type `api::LeaderboardGetCall<'_, hyper::Client, oauth2::Authenticator<oauth2::DefaultAuthenticatorDelegate, cmn::JsonTokenStorage, hyper::Client>>` in the current scope
Nov 02 17:25:15.330 INFO kablam!    --> src/main.rs:900:33
Nov 02 17:25:15.331 INFO kablam!     |
Nov 02 17:25:15.331 INFO kablam! 900 |                     call = call.consistency_token(value.unwrap_or(""));
Nov 02 17:25:15.331 INFO kablam!     |                                 ^^^^^^^^^^^^^^^^^
Nov 02 17:25:15.331 INFO kablam! 
Nov 02 17:25:15.343 INFO kablam! error[E0599]: no method named `consistency_token` found for type `api::LeaderboardListCall<'_, hyper::Client, oauth2::Authenticator<oauth2::DefaultAuthenticatorDelegate, cmn::JsonTokenStorage, hyper::Client>>` in the current scope
Nov 02 17:25:15.343 INFO kablam!    --> src/main.rs:965:33
Nov 02 17:25:15.343 INFO kablam!     |
Nov 02 17:25:15.343 INFO kablam! 965 |                     call = call.consistency_token(value.unwrap_or(""));
Nov 02 17:25:15.344 INFO kablam!     |                                 ^^^^^^^^^^^^^^^^^
Nov 02 17:25:15.344 INFO kablam! 
Nov 02 17:25:15.357 INFO kablam! error[E0599]: no method named `consistency_token` found for type `api::MetagameGetMetagameConfigCall<'_, hyper::Client, oauth2::Authenticator<oauth2::DefaultAuthenticatorDelegate, cmn::JsonTokenStorage, hyper::Client>>` in the current scope
Nov 02 17:25:15.357 INFO kablam!     --> src/main.rs:1021:33
Nov 02 17:25:15.357 INFO kablam!      |
Nov 02 17:25:15.358 INFO kablam! 1021 |                     call = call.consistency_token(value.unwrap_or(""));
Nov 02 17:25:15.358 INFO kablam!      |                                 ^^^^^^^^^^^^^^^^^
Nov 02 17:25:15.358 INFO kablam! 
Nov 02 17:25:15.371 INFO kablam! error[E0599]: no method named `consistency_token` found for type `api::MetagameListCategoriesByPlayerCall<'_, hyper::Client, oauth2::Authenticator<oauth2::DefaultAuthenticatorDelegate, cmn::JsonTokenStorage, hyper::Client>>` in the current scope
Nov 02 17:25:15.371 INFO kablam!     --> src/main.rs:1086:33
Nov 02 17:25:15.371 INFO kablam!      |
Nov 02 17:25:15.371 INFO kablam! 1086 |                     call = call.consistency_token(value.unwrap_or(""));
Nov 02 17:25:15.371 INFO kablam!      |                                 ^^^^^^^^^^^^^^^^^
Nov 02 17:25:15.371 INFO kablam! 
Nov 02 17:25:15.383 INFO kablam! error[E0599]: no method named `consistency_token` found for type `api::PlayerGetCall<'_, hyper::Client, oauth2::Authenticator<oauth2::DefaultAuthenticatorDelegate, cmn::JsonTokenStorage, hyper::Client>>` in the current scope
Nov 02 17:25:15.383 INFO kablam!     --> src/main.rs:1145:33
Nov 02 17:25:15.383 INFO kablam!      |
Nov 02 17:25:15.383 INFO kablam! 1145 |                     call = call.consistency_token(value.unwrap_or(""));
Nov 02 17:25:15.383 INFO kablam!      |                                 ^^^^^^^^^^^^^^^^^
Nov 02 17:25:15.383 INFO kablam! 
Nov 02 17:25:15.395 INFO kablam! error[E0599]: no method named `consistency_token` found for type `api::PlayerListCall<'_, hyper::Client, oauth2::Authenticator<oauth2::DefaultAuthenticatorDelegate, cmn::JsonTokenStorage, hyper::Client>>` in the current scope
Nov 02 17:25:15.395 INFO kablam!     --> src/main.rs:1210:33
Nov 02 17:25:15.395 INFO kablam!      |
Nov 02 17:25:15.395 INFO kablam! 1210 |                     call = call.consistency_token(value.unwrap_or(""));
Nov 02 17:25:15.395 INFO kablam!      |                                 ^^^^^^^^^^^^^^^^^
Nov 02 17:25:15.395 INFO kablam! 
Nov 02 17:25:15.411 INFO kablam! error[E0599]: no method named `consistency_token` found for type `api::PushtokenRemoveCall<'_, hyper::Client, oauth2::Authenticator<oauth2::DefaultAuthenticatorDelegate, cmn::JsonTokenStorage, hyper::Client>>` in the current scope
Nov 02 17:25:15.411 INFO kablam!     --> src/main.rs:1301:33
Nov 02 17:25:15.411 INFO kablam!      |
Nov 02 17:25:15.411 INFO kablam! 1301 |                     call = call.consistency_token(value.unwrap_or(""));
Nov 02 17:25:15.411 INFO kablam!      |                                 ^^^^^^^^^^^^^^^^^
Nov 02 17:25:15.411 INFO kablam! 
Nov 02 17:25:15.425 INFO kablam! error[E0599]: no method named `consistency_token` found for type `api::PushtokenUpdateCall<'_, hyper::Client, oauth2::Authenticator<oauth2::DefaultAuthenticatorDelegate, cmn::JsonTokenStorage, hyper::Client>>` in the current scope
Nov 02 17:25:15.425 INFO kablam!     --> src/main.rs:1387:33
Nov 02 17:25:15.426 INFO kablam!      |
Nov 02 17:25:15.426 INFO kablam! 1387 |                     call = call.consistency_token(value.unwrap_or(""));
Nov 02 17:25:15.426 INFO kablam!      |                                 ^^^^^^^^^^^^^^^^^
Nov 02 17:25:15.426 INFO kablam! 
Nov 02 17:25:15.437 INFO kablam! error[E0599]: no method named `consistency_token` found for type `api::QuestMilestoneClaimCall<'_, hyper::Client, oauth2::Authenticator<oauth2::DefaultAuthenticatorDelegate, cmn::JsonTokenStorage, hyper::Client>>` in the current scope
Nov 02 17:25:15.437 INFO kablam!     --> src/main.rs:1435:33
Nov 02 17:25:15.437 INFO kablam!      |
Nov 02 17:25:15.437 INFO kablam! 1435 |                     call = call.consistency_token(value.unwrap_or(""));
Nov 02 17:25:15.437 INFO kablam!      |                                 ^^^^^^^^^^^^^^^^^
Nov 02 17:25:15.437 INFO kablam! 
Nov 02 17:25:15.448 INFO kablam! error[E0599]: no method named `consistency_token` found for type `api::QuestAcceptCall<'_, hyper::Client, oauth2::Authenticator<oauth2::DefaultAuthenticatorDelegate, cmn::JsonTokenStorage, hyper::Client>>` in the current scope
Nov 02 17:25:15.448 INFO kablam!     --> src/main.rs:1486:33
Nov 02 17:25:15.448 INFO kablam!      |
Nov 02 17:25:15.448 INFO kablam! 1486 |                     call = call.consistency_token(value.unwrap_or(""));
Nov 02 17:25:15.448 INFO kablam!      |                                 ^^^^^^^^^^^^^^^^^
Nov 02 17:25:15.448 INFO kablam! 
Nov 02 17:25:15.461 INFO kablam! error[E0599]: no method named `consistency_token` found for type `api::QuestListCall<'_, hyper::Client, oauth2::Authenticator<oauth2::DefaultAuthenticatorDelegate, cmn::JsonTokenStorage, hyper::Client>>` in the current scope
Nov 02 17:25:15.461 INFO kablam!     --> src/main.rs:1551:33
Nov 02 17:25:15.461 INFO kablam!      |
Nov 02 17:25:15.461 INFO kablam! 1551 |                     call = call.consistency_token(value.unwrap_or(""));
Nov 02 17:25:15.461 INFO kablam!      |                                 ^^^^^^^^^^^^^^^^^
Nov 02 17:25:15.461 INFO kablam! 
Nov 02 17:25:15.473 INFO kablam! error[E0599]: no method named `consistency_token` found for type `api::RevisionCheckCall<'_, hyper::Client, oauth2::Authenticator<oauth2::DefaultAuthenticatorDelegate, cmn::JsonTokenStorage, hyper::Client>>` in the current scope
Nov 02 17:25:15.473 INFO kablam!     --> src/main.rs:1607:33
Nov 02 17:25:15.473 INFO kablam!      |
Nov 02 17:25:15.473 INFO kablam! 1607 |                     call = call.consistency_token(value.unwrap_or(""));
Nov 02 17:25:15.473 INFO kablam!      |                                 ^^^^^^^^^^^^^^^^^
Nov 02 17:25:15.473 INFO kablam! 
Nov 02 17:25:15.490 INFO kablam! error[E0599]: no method named `consistency_token` found for type `api::RoomCreateCall<'_, hyper::Client, oauth2::Authenticator<oauth2::DefaultAuthenticatorDelegate, cmn::JsonTokenStorage, hyper::Client>>` in the current scope
Nov 02 17:25:15.490 INFO kablam!     --> src/main.rs:1716:33
Nov 02 17:25:15.490 INFO kablam!      |
Nov 02 17:25:15.490 INFO kablam! 1716 |                     call = call.consistency_token(value.unwrap_or(""));
Nov 02 17:25:15.490 INFO kablam!      |                                 ^^^^^^^^^^^^^^^^^
Nov 02 17:25:15.490 INFO kablam! 
Nov 02 17:25:15.503 INFO kablam! error[E0599]: no method named `consistency_token` found for type `api::RoomDeclineCall<'_, hyper::Client, oauth2::Authenticator<oauth2::DefaultAuthenticatorDelegate, cmn::JsonTokenStorage, hyper::Client>>` in the current scope
Nov 02 17:25:15.503 INFO kablam!     --> src/main.rs:1775:33
Nov 02 17:25:15.503 INFO kablam!      |
Nov 02 17:25:15.503 INFO kablam! 1775 |                     call = call.consistency_token(value.unwrap_or(""));
Nov 02 17:25:15.503 INFO kablam!      |                                 ^^^^^^^^^^^^^^^^^
Nov 02 17:25:15.503 INFO kablam! 
Nov 02 17:25:15.515 INFO kablam! error[E0599]: no method named `consistency_token` found for type `api::RoomDismisCall<'_, hyper::Client, oauth2::Authenticator<oauth2::DefaultAuthenticatorDelegate, cmn::JsonTokenStorage, hyper::Client>>` in the current scope
Nov 02 17:25:15.515 INFO kablam!     --> src/main.rs:1831:33
Nov 02 17:25:15.515 INFO kablam!      |
Nov 02 17:25:15.515 INFO kablam! 1831 |                     call = call.consistency_token(value.unwrap_or(""));
Nov 02 17:25:15.515 INFO kablam!      |                                 ^^^^^^^^^^^^^^^^^
Nov 02 17:25:15.515 INFO kablam! 
Nov 02 17:25:15.526 INFO kablam! error[E0599]: no method named `consistency_token` found for type `api::RoomGetCall<'_, hyper::Client, oauth2::Authenticator<oauth2::DefaultAuthenticatorDelegate, cmn::JsonTokenStorage, hyper::Client>>` in the current scope
Nov 02 17:25:15.526 INFO kablam!     --> src/main.rs:1882:33
Nov 02 17:25:15.526 INFO kablam!      |
Nov 02 17:25:15.526 INFO kablam! 1882 |                     call = call.consistency_token(value.unwrap_or(""));
Nov 02 17:25:15.526 INFO kablam!      |                                 ^^^^^^^^^^^^^^^^^
Nov 02 17:25:15.526 INFO kablam! 
Nov 02 17:25:15.542 INFO kablam! error[E0599]: no method named `consistency_token` found for type `api::RoomJoinCall<'_, hyper::Client, oauth2::Authenticator<oauth2::DefaultAuthenticatorDelegate, cmn::JsonTokenStorage, hyper::Client>>` in the current scope
Nov 02 17:25:15.542 INFO kablam!     --> src/main.rs:1984:33
Nov 02 17:25:15.542 INFO kablam!      |
Nov 02 17:25:15.542 INFO kablam! 1984 |                     call = call.consistency_token(value.unwrap_or(""));
Nov 02 17:25:15.542 INFO kablam!      |                                 ^^^^^^^^^^^^^^^^^
Nov 02 17:25:15.542 INFO kablam! 
Nov 02 17:25:15.559 INFO kablam! error[E0599]: no method named `consistency_token` found for type `api::RoomLeaveCall<'_, hyper::Client, oauth2::Authenticator<oauth2::DefaultAuthenticatorDelegate, cmn::JsonTokenStorage, hyper::Client>>` in the current scope
Nov 02 17:25:15.559 INFO kablam!     --> src/main.rs:2084:33
Nov 02 17:25:15.559 INFO kablam!      |
Nov 02 17:25:15.559 INFO kablam! 2084 |                     call = call.consistency_token(value.unwrap_or(""));
Nov 02 17:25:15.559 INFO kablam!      |                                 ^^^^^^^^^^^^^^^^^
Nov 02 17:25:15.559 INFO kablam! 
Nov 02 17:25:15.575 INFO kablam! error[E0599]: no method named `consistency_token` found for type `api::RoomListCall<'_, hyper::Client, oauth2::Authenticator<oauth2::DefaultAuthenticatorDelegate, cmn::JsonTokenStorage, hyper::Client>>` in the current scope
Nov 02 17:25:15.575 INFO kablam!     --> src/main.rs:2149:33
Nov 02 17:25:15.575 INFO kablam!      |
Nov 02 17:25:15.575 INFO kablam! 2149 |                     call = call.consistency_token(value.unwrap_or(""));
Nov 02 17:25:15.575 INFO kablam!      |                                 ^^^^^^^^^^^^^^^^^
Nov 02 17:25:15.575 INFO kablam! 
Nov 02 17:25:15.586 INFO kablam! error[E0599]: no method named `consistency_token` found for type `api::RoomReportStatuCall<'_, hyper::Client, oauth2::Authenticator<oauth2::DefaultAuthenticatorDelegate, cmn::JsonTokenStorage, hyper::Client>>` in the current scope
Nov 02 17:25:15.586 INFO kablam!     --> src/main.rs:2241:33
Nov 02 17:25:15.586 INFO kablam!      |
Nov 02 17:25:15.586 INFO kablam! 2241 |                     call = call.consistency_token(value.unwrap_or(""));
Nov 02 17:25:15.586 INFO kablam!      |                                 ^^^^^^^^^^^^^^^^^
Nov 02 17:25:15.586 INFO kablam! 
Nov 02 17:25:15.602 INFO kablam! error[E0599]: no method named `consistency_token` found for type `api::ScoreGetCall<'_, hyper::Client, oauth2::Authenticator<oauth2::DefaultAuthenticatorDelegate, cmn::JsonTokenStorage, hyper::Client>>` in the current scope
Nov 02 17:25:15.602 INFO kablam!     --> src/main.rs:2309:33
Nov 02 17:25:15.602 INFO kablam!      |
Nov 02 17:25:15.602 INFO kablam! 2309 |                     call = call.consistency_token(value.unwrap_or(""));
Nov 02 17:25:15.602 INFO kablam!      |                                 ^^^^^^^^^^^^^^^^^
Nov 02 17:25:15.602 INFO kablam! 
Nov 02 17:25:15.614 INFO kablam! error[E0599]: no method named `consistency_token` found for type `api::ScoreListCall<'_, hyper::Client, oauth2::Authenticator<oauth2::DefaultAuthenticatorDelegate, cmn::JsonTokenStorage, hyper::Client>>` in the current scope
Nov 02 17:25:15.614 INFO kablam!     --> src/main.rs:2374:33
Nov 02 17:25:15.614 INFO kablam!      |
Nov 02 17:25:15.614 INFO kablam! 2374 |                     call = call.consistency_token(value.unwrap_or(""));
Nov 02 17:25:15.614 INFO kablam!      |                                 ^^^^^^^^^^^^^^^^^
Nov 02 17:25:15.614 INFO kablam! 
Nov 02 17:25:15.630 INFO kablam! error[E0599]: no method named `consistency_token` found for type `api::ScoreListWindowCall<'_, hyper::Client, oauth2::Authenticator<oauth2::DefaultAuthenticatorDelegate, cmn::JsonTokenStorage, hyper::Client>>` in the current scope
Nov 02 17:25:15.630 INFO kablam!     --> src/main.rs:2445:33
Nov 02 17:25:15.630 INFO kablam!      |
Nov 02 17:25:15.630 INFO kablam! 2445 |                     call = call.consistency_token(value.unwrap_or(""));
Nov 02 17:25:15.630 INFO kablam!      |                                 ^^^^^^^^^^^^^^^^^
Nov 02 17:25:15.630 INFO kablam! 
Nov 02 17:25:15.641 INFO kablam! error[E0599]: no method named `consistency_token` found for type `api::ScoreSubmitCall<'_, hyper::Client, oauth2::Authenticator<oauth2::DefaultAuthenticatorDelegate, cmn::JsonTokenStorage, hyper::Client>>` in the current scope
Nov 02 17:25:15.642 INFO kablam!     --> src/main.rs:2507:33
Nov 02 17:25:15.642 INFO kablam!      |
Nov 02 17:25:15.642 INFO kablam! 2507 |                     call = call.consistency_token(value.unwrap_or(""));
Nov 02 17:25:15.642 INFO kablam!      |                                 ^^^^^^^^^^^^^^^^^
Nov 02 17:25:15.642 INFO kablam! 
Nov 02 17:25:15.660 INFO kablam! error[E0599]: no method named `consistency_token` found for type `api::ScoreSubmitMultipleCall<'_, hyper::Client, oauth2::Authenticator<oauth2::DefaultAuthenticatorDelegate, cmn::JsonTokenStorage, hyper::Client>>` in the current scope
Nov 02 17:25:15.660 INFO kablam!     --> src/main.rs:2599:33
Nov 02 17:25:15.660 INFO kablam!      |
Nov 02 17:25:15.660 INFO kablam! 2599 |                     call = call.consistency_token(value.unwrap_or(""));
Nov 02 17:25:15.660 INFO kablam!      |                                 ^^^^^^^^^^^^^^^^^
Nov 02 17:25:15.660 INFO kablam! 
Nov 02 17:25:15.671 INFO kablam! error[E0599]: no method named `consistency_token` found for type `api::SnapshotGetCall<'_, hyper::Client, oauth2::Authenticator<oauth2::DefaultAuthenticatorDelegate, cmn::JsonTokenStorage, hyper::Client>>` in the current scope
Nov 02 17:25:15.672 INFO kablam!     --> src/main.rs:2658:33
Nov 02 17:25:15.672 INFO kablam!      |
Nov 02 17:25:15.672 INFO kablam! 2658 |                     call = call.consistency_token(value.unwrap_or(""));
Nov 02 17:25:15.672 INFO kablam!      |                                 ^^^^^^^^^^^^^^^^^
Nov 02 17:25:15.672 INFO kablam! 
Nov 02 17:25:15.687 INFO kablam! error[E0599]: no method named `consistency_token` found for type `api::SnapshotListCall<'_, hyper::Client, oauth2::Authenticator<oauth2::DefaultAuthenticatorDelegate, cmn::JsonTokenStorage, hyper::Client>>` in the current scope
Nov 02 17:25:15.687 INFO kablam!     --> src/main.rs:2723:33
Nov 02 17:25:15.687 INFO kablam!      |
Nov 02 17:25:15.687 INFO kablam! 2723 |                     call = call.consistency_token(value.unwrap_or(""));
Nov 02 17:25:15.687 INFO kablam!      |                                 ^^^^^^^^^^^^^^^^^
Nov 02 17:25:15.687 INFO kablam! 
Nov 02 17:25:15.698 INFO kablam! error[E0599]: no method named `consistency_token` found for type `api::TurnBasedMatcheCancelCall<'_, hyper::Client, oauth2::Authenticator<oauth2::DefaultAuthenticatorDelegate, cmn::JsonTokenStorage, hyper::Client>>` in the current scope
Nov 02 17:25:15.698 INFO kablam!     --> src/main.rs:2779:33
Nov 02 17:25:15.698 INFO kablam!      |
Nov 02 17:25:15.698 INFO kablam! 2779 |                     call = call.consistency_token(value.unwrap_or(""));
Nov 02 17:25:15.698 INFO kablam!      |                                 ^^^^^^^^^^^^^^^^^
Nov 02 17:25:15.698 INFO kablam! 
Nov 02 17:25:15.712 INFO kablam! error[E0599]: no method named `consistency_token` found for type `api::TurnBasedMatcheCreateCall<'_, hyper::Client, oauth2::Authenticator<oauth2::DefaultAuthenticatorDelegate, cmn::JsonTokenStorage, hyper::Client>>` in the current scope
Nov 02 17:25:15.712 INFO kablam!     --> src/main.rs:2870:33
Nov 02 17:25:15.712 INFO kablam!      |
Nov 02 17:25:15.712 INFO kablam! 2870 |                     call = call.consistency_token(value.unwrap_or(""));
Nov 02 17:25:15.712 INFO kablam!      |                                 ^^^^^^^^^^^^^^^^^
Nov 02 17:25:15.712 INFO kablam! 
Nov 02 17:25:15.728 INFO kablam! error[E0599]: no method named `consistency_token` found for type `api::TurnBasedMatcheDeclineCall<'_, hyper::Client, oauth2::Authenticator<oauth2::DefaultAuthenticatorDelegate, cmn::JsonTokenStorage, hyper::Client>>` in the current scope
Nov 02 17:25:15.728 INFO kablam!     --> src/main.rs:2929:33
Nov 02 17:25:15.728 INFO kablam!      |
Nov 02 17:25:15.728 INFO kablam! 2929 |                     call = call.consistency_token(value.unwrap_or(""));
Nov 02 17:25:15.728 INFO kablam!      |                                 ^^^^^^^^^^^^^^^^^
Nov 02 17:25:15.728 INFO kablam! 
Nov 02 17:25:15.738 INFO kablam! error[E0599]: no method named `consistency_token` found for type `api::TurnBasedMatcheDismisCall<'_, hyper::Client, oauth2::Authenticator<oauth2::DefaultAuthenticatorDelegate, cmn::JsonTokenStorage, hyper::Client>>` in the current scope
Nov 02 17:25:15.739 INFO kablam!     --> src/main.rs:2985:33
Nov 02 17:25:15.739 INFO kablam!      |
Nov 02 17:25:15.739 INFO kablam! 2985 |                     call = call.consistency_token(value.unwrap_or(""));
Nov 02 17:25:15.739 INFO kablam!      |                                 ^^^^^^^^^^^^^^^^^
Nov 02 17:25:15.739 INFO kablam! 
Nov 02 17:25:15.752 INFO kablam! error[E0599]: no method named `consistency_token` found for type `api::TurnBasedMatcheFinishCall<'_, hyper::Client, oauth2::Authenticator<oauth2::DefaultAuthenticatorDelegate, cmn::JsonTokenStorage, hyper::Client>>` in the current scope
Nov 02 17:25:15.752 INFO kablam!     --> src/main.rs:3072:33
Nov 02 17:25:15.752 INFO kablam!      |
Nov 02 17:25:15.752 INFO kablam! 3072 |                     call = call.consistency_token(value.unwrap_or(""));
Nov 02 17:25:15.752 INFO kablam!      |                                 ^^^^^^^^^^^^^^^^^
Nov 02 17:25:15.752 INFO kablam! 
Nov 02 17:25:15.767 INFO kablam! error[E0599]: no method named `consistency_token` found for type `api::TurnBasedMatcheGetCall<'_, hyper::Client, oauth2::Authenticator<oauth2::DefaultAuthenticatorDelegate, cmn::JsonTokenStorage, hyper::Client>>` in the current scope
Nov 02 17:25:15.767 INFO kablam!     --> src/main.rs:3134:33
Nov 02 17:25:15.768 INFO kablam!      |
Nov 02 17:25:15.768 INFO kablam! 3134 |                     call = call.consistency_token(value.unwrap_or(""));
Nov 02 17:25:15.768 INFO kablam!      |                                 ^^^^^^^^^^^^^^^^^
Nov 02 17:25:15.768 INFO kablam! 
Nov 02 17:25:15.778 INFO kablam! error[E0599]: no method named `consistency_token` found for type `api::TurnBasedMatcheJoinCall<'_, hyper::Client, oauth2::Authenticator<oauth2::DefaultAuthenticatorDelegate, cmn::JsonTokenStorage, hyper::Client>>` in the current scope
Nov 02 17:25:15.778 INFO kablam!     --> src/main.rs:3193:33
Nov 02 17:25:15.778 INFO kablam!      |
Nov 02 17:25:15.778 INFO kablam! 3193 |                     call = call.consistency_token(value.unwrap_or(""));
Nov 02 17:25:15.778 INFO kablam!      |                                 ^^^^^^^^^^^^^^^^^
Nov 02 17:25:15.778 INFO kablam! 
Nov 02 17:25:15.789 INFO kablam! error[E0599]: no method named `consistency_token` found for type `api::TurnBasedMatcheLeaveCall<'_, hyper::Client, oauth2::Authenticator<oauth2::DefaultAuthenticatorDelegate, cmn::JsonTokenStorage, hyper::Client>>` in the current scope
Nov 02 17:25:15.789 INFO kablam!     --> src/main.rs:3252:33
Nov 02 17:25:15.789 INFO kablam!      |
Nov 02 17:25:15.789 INFO kablam! 3252 |                     call = call.consistency_token(value.unwrap_or(""));
Nov 02 17:25:15.789 INFO kablam!      |                                 ^^^^^^^^^^^^^^^^^
Nov 02 17:25:15.789 INFO kablam! 
Nov 02 17:25:15.805 INFO kablam! error[E0599]: no method named `consistency_token` found for type `api::TurnBasedMatcheLeaveTurnCall<'_, hyper::Client, oauth2::Authenticator<oauth2::DefaultAuthenticatorDelegate, cmn::JsonTokenStorage, hyper::Client>>` in the current scope
Nov 02 17:25:15.805 INFO kablam!     --> src/main.rs:3315:33
Nov 02 17:25:15.805 INFO kablam!      |
Nov 02 17:25:15.805 INFO kablam! 3315 |                     call = call.consistency_token(value.unwrap_or(""));
Nov 02 17:25:15.805 INFO kablam!      |                                 ^^^^^^^^^^^^^^^^^
Nov 02 17:25:15.805 INFO kablam! 
Nov 02 17:25:15.816 INFO kablam! error[E0599]: no method named `consistency_token` found for type `api::TurnBasedMatcheListCall<'_, hyper::Client, oauth2::Authenticator<oauth2::DefaultAuthenticatorDelegate, cmn::JsonTokenStorage, hyper::Client>>` in the current scope
Nov 02 17:25:15.817 INFO kablam!     --> src/main.rs:3386:33
Nov 02 17:25:15.817 INFO kablam!      |
Nov 02 17:25:15.817 INFO kablam! 3386 |                     call = call.consistency_token(value.unwrap_or(""));
Nov 02 17:25:15.817 INFO kablam!      |                                 ^^^^^^^^^^^^^^^^^
Nov 02 17:25:15.817 INFO kablam! 
Nov 02 17:25:15.828 INFO kablam! error[E0599]: no method named `consistency_token` found for type `api::TurnBasedMatcheRematchCall<'_, hyper::Client, oauth2::Authenticator<oauth2::DefaultAuthenticatorDelegate, cmn::JsonTokenStorage, hyper::Client>>` in the current scope
Nov 02 17:25:15.828 INFO kablam!     --> src/main.rs:3448:33
Nov 02 17:25:15.828 INFO kablam!      |
Nov 02 17:25:15.828 INFO kablam! 3448 |                     call = call.consistency_token(value.unwrap_or(""));
Nov 02 17:25:15.828 INFO kablam!      |                                 ^^^^^^^^^^^^^^^^^
Nov 02 17:25:15.828 INFO kablam! 
Nov 02 17:25:15.840 INFO kablam! error[E0599]: no method named `consistency_token` found for type `api::TurnBasedMatcheSyncCall<'_, hyper::Client, oauth2::Authenticator<oauth2::DefaultAuthenticatorDelegate, cmn::JsonTokenStorage, hyper::Client>>` in the current scope
Nov 02 17:25:15.840 INFO kablam!     --> src/main.rs:3519:33
Nov 02 17:25:15.840 INFO kablam!      |
Nov 02 17:25:15.840 INFO kablam! 3519 |                     call = call.consistency_token(value.unwrap_or(""));
Nov 02 17:25:15.840 INFO kablam!      |                                 ^^^^^^^^^^^^^^^^^
Nov 02 17:25:15.840 INFO kablam! 
Nov 02 17:25:15.854 INFO kablam! error[E0599]: no method named `consistency_token` found for type `api::TurnBasedMatcheTakeTurnCall<'_, hyper::Client, oauth2::Authenticator<oauth2::DefaultAuthenticatorDelegate, cmn::JsonTokenStorage, hyper::Client>>` in the current scope
Nov 02 17:25:15.854 INFO kablam!     --> src/main.rs:3615:33
Nov 02 17:25:15.854 INFO kablam!      |
Nov 02 17:25:15.854 INFO kablam! 3615 |                     call = call.consistency_token(value.unwrap_or(""));
Nov 02 17:25:15.854 INFO kablam!      |                                 ^^^^^^^^^^^^^^^^^
Nov 02 17:25:15.854 INFO kablam! 
Nov 02 17:25:16.197 INFO kablam! error: aborting due to 53 previous errors
Nov 02 17:25:16.197 INFO kablam! 
Nov 02 17:25:16.197 INFO kablam! For more information about this error, try `rustc --explain E0599`.
Nov 02 17:25:16.218 INFO kablam! error: Could not compile `google-games1-cli`.
Nov 02 17:25:16.218 INFO kablam! 
Nov 02 17:25:16.218 INFO kablam! To learn more, run the command again with --verbose.
Nov 02 17:25:16.220 INFO kablam! su: No module specific data is present
Nov 02 17:25:17.312 INFO running `"docker" "rm" "-f" "1e766eefd844ee875640a326be78c9c496c19cf56469cf0ae5700b04d82adc58"`
Nov 02 17:25:17.628 INFO blam! 1e766eefd844ee875640a326be78c9c496c19cf56469cf0ae5700b04d82adc58
