Nov 02 18:28:41.609 INFO testing google-cloudtasks2_beta2-cli-1.0.7+20171208 against 1.30.0 for beta-1.31-1
Nov 02 18:28:41.611 INFO running `"docker" "create" "-v" "/mnt/big/crater/work/local/target-dirs/beta-1.31-1/worker-7/1.30.0:/target:rw,Z" "-v" "/mnt/big/crater/work/local/test-source/worker-7/beta-1.31-1/1.30.0:/source:ro,Z" "-v" "/mnt/big/crater/work/local/cargo-home:/cargo-home:ro,Z" "-v" "/mnt/big/crater/work/local/rustup-home:/rustup-home:ro,Z" "-e" "USER_ID=1000" "-e" "SOURCE_DIR=/source" "-e" "USER_ID=1000" "-e" "CMD=cargo +1.30.0 build --frozen" "-e" "CARGO_TARGET_DIR=/target" "-e" "CARGO_INCREMENTAL=0" "-e" "RUST_BACKTRACE=full" "-e" "RUSTFLAGS=--cap-lints=warn" "-e" "CARGO_HOME=/cargo-home" "-e" "RUSTUP_HOME=/rustup-home" "-m" "1536M" "--network" "none" "crater"`
Nov 02 18:28:42.029 INFO blam! 336bc4f312814a14aba9fac14ed232159b32bc00b2f9338c16e3c1f0ca604463
Nov 02 18:28:42.031 INFO running `"docker" "start" "-a" "336bc4f312814a14aba9fac14ed232159b32bc00b2f9338c16e3c1f0ca604463"`
Nov 02 18:28:43.799 INFO kablam! usermod: no changes
Nov 02 18:28:43.855 INFO kablam! warning: An explicit [[bin]] section is specified in Cargo.toml which currently
Nov 02 18:28:43.855 INFO kablam! disables Cargo from automatically inferring other binary targets.
Nov 02 18:28:43.855 INFO kablam! This inference behavior will change in the Rust 2018 edition and the following
Nov 02 18:28:43.855 INFO kablam! files will be included as a binary target:
Nov 02 18:28:43.855 INFO kablam! 
Nov 02 18:28:43.855 INFO kablam! * /source/src/main.rs
Nov 02 18:28:43.855 INFO kablam! 
Nov 02 18:28:43.855 INFO kablam! This is likely to break cargo build or cargo test as these files may not be
Nov 02 18:28:43.855 INFO kablam! ready to be compiled as a binary target today. You can future-proof yourself
Nov 02 18:28:43.855 INFO kablam! and disable this warning by adding `autobins = false` to your [package]
Nov 02 18:28:43.855 INFO kablam! section. You may also move the files to a location where Cargo would not
Nov 02 18:28:43.855 INFO kablam! automatically infer them to be a target, such as in subfolders.
Nov 02 18:28:43.855 INFO kablam! 
Nov 02 18:28:43.855 INFO kablam! For more information on this warning you can consult
Nov 02 18:28:43.855 INFO kablam! https://github.com/rust-lang/cargo/issues/5330
Nov 02 18:28:43.855 INFO kablam! warning: path `/source/src/main.rs` was erroneously implicitly accepted for binary `cloudtasks2-beta2`,
Nov 02 18:28:43.855 INFO kablam! please set bin.path in Cargo.toml
Nov 02 18:28:44.109 INFO kablam!    Compiling google-cloudtasks2_beta2 v1.0.8+20180913
Nov 02 18:28:53.994 INFO kablam!    Compiling google-cloudtasks2_beta2-cli v1.0.7+20171208 (/source)
Nov 02 18:29:01.411 INFO kablam! error[E0412]: cannot find type `PullTasksRequest` in module `api`
Nov 02 18:29:01.411 INFO kablam!     --> src/main.rs:1447:31
Nov 02 18:29:01.411 INFO kablam!      |
Nov 02 18:29:01.411 INFO kablam! 1447 |         let mut request: api::PullTasksRequest = json::value::from_value(object).unwrap();
Nov 02 18:29:01.411 INFO kablam!      |                               ^^^^^^^^^^^^^^^^ did you mean `RunTaskRequest`?
Nov 02 18:29:01.412 INFO kablam! 
Nov 02 18:29:02.074 INFO kablam! error[E0599]: no method named `order_by` found for type `api::ProjectLocationQueueTaskListCall<'_, hyper::Client, oauth2::Authenticator<oauth2::DefaultAuthenticatorDelegate, cmn::JsonTokenStorage, hyper::Client>>` in the current scope
Nov 02 18:29:02.074 INFO kablam!     --> src/main.rs:1361:33
Nov 02 18:29:02.074 INFO kablam!      |
Nov 02 18:29:02.074 INFO kablam! 1361 |                     call = call.order_by(value.unwrap_or(""));
Nov 02 18:29:02.074 INFO kablam!      |                                 ^^^^^^^^
Nov 02 18:29:02.074 INFO kablam! 
Nov 02 18:29:02.083 INFO kablam! error[E0599]: no method named `locations_queues_tasks_pull` found for type `api::ProjectMethods<'_, hyper::Client, oauth2::Authenticator<oauth2::DefaultAuthenticatorDelegate, cmn::JsonTokenStorage, hyper::Client>>` in the current scope
Nov 02 18:29:02.083 INFO kablam!     --> src/main.rs:1448:44
Nov 02 18:29:02.083 INFO kablam!      |
Nov 02 18:29:02.083 INFO kablam! 1448 |         let mut call = self.hub.projects().locations_queues_tasks_pull(request, opt.value_of("name").unwrap_or(""));
Nov 02 18:29:02.083 INFO kablam!      |                                            ^^^^^^^^^^^^^^^^^^^^^^^^^^^
Nov 02 18:29:02.083 INFO kablam!      |
Nov 02 18:29:02.083 INFO kablam!      = help: did you mean `locations_queues_tasks_run`?
Nov 02 18:29:02.083 INFO kablam! 
Nov 02 18:29:02.401 INFO kablam! error: aborting due to 3 previous errors
Nov 02 18:29:02.401 INFO kablam! 
Nov 02 18:29:02.401 INFO kablam! Some errors occurred: E0412, E0599.
Nov 02 18:29:02.401 INFO kablam! For more information about an error, try `rustc --explain E0412`.
Nov 02 18:29:02.435 INFO kablam! error: Could not compile `google-cloudtasks2_beta2-cli`.
Nov 02 18:29:02.436 INFO kablam! 
Nov 02 18:29:02.436 INFO kablam! To learn more, run the command again with --verbose.
Nov 02 18:29:02.438 INFO kablam! su: No module specific data is present
Nov 02 18:29:04.033 INFO running `"docker" "rm" "-f" "336bc4f312814a14aba9fac14ed232159b32bc00b2f9338c16e3c1f0ca604463"`
Nov 02 18:29:04.359 INFO blam! 336bc4f312814a14aba9fac14ed232159b32bc00b2f9338c16e3c1f0ca604463
