Nov 02 19:18:08.744 INFO testing glsl-quasiquote-0.1.1 against 1.30.0 for beta-1.31-1
Nov 02 19:18:08.744 INFO running `"docker" "create" "-v" "/mnt/big/crater/work/local/target-dirs/beta-1.31-1/worker-7/1.30.0:/target:rw,Z" "-v" "/mnt/big/crater/work/local/test-source/worker-7/beta-1.31-1/1.30.0:/source:ro,Z" "-v" "/mnt/big/crater/work/local/cargo-home:/cargo-home:ro,Z" "-v" "/mnt/big/crater/work/local/rustup-home:/rustup-home:ro,Z" "-e" "USER_ID=1000" "-e" "SOURCE_DIR=/source" "-e" "USER_ID=1000" "-e" "CMD=cargo +1.30.0 build --frozen" "-e" "CARGO_TARGET_DIR=/target" "-e" "CARGO_INCREMENTAL=0" "-e" "RUST_BACKTRACE=full" "-e" "RUSTFLAGS=--cap-lints=warn" "-e" "CARGO_HOME=/cargo-home" "-e" "RUSTUP_HOME=/rustup-home" "-m" "1536M" "--network" "none" "crater"`
Nov 02 19:18:09.156 INFO blam! 4bbfc9e0e69384a361efff84e5cd8496cb72d6e604dbb74374edc640277cb5e2
Nov 02 19:18:09.167 INFO running `"docker" "start" "-a" "4bbfc9e0e69384a361efff84e5cd8496cb72d6e604dbb74374edc640277cb5e2"`
Nov 02 19:18:10.743 INFO kablam! usermod: no changes
Nov 02 19:18:10.823 INFO kablam!    Compiling memchr v1.0.2
Nov 02 19:18:11.943 INFO kablam!    Compiling nom v3.2.1
Nov 02 19:18:15.849 INFO kablam!    Compiling glsl v0.9.2
Nov 02 19:18:32.183 INFO kablam!    Compiling glsl-quasiquote v0.1.1 (/source)
Nov 02 19:18:39.949 INFO kablam!     Finished dev [unoptimized + debuginfo] target(s) in 29.18s
Nov 02 19:18:39.952 INFO kablam! su: No module specific data is present
Nov 02 19:18:40.579 INFO running `"docker" "rm" "-f" "4bbfc9e0e69384a361efff84e5cd8496cb72d6e604dbb74374edc640277cb5e2"`
Nov 02 19:18:40.853 INFO blam! 4bbfc9e0e69384a361efff84e5cd8496cb72d6e604dbb74374edc640277cb5e2
Nov 02 19:18:40.858 INFO running `"docker" "create" "-v" "/mnt/big/crater/work/local/target-dirs/beta-1.31-1/worker-7/1.30.0:/target:rw,Z" "-v" "/mnt/big/crater/work/local/test-source/worker-7/beta-1.31-1/1.30.0:/source:ro,Z" "-v" "/mnt/big/crater/work/local/cargo-home:/cargo-home:ro,Z" "-v" "/mnt/big/crater/work/local/rustup-home:/rustup-home:ro,Z" "-e" "USER_ID=1000" "-e" "SOURCE_DIR=/source" "-e" "USER_ID=1000" "-e" "CMD=cargo +1.30.0 test --frozen --no-run" "-e" "CARGO_TARGET_DIR=/target" "-e" "CARGO_INCREMENTAL=0" "-e" "RUST_BACKTRACE=full" "-e" "RUSTFLAGS=--cap-lints=warn" "-e" "CARGO_HOME=/cargo-home" "-e" "RUSTUP_HOME=/rustup-home" "-m" "1536M" "--network" "none" "crater"`
Nov 02 19:18:41.263 INFO blam! 6d05c1bdcb16377383e70f7aa0403a5f0f28abb00061b1f25b9888d85caee8f6
Nov 02 19:18:41.271 INFO running `"docker" "start" "-a" "6d05c1bdcb16377383e70f7aa0403a5f0f28abb00061b1f25b9888d85caee8f6"`
Nov 02 19:18:42.747 INFO kablam! usermod: no changes
Nov 02 19:18:42.831 INFO kablam!    Compiling glsl-quasiquote v0.1.1 (/source)
Nov 02 19:18:44.179 INFO kablam! error[E0658]: procedural macros cannot be expanded to expressions (see issue #38356)
Nov 02 19:18:44.179 INFO kablam!  --> tests/lib.rs:7:11
Nov 02 19:18:44.179 INFO kablam!   |
Nov 02 19:18:44.179 INFO kablam! 7 |   let _ = glsl!{void main() {}};
Nov 02 19:18:44.179 INFO kablam!   |           ^^^^^^^^^^^^^^^^^^^^^
Nov 02 19:18:44.179 INFO kablam! 
Nov 02 19:18:44.179 INFO kablam! error[E0658]: procedural macros cannot be expanded to expressions (see issue #38356)
Nov 02 19:18:44.179 INFO kablam!   --> tests/lib.rs:12:11
Nov 02 19:18:44.179 INFO kablam!    |
Nov 02 19:18:44.179 INFO kablam! 12 |   let _ = glsl_str!{"void main() {}"};
Nov 02 19:18:44.179 INFO kablam!    |           ^^^^^^^^^^^^^^^^^^^^^^^^^^^
Nov 02 19:18:44.179 INFO kablam! 
Nov 02 19:18:44.183 INFO kablam! error[E0658]: procedural macros cannot be expanded to expressions (see issue #38356)
Nov 02 19:18:44.183 INFO kablam!   --> tests/lib.rs:17:11
Nov 02 19:18:44.183 INFO kablam!    |
Nov 02 19:18:44.183 INFO kablam! 17 |     let _ = glsl_str!{"
Nov 02 19:18:44.183 INFO kablam!    |  ___________^
Nov 02 19:18:44.183 INFO kablam! 18 | |     #version 330 core
Nov 02 19:18:44.183 INFO kablam! 19 | |     void main() {
Nov 02 19:18:44.183 INFO kablam! 20 | |     }
Nov 02 19:18:44.183 INFO kablam! 21 | |   "};
Nov 02 19:18:44.183 INFO kablam!    | |____^
Nov 02 19:18:44.183 INFO kablam! 
Nov 02 19:18:44.183 INFO kablam! error[E0658]: procedural macros cannot be expanded to expressions (see issue #38356)
Nov 02 19:18:44.183 INFO kablam!   --> tests/lib.rs:26:11
Nov 02 19:18:44.183 INFO kablam!    |
Nov 02 19:18:44.183 INFO kablam! 26 |     let _ = glsl!{
Nov 02 19:18:44.183 INFO kablam!    |  ___________^
Nov 02 19:18:44.183 INFO kablam! 27 | |     int test() {
Nov 02 19:18:44.183 INFO kablam! 28 | |       return 3.;
Nov 02 19:18:44.183 INFO kablam! 29 | |     }
Nov 02 19:18:44.183 INFO kablam! 30 | |   };
Nov 02 19:18:44.183 INFO kablam!    | |___^
Nov 02 19:18:44.183 INFO kablam! 
Nov 02 19:18:44.187 INFO kablam! error[E0658]: procedural macros cannot be expanded to expressions (see issue #38356)
Nov 02 19:18:44.187 INFO kablam!   --> tests/lib.rs:35:11
Nov 02 19:18:44.187 INFO kablam!    |
Nov 02 19:18:44.187 INFO kablam! 35 |     let _ = glsl!{
Nov 02 19:18:44.187 INFO kablam!    |  ___________^
Nov 02 19:18:44.187 INFO kablam! 36 | |     struct V {
Nov 02 19:18:44.187 INFO kablam! 37 | |       vec4 p;
Nov 02 19:18:44.187 INFO kablam! 38 | |       vec2 uv;
Nov 02 19:18:44.187 INFO kablam! ...  |
Nov 02 19:18:44.187 INFO kablam! 43 | |     };
Nov 02 19:18:44.187 INFO kablam! 44 | |   };
Nov 02 19:18:44.187 INFO kablam!    | |___^
Nov 02 19:18:44.187 INFO kablam! 
Nov 02 19:18:44.191 INFO kablam! error[E0658]: procedural macros cannot be expanded to expressions (see issue #38356)
Nov 02 19:18:44.191 INFO kablam!   --> tests/lib.rs:49:11
Nov 02 19:18:44.191 INFO kablam!    |
Nov 02 19:18:44.191 INFO kablam! 49 |     let _ = glsl!{
Nov 02 19:18:44.191 INFO kablam!    |  ___________^
Nov 02 19:18:44.191 INFO kablam! 50 | |     struct S {
Nov 02 19:18:44.191 INFO kablam! 51 | |       float a, b, c;
Nov 02 19:18:44.191 INFO kablam! 52 | |     };
Nov 02 19:18:44.191 INFO kablam! 53 | |   };
Nov 02 19:18:44.191 INFO kablam!    | |___^
Nov 02 19:18:44.191 INFO kablam! 
Nov 02 19:18:44.195 INFO kablam! error[E0658]: procedural macros cannot be expanded to expressions (see issue #38356)
Nov 02 19:18:44.195 INFO kablam!   --> tests/lib.rs:58:11
Nov 02 19:18:44.195 INFO kablam!    |
Nov 02 19:18:44.195 INFO kablam! 58 |     let _ = glsl!{
Nov 02 19:18:44.195 INFO kablam!    |  ___________^
Nov 02 19:18:44.195 INFO kablam! 59 | |     struct S {
Nov 02 19:18:44.195 INFO kablam! 60 | |       float a, b, c;
Nov 02 19:18:44.195 INFO kablam! 61 | |     } foo, bar, zoo;
Nov 02 19:18:44.195 INFO kablam! 62 | |   };
Nov 02 19:18:44.195 INFO kablam!    | |___^
Nov 02 19:18:44.195 INFO kablam! 
Nov 02 19:18:44.199 INFO kablam! error[E0658]: procedural macros cannot be expanded to expressions (see issue #38356)
Nov 02 19:18:44.199 INFO kablam!   --> tests/lib.rs:67:11
Nov 02 19:18:44.199 INFO kablam!    |
Nov 02 19:18:44.199 INFO kablam! 67 |     let _ = glsl!{
Nov 02 19:18:44.199 INFO kablam!    |  ___________^
Nov 02 19:18:44.199 INFO kablam! 68 | |     struct S {
Nov 02 19:18:44.199 INFO kablam! 69 | |       float a, b, c;
Nov 02 19:18:44.199 INFO kablam! 70 | |     } foo[3], bar[12], zoo[];
Nov 02 19:18:44.199 INFO kablam! 71 | |   };
Nov 02 19:18:44.199 INFO kablam!    | |___^
Nov 02 19:18:44.199 INFO kablam! 
Nov 02 19:18:44.204 INFO kablam! error: aborting due to 8 previous errors
Nov 02 19:18:44.204 INFO kablam! 
Nov 02 19:18:44.205 INFO kablam! For more information about this error, try `rustc --explain E0658`.
Nov 02 19:18:44.210 INFO kablam! error: Could not compile `glsl-quasiquote`.
Nov 02 19:18:44.210 INFO kablam! warning: build failed, waiting for other jobs to finish...
Nov 02 19:18:48.455 INFO kablam! error: build failed
Nov 02 19:18:48.459 INFO kablam! su: No module specific data is present
Nov 02 19:18:48.965 INFO running `"docker" "rm" "-f" "6d05c1bdcb16377383e70f7aa0403a5f0f28abb00061b1f25b9888d85caee8f6"`
Nov 02 19:18:49.115 INFO blam! 6d05c1bdcb16377383e70f7aa0403a5f0f28abb00061b1f25b9888d85caee8f6
