Nov 03 01:32:24.992 INFO testing burgundy-0.2.8 against beta-2018-10-30 for beta-1.31-1
Nov 03 01:32:24.992 INFO running `"docker" "create" "-v" "/mnt/big/crater/work/local/target-dirs/beta-1.31-1/worker-1/beta-2018-10-30:/target:rw,Z" "-v" "/mnt/big/crater/work/local/test-source/worker-1/beta-1.31-1/beta-2018-10-30:/source:ro,Z" "-v" "/mnt/big/crater/work/local/cargo-home:/cargo-home:ro,Z" "-v" "/mnt/big/crater/work/local/rustup-home:/rustup-home:ro,Z" "-e" "USER_ID=1000" "-e" "SOURCE_DIR=/source" "-e" "USER_ID=1000" "-e" "CMD=cargo +beta-2018-10-30 build --frozen" "-e" "CARGO_TARGET_DIR=/target" "-e" "CARGO_INCREMENTAL=0" "-e" "RUST_BACKTRACE=full" "-e" "RUSTFLAGS=--cap-lints=warn" "-e" "CARGO_HOME=/cargo-home" "-e" "RUSTUP_HOME=/rustup-home" "-m" "1536M" "--network" "none" "crater"`
Nov 03 01:32:25.432 INFO blam! 520ba2539f38e708c17ca70ff818120f3df469ba4d3c056bcbda07ac514e6530
Nov 03 01:32:25.435 INFO running `"docker" "start" "-a" "520ba2539f38e708c17ca70ff818120f3df469ba4d3c056bcbda07ac514e6530"`
Nov 03 01:32:26.463 INFO kablam! usermod: no changes
Nov 03 01:32:26.739 INFO kablam!    Compiling burgundy v0.2.8 (/source)
Nov 03 01:32:31.995 INFO kablam! error[E0554]: #![feature] may not be used on the beta release channel
Nov 03 01:32:31.995 INFO kablam!  --> src/lib.rs:4:1
Nov 03 01:32:31.995 INFO kablam!   |
Nov 03 01:32:31.995 INFO kablam! 4 | #![feature(nll)]
Nov 03 01:32:31.995 INFO kablam!   | ^^^^^^^^^^^^^^^^
Nov 03 01:32:31.995 INFO kablam! 
Nov 03 01:32:31.995 INFO kablam! error[E0554]: #![feature] may not be used on the beta release channel
Nov 03 01:32:31.995 INFO kablam!  --> src/lib.rs:5:1
Nov 03 01:32:31.995 INFO kablam!   |
Nov 03 01:32:31.995 INFO kablam! 5 | #![feature(try_trait)]
Nov 03 01:32:31.995 INFO kablam!   | ^^^^^^^^^^^^^^^^^^^^^^
Nov 03 01:32:31.995 INFO kablam! 
Nov 03 01:32:31.995 INFO kablam! error[E0554]: #![feature] may not be used on the beta release channel
Nov 03 01:32:31.995 INFO kablam!  --> src/lib.rs:6:1
Nov 03 01:32:31.995 INFO kablam!   |
Nov 03 01:32:31.995 INFO kablam! 6 | #![feature(box_patterns)]
Nov 03 01:32:31.995 INFO kablam!   | ^^^^^^^^^^^^^^^^^^^^^^^^^
Nov 03 01:32:31.995 INFO kablam! 
Nov 03 01:32:31.995 INFO kablam! error[E0554]: #![feature] may not be used on the beta release channel
Nov 03 01:32:31.995 INFO kablam!  --> src/lib.rs:7:1
Nov 03 01:32:31.995 INFO kablam!   |
Nov 03 01:32:31.995 INFO kablam! 7 | #![feature(extern_in_paths)]
Nov 03 01:32:31.995 INFO kablam!   | ^^^^^^^^^^^^^^^^^^^^^^^^^^^^
Nov 03 01:32:31.995 INFO kablam! 
Nov 03 01:32:31.995 INFO kablam! error[E0554]: #![feature] may not be used on the beta release channel
Nov 03 01:32:31.995 INFO kablam!  --> src/lib.rs:8:1
Nov 03 01:32:31.995 INFO kablam!   |
Nov 03 01:32:31.995 INFO kablam! 8 | #![feature(pattern)]
Nov 03 01:32:31.995 INFO kablam!   | ^^^^^^^^^^^^^^^^^^^^
Nov 03 01:32:31.995 INFO kablam! 
Nov 03 01:32:31.995 INFO kablam! error[E0554]: #![feature] may not be used on the beta release channel
Nov 03 01:32:31.995 INFO kablam!  --> src/lib.rs:9:1
Nov 03 01:32:31.995 INFO kablam!   |
Nov 03 01:32:31.995 INFO kablam! 9 | #![feature(crate_visibility_modifier)]
Nov 03 01:32:31.995 INFO kablam!   | ^^^^^^^^^^^^^^^^^^^^^^^^^^^^^^^^^^^^^^
Nov 03 01:32:31.995 INFO kablam! 
Nov 03 01:32:31.995 INFO kablam! error: aborting due to 6 previous errors
Nov 03 01:32:31.995 INFO kablam! 
Nov 03 01:32:31.995 INFO kablam! For more information about this error, try `rustc --explain E0554`.
Nov 03 01:32:32.011 INFO kablam! error: Could not compile `burgundy`.
Nov 03 01:32:32.011 INFO kablam! 
Nov 03 01:32:32.011 INFO kablam! To learn more, run the command again with --verbose.
Nov 03 01:32:32.019 INFO kablam! su: No module specific data is present
Nov 03 01:32:32.568 INFO running `"docker" "rm" "-f" "520ba2539f38e708c17ca70ff818120f3df469ba4d3c056bcbda07ac514e6530"`
Nov 03 01:32:32.855 INFO blam! 520ba2539f38e708c17ca70ff818120f3df469ba4d3c056bcbda07ac514e6530
