Nov 03 03:43:11.185 INFO testing accepted-0.1.11 against beta-2018-10-30 for beta-1.31-1
Nov 03 03:43:11.185 INFO running `"docker" "create" "-v" "/mnt/big/crater/work/local/target-dirs/beta-1.31-1/worker-0/beta-2018-10-30:/target:rw,Z" "-v" "/mnt/big/crater/work/local/test-source/worker-0/beta-1.31-1/beta-2018-10-30:/source:ro,Z" "-v" "/mnt/big/crater/work/local/cargo-home:/cargo-home:ro,Z" "-v" "/mnt/big/crater/work/local/rustup-home:/rustup-home:ro,Z" "-e" "USER_ID=1000" "-e" "SOURCE_DIR=/source" "-e" "USER_ID=1000" "-e" "CMD=cargo +beta-2018-10-30 build --frozen" "-e" "CARGO_TARGET_DIR=/target" "-e" "CARGO_INCREMENTAL=0" "-e" "RUST_BACKTRACE=full" "-e" "RUSTFLAGS=--cap-lints=warn" "-e" "CARGO_HOME=/cargo-home" "-e" "RUSTUP_HOME=/rustup-home" "-m" "1536M" "--network" "none" "crater"`
Nov 03 03:43:11.559 INFO blam! 4db9f6dac21f971d1deaa25b2f2c96c29fffb691d555e04c33ea5e77e86bb5a6
Nov 03 03:43:11.561 INFO running `"docker" "start" "-a" "4db9f6dac21f971d1deaa25b2f2c96c29fffb691d555e04c33ea5e77e86bb5a6"`
Nov 03 03:43:12.630 INFO kablam! usermod: no changes
Nov 03 03:43:12.963 INFO kablam!    Compiling scoped-tls v0.1.2
Nov 03 03:43:12.964 INFO kablam!    Compiling plist v0.2.4
Nov 03 03:43:12.997 INFO kablam!    Compiling rls-span v0.4.0
Nov 03 03:43:12.999 INFO kablam!    Compiling onig_sys v68.2.1
Nov 03 03:43:13.000 INFO kablam!    Compiling rustc-ap-rustc_target v274.0.0
Nov 03 03:43:13.001 INFO kablam!    Compiling base64 v0.8.0
Nov 03 03:43:13.001 INFO kablam!    Compiling rustc-ap-syntax v274.0.0
Nov 03 03:43:13.002 INFO kablam!    Compiling rustc-ap-rustc_cratesio_shim v274.0.0
Nov 03 03:43:13.038 INFO kablam!    Compiling ena v0.9.3
Nov 03 03:43:13.040 INFO kablam!    Compiling smallvec v0.6.5
Nov 03 03:43:14.135 INFO kablam! error[E0554]: #![feature] may not be used on the beta release channel
Nov 03 03:43:14.135 INFO kablam!   --> /cargo-home/registry/src/github.com-1ecc6299db9ec823/rustc-ap-rustc_cratesio_shim-274.0.0/src/lib.rs:14:1
Nov 03 03:43:14.135 INFO kablam!    |
Nov 03 03:43:14.135 INFO kablam! 14 | #![feature(nll)]
Nov 03 03:43:14.135 INFO kablam!    | ^^^^^^^^^^^^^^^^
Nov 03 03:43:14.135 INFO kablam! 
Nov 03 03:43:14.135 INFO kablam! error: aborting due to previous error
Nov 03 03:43:14.135 INFO kablam! 
Nov 03 03:43:14.135 INFO kablam! For more information about this error, try `rustc --explain E0554`.
Nov 03 03:43:14.155 INFO kablam! error: Could not compile `rustc-ap-rustc_cratesio_shim`.
Nov 03 03:43:14.155 INFO kablam! warning: build failed, waiting for other jobs to finish...
Nov 03 03:43:14.521 INFO kablam! error[E0554]: #![feature] may not be used on the beta release channel
Nov 03 03:43:14.521 INFO kablam!   --> /cargo-home/registry/src/github.com-1ecc6299db9ec823/rls-span-0.4.0/src/lib.rs:12:1
Nov 03 03:43:14.521 INFO kablam!    |
Nov 03 03:43:14.521 INFO kablam! 12 | #![feature(proc_macro)]
Nov 03 03:43:14.522 INFO kablam!    | ^^^^^^^^^^^^^^^^^^^^^^^
Nov 03 03:43:14.522 INFO kablam! 
Nov 03 03:43:14.522 INFO kablam! error: aborting due to previous error
Nov 03 03:43:14.522 INFO kablam! 
Nov 03 03:43:14.522 INFO kablam! For more information about this error, try `rustc --explain E0554`.
Nov 03 03:43:14.522 INFO kablam! error: Could not compile `rls-span`.
Nov 03 03:43:14.523 INFO kablam! warning: build failed, waiting for other jobs to finish...
Nov 03 03:43:14.589 INFO kablam! error[E0554]: #![feature] may not be used on the beta release channel
Nov 03 03:43:14.589 INFO kablam!   --> /cargo-home/registry/src/github.com-1ecc6299db9ec823/smallvec-0.6.5/lib.rs:33:32
Nov 03 03:43:14.589 INFO kablam!    |
Nov 03 03:43:14.589 INFO kablam! 33 | #![cfg_attr(feature = "union", feature(untagged_unions))]
Nov 03 03:43:14.589 INFO kablam!    |                                ^^^^^^^^^^^^^^^^^^^^^^^^
Nov 03 03:43:14.589 INFO kablam! 
Nov 03 03:43:14.604 INFO kablam! error: aborting due to previous error
Nov 03 03:43:14.604 INFO kablam! 
Nov 03 03:43:14.604 INFO kablam! For more information about this error, try `rustc --explain E0554`.
Nov 03 03:43:14.604 INFO kablam! error: Could not compile `smallvec`.
Nov 03 03:43:14.604 INFO kablam! warning: build failed, waiting for other jobs to finish...
Nov 03 03:43:14.722 INFO kablam! error[E0554]: #![feature] may not be used on the beta release channel
Nov 03 03:43:14.722 INFO kablam!   --> /cargo-home/registry/src/github.com-1ecc6299db9ec823/scoped-tls-0.1.2/src/lib.rs:47:34
Nov 03 03:43:14.722 INFO kablam!    |
Nov 03 03:43:14.722 INFO kablam! 47 | #![cfg_attr(feature = "nightly", feature(macro_vis_matcher))]
Nov 03 03:43:14.722 INFO kablam!    |                                  ^^^^^^^^^^^^^^^^^^^^^^^^^^
Nov 03 03:43:14.722 INFO kablam! 
Nov 03 03:43:14.722 INFO kablam! error[E0554]: #![feature] may not be used on the beta release channel
Nov 03 03:43:14.722 INFO kablam!   --> /cargo-home/registry/src/github.com-1ecc6299db9ec823/scoped-tls-0.1.2/src/lib.rs:48:34
Nov 03 03:43:14.722 INFO kablam!    |
Nov 03 03:43:14.722 INFO kablam! 48 | #![cfg_attr(feature = "nightly", feature(allow_internal_unstable))]
Nov 03 03:43:14.723 INFO kablam!    |                                  ^^^^^^^^^^^^^^^^^^^^^^^^^^^^^^^^
Nov 03 03:43:14.723 INFO kablam! 
Nov 03 03:43:14.725 INFO kablam! error: aborting due to 2 previous errors
Nov 03 03:43:14.725 INFO kablam! 
Nov 03 03:43:14.725 INFO kablam! For more information about this error, try `rustc --explain E0554`.
Nov 03 03:43:14.743 INFO kablam! error: Could not compile `scoped-tls`.
Nov 03 03:43:14.743 INFO kablam! warning: build failed, waiting for other jobs to finish...
Nov 03 03:43:16.319 INFO kablam! error: build failed
Nov 03 03:43:16.320 INFO kablam! su: No module specific data is present
Nov 03 03:43:17.409 INFO running `"docker" "rm" "-f" "4db9f6dac21f971d1deaa25b2f2c96c29fffb691d555e04c33ea5e77e86bb5a6"`
Nov 03 03:43:17.687 INFO blam! 4db9f6dac21f971d1deaa25b2f2c96c29fffb691d555e04c33ea5e77e86bb5a6
