Oct 31 16:22:21.435 INFO testing witheve/eve-native against beta-2018-10-30 for beta-1.31-1
Oct 31 16:22:21.435 INFO running `"docker" "create" "-v" "/mnt/big/crater/work/local/target-dirs/beta-1.31-1/worker-7/beta-2018-10-30:/target:rw,Z" "-v" "/mnt/big/crater/work/local/test-source/worker-7/beta-1.31-1/beta-2018-10-30:/source:ro,Z" "-v" "/mnt/big/crater/work/local/cargo-home:/cargo-home:ro,Z" "-v" "/mnt/big/crater/work/local/rustup-home:/rustup-home:ro,Z" "-e" "USER_ID=1000" "-e" "SOURCE_DIR=/source" "-e" "USER_ID=1000" "-e" "CMD=cargo +beta-2018-10-30 build --frozen" "-e" "CARGO_TARGET_DIR=/target" "-e" "CARGO_INCREMENTAL=0" "-e" "RUST_BACKTRACE=full" "-e" "RUSTFLAGS=--cap-lints=warn" "-e" "CARGO_HOME=/cargo-home" "-e" "RUSTUP_HOME=/rustup-home" "-m" "1536M" "--network" "none" "crater"`
Oct 31 16:22:21.815 INFO blam! c2fa780d25e743f335fa0dd4a3b6d6ad57b15ba77178a635d289880782259edf
Oct 31 16:22:21.821 INFO running `"docker" "start" "-a" "c2fa780d25e743f335fa0dd4a3b6d6ad57b15ba77178a635d289880782259edf"`
Oct 31 16:22:23.207 INFO kablam! usermod: no changes
Oct 31 16:22:23.471 INFO kablam!    Compiling same-file v1.0.2
Oct 31 16:22:23.471 INFO kablam!    Compiling bytes v0.3.0
Oct 31 16:22:23.471 INFO kablam!    Compiling slab v0.1.3
Oct 31 16:22:23.495 INFO kablam!    Compiling term v0.4.6
Oct 31 16:22:23.495 INFO kablam!    Compiling natord v1.0.9
Oct 31 16:22:23.495 INFO kablam!    Compiling ws2_32-sys v0.2.1
Oct 31 16:22:23.495 INFO kablam!    Compiling rand v0.3.20
Oct 31 16:22:23.495 INFO kablam!    Compiling iovec v0.1.1
Oct 31 16:22:25.315 INFO kablam!    Compiling inotify v0.3.0
Oct 31 16:22:25.316 INFO kablam!    Compiling filetime v0.1.15
Oct 31 16:22:25.333 INFO kablam!    Compiling atty v0.2.6
Oct 31 16:22:25.587 INFO kablam!    Compiling num-complex v0.1.41
Oct 31 16:22:25.874 INFO kablam!    Compiling nix v0.5.1
Oct 31 16:22:26.383 INFO kablam!    Compiling bincode v0.8.0
Oct 31 16:22:32.067 INFO kablam!    Compiling bytes v0.4.6
Oct 31 16:22:32.115 INFO kablam!    Compiling walkdir v2.0.1
Oct 31 16:22:32.179 INFO kablam!    Compiling clap v2.29.2
Oct 31 16:22:32.295 INFO kablam!    Compiling num-bigint v0.1.41
Oct 31 16:22:32.423 INFO kablam!    Compiling mio v0.6.12
Oct 31 16:22:32.663 INFO kablam!    Compiling hyper v0.10.13
Oct 31 16:22:33.359 INFO kablam!    Compiling term-painter v0.2.4
Oct 31 16:22:37.547 INFO kablam!    Compiling miow v0.1.5
Oct 31 16:22:45.641 INFO kablam!    Compiling ws v0.7.3
Oct 31 16:22:48.011 INFO kablam!    Compiling mio v0.5.1
Oct 31 16:22:48.107 INFO kablam!    Compiling num-rational v0.1.40
Oct 31 16:22:52.599 INFO kablam!    Compiling num v0.1.41
Oct 31 16:22:53.127 INFO kablam!    Compiling notify v4.0.3
Oct 31 16:23:04.371 INFO kablam!    Compiling iron v0.5.1
Oct 31 16:23:07.751 INFO kablam!    Compiling mount v0.3.0
Oct 31 16:23:08.788 INFO kablam!    Compiling staticfile v0.4.0
Oct 31 16:23:09.597 INFO kablam!    Compiling eve v0.4.0 (/source)
Oct 31 16:23:10.547 INFO kablam! error[E0554]: #![feature] may not be used on the beta release channel
Oct 31 16:23:10.548 INFO kablam!  --> src/lib.rs:1:1
Oct 31 16:23:10.548 INFO kablam!   |
Oct 31 16:23:10.549 INFO kablam! 1 | #![feature(slice_patterns)]
Oct 31 16:23:10.549 INFO kablam!   | ^^^^^^^^^^^^^^^^^^^^^^^^^^^
Oct 31 16:23:10.549 INFO kablam! 
Oct 31 16:23:10.549 INFO kablam! error[E0554]: #![feature] may not be used on the beta release channel
Oct 31 16:23:10.550 INFO kablam!  --> src/lib.rs:2:1
Oct 31 16:23:10.550 INFO kablam!   |
Oct 31 16:23:10.550 INFO kablam! 2 | #![feature(box_patterns)]
Oct 31 16:23:10.551 INFO kablam!   | ^^^^^^^^^^^^^^^^^^^^^^^^^
Oct 31 16:23:10.551 INFO kablam! 
Oct 31 16:23:10.551 INFO kablam! error[E0554]: #![feature] may not be used on the beta release channel
Oct 31 16:23:10.552 INFO kablam!  --> src/lib.rs:3:1
Oct 31 16:23:10.552 INFO kablam!   |
Oct 31 16:23:10.552 INFO kablam! 3 | #![feature(vec_remove_item)]
Oct 31 16:23:10.552 INFO kablam!   | ^^^^^^^^^^^^^^^^^^^^^^^^^^^^
Oct 31 16:23:10.553 INFO kablam! 
Oct 31 16:23:10.553 INFO kablam! error[E0554]: #![feature] may not be used on the beta release channel
Oct 31 16:23:10.553 INFO kablam!  --> src/lib.rs:4:1
Oct 31 16:23:10.554 INFO kablam!   |
Oct 31 16:23:10.554 INFO kablam! 4 | #![feature(conservative_impl_trait)]
Oct 31 16:23:10.554 INFO kablam!   | ^^^^^^^^^^^^^^^^^^^^^^^^^^^^^^^^^^^^
Oct 31 16:23:10.555 INFO kablam! 
Oct 31 16:23:10.555 INFO kablam! error[E0554]: #![feature] may not be used on the beta release channel
Oct 31 16:23:10.555 INFO kablam!  --> src/lib.rs:5:1
Oct 31 16:23:10.559 INFO kablam!   |
Oct 31 16:23:10.560 INFO kablam! 5 | #![feature(slice_concat_ext)]
Oct 31 16:23:10.560 INFO kablam!   | ^^^^^^^^^^^^^^^^^^^^^^^^^^^^^
Oct 31 16:23:10.560 INFO kablam! 
Oct 31 16:23:10.583 INFO kablam! error: aborting due to 5 previous errors
Oct 31 16:23:10.583 INFO kablam! 
Oct 31 16:23:10.583 INFO kablam! For more information about this error, try `rustc --explain E0554`.
Oct 31 16:23:10.607 INFO kablam! error: Could not compile `eve`.
Oct 31 16:23:10.608 INFO kablam! 
Oct 31 16:23:10.608 INFO kablam! To learn more, run the command again with --verbose.
Oct 31 16:23:10.608 INFO kablam! su: No module specific data is present
Oct 31 16:23:11.308 INFO running `"docker" "rm" "-f" "c2fa780d25e743f335fa0dd4a3b6d6ad57b15ba77178a635d289880782259edf"`
Oct 31 16:23:11.579 INFO blam! c2fa780d25e743f335fa0dd4a3b6d6ad57b15ba77178a635d289880782259edf
